[INFO] fetching crate minipgp6-card 0.0.1...
[INFO] checking minipgp6-card-0.0.1 against 3154cc1a3e6424e44f438a95007d043ed5ceaaf6 for pr-133502-30
[INFO] extracting crate minipgp6-card 0.0.1 into /workspace/builds/worker-4-tc2/source
[INFO] started tweaking crates.io crate minipgp6-card 0.0.1
[INFO] removed 0 missing examples
[INFO] finished tweaking crates.io crate minipgp6-card 0.0.1
[INFO] tweaked toml for crates.io crate minipgp6-card 0.0.1 written to /workspace/builds/worker-4-tc2/source/Cargo.toml
[INFO] validating manifest of crates.io crate minipgp6-card 0.0.1 on toolchain 3154cc1a3e6424e44f438a95007d043ed5ceaaf6
[INFO] running `Command { std: CARGO_HOME="/workspace/cargo-home" RUSTUP_HOME="/workspace/rustup-home" "/workspace/cargo-home/bin/cargo" "+3154cc1a3e6424e44f438a95007d043ed5ceaaf6" "metadata" "--manifest-path" "Cargo.toml" "--no-deps", kill_on_drop: false }`
[INFO] crate crates.io crate minipgp6-card 0.0.1 already has a lockfile, it will not be regenerated
[INFO] running `Command { std: CARGO_HOME="/workspace/cargo-home" RUSTUP_HOME="/workspace/rustup-home" "/workspace/cargo-home/bin/cargo" "+3154cc1a3e6424e44f438a95007d043ed5ceaaf6" "fetch" "--manifest-path" "Cargo.toml", kill_on_drop: false }`
[INFO] running `Command { std: "docker" "create" "-v" "/var/lib/crater-agent-workspace/builds/worker-4-tc2/source:/opt/rustwide/workdir:ro,Z" "-v" "/var/lib/crater-agent-workspace/builds/worker-4-tc2/target:/opt/rustwide/target:rw,Z" "-v" "/var/lib/crater-agent-workspace/cargo-home:/opt/rustwide/cargo-home:ro,Z" "-v" "/var/lib/crater-agent-workspace/rustup-home:/opt/rustwide/rustup-home:ro,Z" "-m" "1610612736" "--network" "none" "ghcr.io/rust-lang/crates-build-env/linux@sha256:77db811e55d90add9212f6832c23229e3de5f1c1f9905e8cb07319ea15df73ac" "sleep" "infinity", kill_on_drop: false }`
[INFO] [stdout] a8dc9121320379ce13ef50aee62ac14c31193ba32115a3d23aa0d663101c1572
[INFO] running `Command { std: "docker" "start" "a8dc9121320379ce13ef50aee62ac14c31193ba32115a3d23aa0d663101c1572", kill_on_drop: false }`
[INFO] running `Command { std: "docker" "inspect" "a8dc9121320379ce13ef50aee62ac14c31193ba32115a3d23aa0d663101c1572", kill_on_drop: false }`
[INFO] running `Command { std: "docker" "exec" "-e" "SOURCE_DIR=/opt/rustwide/workdir" "-e" "CARGO_HOME=/opt/rustwide/cargo-home" "-e" "RUSTUP_HOME=/opt/rustwide/rustup-home" "-e" "CARGO_TARGET_DIR=/opt/rustwide/target" "-w" "/opt/rustwide/workdir" "--user" "0:0" "a8dc9121320379ce13ef50aee62ac14c31193ba32115a3d23aa0d663101c1572" "/opt/rustwide/cargo-home/bin/cargo" "+3154cc1a3e6424e44f438a95007d043ed5ceaaf6" "metadata" "--no-deps" "--format-version=1", kill_on_drop: false }`
[INFO] running `Command { std: "docker" "inspect" "a8dc9121320379ce13ef50aee62ac14c31193ba32115a3d23aa0d663101c1572", kill_on_drop: false }`
[INFO] running `Command { std: "docker" "exec" "-e" "SOURCE_DIR=/opt/rustwide/workdir" "-e" "CARGO_HOME=/opt/rustwide/cargo-home" "-e" "RUSTUP_HOME=/opt/rustwide/rustup-home" "-e" "CARGO_TARGET_DIR=/opt/rustwide/target" "-e" "CARGO_INCREMENTAL=0" "-e" "RUST_BACKTRACE=full" "-e" "RUSTFLAGS=--cap-lints=forbid" "-e" "RUSTDOCFLAGS=--cap-lints=forbid" "-w" "/opt/rustwide/workdir" "--user" "0:0" "a8dc9121320379ce13ef50aee62ac14c31193ba32115a3d23aa0d663101c1572" "/opt/rustwide/cargo-home/bin/cargo" "+3154cc1a3e6424e44f438a95007d043ed5ceaaf6" "check" "--frozen" "--all" "--all-targets" "--message-format=json", kill_on_drop: false }`
[INFO] [stderr]    Compiling libc v0.2.189
[INFO] [stderr]    Compiling getrandom v0.4.3
[INFO] [stderr]     Checking const-oid v0.10.2
[INFO] [stderr]     Checking cpufeatures v0.3.0
[INFO] [stderr]     Checking subtle v2.6.1
[INFO] [stderr]     Checking keccak v0.2.1
[INFO] [stderr]    Compiling num-traits v0.2.19
[INFO] [stderr]     Checking hybrid-array v0.4.14
[INFO] [stderr]    Compiling curve25519-dalek v5.0.0
[INFO] [stderr]     Checking sponge-cursor v0.1.0
[INFO] [stderr]     Checking generic-array v0.14.7
[INFO] [stderr]     Checking cpubits v0.1.1
[INFO] [stderr]    Compiling pcsc-sys v1.3.0
[INFO] [stderr]    Compiling syn v2.0.119
[INFO] [stderr]    Compiling thiserror-impl v2.0.20
[INFO] [stderr]     Checking nom v7.1.3
[INFO] [stderr]     Checking chacha20 v0.10.1
[INFO] [stderr]     Checking hex-slice v0.1.4
[INFO] [stderr]     Checking iso7816-tlv v0.4.4
[INFO] [stderr]     Checking testresult v0.4.1
[INFO] [stderr]     Checking pcsc v2.9.0
[INFO] [stderr]     Checking block-buffer v0.10.4
[INFO] [stderr]     Checking crypto-common v0.1.7
[INFO] [stderr]     Checking digest v0.10.7
[INFO] [stderr]     Checking sha2 v0.10.9
[INFO] [stderr]     Checking thiserror v2.0.20
[INFO] [stderr]     Checking phc v0.6.1
[INFO] [stderr]     Checking rand v0.10.2
[INFO] [stderr]     Checking crypto-common v0.2.2
[INFO] [stderr]     Checking block-buffer v0.12.1
[INFO] [stderr]     Checking inout v0.2.2
[INFO] [stderr]     Checking module-lattice v0.2.3
[INFO] [stderr]     Checking dbl v0.5.0
[INFO] [stderr]     Checking password-hash v0.6.1
[INFO] [stderr]     Checking cipher v0.5.2
[INFO] [stderr]     Checking aead v0.6.1
[INFO] [stderr]     Checking kem v0.3.0
[INFO] [stderr]     Checking ctr v0.10.1
[INFO] [stderr]     Checking aes v0.9.2
[INFO] [stderr]     Checking ocb3 v0.2.0-rc.3
[INFO] [stderr]     Checking digest v0.11.3
[INFO] [stderr]     Checking sha2 v0.11.0
[INFO] [stderr]     Checking signature v3.0.0
[INFO] [stderr]     Checking blake2 v0.11.0-rc.6
[INFO] [stderr]     Checking hmac v0.13.0
[INFO] [stderr]     Checking sha3 v0.12.0
[INFO] [stderr]     Checking sha3 v0.11.0
[INFO] [stderr]     Checking shake v0.1.0
[INFO] [stderr]     Checking aes-kw v0.3.1
[INFO] [stderr]     Checking argon2 v0.6.0-rc.8
[INFO] [stderr]     Checking ed25519 v3.0.0
[INFO] [stderr]     Checking hkdf v0.13.0
[INFO] [stderr]     Checking ml-kem v0.3.2
[INFO] [stderr]    Compiling zeroize_derive v1.5.0
[INFO] [stderr]    Compiling num_enum_derive v0.7.6
[INFO] [stderr]    Compiling curve25519-dalek-derive v0.1.1
[INFO] [stderr]    Compiling thiserror-impl v1.0.69
[INFO] [stderr]    Compiling derive_more-impl v2.1.1
[INFO] [stderr]     Checking zeroize v1.9.0
[INFO] [stderr]     Checking thiserror v1.0.69
[INFO] [stderr]     Checking card-backend v0.2.0
[INFO] [stderr]     Checking card-backend-pcsc v0.5.2
[INFO] [stderr]     Checking secrecy v0.10.3
[INFO] [stderr]     Checking der v0.8.1
[INFO] [stderr]     Checking num_enum v0.7.6
[INFO] [stderr]     Checking openpgp-card v0.7.0
[INFO] [stderr]     Checking minipgp6-frame v0.1.0
[INFO] [stderr]     Checking minipgp6-packet v0.0.5
[INFO] [stderr]     Checking minipgp6-lock v0.0.5
[INFO] [stderr]     Checking derive_more v2.1.1
[INFO] [stderr]     Checking ed25519-dalek v3.0.0
[INFO] [stderr]     Checking x25519-dalek v3.0.0
[INFO] [stderr]     Checking spki v0.8.0
[INFO] [stderr]     Checking minipgp6-encrypt v0.0.5
[INFO] [stderr]     Checking pkcs8 v0.11.0
[INFO] [stderr]     Checking ml-dsa v0.1.1
[INFO] [stderr]     Checking minipgp6-sign v0.0.5
[INFO] [stderr]     Checking minipgp6-card v0.0.1 (/opt/rustwide/workdir)
[INFO] [stdout] error[E0433]: cannot find module or crate `minipgp6_armor` in this scope
[INFO] [stdout]  --> examples/decrypt.rs:9:5
[INFO] [stdout]   |
[INFO] [stdout] 9 | use minipgp6_armor::read::Dearmorer;
[INFO] [stdout]   |     ^^^^^^^^^^^^^^ use of unresolved module or unlinked crate `minipgp6_armor`
[INFO] [stdout]   |
[INFO] [stdout] help: there is a crate or module with a similar name
[INFO] [stdout]   |
[INFO] [stdout] 9 - use minipgp6_armor::read::Dearmorer;
[INFO] [stdout] 9 + use minipgp6_card::read::Dearmorer;
[INFO] [stdout]   |
[INFO] [stdout] 
[INFO] [stdout] 
[INFO] [stdout] error[E0433]: cannot find module or crate `minipgp6_armor` in this scope
[INFO] [stdout]  --> examples/sign.rs:9:5
[INFO] [stdout]   |
[INFO] [stdout] 9 | use minipgp6_armor::{DataType, write::Armorer};
[INFO] [stdout]   |     ^^^^^^^^^^^^^^ use of unresolved module or unlinked crate `minipgp6_armor`
[INFO] [stdout]   |
[INFO] [stdout] help: there is a crate or module with a similar name
[INFO] [stdout]   |
[INFO] [stdout] 9 - use minipgp6_armor::{DataType, write::Armorer};
[INFO] [stdout] 9 + use minipgp6_card::{DataType, write::Armorer};
[INFO] [stdout]   |
[INFO] [stdout] 
[INFO] [stdout] 
[INFO] [stdout] error[E0432]: unresolved import `minipgp6_armor`
[INFO] [stdout]  --> examples/sign.rs:9:5
[INFO] [stdout]   |
[INFO] [stdout] 9 | use minipgp6_armor::{DataType, write::Armorer};
[INFO] [stdout]   |     ^^^^^^^^^^^^^^ use of unresolved module or unlinked crate `minipgp6_armor`
[INFO] [stdout]   |
[INFO] [stdout] help: there is a crate or module with a similar name
[INFO] [stdout]   |
[INFO] [stdout] 9 - use minipgp6_armor::{DataType, write::Armorer};
[INFO] [stdout] 9 + use minipgp6_card::{DataType, write::Armorer};
[INFO] [stdout]   |
[INFO] [stdout] 
[INFO] [stdout] 
[INFO] [stdout] For more information about this error, try `rustc --explain E0433`.
[INFO] [stdout] 
[INFO] [stdout] Some errors have detailed explanations: E0432, E0433.
[INFO] [stdout] 
[INFO] [stdout] For more information about an error, try `rustc --explain E0432`.
[INFO] [stdout] 
[INFO] [stderr] error: could not compile `minipgp6-card` (example "decrypt") due to 1 previous error
[INFO] [stderr] warning: build failed, waiting for other jobs to finish...
[INFO] [stderr] error: could not compile `minipgp6-card` (example "sign") due to 2 previous errors
[INFO] [stdout] error[E0433]: cannot find module or crate `minipgp6_armor` in this scope
[INFO] [stdout]   --> examples/upload.rs:10:5
[INFO] [stdout]    |
[INFO] [stdout] 10 | use minipgp6_armor::read::Dearmorer;
[INFO] [stdout]    |     ^^^^^^^^^^^^^^ use of unresolved module or unlinked crate `minipgp6_armor`
[INFO] [stdout]    |
[INFO] [stdout] help: there is a crate or module with a similar name
[INFO] [stdout]    |
[INFO] [stdout] 10 - use minipgp6_armor::read::Dearmorer;
[INFO] [stdout] 10 + use minipgp6_card::read::Dearmorer;
[INFO] [stdout]    |
[INFO] [stdout] 
[INFO] [stdout] 
[INFO] [stdout] error[E0432]: unresolved import `minipgp6_transferable`
[INFO] [stdout]   --> examples/upload.rs:13:5
[INFO] [stdout]    |
[INFO] [stdout] 13 | use minipgp6_transferable::Tsk;
[INFO] [stdout]    |     ^^^^^^^^^^^^^^^^^^^^^ use of unresolved module or unlinked crate `minipgp6_transferable`
[INFO] [stdout]    |
[INFO] [stdout]    = help: if you wanted to use a crate named `minipgp6_transferable`, use `cargo add minipgp6_transferable` to add it to your `Cargo.toml`
[INFO] [stdout] 
[INFO] [stdout] 
[INFO] [stdout] Some errors have detailed explanations: E0432, E0433.
[INFO] [stdout] 
[INFO] [stdout] For more information about an error, try `rustc --explain E0432`.
[INFO] [stdout] 
[INFO] [stderr] error: could not compile `minipgp6-card` (example "upload") due to 2 previous errors
[INFO] [stderr] warning: unused dependency `minipgp6-lock`
[INFO] [stderr]   --> Cargo.toml:11:15
[INFO] [stderr]    |
[INFO] [stderr] 11 | [dependencies.minipgp6-lock]
[INFO] [stderr]    |               ^^^^^^^^^^^^^^
[INFO] [stderr]    |
[INFO] [stderr]    = note: `cargo::unused_dependencies` is set to `warn` by default
[INFO] [stderr] help: consider removing the dependency on `minipgp6-lock`
[INFO] [stderr] help: to still use for development builds, move to `dev-dependencies`
[INFO] [stderr] warning: `minipgp6-card` (manifest) generated 1 warning
[INFO] running `Command { std: "docker" "inspect" "a8dc9121320379ce13ef50aee62ac14c31193ba32115a3d23aa0d663101c1572", kill_on_drop: false }`
[INFO] running `Command { std: "docker" "rm" "-f" "a8dc9121320379ce13ef50aee62ac14c31193ba32115a3d23aa0d663101c1572", kill_on_drop: false }`
[INFO] [stdout] a8dc9121320379ce13ef50aee62ac14c31193ba32115a3d23aa0d663101c1572
