[INFO] fetching crate mini-tls 0.1.1...
[INFO] checking mini-tls-0.1.1 against 3154cc1a3e6424e44f438a95007d043ed5ceaaf6 for pr-133502-30
[INFO] extracting crate mini-tls 0.1.1 into /workspace/builds/worker-0-tc2/source
[INFO] started tweaking crates.io crate mini-tls 0.1.1
[INFO] removed 0 missing tests
[INFO] finished tweaking crates.io crate mini-tls 0.1.1
[INFO] tweaked toml for crates.io crate mini-tls 0.1.1 written to /workspace/builds/worker-0-tc2/source/Cargo.toml
[INFO] validating manifest of crates.io crate mini-tls 0.1.1 on toolchain 3154cc1a3e6424e44f438a95007d043ed5ceaaf6
[INFO] running `Command { std: CARGO_HOME="/workspace/cargo-home" RUSTUP_HOME="/workspace/rustup-home" "/workspace/cargo-home/bin/cargo" "+3154cc1a3e6424e44f438a95007d043ed5ceaaf6" "metadata" "--manifest-path" "Cargo.toml" "--no-deps", kill_on_drop: false }`
[INFO] crate crates.io crate mini-tls 0.1.1 already has a lockfile, it will not be regenerated
[INFO] running `Command { std: CARGO_HOME="/workspace/cargo-home" RUSTUP_HOME="/workspace/rustup-home" "/workspace/cargo-home/bin/cargo" "+3154cc1a3e6424e44f438a95007d043ed5ceaaf6" "fetch" "--manifest-path" "Cargo.toml", kill_on_drop: false }`
[INFO] [stderr] warning: `package.homepage` is redundant with `package.repository`
[INFO] [stderr]   --> Cargo.toml:44:12
[INFO] [stderr]    |
[INFO] [stderr] 44 | homepage = "https://gitlab.com/makeitmini/serve"
[INFO] [stderr]    |            ^^^^^^^^^^^^^^^^^^^^^^^^^^^^^^^^^^^^^
[INFO] [stderr] ...
[INFO] [stderr] 48 | repository = "https://gitlab.com/makeitmini/serve"
[INFO] [stderr]    |              -------------------------------------
[INFO] [stderr]    |
[INFO] [stderr]    = note: `cargo::redundant_homepage` is set to `warn` by default
[INFO] [stderr] help: consider removing `package.homepage`
[INFO] [stderr] warning: `mini-tls` (manifest) generated 1 warning
[INFO] running `Command { std: "docker" "create" "-v" "/var/lib/crater-agent-workspace/builds/worker-0-tc2/source:/opt/rustwide/workdir:ro,Z" "-v" "/var/lib/crater-agent-workspace/builds/worker-0-tc2/target:/opt/rustwide/target:rw,Z" "-v" "/var/lib/crater-agent-workspace/cargo-home:/opt/rustwide/cargo-home:ro,Z" "-v" "/var/lib/crater-agent-workspace/rustup-home:/opt/rustwide/rustup-home:ro,Z" "-m" "1610612736" "--network" "none" "ghcr.io/rust-lang/crates-build-env/linux@sha256:77db811e55d90add9212f6832c23229e3de5f1c1f9905e8cb07319ea15df73ac" "sleep" "infinity", kill_on_drop: false }`
[INFO] [stdout] 3a31911eea7dee39c10103f3054064ffcd21688c03e6004a9abae6edc7c43d37
[INFO] running `Command { std: "docker" "start" "3a31911eea7dee39c10103f3054064ffcd21688c03e6004a9abae6edc7c43d37", kill_on_drop: false }`
[INFO] running `Command { std: "docker" "inspect" "3a31911eea7dee39c10103f3054064ffcd21688c03e6004a9abae6edc7c43d37", kill_on_drop: false }`
[INFO] running `Command { std: "docker" "exec" "-e" "SOURCE_DIR=/opt/rustwide/workdir" "-e" "CARGO_HOME=/opt/rustwide/cargo-home" "-e" "RUSTUP_HOME=/opt/rustwide/rustup-home" "-e" "CARGO_TARGET_DIR=/opt/rustwide/target" "-w" "/opt/rustwide/workdir" "--user" "0:0" "3a31911eea7dee39c10103f3054064ffcd21688c03e6004a9abae6edc7c43d37" "/opt/rustwide/cargo-home/bin/cargo" "+3154cc1a3e6424e44f438a95007d043ed5ceaaf6" "metadata" "--no-deps" "--format-version=1", kill_on_drop: false }`
[INFO] running `Command { std: "docker" "inspect" "3a31911eea7dee39c10103f3054064ffcd21688c03e6004a9abae6edc7c43d37", kill_on_drop: false }`
[INFO] running `Command { std: "docker" "exec" "-e" "SOURCE_DIR=/opt/rustwide/workdir" "-e" "CARGO_HOME=/opt/rustwide/cargo-home" "-e" "RUSTUP_HOME=/opt/rustwide/rustup-home" "-e" "CARGO_TARGET_DIR=/opt/rustwide/target" "-e" "CARGO_INCREMENTAL=0" "-e" "RUST_BACKTRACE=full" "-e" "RUSTFLAGS=--cap-lints=forbid" "-e" "RUSTDOCFLAGS=--cap-lints=forbid" "-w" "/opt/rustwide/workdir" "--user" "0:0" "3a31911eea7dee39c10103f3054064ffcd21688c03e6004a9abae6edc7c43d37" "/opt/rustwide/cargo-home/bin/cargo" "+3154cc1a3e6424e44f438a95007d043ed5ceaaf6" "check" "--frozen" "--all" "--all-targets" "--message-format=json", kill_on_drop: false }`
[INFO] [stderr] warning: `package.homepage` is redundant with `package.repository`
[INFO] [stderr]   --> Cargo.toml:44:12
[INFO] [stderr]    |
[INFO] [stderr] 44 | homepage = "https://gitlab.com/makeitmini/serve"
[INFO] [stderr]    |            ^^^^^^^^^^^^^^^^^^^^^^^^^^^^^^^^^^^^^
[INFO] [stderr] ...
[INFO] [stderr] 48 | repository = "https://gitlab.com/makeitmini/serve"
[INFO] [stderr]    |              -------------------------------------
[INFO] [stderr]    |
[INFO] [stderr]    = note: `cargo::redundant_homepage` is set to `warn` by default
[INFO] [stderr] help: consider removing `package.homepage`
[INFO] [stderr] warning: `mini-tls` (manifest) generated 1 warning
[INFO] [stderr]    Compiling libc v0.2.189
[INFO] [stderr]    Compiling unicode-ident v1.0.24
[INFO] [stderr]    Compiling find-msvc-tools v0.1.10
[INFO] [stderr]    Compiling pkg-config v0.3.33
[INFO] [stderr]     Checking cfg-if v1.0.4
[INFO] [stderr]     Checking futures-core v0.3.33
[INFO] [stderr]    Compiling fs_extra v1.3.0
[INFO] [stderr]    Compiling dunce v1.0.5
[INFO] [stderr]     Checking zeroize v1.9.0
[INFO] [stderr]    Compiling proc-macro2 v1.0.107
[INFO] [stderr]     Checking smallvec v1.15.2
[INFO] [stderr]     Checking http v1.5.0
[INFO] [stderr]     Checking litemap v0.8.2
[INFO] [stderr]    Compiling aws-lc-rs v1.18.0
[INFO] [stderr]     Checking writeable v0.6.3
[INFO] [stderr]     Checking rustls-pki-types v1.15.1
[INFO] [stderr]    Compiling icu_properties_data v2.2.0
[INFO] [stderr]     Checking log v0.4.33
[INFO] [stderr]    Compiling icu_normalizer_data v2.2.0
[INFO] [stderr]     Checking tracing-core v0.1.36
[INFO] [stderr]     Checking futures-sink v0.3.33
[INFO] [stderr]     Checking futures-task v0.3.33
[INFO] [stderr]    Compiling quote v1.0.47
[INFO] [stderr]     Checking futures-util v0.3.33
[INFO] [stderr]     Checking indexmap v2.14.0
[INFO] [stderr]    Compiling syn v2.0.119
[INFO] [stderr]    Compiling syn v3.0.3
[INFO] [stderr]     Checking tracing v0.1.44
[INFO] [stderr]     Checking http-body v1.1.0
[INFO] [stderr]     Checking foreign-types-shared v0.1.1
[INFO] [stderr]    Compiling rustls v0.23.43
[INFO] [stderr]     Checking atomic-waker v1.1.2
[INFO] [stderr]     Checking bitflags v2.13.1
[INFO] [stderr]     Checking base64 v0.22.1
[INFO] [stderr]    Compiling jobserver v0.1.35
[INFO] [stderr]    Compiling serde_core v1.0.229
[INFO] [stderr]     Checking want v0.3.1
[INFO] [stderr]     Checking socket2 v0.6.5
[INFO] [stderr]     Checking mio v1.2.2
[INFO] [stderr]     Checking getrandom v0.2.17
[INFO] [stderr]    Compiling cc v1.4.2
[INFO] [stderr]     Checking foreign-types v0.3.2
[INFO] [stderr]     Checking futures-channel v0.3.33
[INFO] [stderr]     Checking subtle v2.6.1
[INFO] [stderr]    Compiling native-tls v0.2.18
[INFO] [stderr]     Checking openssl-probe v0.2.1
[INFO] [stderr]     Checking ipnet v2.12.1
[INFO] [stderr]    Compiling serde v1.0.229
[INFO] [stderr]     Checking sync_wrapper v1.0.2
[INFO] [stderr]     Checking powerfmt v0.2.0
[INFO] [stderr]     Checking tower-layer v0.3.3
[INFO] [stderr]     Checking time v0.3.55
[INFO] [stderr]     Checking http-body-util v0.1.4
[INFO] [stderr]     Checking webpki-roots v1.0.9
[INFO] [stderr]    Compiling serde_json v1.0.151
[INFO] [stderr]     Checking pem v3.0.6
[INFO] [stderr]     Checking encoding_rs v0.8.35
[INFO] [stderr]     Checking memchr v2.8.3
[INFO] [stderr]     Checking yasna v0.5.2
[INFO] [stderr]    Compiling cmake v0.1.58
[INFO] [stderr]    Compiling aws-lc-sys v0.44.0
[INFO] [stderr]    Compiling ring v0.17.14
[INFO] [stderr]    Compiling openssl-sys v0.9.117
[INFO] [stderr]    Compiling openssl v0.10.81
[INFO] [stderr]     Checking serde_urlencoded v0.7.1
[INFO] [stderr]    Compiling tokio-macros v2.7.2
[INFO] [stderr]    Compiling displaydoc v0.2.7
[INFO] [stderr]     Checking tokio v1.53.1
[INFO] [stderr]    Compiling synstructure v0.13.2
[INFO] [stderr]    Compiling zerofrom-derive v0.1.7
[INFO] [stderr]    Compiling yoke-derive v0.8.2
[INFO] [stderr]    Compiling zerovec-derive v0.11.3
[INFO] [stderr]    Compiling openssl-macros v0.1.1
[INFO] [stderr]     Checking rcgen v0.13.2
[INFO] [stderr]     Checking zerofrom v0.1.8
[INFO] [stderr]     Checking yoke v0.8.3
[INFO] [stderr]     Checking zerovec v0.11.6
[INFO] [stderr]     Checking zerotrie v0.2.4
[INFO] [stderr]     Checking tinystr v0.8.3
[INFO] [stderr]     Checking potential_utf v0.1.5
[INFO] [stderr]     Checking icu_locale_core v2.2.0
[INFO] [stderr]     Checking icu_collections v2.2.0
[INFO] [stderr]     Checking icu_provider v2.2.0
[INFO] [stderr]     Checking icu_properties v2.2.0
[INFO] [stderr]     Checking tokio-util v0.7.19
[INFO] [stderr]     Checking icu_normalizer v2.2.0
[INFO] [stderr]     Checking tower v0.5.3
[INFO] [stderr]     Checking tokio-native-tls v0.3.1
[INFO] [stderr]     Checking h2 v0.4.15
[INFO] [stderr]     Checking idna_adapter v1.2.2
[INFO] [stderr]     Checking idna v1.1.0
[INFO] [stderr]     Checking url v2.5.8
[INFO] [stderr]     Checking tower-http v0.6.11
[INFO] [stderr]     Checking hyper v1.11.0
[INFO] [stderr]     Checking hyper-util v0.1.20
[INFO] [stderr]     Checking hyper-tls v0.6.0
[INFO] [stderr]     Checking rustls-webpki v0.103.13
[INFO] [stderr]     Checking tokio-rustls v0.26.4
[INFO] [stderr]     Checking hyper-rustls v0.27.9
[INFO] [stderr]     Checking mini-tls v0.1.1 (/opt/rustwide/workdir)
[INFO] [stderr]     Checking reqwest v0.12.28
[INFO] [stdout] error[E0432]: unresolved import `mini_serve`
[INFO] [stdout]   --> tests/tls.rs:12:5
[INFO] [stdout]    |
[INFO] [stdout] 12 | use mini_serve::{handler, RouteBuilder};
[INFO] [stdout]    |     ^^^^^^^^^^ use of unresolved module or unlinked crate `mini_serve`
[INFO] [stdout]    |
[INFO] [stdout]    = help: if you wanted to use a crate named `mini_serve`, use `cargo add mini_serve` to add it to your `Cargo.toml`
[INFO] [stdout] 
[INFO] [stdout] 
[INFO] [stdout] error[E0433]: cannot find module or crate `mini_serve` in this scope
[INFO] [stdout]   --> tests/tls.rs:58:4
[INFO] [stdout]    |
[INFO] [stdout] 58 |             mini_serve::json(StatusCode::OK, &serde_json::json!({"ok": true}))
[INFO] [stdout]    |             ^^^^^^^^^^ use of unresolved module or unlinked crate `mini_serve`
[INFO] [stdout]    |
[INFO] [stdout]    = help: if you wanted to use a crate named `mini_serve`, use `cargo add mini_serve` to add it to your `Cargo.toml`
[INFO] [stdout] 
[INFO] [stdout] 
[INFO] [stdout] error[E0433]: cannot find module or crate `mini_serve` in this scope
[INFO] [stdout]   --> tests/tls.rs:86:4
[INFO] [stdout]    |
[INFO] [stdout] 86 |             mini_serve::json(StatusCode::OK, &serde_json::json!({"ok": true}))
[INFO] [stdout]    |             ^^^^^^^^^^ use of unresolved module or unlinked crate `mini_serve`
[INFO] [stdout]    |
[INFO] [stdout]    = help: if you wanted to use a crate named `mini_serve`, use `cargo add mini_serve` to add it to your `Cargo.toml`
[INFO] [stdout] 
[INFO] [stdout] 
[INFO] [stdout] error[E0433]: cannot find module or crate `mini_serve` in this scope
[INFO] [stdout]    --> tests/tls.rs:129:4
[INFO] [stdout]     |
[INFO] [stdout] 129 |             mini_serve::json(StatusCode::OK, &serde_json::json!({"ok": true}))
[INFO] [stdout]     |             ^^^^^^^^^^ use of unresolved module or unlinked crate `mini_serve`
[INFO] [stdout]     |
[INFO] [stdout]     = help: if you wanted to use a crate named `mini_serve`, use `cargo add mini_serve` to add it to your `Cargo.toml`
[INFO] [stdout] 
[INFO] [stdout] 
[INFO] [stdout] error[E0433]: cannot find module or crate `mini_serve` in this scope
[INFO] [stdout]    --> tests/tls.rs:187:4
[INFO] [stdout]     |
[INFO] [stdout] 187 |             mini_serve::json(StatusCode::OK, &serde_json::json!({"ok": true}))
[INFO] [stdout]     |             ^^^^^^^^^^ use of unresolved module or unlinked crate `mini_serve`
[INFO] [stdout]     |
[INFO] [stdout]     = help: if you wanted to use a crate named `mini_serve`, use `cargo add mini_serve` to add it to your `Cargo.toml`
[INFO] [stdout] 
[INFO] [stdout] 
[INFO] [stdout] error[E0433]: cannot find module or crate `mini_serve` in this scope
[INFO] [stdout]   --> tests/tls.rs:41:25
[INFO] [stdout]    |
[INFO] [stdout] 41 | async fn serve_tls(app: mini_serve::App<()>, config: Arc<rustls::ServerConfig>) -> u16 {
[INFO] [stdout]    |                         ^^^^^^^^^^ use of unresolved module or unlinked crate `mini_serve`
[INFO] [stdout]    |
[INFO] [stdout]    = help: if you wanted to use a crate named `mini_serve`, use `cargo add mini_serve` to add it to your `Cargo.toml`
[INFO] [stdout] 
[INFO] [stdout] 
[INFO] [stdout] Some errors have detailed explanations: E0432, E0433.
[INFO] [stdout] 
[INFO] [stdout] For more information about an error, try `rustc --explain E0432`.
[INFO] [stdout] 
[INFO] [stderr] error: could not compile `mini-tls` (test "tls") due to 6 previous errors
[INFO] running `Command { std: "docker" "inspect" "3a31911eea7dee39c10103f3054064ffcd21688c03e6004a9abae6edc7c43d37", kill_on_drop: false }`
[INFO] running `Command { std: "docker" "rm" "-f" "3a31911eea7dee39c10103f3054064ffcd21688c03e6004a9abae6edc7c43d37", kill_on_drop: false }`
[INFO] [stdout] 3a31911eea7dee39c10103f3054064ffcd21688c03e6004a9abae6edc7c43d37
