[INFO] fetching crate michiu 0.0.3...
[INFO] checking michiu-0.0.3 against 3154cc1a3e6424e44f438a95007d043ed5ceaaf6+rustflags=-Znext-solver=coherence for pr-133502-30
[INFO] extracting crate michiu 0.0.3 into /workspace/builds/worker-6-tc1/source
[INFO] started tweaking crates.io crate michiu 0.0.3
[INFO] removed 0 missing examples
[INFO] finished tweaking crates.io crate michiu 0.0.3
[INFO] tweaked toml for crates.io crate michiu 0.0.3 written to /workspace/builds/worker-6-tc1/source/Cargo.toml
[INFO] validating manifest of crates.io crate michiu 0.0.3 on toolchain 3154cc1a3e6424e44f438a95007d043ed5ceaaf6
[INFO] running `Command { std: CARGO_HOME="/workspace/cargo-home" RUSTUP_HOME="/workspace/rustup-home" "/workspace/cargo-home/bin/cargo" "+3154cc1a3e6424e44f438a95007d043ed5ceaaf6" "metadata" "--manifest-path" "Cargo.toml" "--no-deps", kill_on_drop: false }`
[INFO] crate crates.io crate michiu 0.0.3 already has a lockfile, it will not be regenerated
[INFO] running `Command { std: CARGO_HOME="/workspace/cargo-home" RUSTUP_HOME="/workspace/rustup-home" "/workspace/cargo-home/bin/cargo" "+3154cc1a3e6424e44f438a95007d043ed5ceaaf6" "fetch" "--manifest-path" "Cargo.toml", kill_on_drop: false }`
[INFO] [stderr]     Updating crates.io index
[INFO] [stderr]  Downloading crates ...
[INFO] [stderr]   Downloaded michiu_window v0.0.3
[INFO] [stderr]   Downloaded ptr_meta_derive v0.1.4
[INFO] [stderr]   Downloaded michiu_guard v0.0.3
[INFO] [stderr]   Downloaded base64-simd v0.7.0
[INFO] [stderr]   Downloaded rend v0.4.2
[INFO] [stderr]   Downloaded outref v0.1.0
[INFO] [stderr]   Downloaded parcel_sourcemap v2.1.1
[INFO] [stderr]   Downloaded ptr_meta v0.1.4
[INFO] [stderr]   Downloaded webview2-com v0.39.1
[INFO] [stderr]   Downloaded simd-abstraction v0.7.1
[INFO] [stderr]   Downloaded bytecheck v0.6.12
[INFO] [stderr]   Downloaded vlq v0.5.1
[INFO] [stderr]   Downloaded bytecheck_derive v0.6.12
[INFO] [stderr]   Downloaded serde-content v0.1.2
[INFO] [stderr]   Downloaded cssparser-macros v0.7.1
[INFO] [stderr]   Downloaded lightningcss-derive v1.0.0-alpha.43
[INFO] [stderr]   Downloaded data-url v0.1.1
[INFO] [stderr]   Downloaded rkyv_derive v0.7.46
[INFO] [stderr]   Downloaded cssparser-color v0.5.0
[INFO] [stderr]   Downloaded parcel_selectors v0.28.3
[INFO] [stderr]   Downloaded imgref v1.12.3
[INFO] [stderr]   Downloaded rkyv v0.7.46
[INFO] [stderr]   Downloaded taffy v0.14.0
[INFO] [stderr]   Downloaded accesskit_windows v0.35.1
[INFO] [stderr]   Downloaded accesskit_consumer v0.39.1
[INFO] [stderr]   Downloaded accesskit v0.25.1
[INFO] [stderr]   Downloaded michiu_ui v0.0.3
[INFO] [stderr]   Downloaded harfrust v0.5.2
[INFO] [stderr]   Downloaded skrifa v0.40.0
[INFO] [stderr]   Downloaded read-fonts v0.37.0
[INFO] [stderr]   Downloaded cosmic-text v0.19.0
[INFO] [stderr]   Downloaded webview2-com-sys v0.39.1
[INFO] [stderr]   Downloaded lightningcss v1.0.0-alpha.72
[INFO] running `Command { std: "docker" "create" "-v" "/var/lib/crater-agent-workspace/builds/worker-6-tc1/source:/opt/rustwide/workdir:ro,Z" "-v" "/var/lib/crater-agent-workspace/builds/worker-6-tc1/target:/opt/rustwide/target:rw,Z" "-v" "/var/lib/crater-agent-workspace/cargo-home:/opt/rustwide/cargo-home:ro,Z" "-v" "/var/lib/crater-agent-workspace/rustup-home:/opt/rustwide/rustup-home:ro,Z" "-m" "1610612736" "--network" "none" "ghcr.io/rust-lang/crates-build-env/linux@sha256:77db811e55d90add9212f6832c23229e3de5f1c1f9905e8cb07319ea15df73ac" "sleep" "infinity", kill_on_drop: false }`
[INFO] [stdout] 8f19d559146ffbf6c993587c5b87e39c6be4873b2c2a677107b35d9e3ce3e7cd
[INFO] running `Command { std: "docker" "start" "8f19d559146ffbf6c993587c5b87e39c6be4873b2c2a677107b35d9e3ce3e7cd", kill_on_drop: false }`
[INFO] running `Command { std: "docker" "inspect" "8f19d559146ffbf6c993587c5b87e39c6be4873b2c2a677107b35d9e3ce3e7cd", kill_on_drop: false }`
[INFO] running `Command { std: "docker" "exec" "-e" "SOURCE_DIR=/opt/rustwide/workdir" "-e" "CARGO_HOME=/opt/rustwide/cargo-home" "-e" "RUSTUP_HOME=/opt/rustwide/rustup-home" "-e" "CARGO_TARGET_DIR=/opt/rustwide/target" "-w" "/opt/rustwide/workdir" "--user" "0:0" "8f19d559146ffbf6c993587c5b87e39c6be4873b2c2a677107b35d9e3ce3e7cd" "/opt/rustwide/cargo-home/bin/cargo" "+3154cc1a3e6424e44f438a95007d043ed5ceaaf6" "metadata" "--no-deps" "--format-version=1", kill_on_drop: false }`
[INFO] running `Command { std: "docker" "inspect" "8f19d559146ffbf6c993587c5b87e39c6be4873b2c2a677107b35d9e3ce3e7cd", kill_on_drop: false }`
[INFO] running `Command { std: "docker" "exec" "-e" "SOURCE_DIR=/opt/rustwide/workdir" "-e" "CARGO_HOME=/opt/rustwide/cargo-home" "-e" "RUSTUP_HOME=/opt/rustwide/rustup-home" "-e" "CARGO_TARGET_DIR=/opt/rustwide/target" "-e" "CARGO_INCREMENTAL=0" "-e" "RUST_BACKTRACE=full" "-e" "RUSTFLAGS=--cap-lints=forbid -Znext-solver=coherence" "-e" "RUSTDOCFLAGS=--cap-lints=forbid" "-w" "/opt/rustwide/workdir" "--user" "0:0" "8f19d559146ffbf6c993587c5b87e39c6be4873b2c2a677107b35d9e3ce3e7cd" "/opt/rustwide/cargo-home/bin/cargo" "+3154cc1a3e6424e44f438a95007d043ed5ceaaf6" "check" "--frozen" "--all" "--all-targets" "--message-format=json", kill_on_drop: false }`
[INFO] [stderr]    Compiling unicode-ident v1.0.26
[INFO] [stderr]     Checking cfg-if v1.0.5
[INFO] [stderr]     Checking bitflags v2.13.2
[INFO] [stderr]     Checking smallvec v1.16.2
[INFO] [stderr]    Compiling zerocopy v0.8.59
[INFO] [stderr]    Compiling crossbeam-utils v0.8.23
[INFO] [stderr]    Compiling siphasher v1.0.4
[INFO] [stderr]    Compiling crossbeam-epoch v0.9.21
[INFO] [stderr]    Compiling crossbeam-deque v0.8.8
[INFO] [stderr]     Checking indexmap v2.14.2
[INFO] [stderr]     Checking windows-result v0.4.1
[INFO] [stderr]    Compiling syn v1.0.109
[INFO] [stderr]     Checking rustc-hash v1.1.0
[INFO] [stderr]    Compiling naga v30.0.1
[INFO] [stderr]     Checking bit-vec v0.9.1
[INFO] [stderr]    Compiling proc-macro2 v1.0.107
[INFO] [stderr]     Checking raw-window-handle v0.6.2
[INFO] [stderr]    Compiling rand v0.8.8
[INFO] [stderr]     Checking codespan-reporting v0.13.1
[INFO] [stderr]     Checking parking_lot_core v0.9.12
[INFO] [stderr]    Compiling phf_shared v0.13.1
[INFO] [stderr]    Compiling phf_shared v0.11.3
[INFO] [stderr]     Checking core_maths v0.1.1
[INFO] [stderr]    Compiling ahash v0.7.8
[INFO] [stderr]     Checking bit-set v0.10.0
[INFO] [stderr]    Compiling crc32fast v1.5.2
[INFO] [stderr]     Checking hashbrown v0.16.1
[INFO] [stderr]     Checking num-rational v0.4.2
[INFO] [stderr]     Checking getrandom v0.2.17
[INFO] [stderr]    Compiling phf_generator v0.11.3
[INFO] [stderr]    Compiling wgpu-hal v30.0.1
[INFO] [stderr]    Compiling slotmap v1.1.1
[INFO] [stderr]     Checking dtoa v1.0.11
[INFO] [stderr]    Compiling phf_generator v0.13.1
[INFO] [stderr]    Compiling built v0.8.1
[INFO] [stderr]     Checking presser v0.3.1
[INFO] [stderr]     Checking ordered-float v5.5.0
[INFO] [stderr]     Checking dtoa-short v0.3.5
[INFO] [stderr]     Checking parking_lot v0.12.5
[INFO] [stderr]     Checking no_std_io2 v0.9.4
[INFO] [stderr]     Checking nom v8.0.0
[INFO] [stderr]    Compiling phf_codegen v0.11.3
[INFO] [stderr]     Checking libloading v0.8.9
[INFO] [stderr]    Compiling pulp v0.22.3
[INFO] [stderr]    Compiling rkyv v0.7.46
[INFO] [stderr]    Compiling inotify-sys v0.1.8
[INFO] [stderr]     Checking outref v0.1.0
[INFO] [stderr]     Checking renderdoc-sys v1.1.0
[INFO] [stderr]    Compiling parcel_selectors v0.28.3
[INFO] [stderr]     Checking simd-abstraction v0.7.1
[INFO] [stderr]     Checking hashbrown v0.12.3
[INFO] [stderr]     Checking bitstream-io v4.10.0
[INFO] [stderr]     Checking raw-cpuid v11.6.0
[INFO] [stderr]    Compiling quote v1.0.47
[INFO] [stderr]     Checking flate2 v1.1.10
[INFO] [stderr]     Checking itertools v0.14.0
[INFO] [stderr]    Compiling wgpu-core v30.0.1
[INFO] [stderr]    Compiling ahash v0.8.12
[INFO] [stderr]    Compiling noop_proc_macro v0.3.0
[INFO] [stderr]    Compiling rav1e v0.8.1
[INFO] [stderr]     Checking matches v0.1.10
[INFO] [stderr]     Checking reborrow v0.5.5
[INFO] [stderr]     Checking pulp-wasm-simd-flag v0.1.1
[INFO] [stderr]     Checking imgref v1.12.3
[INFO] [stderr]     Checking roxmltree v0.20.0
[INFO] [stderr]    Compiling convert_case v0.6.0
[INFO] [stderr]    Compiling syn v2.0.119
[INFO] [stderr]    Compiling syn v3.0.6
[INFO] [stderr]     Checking loop9 v0.1.5
[INFO] [stderr]    Compiling simd_helpers v0.1.0
[INFO] [stderr]     Checking accesskit v0.25.1
[INFO] [stderr]     Checking data-url v0.1.1
[INFO] [stderr]     Checking base64-simd v0.7.0
[INFO] [stderr]     Checking phf v0.11.3
[INFO] [stderr]     Checking getrandom v0.3.4
[INFO] [stderr]     Checking ttf-parser v0.25.1
[INFO] [stderr]     Checking zune-inflate v0.2.54
[INFO] [stderr]     Checking avif-serialize v0.8.9
[INFO] [stderr]     Checking rayon-core v1.13.0
[INFO] [stderr]    Compiling wgpu v30.0.1
[INFO] [stderr]     Checking fontconfig-parser v0.5.8
[INFO] [stderr]     Checking hashbrown v0.14.5
[INFO] [stderr]     Checking fax v0.2.7
[INFO] [stderr]     Checking lebe v0.5.3
[INFO] [stderr]     Checking rgb v0.8.53
[INFO] [stderr]     Checking zeno v0.3.3
[INFO] [stderr]     Checking color_quant v1.1.0
[INFO] [stderr]     Checking vlq v0.5.1
[INFO] [stderr]     Checking tinyvec v1.13.3
[INFO] [stderr]     Checking bit_field v0.10.3
[INFO] [stderr]     Checking yazi v0.2.1
[INFO] [stderr]     Checking accesskit_consumer v0.39.1
[INFO] [stderr]     Checking gif v0.14.2
[INFO] [stderr]     Checking moxcms v0.8.1
[INFO] [stderr]     Checking rayon v1.12.0
[INFO] [stderr]     Checking dashmap v5.5.3
[INFO] [stderr]     Checking image-webp v0.2.4
[INFO] [stderr]     Checking png v0.18.1
[INFO] [stderr]     Checking inotify v0.11.5
[INFO] [stderr]     Checking notify-types v2.1.0
[INFO] [stderr]     Checking itertools v0.10.5
[INFO] [stderr]     Checking mio v1.2.3
[INFO] [stderr]     Checking unicode-script v0.5.8
[INFO] [stderr]     Checking const-str v1.1.0
[INFO] [stderr]     Checking sys-locale v0.3.2
[INFO] [stderr]     Checking rangemap v1.8.0
[INFO] [stderr]     Checking smol_str v0.3.6
[INFO] [stderr]     Checking unicode-bidi v0.3.18
[INFO] [stderr]     Checking taffy v0.14.0
[INFO] [stderr]     Checking bytecount v0.6.9
[INFO] [stderr]     Checking michiu_guard v0.0.3
[INFO] [stderr]     Checking pollster v1.0.1
[INFO] [stderr]     Checking notify v8.2.0
[INFO] [stderr]     Checking fontdb v0.23.0
[INFO] [stderr]     Checking maybe-rayon v0.1.1
[INFO] [stderr]    Compiling ptr_meta_derive v0.1.4
[INFO] [stderr]    Compiling rkyv_derive v0.7.46
[INFO] [stderr]    Compiling lightningcss-derive v1.0.0-alpha.43
[INFO] [stderr]     Checking ptr_meta v0.1.4
[INFO] [stderr]    Compiling zerocopy-derive v0.8.59
[INFO] [stderr]    Compiling windows-implement v0.60.2
[INFO] [stderr]    Compiling windows-interface v0.59.3
[INFO] [stderr]    Compiling profiling-procmacros v1.0.18
[INFO] [stderr]    Compiling equator-macro v0.4.2
[INFO] [stderr]    Compiling phf_macros v0.13.1
[INFO] [stderr]    Compiling arg_enum_proc_macro v0.3.4
[INFO] [stderr]    Compiling num-derive v0.4.2
[INFO] [stderr]    Compiling webview2-com-macros v0.8.1
[INFO] [stderr]    Compiling derive_more-impl v2.1.1
[INFO] [stderr]    Compiling tracing-attributes v0.1.31
[INFO] [stderr]     Checking profiling v1.0.18
[INFO] [stderr]     Checking windows-core v0.62.2
[INFO] [stderr]     Checking tracing v0.1.44
[INFO] [stderr]     Checking equator v0.4.2
[INFO] [stderr]     Checking phf v0.13.1
[INFO] [stderr]     Checking windows-collections v0.3.2
[INFO] [stderr]     Checking windows-future v0.3.2
[INFO] [stderr]     Checking windows-numerics v0.3.1
[INFO] [stderr]     Checking aligned-vec v0.6.4
[INFO] [stderr]    Compiling bytemuck_derive v1.12.1
[INFO] [stderr]    Compiling thiserror-impl v2.0.21
[INFO] [stderr]    Compiling serde_derive v1.0.229
[INFO] [stderr]    Compiling cssparser-macros v0.7.1
[INFO] [stderr]     Checking v_frame v0.3.9
[INFO] [stderr]     Checking av1-grain v0.2.5
[INFO] [stderr]     Checking cssparser v0.37.0
[INFO] [stdout] error[E0425]: cannot find type `IMarshal` in module `windows_core::imp`
[INFO] [stdout]   --> /opt/rustwide/cargo-home/registry/src/index.crates.io-1949cf8c6b5b557f/windows-future-0.3.2/src/bindings.rs:87:51
[INFO] [stdout]    |
[INFO] [stdout] 87 |             } else if *iid == <windows_core::imp::IMarshal as windows_core::Interface>::IID {
[INFO] [stdout]    |                                                   ^^^^^^^^ not found in `windows_core::imp`
[INFO] [stdout] 
[INFO] [stdout] 
[INFO] [stdout] error[E0425]: cannot find function `marshaler` in module `windows_core::imp`
[INFO] [stdout]   --> /opt/rustwide/cargo-home/registry/src/index.crates.io-1949cf8c6b5b557f/windows-future-0.3.2/src/bindings.rs:89:43
[INFO] [stdout]    |
[INFO] [stdout] 89 |                 return windows_core::imp::marshaler(
[INFO] [stdout]    |                                           ^^^^^^^^^ not found in `windows_core::imp`
[INFO] [stdout] 
[INFO] [stdout] 
[INFO] [stdout] error[E0425]: cannot find type `IMarshal` in module `windows_core::imp`
[INFO] [stdout]    --> /opt/rustwide/cargo-home/registry/src/index.crates.io-1949cf8c6b5b557f/windows-future-0.3.2/src/bindings.rs:255:51
[INFO] [stdout]     |
[INFO] [stdout] 255 |             } else if *iid == <windows_core::imp::IMarshal as windows_core::Interface>::IID {
[INFO] [stdout]     |                                                   ^^^^^^^^ not found in `windows_core::imp`
[INFO] [stdout] 
[INFO] [stdout] 
[INFO] [stdout] error[E0425]: cannot find function `marshaler` in module `windows_core::imp`
[INFO] [stdout]    --> /opt/rustwide/cargo-home/registry/src/index.crates.io-1949cf8c6b5b557f/windows-future-0.3.2/src/bindings.rs:257:43
[INFO] [stdout]     |
[INFO] [stdout] 257 |                 return windows_core::imp::marshaler(
[INFO] [stdout]     |                                           ^^^^^^^^^ not found in `windows_core::imp`
[INFO] [stdout] 
[INFO] [stdout] 
[INFO] [stdout] error[E0425]: cannot find type `IMarshal` in module `windows_core::imp`
[INFO] [stdout]    --> /opt/rustwide/cargo-home/registry/src/index.crates.io-1949cf8c6b5b557f/windows-future-0.3.2/src/bindings.rs:422:364
[INFO] [stdout]     |
[INFO] [stdout] 422 | ... _ } else if * iid == < windows_core::imp::IMarshal as windows_core::Interface >::IID { ( * this ) . count . add_ref ( ) ; retur...
[INFO] [stdout]     |                                               ^^^^^^^^ not found in `windows_core::imp`
[INFO] [stdout] 
[INFO] [stdout] 
[INFO] [stdout] error[E0425]: cannot find function `marshaler` in module `windows_core::imp`
[INFO] [stdout]    --> /opt/rustwide/cargo-home/registry/src/index.crates.io-1949cf8c6b5b557f/windows-future-0.3.2/src/bindings.rs:422:470
[INFO] [stdout]     |
[INFO] [stdout] 422 | ... . add_ref ( ) ; return windows_core::imp::marshaler ( core::mem::transmute ( & mut ( * this ) . vtable as * mut _ as * mut core...
[INFO] [stdout]     |                                               ^^^^^^^^^ not found in `windows_core::imp`
[INFO] [stdout] 
[INFO] [stdout] 
[INFO] [stdout] error[E0425]: cannot find type `IMarshal` in module `windows_core::imp`
[INFO] [stdout]    --> /opt/rustwide/cargo-home/registry/src/index.crates.io-1949cf8c6b5b557f/windows-future-0.3.2/src/bindings.rs:572:51
[INFO] [stdout]     |
[INFO] [stdout] 572 |             } else if *iid == <windows_core::imp::IMarshal as windows_core::Interface>::IID {
[INFO] [stdout]     |                                                   ^^^^^^^^ not found in `windows_core::imp`
[INFO] [stdout] 
[INFO] [stdout] 
[INFO] [stdout] error[E0425]: cannot find function `marshaler` in module `windows_core::imp`
[INFO] [stdout]    --> /opt/rustwide/cargo-home/registry/src/index.crates.io-1949cf8c6b5b557f/windows-future-0.3.2/src/bindings.rs:574:43
[INFO] [stdout]     |
[INFO] [stdout] 574 |                 return windows_core::imp::marshaler(
[INFO] [stdout]     |                                           ^^^^^^^^^ not found in `windows_core::imp`
[INFO] [stdout] 
[INFO] [stdout] 
[INFO] [stdout] error[E0425]: cannot find type `IMarshal` in module `windows_core::imp`
[INFO] [stdout]    --> /opt/rustwide/cargo-home/registry/src/index.crates.io-1949cf8c6b5b557f/windows-future-0.3.2/src/bindings.rs:752:364
[INFO] [stdout]     |
[INFO] [stdout] 752 | ... _ } else if * iid == < windows_core::imp::IMarshal as windows_core::Interface >::IID { ( * this ) . count . add_ref ( ) ; retur...
[INFO] [stdout]     |                                               ^^^^^^^^ not found in `windows_core::imp`
[INFO] [stdout] 
[INFO] [stdout] 
[INFO] [stdout] error[E0425]: cannot find function `marshaler` in module `windows_core::imp`
[INFO] [stdout]    --> /opt/rustwide/cargo-home/registry/src/index.crates.io-1949cf8c6b5b557f/windows-future-0.3.2/src/bindings.rs:752:470
[INFO] [stdout]     |
[INFO] [stdout] 752 | ... . add_ref ( ) ; return windows_core::imp::marshaler ( core::mem::transmute ( & mut ( * this ) . vtable as * mut _ as * mut core...
[INFO] [stdout]     |                                               ^^^^^^^^^ not found in `windows_core::imp`
[INFO] [stdout] 
[INFO] [stdout] 
[INFO] [stdout] error[E0425]: cannot find type `IMarshal` in module `windows_core::imp`
[INFO] [stdout]    --> /opt/rustwide/cargo-home/registry/src/index.crates.io-1949cf8c6b5b557f/windows-future-0.3.2/src/bindings.rs:927:377
[INFO] [stdout]     |
[INFO] [stdout] 927 | ... _ } else if * iid == < windows_core::imp::IMarshal as windows_core::Interface >::IID { ( * this ) . count . add_ref ( ) ; retur...
[INFO] [stdout]     |                                               ^^^^^^^^ not found in `windows_core::imp`
[INFO] [stdout] 
[INFO] [stdout] 
[INFO] [stdout] error[E0425]: cannot find function `marshaler` in module `windows_core::imp`
[INFO] [stdout]    --> /opt/rustwide/cargo-home/registry/src/index.crates.io-1949cf8c6b5b557f/windows-future-0.3.2/src/bindings.rs:927:483
[INFO] [stdout]     |
[INFO] [stdout] 927 | ... . add_ref ( ) ; return windows_core::imp::marshaler ( core::mem::transmute ( & mut ( * this ) . vtable as * mut _ as * mut core...
[INFO] [stdout]     |                                               ^^^^^^^^^ not found in `windows_core::imp`
[INFO] [stdout] 
[INFO] [stdout] 
[INFO] [stdout] error[E0425]: cannot find function `submit` in crate `windows_threading`
[INFO] [stdout]    --> /opt/rustwide/cargo-home/registry/src/index.crates.io-1949cf8c6b5b557f/windows-future-0.3.2/src/async_spawn.rs:264:28
[INFO] [stdout]     |
[INFO] [stdout] 264 |         windows_threading::submit(move || {
[INFO] [stdout]     |                            ^^^^^^ not found in `windows_threading`
[INFO] [stdout] 
[INFO] [stdout] 
[INFO] [stdout] error[E0425]: cannot find function `submit` in crate `windows_threading`
[INFO] [stdout]    --> /opt/rustwide/cargo-home/registry/src/index.crates.io-1949cf8c6b5b557f/windows-future-0.3.2/src/async_spawn.rs:281:28
[INFO] [stdout]     |
[INFO] [stdout] 281 |         windows_threading::submit(move || {
[INFO] [stdout]     |                            ^^^^^^ not found in `windows_threading`
[INFO] [stdout] 
[INFO] [stdout] 
[INFO] [stdout] error[E0425]: cannot find function `submit` in crate `windows_threading`
[INFO] [stdout]    --> /opt/rustwide/cargo-home/registry/src/index.crates.io-1949cf8c6b5b557f/windows-future-0.3.2/src/async_spawn.rs:298:28
[INFO] [stdout]     |
[INFO] [stdout] 298 |         windows_threading::submit(move || {
[INFO] [stdout]     |                            ^^^^^^ not found in `windows_threading`
[INFO] [stdout] 
[INFO] [stdout] 
[INFO] [stdout] error[E0425]: cannot find function `submit` in crate `windows_threading`
[INFO] [stdout]    --> /opt/rustwide/cargo-home/registry/src/index.crates.io-1949cf8c6b5b557f/windows-future-0.3.2/src/async_spawn.rs:315:28
[INFO] [stdout]     |
[INFO] [stdout] 315 |         windows_threading::submit(move || {
[INFO] [stdout]     |                            ^^^^^^ not found in `windows_threading`
[INFO] [stdout] 
[INFO] [stdout] 
[INFO] [stderr]     Checking derive_more v2.1.1
[INFO] [stdout] For more information about this error, try `rustc --explain E0425`.
[INFO] [stdout] 
[INFO] [stderr] error: could not compile `windows-future` (lib) due to 16 previous errors
[INFO] [stderr] warning: build failed, waiting for other jobs to finish...
[INFO] running `Command { std: "docker" "inspect" "8f19d559146ffbf6c993587c5b87e39c6be4873b2c2a677107b35d9e3ce3e7cd", kill_on_drop: false }`
[INFO] running `Command { std: "docker" "rm" "-f" "8f19d559146ffbf6c993587c5b87e39c6be4873b2c2a677107b35d9e3ce3e7cd", kill_on_drop: false }`
[INFO] [stdout] 8f19d559146ffbf6c993587c5b87e39c6be4873b2c2a677107b35d9e3ce3e7cd
