[INFO] fetching crate margaret_jwks_secret_store 0.1.0...
[INFO] checking margaret_jwks_secret_store-0.1.0 against 3154cc1a3e6424e44f438a95007d043ed5ceaaf6+rustflags=-Znext-solver=coherence for pr-133502-30
[INFO] extracting crate margaret_jwks_secret_store 0.1.0 into /workspace/builds/worker-0-tc1/source
[INFO] started tweaking crates.io crate margaret_jwks_secret_store 0.1.0
[INFO] finished tweaking crates.io crate margaret_jwks_secret_store 0.1.0
[INFO] tweaked toml for crates.io crate margaret_jwks_secret_store 0.1.0 written to /workspace/builds/worker-0-tc1/source/Cargo.toml
[INFO] validating manifest of crates.io crate margaret_jwks_secret_store 0.1.0 on toolchain 3154cc1a3e6424e44f438a95007d043ed5ceaaf6
[INFO] running `Command { std: CARGO_HOME="/workspace/cargo-home" RUSTUP_HOME="/workspace/rustup-home" "/workspace/cargo-home/bin/cargo" "+3154cc1a3e6424e44f438a95007d043ed5ceaaf6" "metadata" "--manifest-path" "Cargo.toml" "--no-deps", kill_on_drop: false }`
[INFO] crate crates.io crate margaret_jwks_secret_store 0.1.0 already has a lockfile, it will not be regenerated
[INFO] running `Command { std: CARGO_HOME="/workspace/cargo-home" RUSTUP_HOME="/workspace/rustup-home" "/workspace/cargo-home/bin/cargo" "+3154cc1a3e6424e44f438a95007d043ed5ceaaf6" "fetch" "--manifest-path" "Cargo.toml", kill_on_drop: false }`
[INFO] [stderr]     Updating crates.io index
[INFO] [stderr]  Downloading crates ...
[INFO] [stderr]   Downloaded margaret_token_signer v0.1.0
[INFO] [stderr]   Downloaded margaret_jwks_keygen v0.1.0
[INFO] [stderr]   Downloaded tokio-macros v2.7.1
[INFO] [stderr]   Downloaded futures-task v0.3.33
[INFO] [stderr]   Downloaded futures-sink v0.3.33
[INFO] [stderr]   Downloaded wasm-bindgen-macro v0.2.126
[INFO] [stderr]   Downloaded margaret_identity_session v0.1.0
[INFO] [stderr]   Downloaded margaret_sync_holder v0.1.0
[INFO] [stderr]   Downloaded futures-core v0.3.33
[INFO] [stderr]   Downloaded base16ct v0.2.0
[INFO] [stderr]   Downloaded rfc6979 v0.4.0
[INFO] [stderr]   Downloaded wasm-bindgen-shared v0.2.126
[INFO] [stderr]   Downloaded serdect v0.2.0
[INFO] [stderr]   Downloaded futures-macro v0.3.33
[INFO] [stderr]   Downloaded crypto-common v0.1.6
[INFO] [stderr]   Downloaded sec1 v0.7.3
[INFO] [stderr]   Downloaded ff v0.13.1
[INFO] [stderr]   Downloaded zmij v1.0.23
[INFO] [stderr]   Downloaded generic-array v0.14.9
[INFO] [stderr]   Downloaded primeorder v0.13.6
[INFO] [stderr]   Downloaded group v0.13.0
[INFO] [stderr]   Downloaded cookie v0.18.1
[INFO] [stderr]   Downloaded ecdsa v0.16.9
[INFO] [stderr]   Downloaded p256 v0.13.2
[INFO] [stderr]   Downloaded async-trait v0.1.91
[INFO] [stderr]   Downloaded uuid v1.24.0
[INFO] [stderr]   Downloaded elliptic-curve v0.13.8
[INFO] [stderr]   Downloaded wasm-bindgen v0.2.126
[INFO] [stderr]   Downloaded wasm-bindgen-macro-support v0.2.126
[INFO] [stderr]   Downloaded crypto-bigint v0.5.5
[INFO] [stderr]   Downloaded syn v2.0.119
[INFO] [stderr]   Downloaded js-sys v0.3.103
[INFO] [stderr]   Downloaded futures-util v0.3.33
[INFO] [stderr]   Downloaded p384 v0.13.1
[INFO] [stderr]   Downloaded syn v3.0.2
[INFO] [stderr]   Downloaded time v0.3.54
[INFO] [stderr]   Downloaded libc v0.2.187
[INFO] [stderr]   Downloaded tokio v1.53.1
[INFO] running `Command { std: "docker" "create" "-v" "/var/lib/crater-agent-workspace/builds/worker-0-tc1/source:/opt/rustwide/workdir:ro,Z" "-v" "/var/lib/crater-agent-workspace/builds/worker-0-tc1/target:/opt/rustwide/target:rw,Z" "-v" "/var/lib/crater-agent-workspace/cargo-home:/opt/rustwide/cargo-home:ro,Z" "-v" "/var/lib/crater-agent-workspace/rustup-home:/opt/rustwide/rustup-home:ro,Z" "-m" "1610612736" "--network" "none" "ghcr.io/rust-lang/crates-build-env/linux@sha256:77db811e55d90add9212f6832c23229e3de5f1c1f9905e8cb07319ea15df73ac" "sleep" "infinity", kill_on_drop: false }`
[INFO] [stdout] 9bd8664e745286c1025ed3e7e7a8f2d5f5c5e426cf8c8828a65a49601d0c4bc9
[INFO] running `Command { std: "docker" "start" "9bd8664e745286c1025ed3e7e7a8f2d5f5c5e426cf8c8828a65a49601d0c4bc9", kill_on_drop: false }`
[INFO] running `Command { std: "docker" "inspect" "9bd8664e745286c1025ed3e7e7a8f2d5f5c5e426cf8c8828a65a49601d0c4bc9", kill_on_drop: false }`
[INFO] running `Command { std: "docker" "exec" "-e" "SOURCE_DIR=/opt/rustwide/workdir" "-e" "CARGO_HOME=/opt/rustwide/cargo-home" "-e" "RUSTUP_HOME=/opt/rustwide/rustup-home" "-e" "CARGO_TARGET_DIR=/opt/rustwide/target" "-w" "/opt/rustwide/workdir" "--user" "0:0" "9bd8664e745286c1025ed3e7e7a8f2d5f5c5e426cf8c8828a65a49601d0c4bc9" "/opt/rustwide/cargo-home/bin/cargo" "+3154cc1a3e6424e44f438a95007d043ed5ceaaf6" "metadata" "--no-deps" "--format-version=1", kill_on_drop: false }`
[INFO] running `Command { std: "docker" "inspect" "9bd8664e745286c1025ed3e7e7a8f2d5f5c5e426cf8c8828a65a49601d0c4bc9", kill_on_drop: false }`
[INFO] running `Command { std: "docker" "exec" "-e" "SOURCE_DIR=/opt/rustwide/workdir" "-e" "CARGO_HOME=/opt/rustwide/cargo-home" "-e" "RUSTUP_HOME=/opt/rustwide/rustup-home" "-e" "CARGO_TARGET_DIR=/opt/rustwide/target" "-e" "CARGO_INCREMENTAL=0" "-e" "RUST_BACKTRACE=full" "-e" "RUSTFLAGS=--cap-lints=forbid -Znext-solver=coherence" "-e" "RUSTDOCFLAGS=--cap-lints=forbid" "-w" "/opt/rustwide/workdir" "--user" "0:0" "9bd8664e745286c1025ed3e7e7a8f2d5f5c5e426cf8c8828a65a49601d0c4bc9" "/opt/rustwide/cargo-home/bin/cargo" "+3154cc1a3e6424e44f438a95007d043ed5ceaaf6" "check" "--frozen" "--all" "--all-targets" "--message-format=json", kill_on_drop: false }`
[INFO] [stderr]    Compiling proc-macro2 v1.0.107
[INFO] [stderr]    Compiling quote v1.0.47
[INFO] [stderr]     Checking zeroize v1.9.0
[INFO] [stderr]    Compiling libc v0.2.187
[INFO] [stderr]     Checking const-oid v0.9.6
[INFO] [stderr]     Checking subtle v2.6.1
[INFO] [stderr]     Checking base64ct v1.8.3
[INFO] [stderr]    Compiling zmij v1.0.23
[INFO] [stderr]     Checking base16ct v0.2.0
[INFO] [stderr]    Compiling serde_json v1.0.150
[INFO] [stderr]    Compiling generic-array v0.14.9
[INFO] [stderr]     Checking itoa v1.0.18
[INFO] [stderr]     Checking memchr v2.8.3
[INFO] [stderr]    Compiling autocfg v1.5.1
[INFO] [stderr]    Compiling getrandom v0.4.3
[INFO] [stderr]    Compiling time-core v0.1.9
[INFO] [stderr]    Compiling num-conv v0.2.2
[INFO] [stderr]     Checking futures-core v0.3.33
[INFO] [stderr]    Compiling cookie v0.18.1
[INFO] [stderr]     Checking deranged v0.5.8
[INFO] [stderr]     Checking bytes v1.12.1
[INFO] [stderr]     Checking powerfmt v0.2.0
[INFO] [stderr]     Checking futures-sink v0.3.33
[INFO] [stderr]    Compiling anyhow v1.0.104
[INFO] [stderr]    Compiling time-macros v0.2.32
[INFO] [stderr]     Checking futures-task v0.3.33
[INFO] [stderr]    Compiling num-traits v0.2.19
[INFO] [stderr]     Checking pem-rfc7468 v0.7.0
[INFO] [stderr]     Checking der v0.7.10
[INFO] [stderr]     Checking crypto-common v0.1.6
[INFO] [stderr]     Checking block-buffer v0.10.4
[INFO] [stderr]     Checking digest v0.10.7
[INFO] [stderr]     Checking hmac v0.12.1
[INFO] [stderr]     Checking sha2 v0.10.9
[INFO] [stderr]    Compiling syn v2.0.119
[INFO] [stderr]    Compiling syn v3.0.2
[INFO] [stderr]     Checking hkdf v0.12.4
[INFO] [stderr]     Checking rfc6979 v0.4.0
[INFO] [stderr]     Checking chrono v0.4.45
[INFO] [stderr]     Checking getrandom v0.2.17
[INFO] [stderr]     Checking spki v0.7.3
[INFO] [stderr]     Checking uuid v1.24.0
[INFO] [stderr]     Checking rand_core v0.6.4
[INFO] [stderr]     Checking pkcs8 v0.10.2
[INFO] [stderr]     Checking ff v0.13.1
[INFO] [stderr]     Checking crypto-bigint v0.5.5
[INFO] [stderr]     Checking signature v2.2.0
[INFO] [stderr]     Checking group v0.13.0
[INFO] [stderr]     Checking time v0.3.54
[INFO] [stderr]    Compiling async-trait v0.1.91
[INFO] [stderr]    Compiling serde_derive v1.0.228
[INFO] [stderr]    Compiling tokio-macros v2.7.1
[INFO] [stderr]    Compiling thiserror-impl v2.0.18
[INFO] [stderr]    Compiling futures-macro v0.3.33
[INFO] [stderr]     Checking tokio v1.53.1
[INFO] [stderr]     Checking futures-util v0.3.33
[INFO] [stderr]     Checking thiserror v2.0.18
[INFO] [stderr]     Checking tokio-util v0.7.18
[INFO] [stderr]     Checking margaret_sync_holder v0.1.0
[INFO] [stderr]     Checking serde v1.0.228
[INFO] [stderr]     Checking serdect v0.2.0
[INFO] [stderr]     Checking margaret_identity_session v0.1.0
[INFO] [stderr]     Checking sec1 v0.7.3
[INFO] [stderr]     Checking elliptic-curve v0.13.8
[INFO] [stderr]     Checking primeorder v0.13.6
[INFO] [stderr]     Checking ecdsa v0.16.9
[INFO] [stderr]     Checking p256 v0.13.2
[INFO] [stderr]     Checking p384 v0.13.1
[INFO] [stderr]     Checking margaret_jwks_keygen v0.1.0
[INFO] [stderr]     Checking margaret_token_signer v0.1.0
[INFO] [stderr]     Checking margaret_jwks_secret_store v0.1.0 (/opt/rustwide/workdir)
[INFO] [stdout] error[E0433]: cannot find module or crate `margaret_token_signer_tests` in this scope
[INFO] [stdout]   --> src/jwks_secret_store.rs:94:9
[INFO] [stdout]    |
[INFO] [stdout] 94 |     use margaret_token_signer_tests::fresh_p256_secret::fresh_p256_secret;
[INFO] [stdout]    |         ^^^^^^^^^^^^^^^^^^^^^^^^^^^ use of unresolved module or unlinked crate `margaret_token_signer_tests`
[INFO] [stdout]    |
[INFO] [stdout] help: there is a crate or module with a similar name
[INFO] [stdout]    |
[INFO] [stdout] 94 -     use margaret_token_signer_tests::fresh_p256_secret::fresh_p256_secret;
[INFO] [stdout] 94 +     use margaret_token_signer::fresh_p256_secret::fresh_p256_secret;
[INFO] [stdout]    |
[INFO] [stdout] 
[INFO] [stdout] 
[INFO] [stdout] error[E0433]: cannot find module or crate `margaret_token_signer_tests` in this scope
[INFO] [stdout]   --> src/jwks_secret_store.rs:95:9
[INFO] [stdout]    |
[INFO] [stdout] 95 |     use margaret_token_signer_tests::refresh_claims::refresh_claims;
[INFO] [stdout]    |         ^^^^^^^^^^^^^^^^^^^^^^^^^^^ use of unresolved module or unlinked crate `margaret_token_signer_tests`
[INFO] [stdout]    |
[INFO] [stdout] help: there is a crate or module with a similar name
[INFO] [stdout]    |
[INFO] [stdout] 95 -     use margaret_token_signer_tests::refresh_claims::refresh_claims;
[INFO] [stdout] 95 +     use margaret_token_signer::refresh_claims::refresh_claims;
[INFO] [stdout]    |
[INFO] [stdout] 
[INFO] [stdout] 
[INFO] [stdout] error[E0433]: cannot find module or crate `margaret_token_signer_tests` in this scope
[INFO] [stdout]   --> src/jwks_secret_store.rs:96:9
[INFO] [stdout]    |
[INFO] [stdout] 96 |     use margaret_token_signer_tests::sign_refresh_token::sign_refresh_token;
[INFO] [stdout]    |         ^^^^^^^^^^^^^^^^^^^^^^^^^^^ use of unresolved module or unlinked crate `margaret_token_signer_tests`
[INFO] [stdout]    |
[INFO] [stdout] help: there is a crate or module with a similar name
[INFO] [stdout]    |
[INFO] [stdout] 96 -     use margaret_token_signer_tests::sign_refresh_token::sign_refresh_token;
[INFO] [stdout] 96 +     use margaret_token_signer::sign_refresh_token::sign_refresh_token;
[INFO] [stdout]    |
[INFO] [stdout] 
[INFO] [stdout] 
[INFO] [stdout] error[E0433]: cannot find module or crate `margaret_token_signer_tests` in this scope
[INFO] [stdout]   --> src/jwks_secret_store.rs:97:9
[INFO] [stdout]    |
[INFO] [stdout] 97 |     use margaret_token_signer_tests::unix_time::unix_time;
[INFO] [stdout]    |         ^^^^^^^^^^^^^^^^^^^^^^^^^^^ use of unresolved module or unlinked crate `margaret_token_signer_tests`
[INFO] [stdout]    |
[INFO] [stdout] help: there is a crate or module with a similar name
[INFO] [stdout]    |
[INFO] [stdout] 97 -     use margaret_token_signer_tests::unix_time::unix_time;
[INFO] [stdout] 97 +     use margaret_token_signer::unix_time::unix_time;
[INFO] [stdout]    |
[INFO] [stdout] 
[INFO] [stdout] 
[INFO] [stdout] error[E0277]: the size for values of type `str` cannot be known at compilation time
[INFO] [stdout]    --> src/jwks_secret_store.rs:156:13
[INFO] [stdout]     |
[INFO] [stdout] 156 |         let refresh_token =
[INFO] [stdout]     |             ^^^^^^^^^^^^^ doesn't have a size known at compile-time
[INFO] [stdout]     |
[INFO] [stdout]     = help: the trait `Sized` is not implemented for `str`
[INFO] [stdout]     = note: all local variables must have a statically known size
[INFO] [stdout] 
[INFO] [stdout] 
[INFO] [stdout] error[E0277]: the size for values of type `str` cannot be known at compilation time
[INFO] [stdout]    --> src/jwks_secret_store.rs:157:13
[INFO] [stdout]     |
[INFO] [stdout] 157 |             sign_refresh_token(&secret.current.signing, &refresh_claims(1_000)).await;
[INFO] [stdout]     |             ^^^^^^^^^^^^^^^^^^^^^^^^^^^^^^^^^^^^^^^^^^^^^^^^^^^^^^^^^^^^^^^^^^^^^^^^^ doesn't have a size known at compile-time
[INFO] [stdout]     |
[INFO] [stdout]     = help: the trait `Sized` is not implemented for `str`
[INFO] [stdout]     = note: all local variables must have a statically known size
[INFO] [stdout] 
[INFO] [stdout] 
[INFO] [stdout] error[E0277]: the size for values of type `str` cannot be known at compilation time
[INFO] [stdout]    --> src/jwks_secret_store.rs:261:13
[INFO] [stdout]     |
[INFO] [stdout] 261 |         let refresh_token =
[INFO] [stdout]     |             ^^^^^^^^^^^^^ doesn't have a size known at compile-time
[INFO] [stdout]     |
[INFO] [stdout]     = help: the trait `Sized` is not implemented for `str`
[INFO] [stdout]     = note: all local variables must have a statically known size
[INFO] [stdout] 
[INFO] [stdout] 
[INFO] [stdout] error[E0277]: the size for values of type `str` cannot be known at compilation time
[INFO] [stdout]    --> src/jwks_secret_store.rs:262:13
[INFO] [stdout]     |
[INFO] [stdout] 262 |             sign_refresh_token(&secret.current.signing, &refresh_claims(1_000)).await;
[INFO] [stdout]     |             ^^^^^^^^^^^^^^^^^^^^^^^^^^^^^^^^^^^^^^^^^^^^^^^^^^^^^^^^^^^^^^^^^^^^^^^^^ doesn't have a size known at compile-time
[INFO] [stdout]     |
[INFO] [stdout]     = help: the trait `Sized` is not implemented for `str`
[INFO] [stdout]     = note: all local variables must have a statically known size
[INFO] [stdout] 
[INFO] [stdout] 
[INFO] [stdout] error[E0277]: the size for values of type `str` cannot be known at compilation time
[INFO] [stdout]    --> src/jwks_secret_store.rs:286:13
[INFO] [stdout]     |
[INFO] [stdout] 286 |         let token = sign_refresh_token(&secret.current.signing, &refresh_claims(1_000)).await;
[INFO] [stdout]     |             ^^^^^ doesn't have a size known at compile-time
[INFO] [stdout]     |
[INFO] [stdout]     = help: the trait `Sized` is not implemented for `str`
[INFO] [stdout]     = note: all local variables must have a statically known size
[INFO] [stdout] 
[INFO] [stdout] 
[INFO] [stdout] error[E0277]: the size for values of type `str` cannot be known at compilation time
[INFO] [stdout]    --> src/jwks_secret_store.rs:286:21
[INFO] [stdout]     |
[INFO] [stdout] 286 |         let token = sign_refresh_token(&secret.current.signing, &refresh_claims(1_000)).await;
[INFO] [stdout]     |                     ^^^^^^^^^^^^^^^^^^^^^^^^^^^^^^^^^^^^^^^^^^^^^^^^^^^^^^^^^^^^^^^^^^^^^^^^^ doesn't have a size known at compile-time
[INFO] [stdout]     |
[INFO] [stdout]     = help: the trait `Sized` is not implemented for `str`
[INFO] [stdout]     = note: all local variables must have a statically known size
[INFO] [stdout] 
[INFO] [stdout] 
[INFO] [stdout] error[E0277]: the size for values of type `str` cannot be known at compilation time
[INFO] [stdout]    --> src/jwks_secret_store.rs:306:13
[INFO] [stdout]     |
[INFO] [stdout] 306 |         let token = sign_refresh_token(&secret.current.signing, &claims).await;
[INFO] [stdout]     |             ^^^^^ doesn't have a size known at compile-time
[INFO] [stdout]     |
[INFO] [stdout]     = help: the trait `Sized` is not implemented for `str`
[INFO] [stdout]     = note: all local variables must have a statically known size
[INFO] [stdout] 
[INFO] [stdout] 
[INFO] [stdout] error[E0277]: the size for values of type `str` cannot be known at compilation time
[INFO] [stdout]    --> src/jwks_secret_store.rs:306:21
[INFO] [stdout]     |
[INFO] [stdout] 306 |         let token = sign_refresh_token(&secret.current.signing, &claims).await;
[INFO] [stdout]     |                     ^^^^^^^^^^^^^^^^^^^^^^^^^^^^^^^^^^^^^^^^^^^^^^^^^^^^^^^^^^ doesn't have a size known at compile-time
[INFO] [stdout]     |
[INFO] [stdout]     = help: the trait `Sized` is not implemented for `str`
[INFO] [stdout]     = note: all local variables must have a statically known size
[INFO] [stdout] 
[INFO] [stdout] 
[INFO] [stdout] error[E0277]: the size for values of type `str` cannot be known at compilation time
[INFO] [stdout]    --> src/jwks_secret_store.rs:324:13
[INFO] [stdout]     |
[INFO] [stdout] 324 |         let token = sign_refresh_token(&rotated.previous.signing, &claims).await;
[INFO] [stdout]     |             ^^^^^ doesn't have a size known at compile-time
[INFO] [stdout]     |
[INFO] [stdout]     = help: the trait `Sized` is not implemented for `str`
[INFO] [stdout]     = note: all local variables must have a statically known size
[INFO] [stdout] 
[INFO] [stdout] 
[INFO] [stdout] error[E0277]: the size for values of type `str` cannot be known at compilation time
[INFO] [stdout]    --> src/jwks_secret_store.rs:324:21
[INFO] [stdout]     |
[INFO] [stdout] 324 |         let token = sign_refresh_token(&rotated.previous.signing, &claims).await;
[INFO] [stdout]     |                     ^^^^^^^^^^^^^^^^^^^^^^^^^^^^^^^^^^^^^^^^^^^^^^^^^^^^^^^^^^^^ doesn't have a size known at compile-time
[INFO] [stdout]     |
[INFO] [stdout]     = help: the trait `Sized` is not implemented for `str`
[INFO] [stdout]     = note: all local variables must have a statically known size
[INFO] [stdout] 
[INFO] [stdout] 
[INFO] [stdout] Some errors have detailed explanations: E0277, E0433.
[INFO] [stdout] 
[INFO] [stdout] For more information about an error, try `rustc --explain E0277`.
[INFO] [stdout] 
[INFO] [stderr] error: could not compile `margaret_jwks_secret_store` (lib test) due to 14 previous errors
[INFO] running `Command { std: "docker" "inspect" "9bd8664e745286c1025ed3e7e7a8f2d5f5c5e426cf8c8828a65a49601d0c4bc9", kill_on_drop: false }`
[INFO] running `Command { std: "docker" "rm" "-f" "9bd8664e745286c1025ed3e7e7a8f2d5f5c5e426cf8c8828a65a49601d0c4bc9", kill_on_drop: false }`
[INFO] [stdout] 9bd8664e745286c1025ed3e7e7a8f2d5f5c5e426cf8c8828a65a49601d0c4bc9
