[INFO] fetching crate mairie360_api_lib 3.0.0...
[INFO] checking mairie360_api_lib-3.0.0 against 3154cc1a3e6424e44f438a95007d043ed5ceaaf6+rustflags=-Znext-solver=coherence for pr-133502-30
[INFO] extracting crate mairie360_api_lib 3.0.0 into /workspace/builds/worker-6-tc1/source
[INFO] removed /workspace/builds/worker-6-tc1/source/.cargo/config.toml
[INFO] started tweaking crates.io crate mairie360_api_lib 3.0.0
[INFO] removed 0 missing tests
[INFO] finished tweaking crates.io crate mairie360_api_lib 3.0.0
[INFO] tweaked toml for crates.io crate mairie360_api_lib 3.0.0 written to /workspace/builds/worker-6-tc1/source/Cargo.toml
[INFO] validating manifest of crates.io crate mairie360_api_lib 3.0.0 on toolchain 3154cc1a3e6424e44f438a95007d043ed5ceaaf6
[INFO] running `Command { std: CARGO_HOME="/workspace/cargo-home" RUSTUP_HOME="/workspace/rustup-home" "/workspace/cargo-home/bin/cargo" "+3154cc1a3e6424e44f438a95007d043ed5ceaaf6" "metadata" "--manifest-path" "Cargo.toml" "--no-deps", kill_on_drop: false }`
[INFO] crate crates.io crate mairie360_api_lib 3.0.0 already has a lockfile, it will not be regenerated
[INFO] running `Command { std: CARGO_HOME="/workspace/cargo-home" RUSTUP_HOME="/workspace/rustup-home" "/workspace/cargo-home/bin/cargo" "+3154cc1a3e6424e44f438a95007d043ed5ceaaf6" "fetch" "--manifest-path" "Cargo.toml", kill_on_drop: false }`
[INFO] [stderr]     Updating crates.io index
[INFO] [stderr]  Downloading crates ...
[INFO] [stderr]   Downloaded smallvec v1.16.0
[INFO] [stderr]   Downloaded phf_shared v0.13.1
[INFO] [stderr]   Downloaded darling_macro v0.23.0
[INFO] [stderr]   Downloaded jiff-static v0.2.35
[INFO] [stderr]   Downloaded docker_credential v1.4.0
[INFO] [stderr]   Downloaded serde_repr v0.1.21
[INFO] [stderr]   Downloaded uuid v1.27.0
[INFO] [stderr]   Downloaded tokio-postgres v0.7.18
[INFO] [stderr]   Downloaded whoami v2.1.3
[INFO] [stderr]   Downloaded wasite v1.0.2
[INFO] [stderr]   Downloaded objc2-system-configuration v0.3.2
[INFO] [stderr]   Downloaded libredox v0.1.23
[INFO] [stderr]   Downloaded structmeta v0.3.0
[INFO] [stderr]   Downloaded structmeta-derive v0.3.0
[INFO] [stderr]   Downloaded etcetera v0.11.0
[INFO] [stderr]   Downloaded system-configuration-sys v0.6.0
[INFO] [stderr]   Downloaded hyperlocal v0.9.1
[INFO] [stderr]   Downloaded hyper-named-pipe v0.1.1
[INFO] [stderr]   Downloaded tonic-prost v0.14.6
[INFO] [stderr]   Downloaded async-stream v0.3.6
[INFO] [stderr]   Downloaded temp-env v0.3.6
[INFO] [stderr]   Downloaded atoi v2.0.0
[INFO] [stderr]   Downloaded serial_test v4.0.1
[INFO] [stderr]   Downloaded serial_test_derive v4.0.1
[INFO] [stderr]   Downloaded wasm-bindgen-futures v0.4.77
[INFO] [stderr]   Downloaded openssl-macros v0.1.1
[INFO] [stderr]   Downloaded foreign-types v0.3.2
[INFO] [stderr]   Downloaded wasi v0.14.7+wasi-0.2.4
[INFO] [stderr]   Downloaded postgres-protocol v0.6.12
[INFO] [stderr]   Downloaded stringprep v0.1.5
[INFO] [stderr]   Downloaded ctutils v0.4.2
[INFO] [stderr]   Downloaded md-5 v0.11.0
[INFO] [stderr]   Downloaded fallible-iterator v0.2.0
[INFO] [stderr]   Downloaded phf v0.13.1
[INFO] [stderr]   Downloaded parse-display v0.11.0
[INFO] [stderr]   Downloaded parse-display-derive v0.11.0
[INFO] [stderr]   Downloaded windows-registry v0.6.1
[INFO] [stderr]   Downloaded ipnet v2.12.1
[INFO] [stderr]   Downloaded hyper-timeout v0.5.2
[INFO] [stderr]   Downloaded core-foundation v0.10.1
[INFO] [stderr]   Downloaded prost-derive v0.14.4
[INFO] [stderr]   Downloaded async-stream-impl v0.3.6
[INFO] [stderr]   Downloaded ipnetwork v0.21.1
[INFO] [stderr]   Downloaded hashlink v0.11.1
[INFO] [stderr]   Downloaded sha1 v0.11.0
[INFO] [stderr]   Downloaded native-tls v0.2.18
[INFO] [stderr]   Downloaded darling v0.23.0
[INFO] [stderr]   Downloaded system-configuration v0.7.0
[INFO] [stderr]   Downloaded zeroize v1.9.0
[INFO] [stderr]   Downloaded const-oid v0.9.6
[INFO] [stderr]   Downloaded crossbeam-queue v0.3.13
[INFO] [stderr]   Downloaded crc v3.4.0
[INFO] [stderr]   Downloaded crc-catalog v2.5.0
[INFO] [stderr]   Downloaded dotenvy v0.15.7
[INFO] [stderr]   Downloaded sqlx-macros v0.9.0
[INFO] [stderr]   Downloaded jni-sys-macros v0.4.1
[INFO] [stderr]   Downloaded postgres-types v0.2.14
[INFO] [stderr]   Downloaded unicode-properties v0.1.4
[INFO] [stderr]   Downloaded tinyvec v1.12.0
[INFO] [stderr]   Downloaded unicode-bidi v0.3.18
[INFO] [stderr]   Downloaded hybrid-array v0.4.14
[INFO] [stderr]   Downloaded hmac v0.13.0
[INFO] [stderr]   Downloaded serde_with_macros v3.22.0
[INFO] [stderr]   Downloaded ferroid v2.0.0
[INFO] [stderr]   Downloaded prost v0.14.4
[INFO] [stderr]   Downloaded prost-types v0.14.4
[INFO] [stderr]   Downloaded tokio-native-tls v0.3.1
[INFO] [stderr]   Downloaded jiff-tzdb v0.1.8
[INFO] [stderr]   Downloaded security-framework v3.7.0
[INFO] [stderr]   Downloaded astral-tokio-tar v0.6.4
[INFO] [stderr]   Downloaded futures-intrusive v0.5.0
[INFO] [stderr]   Downloaded flume v0.12.0
[INFO] [stderr]   Downloaded sqlx-mysql v0.9.0
[INFO] [stderr]   Downloaded sqlx-macros-core v0.9.0
[INFO] [stderr]   Downloaded openssl-sys v0.9.117
[INFO] [stderr]   Downloaded jni-macros v0.22.4
[INFO] [stderr]   Downloaded darling_core v0.23.0
[INFO] [stderr]   Downloaded bollard-buildkit-proto v0.8.1
[INFO] [stderr]   Downloaded sqlx-sqlite v0.9.0
[INFO] [stderr]   Downloaded resend-rs v0.34.0
[INFO] [stderr]   Downloaded rustls-platform-verifier-android v0.1.1
[INFO] [stderr]   Downloaded jni-sys v0.4.1
[INFO] [stderr]   Downloaded indexmap v2.14.1
[INFO] [stderr]   Downloaded cc v1.4.4
[INFO] [stderr]   Downloaded bollard-stubs v1.53.1-rc.29.3.1
[INFO] [stderr]   Downloaded signature v2.2.0
[INFO] [stderr]   Downloaded tokio-util v0.7.19
[INFO] [stderr]   Downloaded mio v1.2.2
[INFO] [stderr]   Downloaded testcontainers v0.28.0
[INFO] [stderr]   Downloaded tonic v0.14.6
[INFO] [stderr]   Downloaded rustls-platform-verifier v0.7.0
[INFO] [stderr]   Downloaded jiff-core v0.1.0
[INFO] [stderr]   Downloaded bollard v0.21.1
[INFO] [stderr]   Downloaded sqlx-core v0.9.0
[INFO] [stderr]   Downloaded sqlx-postgres v0.9.0
[INFO] [stderr]   Downloaded foreign-types-shared v0.1.1
[INFO] [stderr]   Downloaded hyper v1.11.1
[INFO] [stderr]   Downloaded hkdf v0.13.0
[INFO] [stderr]   Downloaded objc2-core-foundation v0.3.2
[INFO] [stderr]   Downloaded h2 v0.4.19
[INFO] [stderr]   Downloaded serde_with v3.22.0
[INFO] [stderr]   Downloaded webpki-roots v1.0.9
[INFO] [stderr]   Downloaded webpki-root-certs v1.0.9
[INFO] [stderr]   Downloaded sqlx v0.9.0
[INFO] [stderr]   Downloaded hyper-tls v0.6.0
[INFO] [stderr]   Downloaded jni v0.22.4
[INFO] [stderr]   Downloaded nonzero_ext v0.3.0
[INFO] [stderr]   Downloaded sha1_smol v1.0.1
[INFO] [stderr]   Downloaded openssl v0.10.81
[INFO] [stderr]   Downloaded alloc-no-stdlib v2.0.4
[INFO] [stderr]   Downloaded simd_cesu8 v1.2.0
[INFO] [stderr]   Downloaded rfc6979 v0.4.0
[INFO] [stderr]   Downloaded curve25519-dalek-derive v0.1.1
[INFO] [stderr]   Downloaded password-hash v0.6.1
[INFO] [stderr]   Downloaded bytestring v1.5.1
[INFO] [stderr]   Downloaded local-waker v0.1.4
[INFO] [stderr]   Downloaded maybe-async v0.2.11
[INFO] [stderr]   Downloaded xxhash-rust v0.8.18
[INFO] [stderr]   Downloaded base16ct v0.2.0
[INFO] [stderr]   Downloaded deadpool-runtime v0.3.1
[INFO] [stderr]   Downloaded actix-macros v0.2.4
[INFO] [stderr]   Downloaded local-channel v0.1.5
[INFO] [stderr]   Downloaded mime_guess v2.0.5
[INFO] [stderr]   Downloaded charset v0.1.5
[INFO] [stderr]   Downloaded web-sys v0.3.104
[INFO] [stderr]   Downloaded jiff v0.2.35
[INFO] [stderr]   Downloaded alloc-stdlib v0.2.4
[INFO] [stderr]   Downloaded unicase v2.9.0
[INFO] [stderr]   Downloaded spki v0.7.3
[INFO] [stderr]   Downloaded pkcs8 v0.10.2
[INFO] [stderr]   Downloaded primeorder v0.13.6
[INFO] [stderr]   Downloaded sec1 v0.7.3
[INFO] [stderr]   Downloaded group v0.13.0
[INFO] [stderr]   Downloaded ff v0.13.1
[INFO] [stderr]   Downloaded ecdsa v0.16.9
[INFO] [stderr]   Downloaded ed25519 v2.2.3
[INFO] [stderr]   Downloaded phc v0.6.1
[INFO] [stderr]   Downloaded impl-more v0.3.5
[INFO] [stderr]   Downloaded actix-web-codegen v4.3.0
[INFO] [stderr]   Downloaded actix-utils v3.0.1
[INFO] [stderr]   Downloaded actix-rt v2.13.0
[INFO] [stderr]   Downloaded zstd-safe v7.2.4
[INFO] [stderr]   Downloaded quinn-udp v0.5.15
[INFO] [stderr]   Downloaded mailparse v0.16.1
[INFO] [stderr]   Downloaded ecow v0.3.1
[INFO] [stderr]   Downloaded zstd v0.13.3
[INFO] [stderr]   Downloaded actix-codec v0.5.3
[INFO] [stderr]   Downloaded quoted_printable v0.5.2
[INFO] [stderr]   Downloaded arcstr v1.2.0
[INFO] [stderr]   Downloaded postgres v0.19.14
[INFO] [stderr]   Downloaded deadpool-redis v0.23.1
[INFO] [stderr]   Downloaded argon2 v0.6.0
[INFO] [stderr]   Downloaded actix-router v0.5.4
[INFO] [stderr]   Downloaded actix-service v2.0.3
[INFO] [stderr]   Downloaded actix-server v2.9.1
[INFO] [stderr]   Downloaded quanta v0.12.6
[INFO] [stderr]   Downloaded async-lock v3.4.2
[INFO] [stderr]   Downloaded pem-rfc7468 v0.7.0
[INFO] [stderr]   Downloaded blake2 v0.11.0
[INFO] [stderr]   Downloaded convert_case v0.10.0
[INFO] [stderr]   Downloaded cookie v0.16.2
[INFO] [stderr]   Downloaded crc32fast v1.5.1
[INFO] [stderr]   Downloaded combine v4.6.8
[INFO] [stderr]   Downloaded pkcs1 v0.7.5
[INFO] [stderr]   Downloaded language-tags v0.3.2
[INFO] [stderr]   Downloaded elliptic-curve v0.13.8
[INFO] [stderr]   Downloaded deadpool v0.13.1
[INFO] [stderr]   Downloaded p256 v0.13.2
[INFO] [stderr]   Downloaded quinn v0.11.11
[INFO] [stderr]   Downloaded spinning_top v0.3.0
[INFO] [stderr]   Downloaded rsa v0.9.10
[INFO] [stderr]   Downloaded jsonwebtoken v11.1.0
[INFO] [stderr]   Downloaded derive_more v2.1.1
[INFO] [stderr]   Downloaded rand v0.9.5
[INFO] [stderr]   Downloaded der v0.7.10
[INFO] [stderr]   Downloaded crypto-bigint v0.5.5
[INFO] [stderr]   Downloaded ed25519-dalek v2.2.0
[INFO] [stderr]   Downloaded derive_more-impl v2.1.1
[INFO] [stderr]   Downloaded governor v0.10.4
[INFO] [stderr]   Downloaded num-bigint-dig v0.8.6
[INFO] [stderr]   Downloaded p384 v0.13.1
[INFO] [stderr]   Downloaded hkdf v0.12.4
[INFO] [stderr]   Downloaded actix-http v3.13.4
[INFO] [stderr]   Downloaded brotli-decompressor v5.0.3
[INFO] [stderr]   Downloaded zlib-rs v0.6.7
[INFO] [stderr]   Downloaded quinn-proto v0.11.17
[INFO] [stderr]   Downloaded curve25519-dalek v4.1.3
[INFO] [stderr]   Downloaded actix-web v4.15.0
[INFO] [stderr]   Downloaded redis v1.7.1
[INFO] [stderr]   Downloaded fiat-crypto v0.2.9
[INFO] [stderr]   Downloaded zstd-sys v2.0.16+zstd.1.5.7
[INFO] [stderr]   Downloaded brotli v8.0.4
[INFO] [stderr]   Downloaded encoding_rs v0.8.35
[INFO] [stderr]   Downloaded libsqlite3-sys v0.37.0
[INFO] running `Command { std: "docker" "create" "-v" "/var/lib/crater-agent-workspace/builds/worker-6-tc1/source:/opt/rustwide/workdir:ro,Z" "-v" "/var/lib/crater-agent-workspace/builds/worker-6-tc1/target:/opt/rustwide/target:rw,Z" "-v" "/var/lib/crater-agent-workspace/cargo-home:/opt/rustwide/cargo-home:ro,Z" "-v" "/var/lib/crater-agent-workspace/rustup-home:/opt/rustwide/rustup-home:ro,Z" "-m" "1610612736" "--network" "none" "ghcr.io/rust-lang/crates-build-env/linux@sha256:77db811e55d90add9212f6832c23229e3de5f1c1f9905e8cb07319ea15df73ac" "sleep" "infinity", kill_on_drop: false }`
[INFO] [stdout] 65edddf524d89cdc77a94d7f3f1e2b33ec90be4ca17ac881f5e32975a7cb5d74
[INFO] running `Command { std: "docker" "start" "65edddf524d89cdc77a94d7f3f1e2b33ec90be4ca17ac881f5e32975a7cb5d74", kill_on_drop: false }`
[INFO] running `Command { std: "docker" "inspect" "65edddf524d89cdc77a94d7f3f1e2b33ec90be4ca17ac881f5e32975a7cb5d74", kill_on_drop: false }`
[INFO] running `Command { std: "docker" "exec" "-e" "SOURCE_DIR=/opt/rustwide/workdir" "-e" "CARGO_HOME=/opt/rustwide/cargo-home" "-e" "RUSTUP_HOME=/opt/rustwide/rustup-home" "-e" "CARGO_TARGET_DIR=/opt/rustwide/target" "-w" "/opt/rustwide/workdir" "--user" "0:0" "65edddf524d89cdc77a94d7f3f1e2b33ec90be4ca17ac881f5e32975a7cb5d74" "/opt/rustwide/cargo-home/bin/cargo" "+3154cc1a3e6424e44f438a95007d043ed5ceaaf6" "metadata" "--no-deps" "--format-version=1", kill_on_drop: false }`
[INFO] running `Command { std: "docker" "inspect" "65edddf524d89cdc77a94d7f3f1e2b33ec90be4ca17ac881f5e32975a7cb5d74", kill_on_drop: false }`
[INFO] running `Command { std: "docker" "exec" "-e" "SOURCE_DIR=/opt/rustwide/workdir" "-e" "CARGO_HOME=/opt/rustwide/cargo-home" "-e" "RUSTUP_HOME=/opt/rustwide/rustup-home" "-e" "CARGO_TARGET_DIR=/opt/rustwide/target" "-e" "CARGO_INCREMENTAL=0" "-e" "RUST_BACKTRACE=full" "-e" "RUSTFLAGS=--cap-lints=forbid -Znext-solver=coherence" "-e" "RUSTDOCFLAGS=--cap-lints=forbid" "-w" "/opt/rustwide/workdir" "--user" "0:0" "65edddf524d89cdc77a94d7f3f1e2b33ec90be4ca17ac881f5e32975a7cb5d74" "/opt/rustwide/cargo-home/bin/cargo" "+3154cc1a3e6424e44f438a95007d043ed5ceaaf6" "check" "--frozen" "--all" "--all-targets" "--message-format=json", kill_on_drop: false }`
[INFO] [stderr]    Compiling proc-macro2 v1.0.107
[INFO] [stderr]    Compiling quote v1.0.47
[INFO] [stderr]    Compiling libc v0.2.190
[INFO] [stderr]     Checking cfg-if v1.0.4
[INFO] [stderr]    Compiling serde_core v1.0.229
[INFO] [stderr]    Compiling serde v1.0.229
[INFO] [stderr]    Compiling find-msvc-tools v0.1.11
[INFO] [stderr]    Compiling shlex v2.0.1
[INFO] [stderr]    Compiling parking_lot_core v0.9.12
[INFO] [stderr]     Checking typenum v1.20.1
[INFO] [stderr]    Compiling version_check v0.9.5
[INFO] [stderr]     Checking log v0.4.34
[INFO] [stderr]     Checking bytes v1.12.1
[INFO] [stderr]     Checking scopeguard v1.2.0
[INFO] [stderr]     Checking futures-core v0.3.34
[INFO] [stderr]     Checking lock_api v0.4.14
[INFO] [stderr]     Checking memchr v2.8.3
[INFO] [stderr]    Compiling pkg-config v0.3.34
[INFO] [stderr]     Checking futures-sink v0.3.34
[INFO] [stderr]     Checking subtle v2.6.1
[INFO] [stderr]     Checking once_cell v1.21.4
[INFO] [stderr]    Compiling generic-array v0.14.9
[INFO] [stderr]    Compiling icu_properties_data v2.3.0
[INFO] [stderr]     Checking slab v0.4.12
[INFO] [stderr]     Checking const-oid v0.9.6
[INFO] [stderr]    Compiling syn v2.0.119
[INFO] [stderr]    Compiling syn v3.0.4
[INFO] [stderr]    Compiling icu_normalizer_data v2.3.0
[INFO] [stderr]     Checking futures-io v0.3.34
[INFO] [stderr]     Checking futures-task v0.3.34
[INFO] [stderr]     Checking stable_deref_trait v1.2.1
[INFO] [stderr]     Checking tracing-core v0.1.36
[INFO] [stderr]     Checking percent-encoding v2.3.2
[INFO] [stderr]     Checking cmov v0.5.4
[INFO] [stderr]     Checking ctutils v0.4.2
[INFO] [stderr]     Checking hybrid-array v0.4.14
[INFO] [stderr]     Checking base64ct v1.8.3
[INFO] [stderr]     Checking errno v0.3.14
[INFO] [stderr]     Checking signal-hook-registry v1.4.8
[INFO] [stderr]     Checking socket2 v0.6.5
[INFO] [stderr]    Compiling jobserver v0.1.35
[INFO] [stderr]     Checking mio v1.2.2
[INFO] [stderr]     Checking getrandom v0.2.17
[INFO] [stderr]    Compiling cc v1.4.4
[INFO] [stderr]    Compiling zmij v1.0.23
[INFO] [stderr]     Checking rand_core v0.10.1
[INFO] [stderr]    Compiling getrandom v0.4.3
[INFO] [stderr]     Checking base64 v0.22.1
[INFO] [stderr]     Checking equivalent v1.0.2
[INFO] [stderr]     Checking rand_core v0.6.4
[INFO] [stderr]     Checking block-buffer v0.12.1
[INFO] [stderr]     Checking crypto-common v0.2.2
[INFO] [stderr]    Compiling fs_extra v1.3.0
[INFO] [stderr]     Checking const-oid v0.10.2
[INFO] [stderr]     Checking litemap v0.8.3
[INFO] [stderr]    Compiling dunce v1.0.5
[INFO] [stderr]    Compiling libm v0.2.16
[INFO] [stderr]     Checking writeable v0.6.4
[INFO] [stderr]    Compiling cmake v0.1.58
[INFO] [stderr]    Compiling num-traits v0.2.19
[INFO] [stderr]     Checking bitflags v2.13.1
[INFO] [stderr]    Compiling serde_json v1.0.151
[INFO] [stderr]     Checking utf8_iter v1.0.4
[INFO] [stderr]     Checking pem-rfc7468 v0.7.0
[INFO] [stderr]     Checking digest v0.11.3
[INFO] [stderr]     Checking hashbrown v0.17.1
[INFO] [stderr]     Checking cpufeatures v0.3.1
[INFO] [stderr]    Compiling aws-lc-rs v1.18.1
[INFO] [stderr]    Compiling pin-project-lite v0.2.17
[INFO] [stderr]    Compiling zerocopy v0.8.56
[INFO] [stderr]     Checking fnv v1.0.7
[INFO] [stderr]    Compiling ring v0.17.14
[INFO] [stderr]    Compiling aws-lc-sys v0.45.0
[INFO] [stderr]     Checking form_urlencoded v1.2.2
[INFO] [stderr]     Checking indexmap v2.14.1
[INFO] [stderr]     Checking untrusted v0.9.0
[INFO] [stderr]    Compiling vcpkg v0.2.15
[INFO] [stderr]     Checking chacha20 v0.10.2
[INFO] [stderr]     Checking http v1.5.0
[INFO] [stderr]    Compiling openssl-sys v0.9.117
[INFO] [stderr]     Checking futures-channel v0.3.34
[INFO] [stderr]    Compiling rustls v0.23.45
[INFO] [stderr]    Compiling synstructure v0.13.2
[INFO] [stderr]    Compiling httparse v1.10.1
[INFO] [stderr]    Compiling crossbeam-utils v0.8.22
[INFO] [stderr]     Checking rand v0.10.2
[INFO] [stderr]    Compiling serde_derive v1.0.229
[INFO] [stderr]    Compiling zerovec-derive v0.11.6
[INFO] [stderr]    Compiling displaydoc v0.2.7
[INFO] [stderr]    Compiling tokio-macros v2.7.2
[INFO] [stderr]    Compiling futures-macro v0.3.34
[INFO] [stderr]    Compiling thiserror-impl v2.0.21
[INFO] [stderr]    Compiling zeroize_derive v1.5.0
[INFO] [stderr]    Compiling zerofrom-derive v0.1.7
[INFO] [stderr]    Compiling yoke-derive v0.8.2
[INFO] [stderr]     Checking zeroize v1.9.0
[INFO] [stderr]    Compiling tracing-attributes v0.1.31
[INFO] [stderr]     Checking futures-util v0.3.34
[INFO] [stderr]     Checking der v0.7.10
[INFO] [stderr]     Checking rustls-pki-types v1.15.1
[INFO] [stderr]     Checking zerofrom v0.1.8
[INFO] [stderr]     Checking crypto-common v0.1.6
[INFO] [stderr]     Checking yoke v0.8.3
[INFO] [stderr]     Checking block-buffer v0.10.4
[INFO] [stderr]     Checking digest v0.10.7
[INFO] [stderr]     Checking tracing v0.1.44
[INFO] [stderr]     Checking zerovec v0.11.8
[INFO] [stderr]     Checking zerotrie v0.2.5
[INFO] [stderr]     Checking ppv-lite86 v0.2.21
[INFO] [stderr]     Checking tinystr v0.8.4
[INFO] [stderr]     Checking potential_utf v0.1.6
[INFO] [stderr]     Checking spki v0.7.3
[INFO] [stderr]     Checking icu_locale_core v2.3.0
[INFO] [stderr]     Checking icu_collections v2.3.0
[INFO] [stderr]     Checking pkcs8 v0.10.2
[INFO] [stderr]     Checking smallvec v1.16.0
[INFO] [stderr]     Checking parking_lot v0.12.5
[INFO] [stderr]     Checking icu_provider v2.3.1
[INFO] [stderr]     Checking tokio v1.53.2
[INFO] [stderr]     Checking foldhash v0.2.0
[INFO] [stderr]     Checking icu_normalizer v2.3.0
[INFO] [stderr]     Checking icu_properties v2.3.0
[INFO] [stderr]     Checking cpufeatures v0.2.17
[INFO] [stderr]     Checking tinyvec_macros v0.1.1
[INFO] [stderr]     Checking tinyvec v1.12.0
[INFO] [stderr]     Checking hmac v0.12.1
[INFO] [stderr]     Checking http-body v1.1.0
[INFO] [stderr]     Checking parking v2.2.1
[INFO] [stderr]     Checking event-listener v5.4.2
[INFO] [stderr]     Checking idna_adapter v1.2.2
[INFO] [stderr]     Checking idna v1.1.0
[INFO] [stderr]     Checking unicode-normalization v0.1.25
[INFO] [stderr]     Checking url v2.5.8
[INFO] [stderr]     Checking sha2 v0.10.9
[INFO] [stderr]     Checking signature v2.2.0
[INFO] [stderr]     Checking num-integer v0.1.47
[INFO] [stderr]    Compiling zstd-sys v2.0.16+zstd.1.5.7
[INFO] [stderr]     Checking hmac v0.13.0
[INFO] [stderr]     Checking ff v0.13.1
[INFO] [stderr]    Compiling openssl v0.10.81
[INFO] [stderr]     Checking atomic-waker v1.1.2
[INFO] [stderr]     Checking base16ct v0.2.0
[INFO] [stderr]     Checking try-lock v0.2.5
[INFO] [stderr]     Checking unicode-properties v0.1.4
[INFO] [stderr]     Checking allocator-api2 v0.2.21
[INFO] [stderr]     Checking foreign-types-shared v0.1.1
[INFO] [stderr]     Checking tower-service v0.3.3
[INFO] [stderr]     Checking openssl-probe v0.2.1
[INFO] [stderr]    Compiling getrandom v0.3.4
[INFO] [stderr]     Checking unicode-bidi v0.3.18
[INFO] [stderr]    Compiling thiserror v2.0.21
[INFO] [stderr]     Checking hashbrown v0.16.1
[INFO] [stderr]     Checking stringprep v0.1.5
[INFO] [stderr]    Compiling rustls-webpki v0.103.15
[INFO] [stderr]     Checking foreign-types v0.3.2
[INFO] [stderr]     Checking want v0.3.1
[INFO] [stderr]     Checking sec1 v0.7.3
[INFO] [stderr]     Checking group v0.13.0
[INFO] [stderr]     Checking hkdf v0.12.4
[INFO] [stderr]     Checking crypto-bigint v0.5.5
[INFO] [stderr]    Compiling openssl-macros v0.1.1
[INFO] [stderr]     Checking sha2 v0.11.0
[INFO] [stderr]     Checking md-5 v0.11.0
[INFO] [stderr]     Checking tokio-util v0.7.19
[INFO] [stderr]     Checking aho-corasick v1.1.5
[INFO] [stderr]     Checking encoding_rs v0.8.35
[INFO] [stderr]     Checking h2 v0.4.19
[INFO] [stderr]     Checking byteorder v1.5.0
[INFO] [stderr]    Compiling native-tls v0.2.18
[INFO] [stderr]     Checking spin v0.9.9
[INFO] [stderr]    Compiling iana-time-zone v0.1.65
[INFO] [stderr]    Compiling itoa v1.0.18
[INFO] [stderr]     Checking regex-syntax v0.8.11
[INFO] [stderr]    Compiling crc-catalog v2.5.0
[INFO] [stderr]    Compiling crc v3.4.0
[INFO] [stderr]    Compiling chrono v0.4.45
[INFO] [stderr]     Checking regex-automata v0.4.18
[INFO] [stderr]     Checking lazy_static v1.5.0
[INFO] [stderr]    Compiling tokio-stream v0.1.19
[INFO] [stderr]     Checking hyper v1.11.1
[INFO] [stderr]     Checking elliptic-curve v0.13.8
[INFO] [stderr]    Compiling crossbeam-queue v0.3.13
[INFO] [stderr]    Compiling futures-intrusive v0.5.0
[INFO] [stderr]    Compiling hashlink v0.11.1
[INFO] [stderr]    Compiling webpki-roots v1.0.9
[INFO] [stderr]    Compiling either v1.18.0
[INFO] [stderr]     Checking mime v0.3.17
[INFO] [stderr]    Compiling crc32fast v1.5.1
[INFO] [stderr]     Checking local-waker v0.1.4
[INFO] [stderr]     Checking alloc-no-stdlib v2.0.4
[INFO] [stderr]     Checking ipnet v2.12.1
[INFO] [stderr]    Compiling unicase v2.9.0
[INFO] [stderr]    Compiling uuid v1.27.0
[INFO] [stderr]    Compiling unicode-segmentation v1.13.3
[INFO] [stderr]    Compiling ipnetwork v0.21.1
[INFO] [stderr]    Compiling zstd-safe v7.2.4
[INFO] [stderr]     Checking hyper-util v0.1.20
[INFO] [stderr]    Compiling mime_guess v2.0.5
[INFO] [stderr]    Compiling convert_case v0.10.0
[INFO] [stderr]     Checking alloc-stdlib v0.2.4
[INFO] [stderr]    Compiling hkdf v0.13.0
[INFO] [stderr]     Checking rand_core v0.9.5
[INFO] [stderr]    Compiling curve25519-dalek v4.1.3
[INFO] [stderr]    Compiling atoi v2.0.0
[INFO] [stderr]     Checking rfc6979 v0.4.0
[INFO] [stderr]    Compiling sqlx-core v0.9.0
[INFO] [stderr]     Checking rand_chacha v0.3.1
[INFO] [stderr]     Checking http v0.2.12
[INFO] [stderr]     Checking whoami v2.1.3
[INFO] [stderr]     Checking sync_wrapper v1.0.2
[INFO] [stderr]    Compiling num-bigint-dig v0.8.6
[INFO] [stderr]    Compiling hex v0.4.3
[INFO] [stderr]    Compiling unicode-xid v0.2.6
[INFO] [stderr]     Checking tower-layer v0.3.3
[INFO] [stderr]     Checking adler2 v2.0.1
[INFO] [stderr]    Compiling time-core v0.1.9
[INFO] [stderr]     Checking simd-adler32 v0.3.10
[INFO] [stderr]    Compiling portable-atomic v1.15.0
[INFO] [stderr]    Compiling dotenvy v0.15.7
[INFO] [stderr]    Compiling num-conv v0.2.2
[INFO] [stderr]    Compiling time-macros v0.2.32
[INFO] [stderr]     Checking miniz_oxide v0.9.1
[INFO] [stderr]     Checking tower v0.5.3
[INFO] [stderr]    Compiling derive_more-impl v2.1.1
[INFO] [stderr]     Checking rand v0.8.8
[INFO] [stderr]     Checking tokio-native-tls v0.3.1
[INFO] [stderr]     Checking ecdsa v0.16.9
[INFO] [stderr]     Checking rand_chacha v0.9.0
[INFO] [stderr]     Checking brotli-decompressor v5.0.3
[INFO] [stderr]     Checking actix-utils v3.0.1
[INFO] [stderr]     Checking primeorder v0.13.6
[INFO] [stderr]     Checking serde_urlencoded v0.7.1
[INFO] [stderr]     Checking rustls-native-certs v0.8.4
[INFO] [stderr]     Checking num-iter v0.1.46
[INFO] [stderr]     Checking event-listener-strategy v0.5.4
[INFO] [stderr]     Checking http-body-util v0.1.5
[INFO] [stderr]    Compiling sqlx-postgres v0.9.0
[INFO] [stderr]    Compiling curve25519-dalek-derive v0.1.1
[INFO] [stderr]    Compiling bytestring v1.5.1
[INFO] [stderr]     Checking raw-cpuid v11.6.0
[INFO] [stderr]     Checking actix-service v2.0.3
[INFO] [stderr]    Compiling cookie v0.16.2
[INFO] [stderr]     Checking hashbrown v0.14.5
[INFO] [stderr]     Checking siphasher v1.0.3
[INFO] [stderr]     Checking fallible-iterator v0.2.0
[INFO] [stderr]     Checking powerfmt v0.2.0
[INFO] [stderr]    Compiling heck v0.5.0
[INFO] [stderr]     Checking deranged v0.5.8
[INFO] [stderr]    Compiling regex-lite v0.1.9
[INFO] [stderr]     Checking derive_more v2.1.1
[INFO] [stderr]     Checking postgres-protocol v0.6.12
[INFO] [stderr]     Checking dashmap v6.2.1
[INFO] [stderr]     Checking phf_shared v0.13.1
[INFO] [stderr]     Checking quanta v0.12.6
[INFO] [stderr]    Compiling actix-router v0.5.4
[INFO] [stderr]     Checking hyper-tls v0.6.0
[INFO] [stderr]     Checking brotli v8.0.4
[INFO] [stderr]     Checking async-lock v3.4.2
[INFO] [stderr]     Checking flate2 v1.1.10
[INFO] [stderr]     Checking time v0.3.55
[INFO] [stderr]     Checking rand v0.9.5
[INFO] [stderr]     Checking tower-http v0.6.11
[INFO] [stderr]     Checking zstd v0.13.3
[INFO] [stderr]     Checking h2 v0.3.27
[INFO] [stderr]     Checking local-channel v0.1.5
[INFO] [stderr]     Checking regex v1.13.1
[INFO] [stderr]     Checking charset v0.1.5
[INFO] [stderr]     Checking actix-codec v0.5.3
[INFO] [stderr]     Checking combine v4.6.8
[INFO] [stderr]     Checking actix-rt v2.13.0
[INFO] [stderr]     Checking deadpool-runtime v0.3.1
[INFO] [stderr]     Checking num-bigint v0.5.1
[INFO] [stderr]     Checking ed25519 v2.2.3
[INFO] [stderr]     Checking pkcs1 v0.7.5
[INFO] [stderr]    Compiling async-trait v0.1.92
[INFO] [stderr]     Checking sha1 v0.11.0
[INFO] [stderr]     Checking phc v0.6.1
[INFO] [stderr]     Checking spinning_top v0.3.0
[INFO] [stderr]     Checking data-encoding v2.11.1
[INFO] [stderr]    Compiling sqlx-macros-core v0.9.0
[INFO] [stderr]     Checking quoted_printable v0.5.2
[INFO] [stderr]     Checking sha1_smol v1.0.1
[INFO] [stderr]     Checking arcstr v1.2.0
[INFO] [stderr]    Compiling anyhow v1.0.104
[INFO] [stderr]     Checking nonzero_ext v0.3.0
[INFO] [stderr]     Checking httpdate v1.0.3
[INFO] [stderr]     Checking web-time v1.1.0
[INFO] [stderr]     Checking language-tags v0.3.2
[INFO] [stderr]     Checking xxhash-rust v0.8.18
[INFO] [stderr]     Checking base64 v0.23.1
[INFO] [stderr]     Checking governor v0.10.4
[INFO] [stderr]     Checking mailparse v0.16.1
[INFO] [stderr]     Checking password-hash v0.6.1
[INFO] [stderr]     Checking rsa v0.9.10
[INFO] [stderr]     Checking ed25519-dalek v2.2.0
[INFO] [stderr]     Checking actix-server v2.9.1
[INFO] [stderr]     Checking deadpool v0.13.1
[INFO] [stderr]    Compiling actix-web-codegen v4.3.0
[INFO] [stderr]     Checking phf v0.13.1
[INFO] [stderr]     Checking postgres-types v0.2.14
[INFO] [stderr]     Checking p256 v0.13.2
[INFO] [stderr]     Checking p384 v0.13.1
[INFO] [stderr]     Checking matchers v0.2.0
[INFO] [stderr]     Checking sharded-slab v0.1.7
[INFO] [stderr]     Checking ecow v0.3.1
[INFO] [stderr]     Checking tracing-serde v0.2.0
[INFO] [stderr]     Checking actix-http v3.13.4
[INFO] [stderr]    Compiling actix-macros v0.2.4
[INFO] [stderr]    Compiling maybe-async v0.2.11
[INFO] [stderr]     Checking blake2 v0.11.0
[INFO] [stderr]     Checking tracing-log v0.2.0
[INFO] [stderr]     Checking thread_local v1.1.10
[INFO] [stderr]    Compiling sqlx-macros v0.9.0
[INFO] [stderr]     Checking impl-more v0.3.5
[INFO] [stderr]     Checking urlencoding v2.1.3
[INFO] [stderr]     Checking nu-ansi-term v0.50.3
[INFO] [stderr]     Checking argon2 v0.6.0
[INFO] [stderr]     Checking jsonwebtoken v11.1.0
[INFO] [stderr]     Checking tracing-subscriber v0.3.23
[INFO] [stderr]     Checking tokio-postgres v0.7.18
[INFO] [stderr]     Checking futures-executor v0.3.34
[INFO] [stderr]    Compiling serial_test_derive v4.0.1
[INFO] [stderr]     Checking temp-env v0.3.6
[INFO] [stderr]     Checking redis v1.7.1
[INFO] [stderr]     Checking serial_test v4.0.1
[INFO] [stderr]     Checking actix-web v4.15.0
[INFO] [stderr]     Checking postgres v0.19.14
[INFO] [stderr]     Checking deadpool-redis v0.23.1
[INFO] [stderr]     Checking tokio-rustls v0.26.4
[INFO] [stderr]     Checking rustls-platform-verifier v0.7.0
[INFO] [stderr]     Checking hyper-rustls v0.27.9
[INFO] [stderr]     Checking reqwest v0.13.5
[INFO] [stderr]     Checking resend-rs v0.34.0
[INFO] [stderr]     Checking sqlx v0.9.0
[INFO] [stderr]     Checking mairie360_api_lib v3.0.0 (/opt/rustwide/workdir)
[INFO] [stdout] error[E0433]: cannot find `test_setup` in `mairie360_api_lib`
[INFO] [stdout]   --> tests/redis_acl_tests.rs:8:24
[INFO] [stdout]    |
[INFO] [stdout]  8 | use mairie360_api_lib::test_setup::redis_setup::{start_acl_redis_container, ACL_TEST_PASSWORD};
[INFO] [stdout]    |                        ^^^^^^^^^^ could not find `test_setup` in `mairie360_api_lib`
[INFO] [stdout]    |
[INFO] [stdout] note: found an item that was configured out
[INFO] [stdout]   --> src/lib.rs:16:9
[INFO] [stdout]    |
[INFO] [stdout] 15 | #[cfg(feature = "test-utils")]
[INFO] [stdout]    |       ---------------------- the item is gated behind the `test-utils` feature
[INFO] [stdout] 16 | pub mod test_setup;
[INFO] [stdout]    |         ^^^^^^^^^^
[INFO] [stdout] 
[INFO] [stdout] 
[INFO] [stdout] error[E0433]: cannot find `test_setup` in `mairie360_api_lib`
[INFO] [stdout]   --> tests/smart_db_tests.rs:5:24
[INFO] [stdout]    |
[INFO] [stdout]  5 | use mairie360_api_lib::test_setup::{
[INFO] [stdout]    |                        ^^^^^^^^^^ could not find `test_setup` in `mairie360_api_lib`
[INFO] [stdout]    |
[INFO] [stdout] note: found an item that was configured out
[INFO] [stdout]   --> src/lib.rs:16:9
[INFO] [stdout]    |
[INFO] [stdout] 15 | #[cfg(feature = "test-utils")]
[INFO] [stdout]    |       ---------------------- the item is gated behind the `test-utils` feature
[INFO] [stdout] 16 | pub mod test_setup;
[INFO] [stdout]    |         ^^^^^^^^^^
[INFO] [stdout] 
[INFO] [stdout] 
[INFO] [stdout] error[E0433]: cannot find `test_setup` in `mairie360_api_lib`
[INFO] [stdout]   --> tests/middlewares_tests.rs:1:42
[INFO] [stdout]    |
[INFO] [stdout]  1 | use mairie360_api_lib::{state::AppState, test_setup::queries_setup::get_shared_db};
[INFO] [stdout]    |                                          ^^^^^^^^^^ could not find `test_setup` in `mairie360_api_lib`
[INFO] [stdout]    |
[INFO] [stdout] note: found an item that was configured out
[INFO] [stdout]   --> src/lib.rs:16:9
[INFO] [stdout]    |
[INFO] [stdout] 15 | #[cfg(feature = "test-utils")]
[INFO] [stdout]    |       ---------------------- the item is gated behind the `test-utils` feature
[INFO] [stdout] 16 | pub mod test_setup;
[INFO] [stdout]    |         ^^^^^^^^^^
[INFO] [stdout] 
[INFO] [stdout] 
[INFO] [stdout] error[E0433]: cannot find `test_setup` in `mairie360_api_lib`
[INFO] [stdout]    --> tests/middlewares_tests.rs:454:28
[INFO] [stdout]     |
[INFO] [stdout] 454 |     use mairie360_api_lib::test_setup::queries_setup::{ADMIN_ID, GROUP_OWNER_ID};
[INFO] [stdout]     |                            ^^^^^^^^^^ could not find `test_setup` in `mairie360_api_lib`
[INFO] [stdout]     |
[INFO] [stdout] note: found an item that was configured out
[INFO] [stdout]    --> src/lib.rs:16:9
[INFO] [stdout]     |
[INFO] [stdout]  15 | #[cfg(feature = "test-utils")]
[INFO] [stdout]     |       ---------------------- the item is gated behind the `test-utils` feature
[INFO] [stdout]  16 | pub mod test_setup;
[INFO] [stdout]     |         ^^^^^^^^^^
[INFO] [stdout] 
[INFO] [stdout] 
[INFO] [stdout] error[E0433]: cannot find `test_setup` in `mairie360_api_lib`
[INFO] [stdout]    --> tests/middlewares_tests.rs:553:28
[INFO] [stdout]     |
[INFO] [stdout] 553 |     use mairie360_api_lib::test_setup::keycloak_setup::{
[INFO] [stdout]     |                            ^^^^^^^^^^ could not find `test_setup` in `mairie360_api_lib`
[INFO] [stdout]     |
[INFO] [stdout] note: found an item that was configured out
[INFO] [stdout]    --> src/lib.rs:16:9
[INFO] [stdout]     |
[INFO] [stdout]  15 | #[cfg(feature = "test-utils")]
[INFO] [stdout]     |       ---------------------- the item is gated behind the `test-utils` feature
[INFO] [stdout]  16 | pub mod test_setup;
[INFO] [stdout]     |         ^^^^^^^^^^
[INFO] [stdout] 
[INFO] [stdout] 
[INFO] [stdout] error[E0433]: cannot find `test_setup` in `mairie360_api_lib`
[INFO] [stdout]    --> tests/middlewares_tests.rs:556:28
[INFO] [stdout]     |
[INFO] [stdout] 556 |     use mairie360_api_lib::test_setup::queries_setup::ALICE_ID;
[INFO] [stdout]     |                            ^^^^^^^^^^ could not find `test_setup` in `mairie360_api_lib`
[INFO] [stdout]     |
[INFO] [stdout] note: found an item that was configured out
[INFO] [stdout]    --> src/lib.rs:16:9
[INFO] [stdout]     |
[INFO] [stdout]  15 | #[cfg(feature = "test-utils")]
[INFO] [stdout]     |       ---------------------- the item is gated behind the `test-utils` feature
[INFO] [stdout]  16 | pub mod test_setup;
[INFO] [stdout]     |         ^^^^^^^^^^
[INFO] [stdout] 
[INFO] [stdout] 
[INFO] [stdout] error[E0433]: cannot find `test_setup` in `mairie360_api_lib`
[INFO] [stdout]   --> tests/redis_acl_tests.rs:14:33
[INFO] [stdout]    |
[INFO] [stdout] 14 |     config: &mairie360_api_lib::test_setup::redis_setup::RedisTestConfig,
[INFO] [stdout]    |                                 ^^^^^^^^^^ could not find `test_setup` in `mairie360_api_lib`
[INFO] [stdout]    |
[INFO] [stdout] note: found an item that was configured out
[INFO] [stdout]   --> src/lib.rs:16:9
[INFO] [stdout]    |
[INFO] [stdout] 15 | #[cfg(feature = "test-utils")]
[INFO] [stdout]    |       ---------------------- the item is gated behind the `test-utils` feature
[INFO] [stdout] 16 | pub mod test_setup;
[INFO] [stdout]    |         ^^^^^^^^^^
[INFO] [stdout] 
[INFO] [stdout] 
[INFO] [stdout] error[E0433]: cannot find `test_setup` in `mairie360_api_lib`
[INFO] [stdout]    --> tests/middlewares_tests.rs:119:44
[INFO] [stdout]     |
[INFO] [stdout] 119 |         let alice_id = *mairie360_api_lib::test_setup::queries_setup::ALICE_ID
[INFO] [stdout]     |                                            ^^^^^^^^^^ could not find `test_setup` in `mairie360_api_lib`
[INFO] [stdout]     |
[INFO] [stdout] note: found an item that was configured out
[INFO] [stdout]    --> src/lib.rs:16:9
[INFO] [stdout]     |
[INFO] [stdout]  15 | #[cfg(feature = "test-utils")]
[INFO] [stdout]     |       ---------------------- the item is gated behind the `test-utils` feature
[INFO] [stdout]  16 | pub mod test_setup;
[INFO] [stdout]     |         ^^^^^^^^^^
[INFO] [stdout] 
[INFO] [stdout] 
[INFO] [stdout] error[E0433]: cannot find `test_setup` in `mairie360_api_lib`
[INFO] [stdout]    --> tests/middlewares_tests.rs:209:44
[INFO] [stdout]     |
[INFO] [stdout] 209 |         let alice_id = *mairie360_api_lib::test_setup::queries_setup::ALICE_ID
[INFO] [stdout]     |                                            ^^^^^^^^^^ could not find `test_setup` in `mairie360_api_lib`
[INFO] [stdout]     |
[INFO] [stdout] note: found an item that was configured out
[INFO] [stdout]    --> src/lib.rs:16:9
[INFO] [stdout]     |
[INFO] [stdout]  15 | #[cfg(feature = "test-utils")]
[INFO] [stdout]     |       ---------------------- the item is gated behind the `test-utils` feature
[INFO] [stdout]  16 | pub mod test_setup;
[INFO] [stdout]     |         ^^^^^^^^^^
[INFO] [stdout] 
[INFO] [stdout] 
[INFO] [stdout] error[E0433]: cannot find `test_setup` in `mairie360_api_lib`
[INFO] [stdout]    --> tests/middlewares_tests.rs:250:44
[INFO] [stdout]     |
[INFO] [stdout] 250 |         let alice_id = *mairie360_api_lib::test_setup::queries_setup::ALICE_ID
[INFO] [stdout]     |                                            ^^^^^^^^^^ could not find `test_setup` in `mairie360_api_lib`
[INFO] [stdout]     |
[INFO] [stdout] note: found an item that was configured out
[INFO] [stdout]    --> src/lib.rs:16:9
[INFO] [stdout]     |
[INFO] [stdout]  15 | #[cfg(feature = "test-utils")]
[INFO] [stdout]     |       ---------------------- the item is gated behind the `test-utils` feature
[INFO] [stdout]  16 | pub mod test_setup;
[INFO] [stdout]     |         ^^^^^^^^^^
[INFO] [stdout] 
[INFO] [stdout] 
[INFO] [stdout] error[E0433]: cannot find `test_setup` in `mairie360_api_lib`
[INFO] [stdout]   --> tests/redis_test.rs:2:36
[INFO] [stdout]    |
[INFO] [stdout]  2 |     redis::redis_interface::Redis, test_setup::redis_setup::start_redis_container,
[INFO] [stdout]    |                                    ^^^^^^^^^^ could not find `test_setup` in `mairie360_api_lib`
[INFO] [stdout]    |
[INFO] [stdout] note: found an item that was configured out
[INFO] [stdout]   --> src/lib.rs:16:9
[INFO] [stdout]    |
[INFO] [stdout] 15 | #[cfg(feature = "test-utils")]
[INFO] [stdout]    |       ---------------------- the item is gated behind the `test-utils` feature
[INFO] [stdout] 16 | pub mod test_setup;
[INFO] [stdout]    |         ^^^^^^^^^^
[INFO] [stdout] 
[INFO] [stdout] 
[INFO] [stdout] For more information about this error, try `rustc --explain E0433`.
[INFO] [stdout] 
[INFO] [stdout] error[E0433]: cannot find `test_setup` in `mairie360_api_lib`
[INFO] [stdout]   --> tests/pg_url_tests.rs:62:28
[INFO] [stdout]    |
[INFO] [stdout] 62 |     use mairie360_api_lib::test_setup::queries_setup::get_shared_db;
[INFO] [stdout]    |                            ^^^^^^^^^^ could not find `test_setup` in `mairie360_api_lib`
[INFO] [stdout]    |
[INFO] [stdout] note: found an item that was configured out
[INFO] [stdout]   --> src/lib.rs:16:9
[INFO] [stdout]    |
[INFO] [stdout] 15 | #[cfg(feature = "test-utils")]
[INFO] [stdout]    |       ---------------------- the item is gated behind the `test-utils` feature
[INFO] [stdout] 16 | pub mod test_setup;
[INFO] [stdout]    |         ^^^^^^^^^^
[INFO] [stdout] 
[INFO] [stdout] 
[INFO] [stdout] error[E0433]: cannot find `test_setup` in `mairie360_api_lib`
[INFO] [stdout]    --> tests/middlewares_tests.rs:731:44
[INFO] [stdout]     |
[INFO] [stdout] 731 |         let admin_id = *mairie360_api_lib::test_setup::queries_setup::ADMIN_ID
[INFO] [stdout]     |                                            ^^^^^^^^^^ could not find `test_setup` in `mairie360_api_lib`
[INFO] [stdout]     |
[INFO] [stdout] note: found an item that was configured out
[INFO] [stdout]    --> src/lib.rs:16:9
[INFO] [stdout]     |
[INFO] [stdout]  15 | #[cfg(feature = "test-utils")]
[INFO] [stdout]     |       ---------------------- the item is gated behind the `test-utils` feature
[INFO] [stdout]  16 | pub mod test_setup;
[INFO] [stdout]     |         ^^^^^^^^^^
[INFO] [stdout] 
[INFO] [stdout] 
[INFO] [stderr] error: could not compile `mairie360_api_lib` (test "redis_acl_tests") due to 2 previous errors
[INFO] [stderr] warning: build failed, waiting for other jobs to finish...
[INFO] [stdout] For more information about this error, try `rustc --explain E0433`.
[INFO] [stdout] 
[INFO] [stdout] error[E0433]: cannot find `test_setup` in `mairie360_api_lib`
[INFO] [stdout]   --> tests/jwt_tests.rs:4:24
[INFO] [stdout]    |
[INFO] [stdout]  4 | use mairie360_api_lib::test_setup::queries_setup::get_shared_db;
[INFO] [stdout]    |                        ^^^^^^^^^^ could not find `test_setup` in `mairie360_api_lib`
[INFO] [stdout]    |
[INFO] [stdout] note: found an item that was configured out
[INFO] [stdout]   --> src/lib.rs:16:9
[INFO] [stdout]    |
[INFO] [stdout] 15 | #[cfg(feature = "test-utils")]
[INFO] [stdout]    |       ---------------------- the item is gated behind the `test-utils` feature
[INFO] [stdout] 16 | pub mod test_setup;
[INFO] [stdout]    |         ^^^^^^^^^^
[INFO] [stdout] 
[INFO] [stdout] 
[INFO] [stdout] error[E0433]: cannot find `test_setup` in `mairie360_api_lib`
[INFO] [stdout]    --> tests/jwt_tests.rs:249:9
[INFO] [stdout]     |
[INFO] [stdout] 249 |         test_setup::keycloak_setup::{access_token_claims, sign, KeycloakMock, TestKey, CLIENT_ID},
[INFO] [stdout]     |         ^^^^^^^^^^ could not find `test_setup` in `mairie360_api_lib`
[INFO] [stdout]     |
[INFO] [stdout] note: found an item that was configured out
[INFO] [stdout]    --> src/lib.rs:16:9
[INFO] [stdout]     |
[INFO] [stdout]  15 | #[cfg(feature = "test-utils")]
[INFO] [stdout]     |       ---------------------- the item is gated behind the `test-utils` feature
[INFO] [stdout]  16 | pub mod test_setup;
[INFO] [stdout]     |         ^^^^^^^^^^
[INFO] [stdout] 
[INFO] [stdout] 
[INFO] [stdout] error[E0433]: cannot find `test_setup` in `mairie360_api_lib`
[INFO] [stdout]    --> tests/jwt_tests.rs:250:9
[INFO] [stdout]     |
[INFO] [stdout] 250 |         test_setup::queries_setup::{seed_password_hash, ALICE_ID, BOB_ID},
[INFO] [stdout]     |         ^^^^^^^^^^ could not find `test_setup` in `mairie360_api_lib`
[INFO] [stdout]     |
[INFO] [stdout] note: found an item that was configured out
[INFO] [stdout]    --> src/lib.rs:16:9
[INFO] [stdout]     |
[INFO] [stdout]  15 | #[cfg(feature = "test-utils")]
[INFO] [stdout]     |       ---------------------- the item is gated behind the `test-utils` feature
[INFO] [stdout]  16 | pub mod test_setup;
[INFO] [stdout]     |         ^^^^^^^^^^
[INFO] [stdout] 
[INFO] [stdout] 
[INFO] [stdout] For more information about this error, try `rustc --explain E0433`.
[INFO] [stdout] 
[INFO] [stderr] error: could not compile `mairie360_api_lib` (test "pg_url_tests") due to 1 previous error
[INFO] [stderr] error: could not compile `mairie360_api_lib` (test "smart_db_tests") due to 1 previous error
[INFO] [stdout] For more information about this error, try `rustc --explain E0433`.
[INFO] [stdout] 
[INFO] [stderr] error: could not compile `mairie360_api_lib` (test "redis_test") due to 1 previous error
[INFO] [stdout] error[E0432]: unresolved import `mairie360_api_lib::email::mock_client`
[INFO] [stdout]  --> tests/email_test.rs:5:9
[INFO] [stdout]   |
[INFO] [stdout] 5 |         mock_client::MockEmailClient,
[INFO] [stdout]   |         ^^^^^^^^^^^ could not find `mock_client` in `email`
[INFO] [stdout]   |
[INFO] [stdout] note: found an item that was configured out
[INFO] [stdout]  --> src/email/mod.rs:3:9
[INFO] [stdout]   |
[INFO] [stdout] 2 | #[cfg(any(test, feature = "test-utils"))]
[INFO] [stdout]   |          ------------------------------ the item is gated here
[INFO] [stdout] 3 | pub mod mock_client;
[INFO] [stdout]   |         ^^^^^^^^^^^
[INFO] [stdout] 
[INFO] [stdout] 
[INFO] [stdout] For more information about this error, try `rustc --explain E0432`.
[INFO] [stdout] 
[INFO] [stderr] error: could not compile `mairie360_api_lib` (test "email_test") due to 1 previous error
[INFO] [stdout] For more information about this error, try `rustc --explain E0433`.
[INFO] [stdout] 
[INFO] [stderr] error: could not compile `mairie360_api_lib` (test "jwt_tests") due to 3 previous errors
[INFO] [stderr] error: could not compile `mairie360_api_lib` (test "middlewares_tests") due to 8 previous errors
[INFO] [stdout] For more information about this error, try `rustc --explain E0433`.
[INFO] [stdout] 
[INFO] [stderr] warning: unused dependency `anyhow`
[INFO] [stderr]  --> Cargo.toml:4:15
[INFO] [stderr]   |
[INFO] [stderr] 4 | [dependencies.anyhow]
[INFO] [stderr]   |               ^^^^^^^
[INFO] [stderr]   |
[INFO] [stderr]   = note: `cargo::unused_dependencies` is set to `warn` by default
[INFO] [stderr] help: consider removing the dependency on `anyhow`
[INFO] [stderr] warning: `mairie360_api_lib` (manifest) generated 1 warning
[INFO] running `Command { std: "docker" "inspect" "65edddf524d89cdc77a94d7f3f1e2b33ec90be4ca17ac881f5e32975a7cb5d74", kill_on_drop: false }`
[INFO] running `Command { std: "docker" "rm" "-f" "65edddf524d89cdc77a94d7f3f1e2b33ec90be4ca17ac881f5e32975a7cb5d74", kill_on_drop: false }`
[INFO] [stdout] 65edddf524d89cdc77a94d7f3f1e2b33ec90be4ca17ac881f5e32975a7cb5d74
