[INFO] fetching crate magma_ecs 0.6.0-beta.3...
[INFO] checking magma_ecs-0.6.0-beta.3 against 3154cc1a3e6424e44f438a95007d043ed5ceaaf6+rustflags=-Znext-solver=coherence for pr-133502-30
[INFO] extracting crate magma_ecs 0.6.0-beta.3 into /workspace/builds/worker-2-tc1/source
[INFO] started tweaking crates.io crate magma_ecs 0.6.0-beta.3
[INFO] removed 0 missing tests
[INFO] finished tweaking crates.io crate magma_ecs 0.6.0-beta.3
[INFO] tweaked toml for crates.io crate magma_ecs 0.6.0-beta.3 written to /workspace/builds/worker-2-tc1/source/Cargo.toml
[INFO] validating manifest of crates.io crate magma_ecs 0.6.0-beta.3 on toolchain 3154cc1a3e6424e44f438a95007d043ed5ceaaf6
[INFO] running `Command { std: CARGO_HOME="/workspace/cargo-home" RUSTUP_HOME="/workspace/rustup-home" "/workspace/cargo-home/bin/cargo" "+3154cc1a3e6424e44f438a95007d043ed5ceaaf6" "metadata" "--manifest-path" "Cargo.toml" "--no-deps", kill_on_drop: false }`
[INFO] crate crates.io crate magma_ecs 0.6.0-beta.3 already has a lockfile, it will not be regenerated
[INFO] running `Command { std: CARGO_HOME="/workspace/cargo-home" RUSTUP_HOME="/workspace/rustup-home" "/workspace/cargo-home/bin/cargo" "+3154cc1a3e6424e44f438a95007d043ed5ceaaf6" "fetch" "--manifest-path" "Cargo.toml", kill_on_drop: false }`
[INFO] [stderr]     Blocking waiting for file lock on package cache
[INFO] [stderr]     Updating crates.io index
[INFO] [stderr]  Downloading crates ...
[INFO] [stderr]   Downloaded magma_ecs_macros v0.6.0-beta.3
[INFO] [stderr]   Downloaded fortuples v0.9.1
[INFO] [stderr]   Downloaded alloca v0.4.0
[INFO] [stderr]   Downloaded criterion v0.8.2
[INFO] [stderr]   Downloaded criterion-plot v0.8.2
[INFO] [stderr]   Downloaded cc v1.5.1
[INFO] [stderr]   Downloaded zerocopy-derive v0.8.59
[INFO] [stderr]   Downloaded zerocopy v0.8.59
[INFO] running `Command { std: "docker" "create" "-v" "/var/lib/crater-agent-workspace/builds/worker-2-tc1/source:/opt/rustwide/workdir:ro,Z" "-v" "/var/lib/crater-agent-workspace/builds/worker-2-tc1/target:/opt/rustwide/target:rw,Z" "-v" "/var/lib/crater-agent-workspace/cargo-home:/opt/rustwide/cargo-home:ro,Z" "-v" "/var/lib/crater-agent-workspace/rustup-home:/opt/rustwide/rustup-home:ro,Z" "-m" "1610612736" "--network" "none" "ghcr.io/rust-lang/crates-build-env/linux@sha256:77db811e55d90add9212f6832c23229e3de5f1c1f9905e8cb07319ea15df73ac" "sleep" "infinity", kill_on_drop: false }`
[INFO] [stdout] dae68ff5314b7a0f5bd9c1b20e0d0cf4d0b1fea42fe87990288bbe72742e85f9
[INFO] running `Command { std: "docker" "start" "dae68ff5314b7a0f5bd9c1b20e0d0cf4d0b1fea42fe87990288bbe72742e85f9", kill_on_drop: false }`
[INFO] running `Command { std: "docker" "inspect" "dae68ff5314b7a0f5bd9c1b20e0d0cf4d0b1fea42fe87990288bbe72742e85f9", kill_on_drop: false }`
[INFO] running `Command { std: "docker" "exec" "-e" "SOURCE_DIR=/opt/rustwide/workdir" "-e" "CARGO_HOME=/opt/rustwide/cargo-home" "-e" "RUSTUP_HOME=/opt/rustwide/rustup-home" "-e" "CARGO_TARGET_DIR=/opt/rustwide/target" "-w" "/opt/rustwide/workdir" "--user" "0:0" "dae68ff5314b7a0f5bd9c1b20e0d0cf4d0b1fea42fe87990288bbe72742e85f9" "/opt/rustwide/cargo-home/bin/cargo" "+3154cc1a3e6424e44f438a95007d043ed5ceaaf6" "metadata" "--no-deps" "--format-version=1", kill_on_drop: false }`
[INFO] running `Command { std: "docker" "inspect" "dae68ff5314b7a0f5bd9c1b20e0d0cf4d0b1fea42fe87990288bbe72742e85f9", kill_on_drop: false }`
[INFO] running `Command { std: "docker" "exec" "-e" "SOURCE_DIR=/opt/rustwide/workdir" "-e" "CARGO_HOME=/opt/rustwide/cargo-home" "-e" "RUSTUP_HOME=/opt/rustwide/rustup-home" "-e" "CARGO_TARGET_DIR=/opt/rustwide/target" "-e" "CARGO_INCREMENTAL=0" "-e" "RUST_BACKTRACE=full" "-e" "RUSTFLAGS=--cap-lints=forbid -Znext-solver=coherence" "-e" "RUSTDOCFLAGS=--cap-lints=forbid" "-w" "/opt/rustwide/workdir" "--user" "0:0" "dae68ff5314b7a0f5bd9c1b20e0d0cf4d0b1fea42fe87990288bbe72742e85f9" "/opt/rustwide/cargo-home/bin/cargo" "+3154cc1a3e6424e44f438a95007d043ed5ceaaf6" "check" "--frozen" "--all" "--all-targets" "--message-format=json", kill_on_drop: false }`
[INFO] [stderr]    Compiling unicode-ident v1.0.26
[INFO] [stderr]    Compiling crossbeam-utils v0.8.23
[INFO] [stderr]    Compiling crossbeam-epoch v0.9.21
[INFO] [stderr]    Compiling serde_core v1.0.229
[INFO] [stderr]    Compiling crossbeam-deque v0.8.8
[INFO] [stderr]    Compiling zerocopy v0.8.59
[INFO] [stderr]     Checking either v1.18.0
[INFO] [stderr]    Compiling autocfg v1.5.1
[INFO] [stderr]    Compiling shlex v2.0.1
[INFO] [stderr]    Compiling zmij v1.0.23
[INFO] [stderr]    Compiling serde v1.0.229
[INFO] [stderr]    Compiling rayon-core v1.13.0
[INFO] [stderr]    Compiling find-msvc-tools v0.1.14
[INFO] [stderr]    Compiling serde_json v1.0.151
[INFO] [stderr]     Checking cfg-if v1.0.5
[INFO] [stderr]    Compiling libc v0.2.189
[INFO] [stderr]    Compiling proc-macro2 v1.0.107
[INFO] [stderr]    Compiling syn v1.0.109
[INFO] [stderr]     Checking regex-syntax v0.8.11
[INFO] [stderr]    Compiling cc v1.5.1
[INFO] [stderr]     Checking anstyle v1.0.14
[INFO] [stderr]     Checking memchr v2.8.3
[INFO] [stderr]     Checking plotters-backend v0.3.7
[INFO] [stderr]     Checking itoa v1.0.18
[INFO] [stderr]     Checking clap_lex v1.1.1
[INFO] [stderr]     Checking ciborium-io v0.2.2
[INFO] [stderr]     Checking itertools v0.13.0
[INFO] [stderr]     Checking clap_builder v4.6.7
[INFO] [stderr]     Checking same-file v1.0.6
[INFO] [stderr]     Checking cast v0.3.0
[INFO] [stderr]     Checking oorandom v11.1.5
[INFO] [stderr]     Checking walkdir v2.5.0
[INFO] [stderr]     Checking plotters-svg v0.3.7
[INFO] [stderr]     Checking dyn-clone v1.0.20
[INFO] [stderr]    Compiling quote v1.0.47
[INFO] [stderr]     Checking anes v0.1.6
[INFO] [stderr]     Checking fixedbitset v0.5.7
[INFO] [stderr]    Compiling num-traits v0.2.19
[INFO] [stderr]    Compiling syn v3.0.6
[INFO] [stderr]    Compiling syn v2.0.119
[INFO] [stderr]    Compiling alloca v0.4.0
[INFO] [stderr]     Checking criterion-plot v0.8.2
[INFO] [stderr]     Checking regex-automata v0.4.18
[INFO] [stderr]     Checking rayon v1.12.0
[INFO] [stderr]     Checking plotters v0.3.7
[INFO] [stderr]     Checking page_size v0.6.0
[INFO] [stderr]     Checking clap v4.6.7
[INFO] [stderr]    Compiling serde_derive v1.0.229
[INFO] [stderr]    Compiling magma_ecs_macros v0.6.0-beta.3
[INFO] [stderr]     Checking regex v1.13.1
[INFO] [stderr]    Compiling fortuples v0.9.1
[INFO] [stderr]     Checking magma_ecs v0.6.0-beta.3 (/opt/rustwide/workdir)
[INFO] [stderr]    Compiling zerocopy-derive v0.8.59
[INFO] [stderr]     Checking tinytemplate v1.2.1
[INFO] [stderr]     Checking half v2.7.1
[INFO] [stderr]     Checking ciborium-ll v0.2.2
[INFO] [stderr]     Checking ciborium v0.2.2
[INFO] [stderr]     Checking criterion v0.8.2
[INFO] [stdout] error[E0432]: unresolved import `magma_ecs::query`
[INFO] [stdout]  --> benches/magma_ecs.rs:8:5
[INFO] [stdout]   |
[INFO] [stdout] 8 |     query::{Query, With, Without},
[INFO] [stdout]   |     ^^^^^ could not find `query` in `magma_ecs`
[INFO] [stdout] 
[INFO] [stdout] 
[INFO] [stdout] warning: unused import: `systems::system_params::SystemParam`
[INFO] [stdout]   --> benches/magma_ecs.rs:11:5
[INFO] [stdout]    |
[INFO] [stdout] 11 |     systems::system_params::SystemParam,
[INFO] [stdout]    |     ^^^^^^^^^^^^^^^^^^^^^^^^^^^^^^^^^^^
[INFO] [stdout]    |
[INFO] [stdout]    = note: `#[warn(unused_imports)]` (part of `#[warn(unused)]`) on by default
[INFO] [stdout] 
[INFO] [stdout] 
[INFO] [stdout] error[E0277]: the trait bound `fn({type error}) {general::sys_a}: IntoSystem<_, _>` is not satisfied
[INFO] [stdout]    --> benches/magma_ecs.rs:209:24
[INFO] [stdout]     |
[INFO] [stdout] 209 |     systems.add_system(sys_a).unwrap();
[INFO] [stdout]     |             ---------- ^^^^^ the trait `SystemFn<_>` is not implemented for fn item `fn({type error}) {general::sys_a}`
[INFO] [stdout]     |             |
[INFO] [stdout]     |             required by a bound introduced by this call
[INFO] [stdout]     |
[INFO] [stdout] help: the trait `IntoSystem<In, Marker>` is implemented for `DependencyIntoSystem<In, Marker, S>`
[INFO] [stdout]    --> src/systems/mod.rs:111:1
[INFO] [stdout]     |
[INFO] [stdout] 111 | / impl<In: SystemParam, Marker, S: IntoSystem<In, Marker>> IntoSystem<In, Marker>
[INFO] [stdout] 112 | |     for DependencyIntoSystem<In, Marker, S>
[INFO] [stdout]     | |___________________________________________^
[INFO] [stdout]     = note: required for `fn({type error}) {general::sys_a}` to implement `IntoSystem<_, _>`
[INFO] [stdout] note: required by a bound in `SystemGraph::add_system`
[INFO] [stdout]    --> src/systems/mod.rs:352:22
[INFO] [stdout]     |
[INFO] [stdout] 341 | impl SystemGraph {
[INFO] [stdout] ...
[INFO] [stdout] 350 |     pub fn add_system<In: SystemParam, Marker>(
[INFO] [stdout] 351 |         &mut self,
[INFO] [stdout] 352 |         system: impl IntoSystem<In, Marker>,
[INFO] [stdout]     |                      ^^^^^^^^^^^^^^^^^^^^^^ required by this bound in `SystemGraph::add_system`
[INFO] [stdout] 
[INFO] [stdout] 
[INFO] [stdout] error[E0277]: the trait bound `fn({type error}) {general::sys_b}: IntoSystem<_, _>` is not satisfied
[INFO] [stdout]    --> benches/magma_ecs.rs:210:24
[INFO] [stdout]     |
[INFO] [stdout] 210 |     systems.add_system(sys_b).unwrap();
[INFO] [stdout]     |             ---------- ^^^^^ the trait `SystemFn<_>` is not implemented for fn item `fn({type error}) {general::sys_b}`
[INFO] [stdout]     |             |
[INFO] [stdout]     |             required by a bound introduced by this call
[INFO] [stdout]     |
[INFO] [stdout] help: the trait `IntoSystem<In, Marker>` is implemented for `DependencyIntoSystem<In, Marker, S>`
[INFO] [stdout]    --> src/systems/mod.rs:111:1
[INFO] [stdout]     |
[INFO] [stdout] 111 | / impl<In: SystemParam, Marker, S: IntoSystem<In, Marker>> IntoSystem<In, Marker>
[INFO] [stdout] 112 | |     for DependencyIntoSystem<In, Marker, S>
[INFO] [stdout]     | |___________________________________________^
[INFO] [stdout]     = note: required for `fn({type error}) {general::sys_b}` to implement `IntoSystem<_, _>`
[INFO] [stdout] note: required by a bound in `SystemGraph::add_system`
[INFO] [stdout]    --> src/systems/mod.rs:352:22
[INFO] [stdout]     |
[INFO] [stdout] 341 | impl SystemGraph {
[INFO] [stdout] ...
[INFO] [stdout] 350 |     pub fn add_system<In: SystemParam, Marker>(
[INFO] [stdout] 351 |         &mut self,
[INFO] [stdout] 352 |         system: impl IntoSystem<In, Marker>,
[INFO] [stdout]     |                      ^^^^^^^^^^^^^^^^^^^^^^ required by this bound in `SystemGraph::add_system`
[INFO] [stdout] 
[INFO] [stdout] 
[INFO] [stdout] error[E0277]: the trait bound `fn({type error}) {general::sys_c}: IntoSystem<_, _>` is not satisfied
[INFO] [stdout]    --> benches/magma_ecs.rs:211:24
[INFO] [stdout]     |
[INFO] [stdout] 211 |     systems.add_system(sys_c).unwrap();
[INFO] [stdout]     |             ---------- ^^^^^ the trait `SystemFn<_>` is not implemented for fn item `fn({type error}) {general::sys_c}`
[INFO] [stdout]     |             |
[INFO] [stdout]     |             required by a bound introduced by this call
[INFO] [stdout]     |
[INFO] [stdout] help: the trait `IntoSystem<In, Marker>` is implemented for `DependencyIntoSystem<In, Marker, S>`
[INFO] [stdout]    --> src/systems/mod.rs:111:1
[INFO] [stdout]     |
[INFO] [stdout] 111 | / impl<In: SystemParam, Marker, S: IntoSystem<In, Marker>> IntoSystem<In, Marker>
[INFO] [stdout] 112 | |     for DependencyIntoSystem<In, Marker, S>
[INFO] [stdout]     | |___________________________________________^
[INFO] [stdout]     = note: required for `fn({type error}) {general::sys_c}` to implement `IntoSystem<_, _>`
[INFO] [stdout] note: required by a bound in `SystemGraph::add_system`
[INFO] [stdout]    --> src/systems/mod.rs:352:22
[INFO] [stdout]     |
[INFO] [stdout] 341 | impl SystemGraph {
[INFO] [stdout] ...
[INFO] [stdout] 350 |     pub fn add_system<In: SystemParam, Marker>(
[INFO] [stdout] 351 |         &mut self,
[INFO] [stdout] 352 |         system: impl IntoSystem<In, Marker>,
[INFO] [stdout]     |                      ^^^^^^^^^^^^^^^^^^^^^^ required by this bound in `SystemGraph::add_system`
[INFO] [stdout] 
[INFO] [stdout] 
[INFO] [stdout] error[E0277]: the trait bound `for<'a> fn(Res<'a, u32>, {type error}) {sys_f}: IntoSystem<_, _>` is not satisfied
[INFO] [stdout]    --> benches/magma_ecs.rs:213:24
[INFO] [stdout]     |
[INFO] [stdout] 213 |     systems.add_system(sys_f).unwrap();
[INFO] [stdout]     |             ---------- ^^^^^ the trait `SystemFn<_>` is not implemented for fn item `for<'a> fn(Res<'a, u32>, {type error}) {sys_f}`
[INFO] [stdout]     |             |
[INFO] [stdout]     |             required by a bound introduced by this call
[INFO] [stdout]     |
[INFO] [stdout] help: the trait `IntoSystem<In, Marker>` is implemented for `DependencyIntoSystem<In, Marker, S>`
[INFO] [stdout]    --> src/systems/mod.rs:111:1
[INFO] [stdout]     |
[INFO] [stdout] 111 | / impl<In: SystemParam, Marker, S: IntoSystem<In, Marker>> IntoSystem<In, Marker>
[INFO] [stdout] 112 | |     for DependencyIntoSystem<In, Marker, S>
[INFO] [stdout]     | |___________________________________________^
[INFO] [stdout]     = note: required for `for<'a> fn(Res<'a, u32>, {type error}) {sys_f}` to implement `IntoSystem<_, _>`
[INFO] [stdout] note: required by a bound in `SystemGraph::add_system`
[INFO] [stdout]    --> src/systems/mod.rs:352:22
[INFO] [stdout]     |
[INFO] [stdout] 341 | impl SystemGraph {
[INFO] [stdout] ...
[INFO] [stdout] 350 |     pub fn add_system<In: SystemParam, Marker>(
[INFO] [stdout] 351 |         &mut self,
[INFO] [stdout] 352 |         system: impl IntoSystem<In, Marker>,
[INFO] [stdout]     |                      ^^^^^^^^^^^^^^^^^^^^^^ required by this bound in `SystemGraph::add_system`
[INFO] [stdout] 
[INFO] [stdout] 
[INFO] [stdout] error[E0277]: the trait bound `fn({type error}) {scheduling::sys_a}: IntoSystem<_, _>` is not satisfied
[INFO] [stdout]    --> benches/magma_ecs.rs:275:24
[INFO] [stdout]     |
[INFO] [stdout] 275 |     systems.add_system(sys_a).unwrap();
[INFO] [stdout]     |             ---------- ^^^^^ the trait `SystemFn<_>` is not implemented for fn item `fn({type error}) {scheduling::sys_a}`
[INFO] [stdout]     |             |
[INFO] [stdout]     |             required by a bound introduced by this call
[INFO] [stdout]     |
[INFO] [stdout] help: the trait `IntoSystem<In, Marker>` is implemented for `DependencyIntoSystem<In, Marker, S>`
[INFO] [stdout]    --> src/systems/mod.rs:111:1
[INFO] [stdout]     |
[INFO] [stdout] 111 | / impl<In: SystemParam, Marker, S: IntoSystem<In, Marker>> IntoSystem<In, Marker>
[INFO] [stdout] 112 | |     for DependencyIntoSystem<In, Marker, S>
[INFO] [stdout]     | |___________________________________________^
[INFO] [stdout]     = note: required for `fn({type error}) {scheduling::sys_a}` to implement `IntoSystem<_, _>`
[INFO] [stdout] note: required by a bound in `SystemGraph::add_system`
[INFO] [stdout]    --> src/systems/mod.rs:352:22
[INFO] [stdout]     |
[INFO] [stdout] 341 | impl SystemGraph {
[INFO] [stdout] ...
[INFO] [stdout] 350 |     pub fn add_system<In: SystemParam, Marker>(
[INFO] [stdout] 351 |         &mut self,
[INFO] [stdout] 352 |         system: impl IntoSystem<In, Marker>,
[INFO] [stdout]     |                      ^^^^^^^^^^^^^^^^^^^^^^ required by this bound in `SystemGraph::add_system`
[INFO] [stdout] 
[INFO] [stdout] 
[INFO] [stdout] error[E0277]: the trait bound `fn({type error}) {scheduling::sys_b}: IntoSystem<_, _>` is not satisfied
[INFO] [stdout]    --> benches/magma_ecs.rs:276:24
[INFO] [stdout]     |
[INFO] [stdout] 276 |     systems.add_system(sys_b).unwrap();
[INFO] [stdout]     |             ---------- ^^^^^ the trait `SystemFn<_>` is not implemented for fn item `fn({type error}) {scheduling::sys_b}`
[INFO] [stdout]     |             |
[INFO] [stdout]     |             required by a bound introduced by this call
[INFO] [stdout]     |
[INFO] [stdout] help: the trait `IntoSystem<In, Marker>` is implemented for `DependencyIntoSystem<In, Marker, S>`
[INFO] [stdout]    --> src/systems/mod.rs:111:1
[INFO] [stdout]     |
[INFO] [stdout] 111 | / impl<In: SystemParam, Marker, S: IntoSystem<In, Marker>> IntoSystem<In, Marker>
[INFO] [stdout] 112 | |     for DependencyIntoSystem<In, Marker, S>
[INFO] [stdout]     | |___________________________________________^
[INFO] [stdout]     = note: required for `fn({type error}) {scheduling::sys_b}` to implement `IntoSystem<_, _>`
[INFO] [stdout] note: required by a bound in `SystemGraph::add_system`
[INFO] [stdout]    --> src/systems/mod.rs:352:22
[INFO] [stdout]     |
[INFO] [stdout] 341 | impl SystemGraph {
[INFO] [stdout] ...
[INFO] [stdout] 350 |     pub fn add_system<In: SystemParam, Marker>(
[INFO] [stdout] 351 |         &mut self,
[INFO] [stdout] 352 |         system: impl IntoSystem<In, Marker>,
[INFO] [stdout]     |                      ^^^^^^^^^^^^^^^^^^^^^^ required by this bound in `SystemGraph::add_system`
[INFO] [stdout] 
[INFO] [stdout] 
[INFO] [stdout] error[E0277]: the trait bound `fn({type error}) {scheduling::sys_c}: IntoSystem<_, _>` is not satisfied
[INFO] [stdout]    --> benches/magma_ecs.rs:277:24
[INFO] [stdout]     |
[INFO] [stdout] 277 |     systems.add_system(sys_c).unwrap();
[INFO] [stdout]     |             ---------- ^^^^^ the trait `SystemFn<_>` is not implemented for fn item `fn({type error}) {scheduling::sys_c}`
[INFO] [stdout]     |             |
[INFO] [stdout]     |             required by a bound introduced by this call
[INFO] [stdout]     |
[INFO] [stdout] help: the trait `IntoSystem<In, Marker>` is implemented for `DependencyIntoSystem<In, Marker, S>`
[INFO] [stdout]    --> src/systems/mod.rs:111:1
[INFO] [stdout]     |
[INFO] [stdout] 111 | / impl<In: SystemParam, Marker, S: IntoSystem<In, Marker>> IntoSystem<In, Marker>
[INFO] [stdout] 112 | |     for DependencyIntoSystem<In, Marker, S>
[INFO] [stdout]     | |___________________________________________^
[INFO] [stdout]     = note: required for `fn({type error}) {scheduling::sys_c}` to implement `IntoSystem<_, _>`
[INFO] [stdout] note: required by a bound in `SystemGraph::add_system`
[INFO] [stdout]    --> src/systems/mod.rs:352:22
[INFO] [stdout]     |
[INFO] [stdout] 341 | impl SystemGraph {
[INFO] [stdout] ...
[INFO] [stdout] 350 |     pub fn add_system<In: SystemParam, Marker>(
[INFO] [stdout] 351 |         &mut self,
[INFO] [stdout] 352 |         system: impl IntoSystem<In, Marker>,
[INFO] [stdout]     |                      ^^^^^^^^^^^^^^^^^^^^^^ required by this bound in `SystemGraph::add_system`
[INFO] [stdout] 
[INFO] [stdout] 
[INFO] [stdout] Some errors have detailed explanations: E0277, E0432.
[INFO] [stdout] 
[INFO] [stdout] For more information about an error, try `rustc --explain E0277`.
[INFO] [stdout] 
[INFO] [stderr] error: could not compile `magma_ecs` (bench "magma_ecs") due to 8 previous errors; 1 warning emitted
[INFO] [stderr] warning: build failed, waiting for other jobs to finish...
[INFO] running `Command { std: "docker" "inspect" "dae68ff5314b7a0f5bd9c1b20e0d0cf4d0b1fea42fe87990288bbe72742e85f9", kill_on_drop: false }`
[INFO] running `Command { std: "docker" "rm" "-f" "dae68ff5314b7a0f5bd9c1b20e0d0cf4d0b1fea42fe87990288bbe72742e85f9", kill_on_drop: false }`
[INFO] [stdout] dae68ff5314b7a0f5bd9c1b20e0d0cf4d0b1fea42fe87990288bbe72742e85f9
