[INFO] fetching crate magicblock-account 4.3.1...
[INFO] checking magicblock-account-4.3.1 against 3154cc1a3e6424e44f438a95007d043ed5ceaaf6+rustflags=-Znext-solver=coherence for pr-133502-30
[INFO] extracting crate magicblock-account 4.3.1 into /workspace/builds/worker-0-tc1/source
[INFO] started tweaking crates.io crate magicblock-account 4.3.1
[INFO] finished tweaking crates.io crate magicblock-account 4.3.1
[INFO] tweaked toml for crates.io crate magicblock-account 4.3.1 written to /workspace/builds/worker-0-tc1/source/Cargo.toml
[INFO] validating manifest of crates.io crate magicblock-account 4.3.1 on toolchain 3154cc1a3e6424e44f438a95007d043ed5ceaaf6
[INFO] running `Command { std: CARGO_HOME="/workspace/cargo-home" RUSTUP_HOME="/workspace/rustup-home" "/workspace/cargo-home/bin/cargo" "+3154cc1a3e6424e44f438a95007d043ed5ceaaf6" "metadata" "--manifest-path" "Cargo.toml" "--no-deps", kill_on_drop: false }`
[INFO] crate crates.io crate magicblock-account 4.3.1 already has a lockfile, it will not be regenerated
[INFO] running `Command { std: CARGO_HOME="/workspace/cargo-home" RUSTUP_HOME="/workspace/rustup-home" "/workspace/cargo-home/bin/cargo" "+3154cc1a3e6424e44f438a95007d043ed5ceaaf6" "fetch" "--manifest-path" "Cargo.toml", kill_on_drop: false }`
[INFO] [stderr] warning: `package.homepage` is redundant with `package.repository`
[INFO] [stderr]   --> Cargo.toml:92:12
[INFO] [stderr]    |
[INFO] [stderr] 92 | homepage = "https://github.com/magicblock-labs/engine"
[INFO] [stderr]    |            ^^^^^^^^^^^^^^^^^^^^^^^^^^^^^^^^^^^^^^^^^^^
[INFO] [stderr] ...
[INFO] [stderr] 96 | repository = "https://github.com/magicblock-labs/engine"
[INFO] [stderr]    |              -------------------------------------------
[INFO] [stderr]    |
[INFO] [stderr]    = note: `cargo::redundant_homepage` is set to `warn` by default
[INFO] [stderr] help: consider removing `package.homepage`
[INFO] [stderr] warning: `magicblock-account` (manifest) generated 1 warning
[INFO] [stderr]     Blocking waiting for file lock on package cache
[INFO] [stderr]     Updating crates.io index
[INFO] [stderr]     Blocking waiting for file lock on package cache
[INFO] [stderr]  Downloading crates ...
[INFO] [stderr]   Downloaded thiserror v2.0.20
[INFO] [stderr]   Downloaded thiserror-impl v2.0.20
[INFO] [stderr]   Downloaded five8_const v1.0.0
[INFO] [stderr]   Downloaded solana-fee-calculator v3.2.2
[INFO] [stderr]   Downloaded wincode-derive v0.4.6
[INFO] [stderr]   Downloaded solana-atomic-u64 v3.0.1
[INFO] [stderr]   Downloaded solana-stake-history v1.0.0
[INFO] [stderr]   Downloaded solana-get-sysvar v1.0.0
[INFO] [stderr]   Downloaded solana-sdk-macro v3.0.1
[INFO] [stderr]   Downloaded solana-slot-history v3.1.0
[INFO] [stderr]   Downloaded feature-probe v0.1.1
[INFO] [stderr]   Downloaded solana-slot-hashes v3.1.0
[INFO] [stderr]   Downloaded solana-hash v4.4.0
[INFO] [stderr]   Downloaded solana-rent v4.3.0
[INFO] [stderr]   Downloaded solana-pubkey v4.2.0
[INFO] [stderr]   Downloaded solana-program-memory v3.1.0
[INFO] [stderr]   Downloaded solana-define-syscall v4.0.1
[INFO] [stderr]   Downloaded solana-program-entrypoint v3.1.1
[INFO] [stderr]   Downloaded solana-account-info v3.1.1
[INFO] [stderr]   Downloaded solana-last-restart-slot v3.1.0
[INFO] [stderr]   Downloaded solana-instruction-error v2.4.0
[INFO] [stderr]   Downloaded solana-epoch-rewards v3.1.0
[INFO] [stderr]   Downloaded serde_bytes v0.11.19
[INFO] [stderr]   Downloaded solana-sysvar-id v3.1.0
[INFO] [stderr]   Downloaded solana-sdk-ids v3.1.0
[INFO] [stderr]   Downloaded solana-sanitize v3.0.1
[INFO] [stderr]   Downloaded five8_core v1.0.0
[INFO] [stderr]   Downloaded solana-define-syscall v5.2.0
[INFO] [stderr]   Downloaded solana-epoch-schedule v3.2.0
[INFO] [stderr]   Downloaded solana-clock v3.1.1
[INFO] [stderr]   Downloaded solana-instruction v3.4.0
[INFO] [stderr]   Downloaded pastey v0.2.3
[INFO] [stderr]   Downloaded solana-sysvar v4.1.0
[INFO] [stderr]   Downloaded solana-address v2.6.1
[INFO] [stderr]   Downloaded solana-program-error v3.0.1
[INFO] [stderr]   Downloaded five8 v1.0.0
[INFO] [stderr]   Downloaded bv v0.11.1
[INFO] [stderr]   Downloaded bytemuck_derive v1.12.0
[INFO] [stderr]   Downloaded bincode v1.3.3
[INFO] [stderr]   Downloaded smallvec v1.16.0
[INFO] [stderr]   Downloaded borsh-derive v1.8.1
[INFO] [stderr]   Downloaded tinyvec v1.13.2
[INFO] [stderr]   Downloaded bytemuck v1.25.2
[INFO] [stderr]   Downloaded serde_derive v1.0.229
[INFO] [stderr]   Downloaded toml_edit v0.25.15+spec-1.1.0
[INFO] [stderr]   Downloaded toml_parser v1.1.3+spec-1.1.0
[INFO] [stderr]   Downloaded wincode v0.5.5
[INFO] [stderr]   Downloaded borsh v1.8.1
[INFO] [stderr]   Downloaded syn v2.0.119
[INFO] [stderr]   Downloaded winnow v1.0.4
[INFO] [stderr]   Downloaded syn v3.0.5
[INFO] [stderr]   Downloaded libc v0.2.189
[INFO] running `Command { std: "docker" "create" "-v" "/var/lib/crater-agent-workspace/builds/worker-0-tc1/source:/opt/rustwide/workdir:ro,Z" "-v" "/var/lib/crater-agent-workspace/builds/worker-0-tc1/target:/opt/rustwide/target:rw,Z" "-v" "/var/lib/crater-agent-workspace/cargo-home:/opt/rustwide/cargo-home:ro,Z" "-v" "/var/lib/crater-agent-workspace/rustup-home:/opt/rustwide/rustup-home:ro,Z" "-m" "1610612736" "--network" "none" "ghcr.io/rust-lang/crates-build-env/linux@sha256:77db811e55d90add9212f6832c23229e3de5f1c1f9905e8cb07319ea15df73ac" "sleep" "infinity", kill_on_drop: false }`
[INFO] [stdout] 49f8e01cb677915058d661fb52c2e5b48030cddd4600164a49f76cd7fd3e5fea
[INFO] running `Command { std: "docker" "start" "49f8e01cb677915058d661fb52c2e5b48030cddd4600164a49f76cd7fd3e5fea", kill_on_drop: false }`
[INFO] running `Command { std: "docker" "inspect" "49f8e01cb677915058d661fb52c2e5b48030cddd4600164a49f76cd7fd3e5fea", kill_on_drop: false }`
[INFO] running `Command { std: "docker" "exec" "-e" "SOURCE_DIR=/opt/rustwide/workdir" "-e" "CARGO_HOME=/opt/rustwide/cargo-home" "-e" "RUSTUP_HOME=/opt/rustwide/rustup-home" "-e" "CARGO_TARGET_DIR=/opt/rustwide/target" "-w" "/opt/rustwide/workdir" "--user" "0:0" "49f8e01cb677915058d661fb52c2e5b48030cddd4600164a49f76cd7fd3e5fea" "/opt/rustwide/cargo-home/bin/cargo" "+3154cc1a3e6424e44f438a95007d043ed5ceaaf6" "metadata" "--no-deps" "--format-version=1", kill_on_drop: false }`
[INFO] running `Command { std: "docker" "inspect" "49f8e01cb677915058d661fb52c2e5b48030cddd4600164a49f76cd7fd3e5fea", kill_on_drop: false }`
[INFO] running `Command { std: "docker" "exec" "-e" "SOURCE_DIR=/opt/rustwide/workdir" "-e" "CARGO_HOME=/opt/rustwide/cargo-home" "-e" "RUSTUP_HOME=/opt/rustwide/rustup-home" "-e" "CARGO_TARGET_DIR=/opt/rustwide/target" "-e" "CARGO_INCREMENTAL=0" "-e" "RUST_BACKTRACE=full" "-e" "RUSTFLAGS=--cap-lints=forbid -Znext-solver=coherence" "-e" "RUSTDOCFLAGS=--cap-lints=forbid" "-w" "/opt/rustwide/workdir" "--user" "0:0" "49f8e01cb677915058d661fb52c2e5b48030cddd4600164a49f76cd7fd3e5fea" "/opt/rustwide/cargo-home/bin/cargo" "+3154cc1a3e6424e44f438a95007d043ed5ceaaf6" "check" "--frozen" "--all" "--all-targets" "--message-format=json", kill_on_drop: false }`
[INFO] [stderr] warning: `package.homepage` is redundant with `package.repository`
[INFO] [stderr]   --> Cargo.toml:92:12
[INFO] [stderr]    |
[INFO] [stderr] 92 | homepage = "https://github.com/magicblock-labs/engine"
[INFO] [stderr]    |            ^^^^^^^^^^^^^^^^^^^^^^^^^^^^^^^^^^^^^^^^^^^
[INFO] [stderr] ...
[INFO] [stderr] 96 | repository = "https://github.com/magicblock-labs/engine"
[INFO] [stderr]    |              -------------------------------------------
[INFO] [stderr]    |
[INFO] [stderr]    = note: `cargo::redundant_homepage` is set to `warn` by default
[INFO] [stderr] help: consider removing `package.homepage`
[INFO] [stderr] warning: `magicblock-account` (manifest) generated 1 warning
[INFO] [stderr]    Compiling proc-macro2 v1.0.107
[INFO] [stderr]    Compiling unicode-ident v1.0.24
[INFO] [stderr]    Compiling quote v1.0.47
[INFO] [stderr]     Checking five8_core v1.0.0
[INFO] [stderr]     Checking solana-program-error v3.0.1
[INFO] [stderr]     Checking solana-atomic-u64 v3.0.1
[INFO] [stderr]     Checking solana-sanitize v3.0.1
[INFO] [stderr]    Compiling thiserror v2.0.20
[INFO] [stderr]     Checking five8 v1.0.0
[INFO] [stderr]     Checking five8_const v1.0.0
[INFO] [stderr]    Compiling bs58 v0.5.1
[INFO] [stderr]     Checking solana-program-memory v3.1.0
[INFO] [stderr]     Checking solana-instruction-error v2.4.0
[INFO] [stderr]     Checking bitflags v2.13.2
[INFO] [stderr]     Checking solana-address v2.6.1
[INFO] [stderr]     Checking solana-pubkey v4.2.0
[INFO] [stderr]     Checking solana-sdk-ids v3.1.0
[INFO] [stderr]     Checking solana-account-info v3.1.1
[INFO] [stderr]    Compiling syn v3.0.5
[INFO] [stderr]    Compiling syn v2.0.119
[INFO] [stderr]    Compiling thiserror-impl v2.0.20
[INFO] [stderr]    Compiling solana-sdk-macro v3.0.1
[INFO] [stderr]     Checking solana-clock v3.1.1
[INFO] [stderr]     Checking magicblock-account v4.3.1 (/opt/rustwide/workdir)
[INFO] [stdout] error[E0432]: unresolved import `crate::testkit`
[INFO] [stdout]   --> src/tests/account.rs:5:5
[INFO] [stdout]    |
[INFO] [stdout]  5 |     testkit::{delegated_account, init_borrowed_account, serialize_account_buffer},
[INFO] [stdout]    |     ^^^^^^^ could not find `testkit` in the crate root
[INFO] [stdout]    |
[INFO] [stdout] note: found an item that was configured out
[INFO] [stdout]   --> src/lib.rs:15:9
[INFO] [stdout]    |
[INFO] [stdout] 14 | #[cfg(feature = "testkit")]
[INFO] [stdout]    |       ------------------- the item is gated behind the `testkit` feature
[INFO] [stdout] 15 | pub mod testkit;
[INFO] [stdout]    |         ^^^^^^^
[INFO] [stdout] 
[INFO] [stdout] 
[INFO] [stdout] error[E0432]: unresolved import `crate::state_traits`
[INFO] [stdout]   --> src/tests/state_traits.rs:2:32
[INFO] [stdout]    |
[INFO] [stdout]  2 |     crate::{AccountSharedData, state_traits::StateMut},
[INFO] [stdout]    |                                ^^^^^^^^^^^^ unresolved import
[INFO] [stdout]    |
[INFO] [stdout] note: found an item that was configured out
[INFO] [stdout]   --> src/lib.rs:10:9
[INFO] [stdout]    |
[INFO] [stdout]  9 | #[cfg(feature = "bincode")]
[INFO] [stdout]    |       ------------------- the item is gated behind the `bincode` feature
[INFO] [stdout] 10 | pub mod state_traits;
[INFO] [stdout]    |         ^^^^^^^^^^^^
[INFO] [stdout] help: a similar path exists
[INFO] [stdout]    |
[INFO] [stdout]  2 |     crate::{AccountSharedData, tests::state_traits::StateMut},
[INFO] [stdout]    |                                +++++++
[INFO] [stdout] 
[INFO] [stdout] 
[INFO] [stdout] error[E0432]: unresolved import `bincode`
[INFO] [stdout]  --> src/tests/account.rs:7:5
[INFO] [stdout]   |
[INFO] [stdout] 7 | use bincode::ErrorKind;
[INFO] [stdout]   |     ^^^^^^^ use of unresolved module or unlinked crate `bincode`
[INFO] [stdout]   |
[INFO] [stdout]   = help: if you wanted to use a crate named `bincode`, use `cargo add bincode` to add it to your `Cargo.toml`
[INFO] [stdout] 
[INFO] [stdout] 
[INFO] [stdout] error[E0599]: no method named `deserialize_data` found for struct `account::Account` in the current scope
[INFO] [stdout]    --> src/tests/account.rs:270:22
[INFO] [stdout]     |
[INFO] [stdout] 270 |     assert!(account1.deserialize_data::<String>().is_err());
[INFO] [stdout]     |                      ^^^^^^^^^^^^^^^^ method not found in `account::Account`
[INFO] [stdout]     |
[INFO] [stdout]    ::: src/account.rs:17:1
[INFO] [stdout]     |
[INFO] [stdout]  17 | pub struct Account {
[INFO] [stdout]     | ------------------ method `deserialize_data` not found for this struct
[INFO] [stdout] 
[INFO] [stdout] 
[INFO] [stdout] error[E0599]: no method named `serialize_data` found for struct `account::Account` in the current scope
[INFO] [stdout]    --> src/tests/account.rs:277:24
[INFO] [stdout]     |
[INFO] [stdout] 277 |     let err = account1.serialize_data(&"hello world").unwrap_err();
[INFO] [stdout]     |                        ^^^^^^^^^^^^^^ method not found in `account::Account`
[INFO] [stdout]     |
[INFO] [stdout]    ::: src/account.rs:17:1
[INFO] [stdout]     |
[INFO] [stdout]  17 | pub struct Account {
[INFO] [stdout]     | ------------------ method `serialize_data` not found for this struct
[INFO] [stdout] 
[INFO] [stdout] 
[INFO] [stdout] error[E0599]: no method named `deserialize_data` found for struct `AccountSharedData` in the current scope
[INFO] [stdout]    --> src/tests/account.rs:285:22
[INFO] [stdout]     |
[INFO] [stdout] 285 |     assert!(account2.deserialize_data::<String>().is_err());
[INFO] [stdout]     |                      ^^^^^^^^^^^^^^^^ method not found in `AccountSharedData`
[INFO] [stdout]     |
[INFO] [stdout]    ::: src/cow/mod.rs:39:1
[INFO] [stdout]     |
[INFO] [stdout]  39 | pub struct AccountSharedData {
[INFO] [stdout]     | ---------------------------- method `deserialize_data` not found for this struct
[INFO] [stdout] 
[INFO] [stdout] 
[INFO] [stdout] error[E0599]: no method named `serialize_data` found for struct `AccountSharedData` in the current scope
[INFO] [stdout]    --> src/tests/account.rs:292:24
[INFO] [stdout]     |
[INFO] [stdout] 292 |     let err = account2.serialize_data(&"hello world").unwrap_err();
[INFO] [stdout]     |                        ^^^^^^^^^^^^^^ method not found in `AccountSharedData`
[INFO] [stdout]     |
[INFO] [stdout]    ::: src/cow/mod.rs:39:1
[INFO] [stdout]     |
[INFO] [stdout]  39 | pub struct AccountSharedData {
[INFO] [stdout]     | ---------------------------- method `serialize_data` not found for this struct
[INFO] [stdout] 
[INFO] [stdout] 
[INFO] [stdout] error[E0599]: no method named `set_state` found for struct `AccountSharedData` in the current scope
[INFO] [stdout]   --> src/tests/state_traits.rs:10:42
[INFO] [stdout]    |
[INFO] [stdout] 10 |     assert!(AccountSharedData::default().set_state(&state).is_err());
[INFO] [stdout]    |                                          ^^^^^^^^^ method not found in `AccountSharedData`
[INFO] [stdout]    |
[INFO] [stdout]   ::: src/cow/mod.rs:39:1
[INFO] [stdout]    |
[INFO] [stdout] 39 | pub struct AccountSharedData {
[INFO] [stdout]    | ---------------------------- method `set_state` not found for this struct
[INFO] [stdout] 
[INFO] [stdout] 
[INFO] [stdout] error[E0599]: no method named `state` found for struct `AccountSharedData` in the current scope
[INFO] [stdout]   --> src/tests/state_traits.rs:11:44
[INFO] [stdout]    |
[INFO] [stdout] 11 |     let res = AccountSharedData::default().state() as Result<u64, InstructionError>;
[INFO] [stdout]    |                                            ^^^^^ method not found in `AccountSharedData`
[INFO] [stdout]    |
[INFO] [stdout]   ::: src/cow/mod.rs:39:1
[INFO] [stdout]    |
[INFO] [stdout] 39 | pub struct AccountSharedData {
[INFO] [stdout]    | ---------------------------- method `state` not found for this struct
[INFO] [stdout] 
[INFO] [stdout] 
[INFO] [stdout] error[E0599]: no method named `set_state` found for struct `AccountSharedData` in the current scope
[INFO] [stdout]   --> src/tests/state_traits.rs:16:21
[INFO] [stdout]    |
[INFO] [stdout] 16 |     assert!(account.set_state(&state).is_ok());
[INFO] [stdout]    |                     ^^^^^^^^^ method not found in `AccountSharedData`
[INFO] [stdout]    |
[INFO] [stdout]   ::: src/cow/mod.rs:39:1
[INFO] [stdout]    |
[INFO] [stdout] 39 | pub struct AccountSharedData {
[INFO] [stdout]    | ---------------------------- method `set_state` not found for this struct
[INFO] [stdout] 
[INFO] [stdout] 
[INFO] [stdout] error[E0599]: no method named `state` found for struct `AccountSharedData` in the current scope
[INFO] [stdout]   --> src/tests/state_traits.rs:17:24
[INFO] [stdout]    |
[INFO] [stdout] 17 |     assert_eq!(account.state(), Ok(state));
[INFO] [stdout]    |                        ^^^^^ method not found in `AccountSharedData`
[INFO] [stdout]    |
[INFO] [stdout]   ::: src/cow/mod.rs:39:1
[INFO] [stdout]    |
[INFO] [stdout] 39 | pub struct AccountSharedData {
[INFO] [stdout]    | ---------------------------- method `state` not found for this struct
[INFO] [stdout] 
[INFO] [stdout] 
[INFO] [stdout] Some errors have detailed explanations: E0432, E0599.
[INFO] [stdout] 
[INFO] [stdout] For more information about an error, try `rustc --explain E0432`.
[INFO] [stdout] 
[INFO] [stderr] error: could not compile `magicblock-account` (lib test) due to 11 previous errors
[INFO] running `Command { std: "docker" "inspect" "49f8e01cb677915058d661fb52c2e5b48030cddd4600164a49f76cd7fd3e5fea", kill_on_drop: false }`
[INFO] running `Command { std: "docker" "rm" "-f" "49f8e01cb677915058d661fb52c2e5b48030cddd4600164a49f76cd7fd3e5fea", kill_on_drop: false }`
[INFO] [stdout] 49f8e01cb677915058d661fb52c2e5b48030cddd4600164a49f76cd7fd3e5fea
