[INFO] fetching crate made-adapters 0.10.0...
[INFO] checking made-adapters-0.10.0 against 3154cc1a3e6424e44f438a95007d043ed5ceaaf6+rustflags=-Znext-solver=coherence for pr-133502-30
[INFO] extracting crate made-adapters 0.10.0 into /workspace/builds/worker-7-tc1/source
[INFO] started tweaking crates.io crate made-adapters 0.10.0
[INFO] removed 0 missing tests
[INFO] finished tweaking crates.io crate made-adapters 0.10.0
[INFO] tweaked toml for crates.io crate made-adapters 0.10.0 written to /workspace/builds/worker-7-tc1/source/Cargo.toml
[INFO] validating manifest of crates.io crate made-adapters 0.10.0 on toolchain 3154cc1a3e6424e44f438a95007d043ed5ceaaf6
[INFO] running `Command { std: CARGO_HOME="/workspace/cargo-home" RUSTUP_HOME="/workspace/rustup-home" "/workspace/cargo-home/bin/cargo" "+3154cc1a3e6424e44f438a95007d043ed5ceaaf6" "metadata" "--manifest-path" "Cargo.toml" "--no-deps", kill_on_drop: false }`
[INFO] crate crates.io crate made-adapters 0.10.0 already has a lockfile, it will not be regenerated
[INFO] running `Command { std: CARGO_HOME="/workspace/cargo-home" RUSTUP_HOME="/workspace/rustup-home" "/workspace/cargo-home/bin/cargo" "+3154cc1a3e6424e44f438a95007d043ed5ceaaf6" "fetch" "--manifest-path" "Cargo.toml", kill_on_drop: false }`
[INFO] [stderr]     Updating crates.io index
[INFO] [stderr]     Blocking waiting for file lock on package cache
[INFO] [stderr]  Downloading crates ...
[INFO] [stderr]   Downloaded icu_provider v2.3.0
[INFO] [stderr]   Downloaded assert-json-diff v2.0.2
[INFO] [stderr]   Downloaded deadpool-runtime v0.1.4
[INFO] [stderr]   Downloaded zerovec-derive v0.11.4
[INFO] [stderr]   Downloaded sha1 v0.11.0
[INFO] [stderr]   Downloaded etcetera v0.11.0
[INFO] [stderr]   Downloaded rustls-pemfile v2.2.0
[INFO] [stderr]   Downloaded deadpool v0.12.3
[INFO] [stderr]   Downloaded hashlink v0.11.1
[INFO] [stderr]   Downloaded whoami v2.1.3
[INFO] [stderr]   Downloaded sqlx-macros v0.9.0
[INFO] [stderr]   Downloaded predicates-tree v1.0.13
[INFO] [stderr]   Downloaded md-5 v0.11.0
[INFO] [stderr]   Downloaded rsqlite-vfs v0.1.1
[INFO] [stderr]   Downloaded termtree v0.5.1
[INFO] [stderr]   Downloaded wiremock v0.6.5
[INFO] [stderr]   Downloaded tonic-prost v0.14.6
[INFO] [stderr]   Downloaded predicates-core v1.0.10
[INFO] [stderr]   Downloaded downcast v0.11.0
[INFO] [stderr]   Downloaded pear_codegen v0.2.9
[INFO] [stderr]   Downloaded hybrid-array v0.4.15
[INFO] [stderr]   Downloaded prost-derive v0.14.4
[INFO] [stderr]   Downloaded mockall v0.13.1
[INFO] [stderr]   Downloaded fragile v2.1.0
[INFO] [stderr]   Downloaded prost v0.14.4
[INFO] [stderr]   Downloaded predicates v3.1.4
[INFO] [stderr]   Downloaded tracing-opentelemetry v0.33.0
[INFO] [stderr]   Downloaded sqlx-macros-core v0.9.0
[INFO] [stderr]   Downloaded num-cmp v0.1.0
[INFO] [stderr]   Downloaded uncased v0.9.10
[INFO] [stderr]   Downloaded proc-macro2-diagnostics v0.10.1
[INFO] [stderr]   Downloaded serde_nanos v0.1.4
[INFO] [stderr]   Downloaded nuid v0.5.0
[INFO] [stderr]   Downloaded unsafe-libyaml v0.2.11
[INFO] [stderr]   Downloaded mockall_derive v0.13.1
[INFO] [stderr]   Downloaded made-proto v0.10.0
[INFO] [stderr]   Downloaded num v0.4.3
[INFO] [stderr]   Downloaded bit-set v0.5.3
[INFO] [stderr]   Downloaded atomic v0.6.1
[INFO] [stderr]   Downloaded opentelemetry v0.32.0
[INFO] [stderr]   Downloaded rustls-webpki v0.103.14
[INFO] [stderr]   Downloaded flume v0.12.0
[INFO] [stderr]   Downloaded serde_yaml v0.9.34+deprecated
[INFO] [stderr]   Downloaded bytecount v0.6.9
[INFO] [stderr]   Downloaded inlinable_string v0.1.15
[INFO] [stderr]   Downloaded tryhard v0.5.2
[INFO] [stderr]   Downloaded iso8601 v0.6.5
[INFO] [stderr]   Downloaded sqlx-mysql v0.9.0
[INFO] [stderr]   Downloaded tonic-types v0.14.6
[INFO] [stderr]   Downloaded prost-types v0.14.4
[INFO] [stderr]   Downloaded num-rational v0.4.2
[INFO] [stderr]   Downloaded bit-vec v0.6.3
[INFO] [stderr]   Downloaded sqlx-sqlite v0.9.0
[INFO] [stderr]   Downloaded h2 v0.4.15
[INFO] [stderr]   Downloaded pear v0.2.9
[INFO] [stderr]   Downloaded nkeys v0.4.5
[INFO] [stderr]   Downloaded prometheus v0.13.4
[INFO] [stderr]   Downloaded opentelemetry-otlp v0.32.0
[INFO] [stderr]   Downloaded tonic v0.14.6
[INFO] [stderr]   Downloaded fraction v0.13.1
[INFO] [stderr]   Downloaded fancy-regex v0.11.0
[INFO] [stderr]   Downloaded figment v0.10.19
[INFO] [stderr]   Downloaded zerovec v0.11.7
[INFO] [stderr]   Downloaded opentelemetry-semantic-conventions v0.32.1
[INFO] [stderr]   Downloaded jsonschema v0.17.1
[INFO] [stderr]   Downloaded sqlx-core v0.9.0
[INFO] [stderr]   Downloaded sqlx-postgres v0.9.0
[INFO] [stderr]   Downloaded rusqlite v0.39.0
[INFO] [stderr]   Downloaded signatory v0.27.1
[INFO] [stderr]   Downloaded hkdf v0.13.0
[INFO] [stderr]   Downloaded opentelemetry-proto v0.32.0
[INFO] [stderr]   Downloaded tokio-websockets v0.10.1
[INFO] [stderr]   Downloaded opentelemetry_sdk v0.32.1
[INFO] [stderr]   Downloaded sqlx v0.9.0
[INFO] [stderr]   Downloaded async-nats v0.50.0
[INFO] [stderr]   Downloaded made-app v0.10.0
[INFO] [stderr]   Downloaded made-core v0.10.0
[INFO] [stderr]   Downloaded libsqlite3-sys v0.37.0
[INFO] [stderr]   Downloaded sqlite-wasm-rs v0.5.5
[INFO] running `Command { std: "docker" "create" "-v" "/var/lib/crater-agent-workspace/builds/worker-7-tc1/source:/opt/rustwide/workdir:ro,Z" "-v" "/var/lib/crater-agent-workspace/builds/worker-7-tc1/target:/opt/rustwide/target:rw,Z" "-v" "/var/lib/crater-agent-workspace/cargo-home:/opt/rustwide/cargo-home:ro,Z" "-v" "/var/lib/crater-agent-workspace/rustup-home:/opt/rustwide/rustup-home:ro,Z" "-m" "1610612736" "--network" "none" "ghcr.io/rust-lang/crates-build-env/linux@sha256:77db811e55d90add9212f6832c23229e3de5f1c1f9905e8cb07319ea15df73ac" "sleep" "infinity", kill_on_drop: false }`
[INFO] [stdout] c7525d329c055cb90717cc0f129f40d5631934927497381fa3da8a16c25d18f6
[INFO] running `Command { std: "docker" "start" "c7525d329c055cb90717cc0f129f40d5631934927497381fa3da8a16c25d18f6", kill_on_drop: false }`
[INFO] running `Command { std: "docker" "inspect" "c7525d329c055cb90717cc0f129f40d5631934927497381fa3da8a16c25d18f6", kill_on_drop: false }`
[INFO] running `Command { std: "docker" "exec" "-e" "SOURCE_DIR=/opt/rustwide/workdir" "-e" "CARGO_HOME=/opt/rustwide/cargo-home" "-e" "RUSTUP_HOME=/opt/rustwide/rustup-home" "-e" "CARGO_TARGET_DIR=/opt/rustwide/target" "-w" "/opt/rustwide/workdir" "--user" "0:0" "c7525d329c055cb90717cc0f129f40d5631934927497381fa3da8a16c25d18f6" "/opt/rustwide/cargo-home/bin/cargo" "+3154cc1a3e6424e44f438a95007d043ed5ceaaf6" "metadata" "--no-deps" "--format-version=1", kill_on_drop: false }`
[INFO] running `Command { std: "docker" "inspect" "c7525d329c055cb90717cc0f129f40d5631934927497381fa3da8a16c25d18f6", kill_on_drop: false }`
[INFO] running `Command { std: "docker" "exec" "-e" "SOURCE_DIR=/opt/rustwide/workdir" "-e" "CARGO_HOME=/opt/rustwide/cargo-home" "-e" "RUSTUP_HOME=/opt/rustwide/rustup-home" "-e" "CARGO_TARGET_DIR=/opt/rustwide/target" "-e" "CARGO_INCREMENTAL=0" "-e" "RUST_BACKTRACE=full" "-e" "RUSTFLAGS=--cap-lints=forbid -Znext-solver=coherence" "-e" "RUSTDOCFLAGS=--cap-lints=forbid" "-w" "/opt/rustwide/workdir" "--user" "0:0" "c7525d329c055cb90717cc0f129f40d5631934927497381fa3da8a16c25d18f6" "/opt/rustwide/cargo-home/bin/cargo" "+3154cc1a3e6424e44f438a95007d043ed5ceaaf6" "check" "--frozen" "--all" "--all-targets" "--message-format=json", kill_on_drop: false }`
[INFO] [stderr]     Checking tracing-core v0.1.36
[INFO] [stderr]    Compiling zerocopy v0.8.56
[INFO] [stderr]     Checking subtle v2.6.1
[INFO] [stderr]    Compiling generic-array v0.14.7
[INFO] [stderr]    Compiling anyhow v1.0.104
[INFO] [stderr]     Checking typenum v1.20.1
[INFO] [stderr]     Checking hashbrown v0.17.1
[INFO] [stderr]    Compiling syn v3.0.3
[INFO] [stderr]     Checking parking_lot_core v0.9.12
[INFO] [stderr]     Checking errno v0.3.14
[INFO] [stderr]     Checking getrandom v0.2.17
[INFO] [stderr]     Checking log v0.4.33
[INFO] [stderr]    Compiling either v1.17.0
[INFO] [stderr]    Compiling cc v1.4.3
[INFO] [stderr]    Compiling num-traits v0.2.19
[INFO] [stderr]     Checking aho-corasick v1.1.5
[INFO] [stderr]     Checking regex-syntax v0.8.11
[INFO] [stderr]    Compiling rustix v1.1.4
[INFO] [stderr]     Checking rand_core v0.6.4
[INFO] [stderr]    Compiling getrandom v0.3.4
[INFO] [stderr]     Checking signal-hook-registry v1.4.8
[INFO] [stderr]    Compiling libc v0.2.189
[INFO] [stderr]    Compiling itertools v0.14.0
[INFO] [stderr]     Checking parking_lot v0.12.5
[INFO] [stderr]     Checking tracing v0.1.44
[INFO] [stderr]    Compiling getrandom v0.4.3
[INFO] [stderr]     Checking indexmap v2.14.0
[INFO] [stderr]    Compiling linux-raw-sys v0.12.1
[INFO] [stderr]     Checking base64ct v1.8.3
[INFO] [stderr]    Compiling bytes v1.12.1
[INFO] [stderr]    Compiling bitflags v2.13.1
[INFO] [stderr]    Compiling rustls v0.23.43
[INFO] [stderr]    Compiling prettyplease v0.2.37
[INFO] [stderr]     Checking pem-rfc7468 v0.7.0
[INFO] [stderr]    Compiling num-conv v0.2.2
[INFO] [stderr]    Compiling fixedbitset v0.5.7
[INFO] [stderr]    Compiling time-core v0.1.9
[INFO] [stderr]     Checking num-integer v0.1.47
[INFO] [stderr]    Compiling fastrand v2.5.0
[INFO] [stderr]    Compiling petgraph v0.7.1
[INFO] [stderr]     Checking der v0.7.10
[INFO] [stderr]    Compiling curve25519-dalek v4.1.3
[INFO] [stderr]    Compiling time-macros v0.2.32
[INFO] [stderr]     Checking block-buffer v0.10.4
[INFO] [stderr]     Checking crypto-common v0.1.7
[INFO] [stderr]    Compiling pin-project-internal v1.1.13
[INFO] [stderr]     Checking deranged v0.5.8
[INFO] [stderr]     Checking digest v0.10.7
[INFO] [stderr]     Checking regex-automata v0.4.18
[INFO] [stderr]     Checking socket2 v0.5.10
[INFO] [stderr]     Checking sha2 v0.10.9
[INFO] [stderr]     Checking signature v2.2.0
[INFO] [stderr]    Compiling ring v0.17.14
[INFO] [stderr]    Compiling indexmap v1.9.3
[INFO] [stderr]    Compiling proc-macro2-diagnostics v0.10.1
[INFO] [stderr]     Checking sync_wrapper v1.0.2
[INFO] [stderr]    Compiling multimap v0.10.1
[INFO] [stderr]     Checking powerfmt v0.2.0
[INFO] [stderr]     Checking spki v0.7.3
[INFO] [stderr]     Checking num-bigint v0.4.8
[INFO] [stderr]    Compiling curve25519-dalek-derive v0.1.1
[INFO] [stderr]    Compiling yansi v1.0.1
[INFO] [stderr]     Checking hashbrown v0.12.3
[INFO] [stderr]    Compiling prost-derive v0.13.5
[INFO] [stderr]     Checking thiserror v1.0.69
[INFO] [stderr]    Compiling tempfile v3.27.0
[INFO] [stderr]     Checking pin-project v1.1.13
[INFO] [stderr]     Checking pkcs8 v0.10.2
[INFO] [stderr]     Checking ed25519 v2.2.3
[INFO] [stderr]     Checking num-iter v0.1.46
[INFO] [stderr]     Checking uuid v1.24.1
[INFO] [stderr]     Checking num-complex v0.4.6
[INFO] [stderr]     Checking sharded-slab v0.1.7
[INFO] [stderr]     Checking tracing-log v0.2.0
[INFO] [stderr]     Checking webpki-roots v1.0.9
[INFO] [stderr]    Compiling async-stream-impl v0.3.6
[INFO] [stderr]     Checking thread_local v1.1.10
[INFO] [stderr]    Compiling uncased v0.9.10
[INFO] [stderr]     Checking time v0.3.55
[INFO] [stderr]    Compiling ahash v0.8.12
[INFO] [stderr]     Checking num-rational v0.4.2
[INFO] [stderr]     Checking winnow v0.7.15
[INFO] [stderr]     Checking bit-vec v0.6.3
[INFO] [stderr]     Checking nu-ansi-term v0.50.3
[INFO] [stderr]     Checking matchit v0.7.3
[INFO] [stderr]     Checking toml_write v0.1.2
[INFO] [stderr]    Compiling portable-atomic v1.15.0
[INFO] [stderr]     Checking async-stream v0.3.6
[INFO] [stderr]     Checking bit-set v0.5.3
[INFO] [stderr]     Checking chacha20 v0.10.1
[INFO] [stderr]     Checking webpki-roots v0.26.11
[INFO] [stderr]    Compiling pear_codegen v0.2.9
[INFO] [stderr]     Checking signatory v0.27.1
[INFO] [stderr]     Checking rustls-pemfile v2.2.0
[INFO] [stderr]     Checking nom v8.0.0
[INFO] [stderr]    Compiling figment v0.10.19
[INFO] [stderr]    Compiling prometheus v0.13.4
[INFO] [stderr]     Checking num v0.4.3
[INFO] [stderr]    Compiling regex v1.13.1
[INFO] [stderr]     Checking inlinable_string v0.1.15
[INFO] [stderr]     Checking fraction v0.13.1
[INFO] [stderr]     Checking rand v0.10.2
[INFO] [stderr]     Checking ed25519-dalek v2.2.0
[INFO] [stderr]     Checking hmac v0.12.1
[INFO] [stderr]     Checking rand_core v0.9.5
[INFO] [stderr]    Compiling prost v0.13.5
[INFO] [stderr]     Checking matchers v0.2.0
[INFO] [stderr]     Checking pear v0.2.9
[INFO] [stderr]     Checking base64 v0.21.7
[INFO] [stderr]     Checking predicates-core v1.0.10
[INFO] [stderr]     Checking ppv-lite86 v0.2.21
[INFO] [stderr]    Compiling prost-types v0.13.5
[INFO] [stderr]     Checking num-cmp v0.1.0
[INFO] [stderr]     Checking unsafe-libyaml v0.2.11
[INFO] [stderr]    Compiling mockall_derive v0.13.1
[INFO] [stderr]     Checking bytecount v0.6.9
[INFO] [stderr]     Checking fancy-regex v0.11.0
[INFO] [stderr]     Checking fs2 v0.4.3
[INFO] [stderr]     Checking num_cpus v1.17.0
[INFO] [stderr]     Checking anstyle v1.0.14
[INFO] [stderr]     Checking deadpool-runtime v0.1.4
[INFO] [stderr]     Checking termtree v0.5.1
[INFO] [stderr]     Checking rand_chacha v0.3.1
[INFO] [stderr]     Checking rand_chacha v0.9.0
[INFO] [stderr]     Checking predicates v3.1.4
[INFO] [stderr]     Checking predicates-tree v1.0.13
[INFO] [stderr]     Checking fragile v2.1.0
[INFO] [stderr]     Checking downcast v0.11.0
[INFO] [stderr]     Checking rand v0.8.7
[INFO] [stderr]     Checking rand v0.9.5
[INFO] [stderr]    Compiling serde_derive v1.0.229
[INFO] [stderr]    Compiling tokio-macros v2.7.2
[INFO] [stderr]    Compiling futures-macro v0.3.34
[INFO] [stderr]    Compiling zerovec-derive v0.11.4
[INFO] [stderr]    Compiling displaydoc v0.2.7
[INFO] [stderr]    Compiling async-trait v0.1.92
[INFO] [stderr]    Compiling thiserror-impl v2.0.20
[INFO] [stderr]    Compiling serde_repr v0.1.21
[INFO] [stderr]     Checking nkeys v0.4.5
[INFO] [stderr]     Checking nuid v0.5.0
[INFO] [stderr]    Compiling prost-build v0.13.5
[INFO] [stderr]     Checking futures-util v0.3.34
[INFO] [stderr]     Checking zerotrie v0.2.5
[INFO] [stderr]     Checking zerovec v0.11.7
[INFO] [stderr]     Checking thiserror v2.0.20
[INFO] [stderr]     Checking opentelemetry v0.32.0
[INFO] [stderr]     Checking iso8601 v0.6.5
[INFO] [stderr]     Checking tinystr v0.8.4
[INFO] [stderr]     Checking potential_utf v0.1.6
[INFO] [stderr]     Checking rustls-webpki v0.103.14
[INFO] [stderr]    Compiling tonic-build v0.12.3
[INFO] [stderr]     Checking icu_locale_core v2.3.0
[INFO] [stderr]     Checking icu_collections v2.3.0
[INFO] [stderr]     Checking mockall v0.13.1
[INFO] [stderr]     Checking icu_provider v2.3.0
[INFO] [stderr]     Checking serde v1.0.229
[INFO] [stderr]    Compiling made-proto v0.10.0
[INFO] [stderr]     Checking icu_properties v2.3.0
[INFO] [stderr]     Checking icu_normalizer v2.3.0
[INFO] [stderr]     Checking tracing-serde v0.2.0
[INFO] [stderr]     Checking toml_datetime v0.6.11
[INFO] [stderr]     Checking serde_spanned v0.6.9
[INFO] [stderr]     Checking serde_nanos v0.1.4
[INFO] [stderr]     Checking serde_yaml v0.9.34+deprecated
[INFO] [stderr]     Checking assert-json-diff v2.0.2
[INFO] [stderr]     Checking tracing-subscriber v0.3.23
[INFO] [stderr]     Checking toml_edit v0.22.27
[INFO] [stderr]     Checking tokio v1.53.1
[INFO] [stderr]     Checking http v1.5.0
[INFO] [stderr]     Checking futures-executor v0.3.34
[INFO] [stderr]     Checking tower v0.5.3
[INFO] [stderr]     Checking futures v0.3.34
[INFO] [stderr]     Checking made-core v0.10.0
[INFO] [stderr]     Checking idna_adapter v1.2.2
[INFO] [stderr]     Checking idna v1.1.0
[INFO] [stderr]     Checking tracing-opentelemetry v0.33.0
[INFO] [stderr]     Checking url v2.5.8
[INFO] [stderr]     Checking http-body v1.1.0
[INFO] [stderr]     Checking http-body-util v0.1.5
[INFO] [stderr]     Checking toml v0.8.23
[INFO] [stderr]     Checking axum-core v0.4.5
[INFO] [stderr]     Checking jsonschema v0.17.1
[INFO] [stderr]     Checking axum v0.7.9
[INFO] [stderr]     Checking tokio-util v0.7.19
[INFO] [stderr]     Checking tokio-stream v0.1.19
[INFO] [stderr]     Checking tokio-rustls v0.26.4
[INFO] [stderr]     Checking tryhard v0.5.2
[INFO] [stderr]     Checking deadpool v0.12.3
[INFO] [stderr]     Checking opentelemetry_sdk v0.32.1
[INFO] [stderr]     Checking tokio-test v0.4.5
[INFO] [stderr]     Checking h2 v0.4.15
[INFO] [stderr]     Checking tower v0.4.13
[INFO] [stderr]     Checking tokio-websockets v0.10.1
[INFO] [stderr]     Checking async-nats v0.50.0
[INFO] [stderr]     Checking hyper v1.11.0
[INFO] [stderr]     Checking hyper-util v0.1.20
[INFO] [stderr]     Checking hyper-timeout v0.5.2
[INFO] [stderr]     Checking wiremock v0.6.5
[INFO] [stderr]     Checking tonic v0.12.3
[INFO] [stderr]     Checking made-app v0.10.0
[INFO] [stderr]     Checking made-adapters v0.10.0 (/opt/rustwide/workdir)
[INFO] [stdout] error: couldn't read `src/grpc/mappers/../../../../../docs/architecture/struct-numbers.tsv`: No such file or directory (os error 2)
[INFO] [stdout]    --> src/grpc/mappers/attributes.rs:261:9
[INFO] [stdout]     |
[INFO] [stdout] 261 |         include_str!("../../../../../docs/architecture/struct-numbers.tsv");
[INFO] [stdout]     |         ^^^^^^^^^^^^^^^^^^^^^^^^^^^^^^^^^^^^^^^^^^^^^^^^^^^^^^^^^^^^^^^^^^^
[INFO] [stdout] 
[INFO] [stdout] 
[INFO] [stdout] error: couldn't read `src/grpc/mappers/../../../../../tests/e2e/ceremonies/editorial-planning-meeting.yaml`: No such file or directory (os error 2)
[INFO] [stdout]    --> src/grpc/mappers/ceremony_delegation.rs:142:9
[INFO] [stdout]     |
[INFO] [stdout] 142 |         include_str!("../../../../../tests/e2e/ceremonies/editorial-planning-meeting.yaml");
[INFO] [stdout]     |         ^^^^^^^^^^^^^^^^^^^^^^^^^^^^^^^^^^^^^^^^^^^^^^^^^^^^^^^^^^^^^^^^^^^^^^^^^^^^^^^^^^^
[INFO] [stdout] 
[INFO] [stdout] 
[INFO] [stdout] error: couldn't read `src/grpc/mappers/../../../../../tests/e2e/ceremonies/editorial-planning-meeting.yaml`: No such file or directory (os error 2)
[INFO] [stdout]    --> src/grpc/mappers/ceremony_lifecycle.rs:179:9
[INFO] [stdout]     |
[INFO] [stdout] 179 |         include_str!("../../../../../tests/e2e/ceremonies/editorial-planning-meeting.yaml");
[INFO] [stdout]     |         ^^^^^^^^^^^^^^^^^^^^^^^^^^^^^^^^^^^^^^^^^^^^^^^^^^^^^^^^^^^^^^^^^^^^^^^^^^^^^^^^^^^
[INFO] [stdout] 
[INFO] [stdout] 
[INFO] [stdout] warning: use of deprecated method `std::sync::atomic::Atomic::<usize>::fetch_update`: renamed to `try_update` for consistency
[INFO] [stdout]    --> src/nats/ceremony_event_transport.rs:139:18
[INFO] [stdout]     |
[INFO] [stdout] 139 |                 .fetch_update(Ordering::SeqCst, Ordering::SeqCst, |remaining| {
[INFO] [stdout]     |                  ^^^^^^^^^^^^
[INFO] [stdout]     |
[INFO] [stdout]     = note: `#[warn(deprecated)]` on by default
[INFO] [stdout] help: replace the use of the deprecated method
[INFO] [stdout]     |
[INFO] [stdout] 139 -                 .fetch_update(Ordering::SeqCst, Ordering::SeqCst, |remaining| {
[INFO] [stdout] 139 +                 .try_update(Ordering::SeqCst, Ordering::SeqCst, |remaining| {
[INFO] [stdout]     |
[INFO] [stdout] 
[INFO] [stdout] 
[INFO] [stdout] warning: methods `into_record` and `target_key` are never used
[INFO] [stdout]   --> src/delivery/stored_host_delivery.rs:42:19
[INFO] [stdout]    |
[INFO] [stdout] 29 | impl StoredHostDelivery {
[INFO] [stdout]    | ----------------------- methods in this implementation
[INFO] [stdout] ...
[INFO] [stdout] 42 |     pub(crate) fn into_record(self) -> HostDeliveryRecord {
[INFO] [stdout]    |                   ^^^^^^^^^^^
[INFO] [stdout] ...
[INFO] [stdout] 51 |     pub(crate) fn target_key(&self) -> String {
[INFO] [stdout]    |                   ^^^^^^^^^^
[INFO] [stdout]    |
[INFO] [stdout]    = note: `#[warn(dead_code)]` (part of `#[warn(unused)]`) on by default
[INFO] [stdout] 
[INFO] [stdout] 
[INFO] [stdout] error[E0432]: unresolved import `made_adapters::sqlite`
[INFO] [stdout]   --> tests/ceremony_instance_index.rs:2:20
[INFO] [stdout]    |
[INFO] [stdout]  2 | use made_adapters::sqlite::SqliteCeremonyStore;
[INFO] [stdout]    |                    ^^^^^^ could not find `sqlite` in `made_adapters`
[INFO] [stdout]    |
[INFO] [stdout] note: found an item that was configured out
[INFO] [stdout]   --> src/lib.rs:97:9
[INFO] [stdout]    |
[INFO] [stdout] 96 | #[cfg(feature = "sqlite")]
[INFO] [stdout]    |       ------------------ the item is gated behind the `sqlite` feature
[INFO] [stdout] 97 | pub mod sqlite;
[INFO] [stdout]    |         ^^^^^^
[INFO] [stdout] 
[INFO] [stdout] 
[INFO] [stdout] error[E0433]: cannot find module or crate `rusqlite` in this scope
[INFO] [stdout]    --> tests/ceremony_instance_index.rs:106:13
[INFO] [stdout]     |
[INFO] [stdout] 106 |             rusqlite::params![event_key(&[0xff], 1), b"payload-not-read"],
[INFO] [stdout]     |             ^^^^^^^^ use of unresolved module or unlinked crate `rusqlite`
[INFO] [stdout] 
[INFO] [stdout] 
[INFO] [stdout] error[E0433]: cannot find module or crate `rusqlite` in this scope
[INFO] [stdout]   --> tests/ceremony_instance_index.rs:42:17
[INFO] [stdout]    |
[INFO] [stdout] 42 |                 rusqlite::params![event_key(id.as_bytes(), 1), b"payload-not-read"],
[INFO] [stdout]    |                 ^^^^^^^^ use of unresolved module or unlinked crate `rusqlite`
[INFO] [stdout] 
[INFO] [stdout] 
[INFO] [stdout] error[E0433]: cannot find module or crate `rusqlite` in this scope
[INFO] [stdout]   --> tests/ceremony_instance_index.rs:26:22
[INFO] [stdout]    |
[INFO] [stdout] 26 |     let connection = rusqlite::Connection::open(&path).unwrap();
[INFO] [stdout]    |                      ^^^^^^^^ use of unresolved module or unlinked crate `rusqlite`
[INFO] [stdout]    |
[INFO] [stdout]    = help: if you wanted to use a crate named `rusqlite`, use `cargo add rusqlite` to add it to your `Cargo.toml`
[INFO] [stdout] 
[INFO] [stdout] 
[INFO] [stdout] error: couldn't read `tests/../../../api/examples/ceremonies/fragments/broadcast_collect.yaml`: No such file or directory (os error 2)
[INFO] [stdout]   --> tests/catalog_ceremony_validation.rs:65:13
[INFO] [stdout]    |
[INFO] [stdout] 65 |             include_str!("../../../api/examples/ceremonies/fragments/broadcast_collect.yaml"),
[INFO] [stdout]    |             ^^^^^^^^^^^^^^^^^^^^^^^^^^^^^^^^^^^^^^^^^^^^^^^^^^^^^^^^^^^^^^^^^^^^^^^^^^^^^^^^^
[INFO] [stdout] 
[INFO] [stdout] 
[INFO] [stdout] error: couldn't read `tests/../../../api/examples/ceremonies/fragments/group_chat.yaml`: No such file or directory (os error 2)
[INFO] [stdout]   --> tests/catalog_ceremony_validation.rs:69:13
[INFO] [stdout]    |
[INFO] [stdout] 69 |             include_str!("../../../api/examples/ceremonies/fragments/group_chat.yaml"),
[INFO] [stdout]    |             ^^^^^^^^^^^^^^^^^^^^^^^^^^^^^^^^^^^^^^^^^^^^^^^^^^^^^^^^^^^^^^^^^^^^^^^^^^
[INFO] [stdout] 
[INFO] [stdout] 
[INFO] [stdout] error: couldn't read `tests/../../../api/examples/ceremonies/fragments/maker_checker.yaml`: No such file or directory (os error 2)
[INFO] [stdout]   --> tests/catalog_ceremony_validation.rs:73:13
[INFO] [stdout]    |
[INFO] [stdout] 73 |             include_str!("../../../api/examples/ceremonies/fragments/maker_checker.yaml"),
[INFO] [stdout]    |             ^^^^^^^^^^^^^^^^^^^^^^^^^^^^^^^^^^^^^^^^^^^^^^^^^^^^^^^^^^^^^^^^^^^^^^^^^^^^^
[INFO] [stdout] 
[INFO] [stdout] 
[INFO] [stdout] error: couldn't read `tests/../../../api/examples/ceremonies/fragments/handoff.yaml`: No such file or directory (os error 2)
[INFO] [stdout]   --> tests/catalog_ceremony_validation.rs:77:13
[INFO] [stdout]    |
[INFO] [stdout] 77 |             include_str!("../../../api/examples/ceremonies/fragments/handoff.yaml"),
[INFO] [stdout]    |             ^^^^^^^^^^^^^^^^^^^^^^^^^^^^^^^^^^^^^^^^^^^^^^^^^^^^^^^^^^^^^^^^^^^^^^^
[INFO] [stdout] 
[INFO] [stdout] 
[INFO] [stdout] error: couldn't read `tests/../../../api/examples/ceremonies/fragments/magentic.yaml`: No such file or directory (os error 2)
[INFO] [stdout]   --> tests/catalog_ceremony_validation.rs:81:13
[INFO] [stdout]    |
[INFO] [stdout] 81 |             include_str!("../../../api/examples/ceremonies/fragments/magentic.yaml"),
[INFO] [stdout]    |             ^^^^^^^^^^^^^^^^^^^^^^^^^^^^^^^^^^^^^^^^^^^^^^^^^^^^^^^^^^^^^^^^^^^^^^^^
[INFO] [stdout] 
[INFO] [stdout] 
[INFO] [stdout] error: couldn't read `tests/../../../api/examples/ceremonies/fragments/advisor.yaml`: No such file or directory (os error 2)
[INFO] [stdout]   --> tests/catalog_ceremony_validation.rs:85:13
[INFO] [stdout]    |
[INFO] [stdout] 85 |             include_str!("../../../api/examples/ceremonies/fragments/advisor.yaml"),
[INFO] [stdout]    |             ^^^^^^^^^^^^^^^^^^^^^^^^^^^^^^^^^^^^^^^^^^^^^^^^^^^^^^^^^^^^^^^^^^^^^^^
[INFO] [stdout] 
[INFO] [stdout] 
[INFO] [stderr] error: could not compile `made-adapters` (test "catalog_ceremony_validation") due to 6 previous errors
[INFO] [stderr] warning: build failed, waiting for other jobs to finish...
[INFO] [stdout] error[E0433]: cannot find module or crate `rusqlite` in this scope
[INFO] [stdout]   --> tests/ceremony_instance_index.rs:93:22
[INFO] [stdout]    |
[INFO] [stdout] 93 |     let connection = rusqlite::Connection::open(&path).unwrap();
[INFO] [stdout]    |                      ^^^^^^^^ use of unresolved module or unlinked crate `rusqlite`
[INFO] [stdout]    |
[INFO] [stdout]    = help: if you wanted to use a crate named `rusqlite`, use `cargo add rusqlite` to add it to your `Cargo.toml`
[INFO] [stdout] 
[INFO] [stdout] 
[INFO] [stdout] warning: unused import: `std::time::Instant`
[INFO] [stdout]  --> tests/artifact_local_store.rs:4:5
[INFO] [stdout]   |
[INFO] [stdout] 4 | use std::time::Instant;
[INFO] [stdout]   |     ^^^^^^^^^^^^^^^^^^
[INFO] [stdout]   |
[INFO] [stdout]   = note: `#[warn(unused_imports)]` (part of `#[warn(unused)]`) on by default
[INFO] [stdout] 
[INFO] [stdout] 
[INFO] [stdout] warning: unused import: `ArtifactGcExclusionReason`
[INFO] [stdout]  --> tests/artifact_local_store.rs:7:49
[INFO] [stdout]   |
[INFO] [stdout] 7 |     ArtifactBackupEntry, ArtifactBackupService, ArtifactGcExclusionReason,
[INFO] [stdout]   |                                                 ^^^^^^^^^^^^^^^^^^^^^^^^^
[INFO] [stdout] 
[INFO] [stdout] 
[INFO] [stdout] error[E0433]: cannot find module or crate `rusqlite` in this scope
[INFO] [stdout]    --> tests/ceremony_instance_index.rs:113:22
[INFO] [stdout]     |
[INFO] [stdout] 113 |     let connection = rusqlite::Connection::open(path).unwrap();
[INFO] [stdout]     |                      ^^^^^^^^ use of unresolved module or unlinked crate `rusqlite`
[INFO] [stdout]     |
[INFO] [stdout]     = help: if you wanted to use a crate named `rusqlite`, use `cargo add rusqlite` to add it to your `Cargo.toml`
[INFO] [stdout] 
[INFO] [stdout] 
[INFO] [stdout] error[E0432]: unresolved import `made_adapters::sqlite`
[INFO] [stdout]   --> tests/worker_claim_multiprocess.rs:8:20
[INFO] [stdout]    |
[INFO] [stdout]  8 | use made_adapters::sqlite::SqliteCeremonyStore;
[INFO] [stdout]    |                    ^^^^^^ could not find `sqlite` in `made_adapters`
[INFO] [stdout]    |
[INFO] [stdout] note: found an item that was configured out
[INFO] [stdout]   --> src/lib.rs:97:9
[INFO] [stdout]    |
[INFO] [stdout] 96 | #[cfg(feature = "sqlite")]
[INFO] [stdout]    |       ------------------ the item is gated behind the `sqlite` feature
[INFO] [stdout] 97 | pub mod sqlite;
[INFO] [stdout]    |         ^^^^^^
[INFO] [stdout] 
[INFO] [stdout] 
[INFO] [stdout] Some errors have detailed explanations: E0432, E0433.
[INFO] [stdout] 
[INFO] [stdout] For more information about an error, try `rustc --explain E0432`.
[INFO] [stdout] 
[INFO] [stderr] error: could not compile `made-adapters` (test "ceremony_instance_index") due to 6 previous errors
[INFO] [stdout] For more information about this error, try `rustc --explain E0432`.
[INFO] [stdout] 
[INFO] [stderr] error: could not compile `made-adapters` (test "worker_claim_multiprocess") due to 1 previous error
[INFO] [stderr] error: could not compile `made-adapters` (lib test) due to 3 previous errors; 1 warning emitted
[INFO] running `Command { std: "docker" "inspect" "c7525d329c055cb90717cc0f129f40d5631934927497381fa3da8a16c25d18f6", kill_on_drop: false }`
[INFO] running `Command { std: "docker" "rm" "-f" "c7525d329c055cb90717cc0f129f40d5631934927497381fa3da8a16c25d18f6", kill_on_drop: false }`
[INFO] [stdout] c7525d329c055cb90717cc0f129f40d5631934927497381fa3da8a16c25d18f6
