[INFO] fetching crate lzo1x 0.2.2...
[INFO] checking lzo1x-0.2.2 against 3154cc1a3e6424e44f438a95007d043ed5ceaaf6+rustflags=-Znext-solver=coherence for pr-133502-30
[INFO] extracting crate lzo1x 0.2.2 into /workspace/builds/worker-2-tc1/source
[INFO] started tweaking crates.io crate lzo1x 0.2.2
[INFO] removed 0 missing tests
[INFO] finished tweaking crates.io crate lzo1x 0.2.2
[INFO] tweaked toml for crates.io crate lzo1x 0.2.2 written to /workspace/builds/worker-2-tc1/source/Cargo.toml
[INFO] validating manifest of crates.io crate lzo1x 0.2.2 on toolchain 3154cc1a3e6424e44f438a95007d043ed5ceaaf6
[INFO] running `Command { std: CARGO_HOME="/workspace/cargo-home" RUSTUP_HOME="/workspace/rustup-home" "/workspace/cargo-home/bin/cargo" "+3154cc1a3e6424e44f438a95007d043ed5ceaaf6" "metadata" "--manifest-path" "Cargo.toml" "--no-deps", kill_on_drop: false }`
[INFO] crate crates.io crate lzo1x 0.2.2 already has a lockfile, it will not be regenerated
[INFO] running `Command { std: CARGO_HOME="/workspace/cargo-home" RUSTUP_HOME="/workspace/rustup-home" "/workspace/cargo-home/bin/cargo" "+3154cc1a3e6424e44f438a95007d043ed5ceaaf6" "fetch" "--manifest-path" "Cargo.toml", kill_on_drop: false }`
[INFO] [stderr]     Updating crates.io index
[INFO] [stderr]  Downloading crates ...
[INFO] [stderr]   Downloaded pkg-config v0.3.29
[INFO] [stderr]   Downloaded zstd v0.13.1
[INFO] [stderr]   Downloaded zstd-safe v7.1.0
[INFO] [stderr]   Downloaded wit-bindgen-rt v0.39.0
[INFO] [stderr]   Downloaded version_check v0.9.4
[INFO] [stderr]   Downloaded simd-adler32 v0.3.7
[INFO] [stderr]   Downloaded cfg-if v1.0.1
[INFO] [stderr]   Downloaded equivalent v1.0.1
[INFO] [stderr]   Downloaded derive_arbitrary v1.4.1
[INFO] [stderr]   Downloaded zeroize_derive v1.4.2
[INFO] [stderr]   Downloaded pbkdf2 v0.12.2
[INFO] [stderr]   Downloaded constant_time_eq v0.3.1
[INFO] [stderr]   Downloaded lockfree-object-pool v0.1.6
[INFO] [stderr]   Downloaded inout v0.1.3
[INFO] [stderr]   Downloaded subtle v2.5.0
[INFO] [stderr]   Downloaded cpufeatures v0.2.12
[INFO] [stderr]   Downloaded time-core v0.1.4
[INFO] [stderr]   Downloaded deflate64 v0.1.9
[INFO] [stderr]   Downloaded cipher v0.4.4
[INFO] [stderr]   Downloaded jobserver v0.1.27
[INFO] [stderr]   Downloaded zeroize v1.8.1
[INFO] [stderr]   Downloaded quote v1.0.35
[INFO] [stderr]   Downloaded cmake v0.1.50
[INFO] [stderr]   Downloaded libz-rs-sys v0.5.1
[INFO] [stderr]   Downloaded typenum v1.17.0
[INFO] [stderr]   Downloaded arbitrary v1.4.1
[INFO] [stderr]   Downloaded bzip2 v0.6.0
[INFO] [stderr]   Downloaded log v0.4.21
[INFO] [stderr]   Downloaded crc32fast v1.4.2
[INFO] [stderr]   Downloaded unicode-ident v1.0.12
[INFO] [stderr]   Downloaded liblzma v0.4.2
[INFO] [stderr]   Downloaded zip v4.3.0
[INFO] [stderr]   Downloaded deranged v0.4.0
[INFO] [stderr]   Downloaded ppmd-rust v1.2.1
[INFO] [stderr]   Downloaded zopfli v0.8.1
[INFO] [stderr]   Downloaded once_cell v1.19.0
[INFO] [stderr]   Downloaded serde_derive v1.0.195
[INFO] [stderr]   Downloaded getrandom v0.3.3
[INFO] [stderr]   Downloaded libbz2-rs-sys v0.2.1
[INFO] [stderr]   Downloaded bitflags v2.9.1
[INFO] [stderr]   Downloaded proc-macro2 v1.0.95
[INFO] [stderr]   Downloaded cc v1.0.83
[INFO] [stderr]   Downloaded bumpalo v3.16.0
[INFO] [stderr]   Downloaded serde v1.0.195
[INFO] [stderr]   Downloaded memchr v2.7.2
[INFO] [stderr]   Downloaded indexmap v2.2.6
[INFO] [stderr]   Downloaded flate2 v1.1.2
[INFO] [stderr]   Downloaded aes v0.8.4
[INFO] [stderr]   Downloaded wasi v0.14.2+wasi-0.2.4
[INFO] [stderr]   Downloaded time v0.3.41
[INFO] [stderr]   Downloaded zlib-rs v0.5.1
[INFO] [stderr]   Downloaded syn v2.0.104
[INFO] [stderr]   Downloaded zstd-sys v2.0.10+zstd.1.5.6
[INFO] [stderr]   Downloaded lzo-sys v1.0.0
[INFO] [stderr]   Downloaded libc v0.2.174
[INFO] [stderr]   Downloaded liblzma-sys v0.4.4
[INFO] running `Command { std: "docker" "create" "-v" "/var/lib/crater-agent-workspace/builds/worker-2-tc1/source:/opt/rustwide/workdir:ro,Z" "-v" "/var/lib/crater-agent-workspace/builds/worker-2-tc1/target:/opt/rustwide/target:rw,Z" "-v" "/var/lib/crater-agent-workspace/cargo-home:/opt/rustwide/cargo-home:ro,Z" "-v" "/var/lib/crater-agent-workspace/rustup-home:/opt/rustwide/rustup-home:ro,Z" "-m" "1610612736" "--network" "none" "ghcr.io/rust-lang/crates-build-env/linux@sha256:77db811e55d90add9212f6832c23229e3de5f1c1f9905e8cb07319ea15df73ac" "sleep" "infinity", kill_on_drop: false }`
[INFO] [stdout] c2c584b9a47d1cc3389dca3523196e745e178618fd98c72de20f2befc38de980
[INFO] running `Command { std: "docker" "start" "c2c584b9a47d1cc3389dca3523196e745e178618fd98c72de20f2befc38de980", kill_on_drop: false }`
[INFO] running `Command { std: "docker" "inspect" "c2c584b9a47d1cc3389dca3523196e745e178618fd98c72de20f2befc38de980", kill_on_drop: false }`
[INFO] running `Command { std: "docker" "exec" "-e" "SOURCE_DIR=/opt/rustwide/workdir" "-e" "CARGO_HOME=/opt/rustwide/cargo-home" "-e" "RUSTUP_HOME=/opt/rustwide/rustup-home" "-e" "CARGO_TARGET_DIR=/opt/rustwide/target" "-w" "/opt/rustwide/workdir" "--user" "0:0" "c2c584b9a47d1cc3389dca3523196e745e178618fd98c72de20f2befc38de980" "/opt/rustwide/cargo-home/bin/cargo" "+3154cc1a3e6424e44f438a95007d043ed5ceaaf6" "metadata" "--no-deps" "--format-version=1", kill_on_drop: false }`
[INFO] running `Command { std: "docker" "inspect" "c2c584b9a47d1cc3389dca3523196e745e178618fd98c72de20f2befc38de980", kill_on_drop: false }`
[INFO] running `Command { std: "docker" "exec" "-e" "SOURCE_DIR=/opt/rustwide/workdir" "-e" "CARGO_HOME=/opt/rustwide/cargo-home" "-e" "RUSTUP_HOME=/opt/rustwide/rustup-home" "-e" "CARGO_TARGET_DIR=/opt/rustwide/target" "-e" "CARGO_INCREMENTAL=0" "-e" "RUST_BACKTRACE=full" "-e" "RUSTFLAGS=--cap-lints=forbid -Znext-solver=coherence" "-e" "RUSTDOCFLAGS=--cap-lints=forbid" "-w" "/opt/rustwide/workdir" "--user" "0:0" "c2c584b9a47d1cc3389dca3523196e745e178618fd98c72de20f2befc38de980" "/opt/rustwide/cargo-home/bin/cargo" "+3154cc1a3e6424e44f438a95007d043ed5ceaaf6" "check" "--frozen" "--all" "--all-targets" "--message-format=json", kill_on_drop: false }`
[INFO] [stderr]    Compiling libc v0.2.174
[INFO] [stderr]    Compiling version_check v0.9.4
[INFO] [stderr]    Compiling typenum v1.17.0
[INFO] [stderr]    Compiling pkg-config v0.3.29
[INFO] [stderr]     Checking cfg-if v1.0.1
[INFO] [stderr]    Compiling proc-macro2 v1.0.95
[INFO] [stderr]    Compiling unicode-ident v1.0.12
[INFO] [stderr]     Checking subtle v2.5.0
[INFO] [stderr]    Compiling zstd-safe v7.1.0
[INFO] [stderr]     Checking cpufeatures v0.2.12
[INFO] [stderr]     Checking zlib-rs v0.5.1
[INFO] [stderr]    Compiling getrandom v0.3.3
[INFO] [stderr]     Checking lockfree-object-pool v0.1.6
[INFO] [stderr]     Checking equivalent v1.0.1
[INFO] [stderr]     Checking time-core v0.1.4
[INFO] [stderr]     Checking deranged v0.4.0
[INFO] [stderr]     Checking crc32fast v1.4.2
[INFO] [stderr]     Checking once_cell v1.19.0
[INFO] [stderr]     Checking simd-adler32 v0.3.7
[INFO] [stderr]     Checking log v0.4.21
[INFO] [stderr]     Checking bumpalo v3.16.0
[INFO] [stderr]     Checking libbz2-rs-sys v0.2.1
[INFO] [stderr]     Checking num-conv v0.1.0
[INFO] [stderr]     Checking indexmap v2.2.6
[INFO] [stderr]     Checking memchr v2.7.2
[INFO] [stderr]     Checking deflate64 v0.1.9
[INFO] [stderr]     Checking ppmd-rust v1.2.1
[INFO] [stderr]     Checking constant_time_eq v0.3.1
[INFO] [stderr]     Checking lzo1x v0.2.2 (/opt/rustwide/workdir)
[INFO] [stderr]     Checking zopfli v0.8.1
[INFO] [stderr]    Compiling generic-array v0.14.7
[INFO] [stderr]     Checking bzip2 v0.6.0
[INFO] [stderr]    Compiling quote v1.0.35
[INFO] [stderr]     Checking time v0.3.41
[INFO] [stderr]    Compiling syn v2.0.104
[INFO] [stderr]    Compiling jobserver v0.1.27
[INFO] [stderr]     Checking libz-rs-sys v0.5.1
[INFO] [stderr]    Compiling cc v1.0.83
[INFO] [stderr]     Checking flate2 v1.1.2
[INFO] [stderr]     Checking crypto-common v0.1.6
[INFO] [stderr]     Checking block-buffer v0.10.4
[INFO] [stderr]     Checking inout v0.1.3
[INFO] [stderr]     Checking cipher v0.4.4
[INFO] [stderr]     Checking digest v0.10.7
[INFO] [stderr]    Compiling cmake v0.1.50
[INFO] [stderr]     Checking aes v0.8.4
[INFO] [stderr]     Checking hmac v0.12.1
[INFO] [stderr]     Checking sha1 v0.10.6
[INFO] [stderr]    Compiling zstd-sys v2.0.10+zstd.1.5.6
[INFO] [stderr]    Compiling liblzma-sys v0.4.4
[INFO] [stderr]     Checking pbkdf2 v0.12.2
[INFO] [stderr]    Compiling lzo-sys v1.0.0
[INFO] [stderr]     Checking liblzma v0.4.2
[INFO] [stderr]    Compiling zeroize_derive v1.4.2
[INFO] [stderr]     Checking zeroize v1.8.1
[INFO] [stderr]     Checking zstd v0.13.1
[INFO] [stderr]     Checking zip v4.3.0
[INFO] [stdout] error[E0061]: this function takes 2 arguments but 3 arguments were supplied
[INFO] [stdout]   --> tests/test.rs:41:5
[INFO] [stdout]    |
[INFO] [stdout] 41 |     test_main(&args, tests, None);
[INFO] [stdout]    |     ^^^^^^^^^               ---- unexpected argument #3 of type `Option<_>`
[INFO] [stdout]    |
[INFO] [stdout] note: expected `&[&TestDescAndFn]`, found `Vec<TestDescAndFn>`
[INFO] [stdout]   --> tests/test.rs:41:22
[INFO] [stdout]    |
[INFO] [stdout] 41 |     test_main(&args, tests, None);
[INFO] [stdout]    |                      ^^^^^
[INFO] [stdout]    = note: expected reference `&[&TestDescAndFn]`
[INFO] [stdout]                  found struct `Vec<TestDescAndFn>`
[INFO] [stdout] note: function defined here
[INFO] [stdout]   --> /rustc/3154cc1a3e6424e44f438a95007d043ed5ceaaf6/library/test/src/lib.rs:96:7
[INFO] [stdout] help: remove the extra argument
[INFO] [stdout]    |
[INFO] [stdout] 41 -     test_main(&args, tests, None);
[INFO] [stdout] 41 +     test_main(&args, /* &[&TestDescAndFn] */);
[INFO] [stdout]    |
[INFO] [stdout] 
[INFO] [stdout] 
[INFO] [stdout] error[E0308]: mismatched types
[INFO] [stdout]    --> tests/test.rs:98:35
[INFO] [stdout]     |
[INFO] [stdout]  98 |           testfn: TestFn::DynTestFn(Box::new(move || {
[INFO] [stdout]     |  _________________-----------------_^
[INFO] [stdout]     | |                 |
[INFO] [stdout]     | |                 arguments to this enum variant are incorrect
[INFO] [stdout]  99 | |             roundtrip_1(&data);
[INFO] [stdout] 100 | |
[INFO] [stdout] 101 | |             Ok(())
[INFO] [stdout] 102 | |         })),
[INFO] [stdout]     | |__________^ expected `Arc<dyn Fn() -> _ + Send + Sync>`, found `Box<{closure@test.rs:98:44}>`
[INFO] [stdout]     |
[INFO] [stdout]     = note: expected struct `Arc<(dyn Fn() -> Result<(), String> + Send + Sync + 'static)>`
[INFO] [stdout]                found struct `Box<{closure@tests/test.rs:98:44: 98:51}>`
[INFO] [stdout] note: tuple variant defined here
[INFO] [stdout]    --> /rustc/3154cc1a3e6424e44f438a95007d043ed5ceaaf6/library/test/src/types.rs:90:4
[INFO] [stdout] 
[INFO] [stdout] 
[INFO] [stdout] error[E0308]: mismatched types
[INFO] [stdout]    --> tests/test.rs:122:35
[INFO] [stdout]     |
[INFO] [stdout] 122 |           testfn: TestFn::DynTestFn(Box::new(move || {
[INFO] [stdout]     |  _________________-----------------_^
[INFO] [stdout]     | |                 |
[INFO] [stdout]     | |                 arguments to this enum variant are incorrect
[INFO] [stdout] 123 | |             roundtrip_1_optimize(&data);
[INFO] [stdout] 124 | |
[INFO] [stdout] 125 | |             Ok(())
[INFO] [stdout] 126 | |         })),
[INFO] [stdout]     | |__________^ expected `Arc<dyn Fn() -> _ + Send + Sync>`, found `Box<{closure@test.rs:122:44}>`
[INFO] [stdout]     |
[INFO] [stdout]     = note: expected struct `Arc<(dyn Fn() -> Result<(), String> + Send + Sync + 'static)>`
[INFO] [stdout]                found struct `Box<{closure@tests/test.rs:122:44: 122:51}>`
[INFO] [stdout] note: tuple variant defined here
[INFO] [stdout]    --> /rustc/3154cc1a3e6424e44f438a95007d043ed5ceaaf6/library/test/src/types.rs:90:4
[INFO] [stdout] 
[INFO] [stdout] 
[INFO] [stdout] error[E0308]: mismatched types
[INFO] [stdout]    --> tests/test.rs:146:35
[INFO] [stdout]     |
[INFO] [stdout] 146 |           testfn: TestFn::DynTestFn(Box::new(move || {
[INFO] [stdout]     |  _________________-----------------_^
[INFO] [stdout]     | |                 |
[INFO] [stdout]     | |                 arguments to this enum variant are incorrect
[INFO] [stdout] 147 | |             roundtrip_999(&data);
[INFO] [stdout] 148 | |
[INFO] [stdout] 149 | |             Ok(())
[INFO] [stdout] 150 | |         })),
[INFO] [stdout]     | |__________^ expected `Arc<dyn Fn() -> _ + Send + Sync>`, found `Box<{closure@test.rs:146:44}>`
[INFO] [stdout]     |
[INFO] [stdout]     = note: expected struct `Arc<(dyn Fn() -> Result<(), String> + Send + Sync + 'static)>`
[INFO] [stdout]                found struct `Box<{closure@tests/test.rs:146:44: 146:51}>`
[INFO] [stdout] note: tuple variant defined here
[INFO] [stdout]    --> /rustc/3154cc1a3e6424e44f438a95007d043ed5ceaaf6/library/test/src/types.rs:90:4
[INFO] [stdout] 
[INFO] [stdout] 
[INFO] [stdout] Some errors have detailed explanations: E0061, E0308.
[INFO] [stdout] 
[INFO] [stdout] For more information about an error, try `rustc --explain E0061`.
[INFO] [stdout] 
[INFO] [stderr] error: could not compile `lzo1x` (test "test") due to 4 previous errors
[INFO] [stderr] warning: build failed, waiting for other jobs to finish...
[INFO] running `Command { std: "docker" "inspect" "c2c584b9a47d1cc3389dca3523196e745e178618fd98c72de20f2befc38de980", kill_on_drop: false }`
[INFO] running `Command { std: "docker" "rm" "-f" "c2c584b9a47d1cc3389dca3523196e745e178618fd98c72de20f2befc38de980", kill_on_drop: false }`
[INFO] [stdout] c2c584b9a47d1cc3389dca3523196e745e178618fd98c72de20f2befc38de980
