[INFO] fetching crate lunaris-retrieve 0.8.0...
[INFO] checking lunaris-retrieve-0.8.0 against 3154cc1a3e6424e44f438a95007d043ed5ceaaf6+rustflags=-Znext-solver=coherence for pr-133502-30
[INFO] extracting crate lunaris-retrieve 0.8.0 into /workspace/builds/worker-6-tc1/source
[INFO] started tweaking crates.io crate lunaris-retrieve 0.8.0
[INFO] removed 0 missing tests
[INFO] finished tweaking crates.io crate lunaris-retrieve 0.8.0
[INFO] tweaked toml for crates.io crate lunaris-retrieve 0.8.0 written to /workspace/builds/worker-6-tc1/source/Cargo.toml
[INFO] validating manifest of crates.io crate lunaris-retrieve 0.8.0 on toolchain 3154cc1a3e6424e44f438a95007d043ed5ceaaf6
[INFO] running `Command { std: CARGO_HOME="/workspace/cargo-home" RUSTUP_HOME="/workspace/rustup-home" "/workspace/cargo-home/bin/cargo" "+3154cc1a3e6424e44f438a95007d043ed5ceaaf6" "metadata" "--manifest-path" "Cargo.toml" "--no-deps", kill_on_drop: false }`
[INFO] crate crates.io crate lunaris-retrieve 0.8.0 already has a lockfile, it will not be regenerated
[INFO] running `Command { std: CARGO_HOME="/workspace/cargo-home" RUSTUP_HOME="/workspace/rustup-home" "/workspace/cargo-home/bin/cargo" "+3154cc1a3e6424e44f438a95007d043ed5ceaaf6" "fetch" "--manifest-path" "Cargo.toml", kill_on_drop: false }`
[INFO] [stderr]     Blocking waiting for file lock on package cache
[INFO] [stderr]     Updating crates.io index
[INFO] [stderr]     Blocking waiting for file lock on package cache
[INFO] [stderr]  Downloading crates ...
[INFO] [stderr]   Downloaded tracing-log v0.2.0
[INFO] [stderr]   Downloaded sharded-slab v0.1.7
[INFO] [stderr]   Downloaded tracing-serde v0.2.0
[INFO] [stderr]   Downloaded thread_local v1.1.9
[INFO] [stderr]   Downloaded derive_builder_macro v0.20.2
[INFO] [stderr]   Downloaded macro_rules_attribute-proc_macro v0.2.2
[INFO] [stderr]   Downloaded darling_macro v0.20.11
[INFO] [stderr]   Downloaded castaway v0.2.4
[INFO] [stderr]   Downloaded matchers v0.2.0
[INFO] [stderr]   Downloaded lunaris-rerank v0.8.0
[INFO] [stderr]   Downloaded ident_case v1.0.1
[INFO] [stderr]   Downloaded rayon-cond v0.4.0
[INFO] [stderr]   Downloaded monostate-impl v0.1.18
[INFO] [stderr]   Downloaded lazy_static v1.5.0
[INFO] [stderr]   Downloaded macro_rules_attribute v0.2.2
[INFO] [stderr]   Downloaded monostate v0.1.18
[INFO] [stderr]   Downloaded crossbeam-deque v0.8.6
[INFO] [stderr]   Downloaded nu-ansi-term v0.50.3
[INFO] [stderr]   Downloaded derive_builder_core v0.20.2
[INFO] [stderr]   Downloaded dary_heap v0.3.9
[INFO] [stderr]   Downloaded either v1.15.0
[INFO] [stderr]   Downloaded derive_builder v0.20.2
[INFO] [stderr]   Downloaded unicase v2.9.0
[INFO] [stderr]   Downloaded lru v0.18.2
[INFO] [stderr]   Downloaded tracing-subscriber v0.3.23
[INFO] [stderr]   Downloaded crossbeam-epoch v0.9.20
[INFO] [stderr]   Downloaded onig v6.5.1
[INFO] [stderr]   Downloaded darling v0.20.11
[INFO] [stderr]   Downloaded ahash v0.8.12
[INFO] [stderr]   Downloaded base64 v0.13.1
[INFO] [stderr]   Downloaded allocator-api2 v0.2.21
[INFO] [stderr]   Downloaded darling_core v0.20.11
[INFO] [stderr]   Downloaded compact_str v0.9.0
[INFO] [stderr]   Downloaded unicode_categories v0.1.1
[INFO] [stderr]   Downloaded unicode-normalization-alignments v0.1.12
[INFO] [stderr]   Downloaded minimal-lexical v0.2.1
[INFO] [stderr]   Downloaded rayon-core v1.13.0
[INFO] [stderr]   Downloaded unicode-segmentation v1.13.2
[INFO] [stderr]   Downloaded nom v7.1.3
[INFO] [stderr]   Downloaded lunaris-ingest v0.8.0
[INFO] [stderr]   Downloaded aho-corasick v1.1.4
[INFO] [stderr]   Downloaded tokenizers v0.22.2
[INFO] [stderr]   Downloaded regex v1.12.3
[INFO] [stderr]   Downloaded rayon v1.12.0
[INFO] [stderr]   Downloaded itertools v0.14.0
[INFO] [stderr]   Downloaded esaxx-rs v0.1.10
[INFO] [stderr]   Downloaded pulldown-cmark v0.13.3
[INFO] [stderr]   Downloaded lunaris-storage-moon v0.8.0
[INFO] [stderr]   Downloaded regex-syntax v0.8.10
[INFO] [stderr]   Downloaded spm_precompiled v0.1.4
[INFO] [stderr]   Downloaded regex-automata v0.4.14
[INFO] [stderr]   Downloaded onig_sys v69.9.1
[INFO] running `Command { std: "docker" "create" "-v" "/var/lib/crater-agent-workspace/builds/worker-6-tc1/source:/opt/rustwide/workdir:ro,Z" "-v" "/var/lib/crater-agent-workspace/builds/worker-6-tc1/target:/opt/rustwide/target:rw,Z" "-v" "/var/lib/crater-agent-workspace/cargo-home:/opt/rustwide/cargo-home:ro,Z" "-v" "/var/lib/crater-agent-workspace/rustup-home:/opt/rustwide/rustup-home:ro,Z" "-m" "1610612736" "--network" "none" "ghcr.io/rust-lang/crates-build-env/linux@sha256:77db811e55d90add9212f6832c23229e3de5f1c1f9905e8cb07319ea15df73ac" "sleep" "infinity", kill_on_drop: false }`
[INFO] [stdout] 5d50ab4a466e636166fb3eb2d05e7bdc8b3a867b92e913a8275146973935d55d
[INFO] running `Command { std: "docker" "start" "5d50ab4a466e636166fb3eb2d05e7bdc8b3a867b92e913a8275146973935d55d", kill_on_drop: false }`
[INFO] running `Command { std: "docker" "inspect" "5d50ab4a466e636166fb3eb2d05e7bdc8b3a867b92e913a8275146973935d55d", kill_on_drop: false }`
[INFO] running `Command { std: "docker" "exec" "-e" "SOURCE_DIR=/opt/rustwide/workdir" "-e" "CARGO_HOME=/opt/rustwide/cargo-home" "-e" "RUSTUP_HOME=/opt/rustwide/rustup-home" "-e" "CARGO_TARGET_DIR=/opt/rustwide/target" "-w" "/opt/rustwide/workdir" "--user" "0:0" "5d50ab4a466e636166fb3eb2d05e7bdc8b3a867b92e913a8275146973935d55d" "/opt/rustwide/cargo-home/bin/cargo" "+3154cc1a3e6424e44f438a95007d043ed5ceaaf6" "metadata" "--no-deps" "--format-version=1", kill_on_drop: false }`
[INFO] running `Command { std: "docker" "inspect" "5d50ab4a466e636166fb3eb2d05e7bdc8b3a867b92e913a8275146973935d55d", kill_on_drop: false }`
[INFO] running `Command { std: "docker" "exec" "-e" "SOURCE_DIR=/opt/rustwide/workdir" "-e" "CARGO_HOME=/opt/rustwide/cargo-home" "-e" "RUSTUP_HOME=/opt/rustwide/rustup-home" "-e" "CARGO_TARGET_DIR=/opt/rustwide/target" "-e" "CARGO_INCREMENTAL=0" "-e" "RUST_BACKTRACE=full" "-e" "RUSTFLAGS=--cap-lints=forbid -Znext-solver=coherence" "-e" "RUSTDOCFLAGS=--cap-lints=forbid" "-w" "/opt/rustwide/workdir" "--user" "0:0" "5d50ab4a466e636166fb3eb2d05e7bdc8b3a867b92e913a8275146973935d55d" "/opt/rustwide/cargo-home/bin/cargo" "+3154cc1a3e6424e44f438a95007d043ed5ceaaf6" "check" "--frozen" "--all" "--all-targets" "--message-format=json", kill_on_drop: false }`
[INFO] [stderr]    Compiling proc-macro2 v1.0.106
[INFO] [stderr]    Compiling quote v1.0.45
[INFO] [stderr]    Compiling unicode-ident v1.0.24
[INFO] [stderr]    Compiling libc v0.2.186
[INFO] [stderr]    Compiling serde_core v1.0.228
[INFO] [stderr]     Checking cfg-if v1.0.4
[INFO] [stderr]     Checking memchr v2.8.0
[INFO] [stderr]     Checking smallvec v1.15.1
[INFO] [stderr]    Compiling serde v1.0.228
[INFO] [stderr]     Checking pin-project-lite v0.2.17
[INFO] [stderr]     Checking once_cell v1.21.4
[INFO] [stderr]     Checking stable_deref_trait v1.2.1
[INFO] [stderr]    Compiling crossbeam-utils v0.8.21
[INFO] [stderr]     Checking futures-core v0.3.32
[INFO] [stderr]     Checking futures-sink v0.3.32
[INFO] [stderr]    Compiling shlex v2.0.1
[INFO] [stderr]    Compiling parking_lot_core v0.9.12
[INFO] [stderr]    Compiling find-msvc-tools v0.1.9
[INFO] [stderr]    Compiling zerocopy v0.8.48
[INFO] [stderr]    Compiling autocfg v1.5.0
[INFO] [stderr]     Checking scopeguard v1.2.0
[INFO] [stderr]    Compiling getrandom v0.3.4
[INFO] [stderr]     Checking lock_api v0.4.14
[INFO] [stderr]     Checking futures-channel v0.3.32
[INFO] [stderr]    Compiling cc v1.2.66
[INFO] [stderr]    Compiling num-traits v0.2.19
[INFO] [stderr]     Checking tracing-core v0.1.36
[INFO] [stderr]     Checking futures-io v0.3.32
[INFO] [stderr]     Checking bytes v1.11.1
[INFO] [stderr]     Checking futures-task v0.3.32
[INFO] [stderr]     Checking slab v0.4.12
[INFO] [stderr]     Checking itoa v1.0.18
[INFO] [stderr]    Compiling zmij v1.0.21
[INFO] [stderr]     Checking litemap v0.8.2
[INFO] [stderr]    Compiling serde_json v1.0.149
[INFO] [stderr]     Checking writeable v0.6.3
[INFO] [stderr]    Compiling thiserror v2.0.18
[INFO] [stderr]    Compiling rustversion v1.0.22
[INFO] [stderr]    Compiling icu_normalizer_data v2.2.0
[INFO] [stderr]    Compiling icu_properties_data v2.2.0
[INFO] [stderr]     Checking utf8_iter v1.0.4
[INFO] [stderr]    Compiling anyhow v1.0.103
[INFO] [stderr]     Checking option-ext v0.2.0
[INFO] [stderr]     Checking allocator-api2 v0.2.21
[INFO] [stderr]     Checking arrayref v0.3.9
[INFO] [stderr]    Compiling fnv v1.0.7
[INFO] [stderr]    Compiling crossbeam-epoch v0.9.20
[INFO] [stderr]     Checking equivalent v1.0.2
[INFO] [stderr]     Checking arrayvec v0.7.6
[INFO] [stderr]     Checking constant_time_eq v0.4.2
[INFO] [stderr]     Checking iana-time-zone v0.1.65
[INFO] [stderr]     Checking foldhash v0.2.0
[INFO] [stderr]    Compiling strsim v0.11.1
[INFO] [stderr]     Checking cpufeatures v0.3.0
[INFO] [stderr]    Compiling ident_case v1.0.1
[INFO] [stderr]     Checking concurrent-queue v2.5.0
[INFO] [stderr]     Checking ryu v1.0.23
[INFO] [stderr]     Checking parking v2.2.1
[INFO] [stderr]     Checking aho-corasick v1.1.4
[INFO] [stderr]    Compiling syn v2.0.117
[INFO] [stderr]    Compiling rayon-core v1.13.0
[INFO] [stderr]     Checking percent-encoding v2.3.2
[INFO] [stderr]     Checking hashbrown v0.17.0
[INFO] [stderr]    Compiling pkg-config v0.3.33
[INFO] [stderr]     Checking regex-syntax v0.8.10
[INFO] [stderr]     Checking crossbeam-deque v0.8.6
[INFO] [stderr]     Checking either v1.15.0
[INFO] [stderr]     Checking event-listener v5.4.1
[INFO] [stderr]     Checking form_urlencoded v1.2.2
[INFO] [stderr]    Compiling paste v1.0.15
[INFO] [stderr]     Checking toml_write v0.1.2
[INFO] [stderr]     Checking winnow v0.7.15
[INFO] [stderr]     Checking fastrand v2.4.1
[INFO] [stderr]    Compiling version_check v0.9.5
[INFO] [stderr]     Checking event-listener-strategy v0.5.4
[INFO] [stderr]     Checking arc-swap v1.9.1
[INFO] [stderr]     Checking async-lock v3.4.2
[INFO] [stderr]     Checking backon v1.6.0
[INFO] [stderr]     Checking num-integer v0.1.46
[INFO] [stderr]    Compiling esaxx-rs v0.1.10
[INFO] [stderr]     Checking indexmap v2.14.0
[INFO] [stderr]     Checking bitflags v2.11.1
[INFO] [stderr]     Checking log v0.4.29
[INFO] [stderr]     Checking minimal-lexical v0.2.1
[INFO] [stderr]     Checking num-bigint v0.4.6
[INFO] [stderr]     Checking arcstr v1.2.0
[INFO] [stderr]    Compiling ahash v0.8.12
[INFO] [stderr]     Checking sha1_smol v1.0.1
[INFO] [stderr]     Checking xxhash-rust v0.8.15
[INFO] [stderr]     Checking rayon v1.12.0
[INFO] [stderr]     Checking itertools v0.14.0
[INFO] [stderr]     Checking castaway v0.2.4
[INFO] [stderr]     Checking static_assertions v1.1.0
[INFO] [stderr]     Checking unicode-segmentation v1.13.2
[INFO] [stderr]     Checking hex v0.4.3
[INFO] [stderr]     Checking nom v7.1.3
[INFO] [stderr]     Checking errno v0.3.14
[INFO] [stderr]     Checking mio v1.2.0
[INFO] [stderr]     Checking signal-hook-registry v1.4.8
[INFO] [stderr]     Checking socket2 v0.6.3
[INFO] [stderr]     Checking parking_lot v0.12.5
[INFO] [stderr]    Compiling blake3 v1.8.4
[INFO] [stderr]     Checking dirs-sys v0.5.0
[INFO] [stderr]    Compiling onig_sys v69.9.1
[INFO] [stderr]     Checking rand_core v0.9.5
[INFO] [stderr]     Checking dirs v6.0.0
[INFO] [stderr]     Checking base64 v0.13.1
[INFO] [stderr]    Compiling pulldown-cmark v0.13.3
[INFO] [stderr]    Compiling macro_rules_attribute-proc_macro v0.2.2
[INFO] [stderr]     Checking unicode-normalization-alignments v0.1.12
[INFO] [stderr]     Checking smol_str v0.3.6
[INFO] [stderr]     Checking lazy_static v1.5.0
[INFO] [stderr]     Checking tower-layer v0.3.3
[INFO] [stderr]     Checking tower-service v0.3.3
[INFO] [stderr]     Checking unicase v2.9.0
[INFO] [stderr]     Checking sync_wrapper v1.0.2
[INFO] [stderr]     Checking macro_rules_attribute v0.2.2
[INFO] [stderr]     Checking unicode_categories v0.1.1
[INFO] [stderr]     Checking sharded-slab v0.1.7
[INFO] [stderr]     Checking tracing-log v0.2.0
[INFO] [stderr]     Checking lru v0.18.2
[INFO] [stderr]     Checking thread_local v1.1.9
[INFO] [stderr]     Checking nu-ansi-term v0.50.3
[INFO] [stderr]     Checking regex-automata v0.4.14
[INFO] [stderr]     Checking rayon-cond v0.4.0
[INFO] [stderr]     Checking regex v1.12.3
[INFO] [stderr]     Checking matchers v0.2.0
[INFO] [stderr]     Checking ppv-lite86 v0.2.21
[INFO] [stderr]    Compiling synstructure v0.13.2
[INFO] [stderr]    Compiling darling_core v0.20.11
[INFO] [stderr]     Checking rand_chacha v0.9.0
[INFO] [stderr]     Checking rand v0.9.4
[INFO] [stderr]    Compiling serde_derive v1.0.228
[INFO] [stderr]    Compiling zerofrom-derive v0.1.7
[INFO] [stderr]    Compiling yoke-derive v0.8.2
[INFO] [stderr]    Compiling zerovec-derive v0.11.3
[INFO] [stderr]    Compiling displaydoc v0.2.5
[INFO] [stderr]    Compiling futures-macro v0.3.32
[INFO] [stderr]    Compiling tokio-macros v2.7.0
[INFO] [stderr]    Compiling tracing-attributes v0.1.31
[INFO] [stderr]    Compiling thiserror-impl v2.0.18
[INFO] [stderr]    Compiling async-trait v0.1.89
[INFO] [stderr]    Compiling monostate-impl v0.1.18
[INFO] [stderr]     Checking monostate v0.1.18
[INFO] [stderr]     Checking onig v6.5.1
[INFO] [stderr]     Checking tokio v1.52.1
[INFO] [stderr]     Checking zerofrom v0.1.7
[INFO] [stderr]     Checking futures-util v0.3.32
[INFO] [stderr]     Checking tracing v0.1.44
[INFO] [stderr]     Checking yoke v0.8.2
[INFO] [stderr]     Checking zerovec v0.11.6
[INFO] [stderr]     Checking zerotrie v0.2.4
[INFO] [stderr]    Compiling darling_macro v0.20.11
[INFO] [stderr]     Checking tinystr v0.8.3
[INFO] [stderr]     Checking potential_utf v0.1.5
[INFO] [stderr]     Checking icu_collections v2.2.0
[INFO] [stderr]     Checking icu_locale_core v2.2.0
[INFO] [stderr]    Compiling darling v0.20.11
[INFO] [stderr]    Compiling derive_builder_core v0.20.2
[INFO] [stderr]    Compiling derive_builder_macro v0.20.2
[INFO] [stderr]     Checking icu_provider v2.2.0
[INFO] [stderr]     Checking derive_builder v0.20.2
[INFO] [stderr]     Checking icu_properties v2.2.0
[INFO] [stderr]     Checking icu_normalizer v2.2.0
[INFO] [stderr]     Checking futures-executor v0.3.32
[INFO] [stderr]     Checking futures v0.3.32
[INFO] [stderr]     Checking chrono v0.4.44
[INFO] [stderr]     Checking ulid v1.2.1
[INFO] [stderr]     Checking serde_spanned v0.6.9
[INFO] [stderr]     Checking toml_datetime v0.6.11
[INFO] [stderr]     Checking spm_precompiled v0.1.4
[INFO] [stderr]     Checking compact_str v0.9.0
[INFO] [stderr]     Checking dary_heap v0.3.9
[INFO] [stderr]     Checking tracing-serde v0.2.0
[INFO] [stderr]     Checking toml_edit v0.22.27
[INFO] [stderr]     Checking tracing-subscriber v0.3.23
[INFO] [stderr]     Checking idna_adapter v1.2.1
[INFO] [stderr]     Checking idna v1.1.0
[INFO] [stderr]     Checking tokenizers v0.22.2
[INFO] [stderr]     Checking url v2.5.8
[INFO] [stderr]     Checking toml v0.8.23
[INFO] [stderr]     Checking lunaris-core v0.8.0
[INFO] [stderr]     Checking tokio-util v0.7.18
[INFO] [stderr]     Checking combine v4.6.7
[INFO] [stderr]     Checking tower v0.5.3
[INFO] [stderr]     Checking lunaris-llm v0.8.0
[INFO] [stderr]     Checking lunaris-rerank v0.8.0
[INFO] [stderr]     Checking lunaris-extract v0.8.0
[INFO] [stderr]     Checking lunaris-ingest v0.8.0
[INFO] [stderr]     Checking redis v1.2.0
[INFO] [stderr]     Checking moondb v0.3.0
[INFO] [stderr]     Checking lunaris-storage-moon v0.8.0
[INFO] [stderr]     Checking lunaris-retrieve v0.8.0 (/opt/rustwide/workdir)
[INFO] [stdout] error[E0432]: unresolved import `lunaris_test_harness`
[INFO] [stdout]   --> tests/hybrid_filter_common/mod.rs:51:5
[INFO] [stdout]    |
[INFO] [stdout] 51 | use lunaris_test_harness::EphemeralMoon;
[INFO] [stdout]    |     ^^^^^^^^^^^^^^^^^^^^ use of unresolved module or unlinked crate `lunaris_test_harness`
[INFO] [stdout]    |
[INFO] [stdout]    = help: if you wanted to use a crate named `lunaris_test_harness`, use `cargo add lunaris_test_harness` to add it to your `Cargo.toml`
[INFO] [stdout] 
[INFO] [stdout] 
[INFO] [stdout] error[E0432]: unresolved import `lunaris_test_harness`
[INFO] [stdout]   --> tests/hybrid_filter_common/mod.rs:51:5
[INFO] [stdout]    |
[INFO] [stdout] 51 | use lunaris_test_harness::EphemeralMoon;
[INFO] [stdout]    |     ^^^^^^^^^^^^^^^^^^^^ use of unresolved module or unlinked crate `lunaris_test_harness`
[INFO] [stdout]    |
[INFO] [stdout]    = help: if you wanted to use a crate named `lunaris_test_harness`, use `cargo add lunaris_test_harness` to add it to your `Cargo.toml`
[INFO] [stdout] 
[INFO] [stdout] 
[INFO] [stdout] error[E0433]: cannot find module or crate `lunaris_test_harness` in this scope
[INFO] [stdout]   --> tests/hybrid_filter_common/mod.rs:81:13
[INFO] [stdout]    |
[INFO] [stdout] 81 |             lunaris_test_harness::strict_skip::note_unavailable(format!(
[INFO] [stdout]    |             ^^^^^^^^^^^^^^^^^^^^ use of unresolved module or unlinked crate `lunaris_test_harness`
[INFO] [stdout]    |
[INFO] [stdout]    = help: if you wanted to use a crate named `lunaris_test_harness`, use `cargo add lunaris_test_harness` to add it to your `Cargo.toml`
[INFO] [stdout] 
[INFO] [stdout] 
[INFO] [stdout] warning: method call on a diverging inference variable
[INFO] [stdout]   --> tests/hybrid_filter_common/mod.rs:88:54
[INFO] [stdout]    |
[INFO] [stdout] 88 |     let storage = MoonStorage::connect_with_dim(moon.url(), DIM)
[INFO] [stdout]    |                                                      ^^^
[INFO] [stdout]    |
[INFO] [stdout]    = help: consider providing a type annotation
[INFO] [stdout]    = warning: this was previously accepted by the compiler but is being phased out; it will become a hard error in a future release!
[INFO] [stdout]    = note: for more information, see issue #156047 <https://github.com/rust-lang/rust/issues/156047>
[INFO] [stdout]    = note: `#[warn(method_call_on_diverging_infer_var)]` (part of `#[warn(future_incompatible)]`) on by default
[INFO] [stdout] 
[INFO] [stdout] 
[INFO] [stdout] error[E0432]: unresolved import `lunaris_test_harness`
[INFO] [stdout]   --> tests/hybrid_filter_common/mod.rs:51:5
[INFO] [stdout]    |
[INFO] [stdout] 51 | use lunaris_test_harness::EphemeralMoon;
[INFO] [stdout]    |     ^^^^^^^^^^^^^^^^^^^^ use of unresolved module or unlinked crate `lunaris_test_harness`
[INFO] [stdout]    |
[INFO] [stdout]    = help: if you wanted to use a crate named `lunaris_test_harness`, use `cargo add lunaris_test_harness` to add it to your `Cargo.toml`
[INFO] [stdout] 
[INFO] [stdout] 
[INFO] [stdout] error[E0433]: cannot find module or crate `lunaris_test_harness` in this scope
[INFO] [stdout]   --> tests/hybrid_filter_common/mod.rs:81:13
[INFO] [stdout]    |
[INFO] [stdout] 81 |             lunaris_test_harness::strict_skip::note_unavailable(format!(
[INFO] [stdout]    |             ^^^^^^^^^^^^^^^^^^^^ use of unresolved module or unlinked crate `lunaris_test_harness`
[INFO] [stdout]    |
[INFO] [stdout]    = help: if you wanted to use a crate named `lunaris_test_harness`, use `cargo add lunaris_test_harness` to add it to your `Cargo.toml`
[INFO] [stdout] 
[INFO] [stdout] 
[INFO] [stdout] warning: method call on a diverging inference variable
[INFO] [stdout]   --> tests/hybrid_filter_common/mod.rs:88:54
[INFO] [stdout]    |
[INFO] [stdout] 88 |     let storage = MoonStorage::connect_with_dim(moon.url(), DIM)
[INFO] [stdout]    |                                                      ^^^
[INFO] [stdout]    |
[INFO] [stdout]    = help: consider providing a type annotation
[INFO] [stdout]    = warning: this was previously accepted by the compiler but is being phased out; it will become a hard error in a future release!
[INFO] [stdout]    = note: for more information, see issue #156047 <https://github.com/rust-lang/rust/issues/156047>
[INFO] [stdout]    = note: `#[warn(method_call_on_diverging_infer_var)]` (part of `#[warn(future_incompatible)]`) on by default
[INFO] [stdout] 
[INFO] [stdout] 
[INFO] [stdout] error[E0599]: no method named `url` found for type `!` in the current scope
[INFO] [stdout]   --> tests/hybrid_filter_common/mod.rs:88:54
[INFO] [stdout]    |
[INFO] [stdout] 88 |     let storage = MoonStorage::connect_with_dim(moon.url(), DIM)
[INFO] [stdout]    |                                                      ^^^ method not found in `!`
[INFO] [stdout] 
[INFO] [stdout] 
[INFO] [stdout] warning: unreachable call
[INFO] [stdout]   --> tests/hybrid_filter_common/mod.rs:91:11
[INFO] [stdout]    |
[INFO] [stdout] 91 |     Some((Some(moon), Arc::new(storage)))
[INFO] [stdout]    |           ^^^^ ---- any code following this expression is unreachable
[INFO] [stdout]    |           |
[INFO] [stdout]    |           unreachable call
[INFO] [stdout]    |
[INFO] [stdout]    = note: `#[warn(unreachable_code)]` (part of `#[warn(unused)]`) on by default
[INFO] [stdout] 
[INFO] [stdout] 
[INFO] [stdout] error[E0433]: cannot find module or crate `lunaris_test_harness` in this scope
[INFO] [stdout]   --> tests/hybrid_filter_common/mod.rs:81:13
[INFO] [stdout]    |
[INFO] [stdout] 81 |             lunaris_test_harness::strict_skip::note_unavailable(format!(
[INFO] [stdout]    |             ^^^^^^^^^^^^^^^^^^^^ use of unresolved module or unlinked crate `lunaris_test_harness`
[INFO] [stdout]    |
[INFO] [stdout]    = help: if you wanted to use a crate named `lunaris_test_harness`, use `cargo add lunaris_test_harness` to add it to your `Cargo.toml`
[INFO] [stdout] 
[INFO] [stdout] 
[INFO] [stdout] warning: method call on a diverging inference variable
[INFO] [stdout]   --> tests/hybrid_filter_common/mod.rs:88:54
[INFO] [stdout]    |
[INFO] [stdout] 88 |     let storage = MoonStorage::connect_with_dim(moon.url(), DIM)
[INFO] [stdout]    |                                                      ^^^
[INFO] [stdout]    |
[INFO] [stdout]    = help: consider providing a type annotation
[INFO] [stdout]    = warning: this was previously accepted by the compiler but is being phased out; it will become a hard error in a future release!
[INFO] [stdout]    = note: for more information, see issue #156047 <https://github.com/rust-lang/rust/issues/156047>
[INFO] [stdout]    = note: `#[warn(method_call_on_diverging_infer_var)]` (part of `#[warn(future_incompatible)]`) on by default
[INFO] [stdout] 
[INFO] [stdout] 
[INFO] [stdout] error[E0599]: no method named `url` found for type `!` in the current scope
[INFO] [stdout]   --> tests/hybrid_filter_common/mod.rs:88:54
[INFO] [stdout]    |
[INFO] [stdout] 88 |     let storage = MoonStorage::connect_with_dim(moon.url(), DIM)
[INFO] [stdout]    |                                                      ^^^ method not found in `!`
[INFO] [stdout] 
[INFO] [stdout] 
[INFO] [stdout] warning: unreachable call
[INFO] [stdout]   --> tests/hybrid_filter_common/mod.rs:91:11
[INFO] [stdout]    |
[INFO] [stdout] 91 |     Some((Some(moon), Arc::new(storage)))
[INFO] [stdout]    |           ^^^^ ---- any code following this expression is unreachable
[INFO] [stdout]    |           |
[INFO] [stdout]    |           unreachable call
[INFO] [stdout]    |
[INFO] [stdout]    = note: `#[warn(unreachable_code)]` (part of `#[warn(unused)]`) on by default
[INFO] [stdout] 
[INFO] [stdout] 
[INFO] [stdout] Some errors have detailed explanations: E0432, E0433, E0599.
[INFO] [stdout] 
[INFO] [stdout] For more information about an error, try `rustc --explain E0432`.
[INFO] [stdout] 
[INFO] [stderr] error: could not compile `lunaris-retrieve` (test "hybrid_filter_k_starvation") due to 3 previous errors; 3 warnings emitted
[INFO] [stderr] warning: build failed, waiting for other jobs to finish...
[INFO] [stdout] error[E0599]: no method named `url` found for type `!` in the current scope
[INFO] [stdout]   --> tests/hybrid_filter_common/mod.rs:88:54
[INFO] [stdout]    |
[INFO] [stdout] 88 |     let storage = MoonStorage::connect_with_dim(moon.url(), DIM)
[INFO] [stdout]    |                                                      ^^^ method not found in `!`
[INFO] [stdout] 
[INFO] [stdout] 
[INFO] [stdout] error[E0433]: cannot find module or crate `lunaris_test_harness` in this scope
[INFO] [stdout]    --> tests/d_aggregate_operator.rs:187:5
[INFO] [stdout]     |
[INFO] [stdout] 187 |     lunaris_test_harness::live_probe::reachable(url)
[INFO] [stdout]     |     ^^^^^^^^^^^^^^^^^^^^ use of unresolved module or unlinked crate `lunaris_test_harness`
[INFO] [stdout]     |
[INFO] [stdout]     = help: if you wanted to use a crate named `lunaris_test_harness`, use `cargo add lunaris_test_harness` to add it to your `Cargo.toml`
[INFO] [stdout] 
[INFO] [stdout] 
[INFO] [stdout] warning: unreachable call
[INFO] [stdout]   --> tests/hybrid_filter_common/mod.rs:91:11
[INFO] [stdout]    |
[INFO] [stdout] 91 |     Some((Some(moon), Arc::new(storage)))
[INFO] [stdout]    |           ^^^^ ---- any code following this expression is unreachable
[INFO] [stdout]    |           |
[INFO] [stdout]    |           unreachable call
[INFO] [stdout]    |
[INFO] [stdout]    = note: `#[warn(unreachable_code)]` (part of `#[warn(unused)]`) on by default
[INFO] [stdout] 
[INFO] [stdout] 
[INFO] [stdout] error[E0433]: cannot find module or crate `lunaris_test_harness` in this scope
[INFO] [stdout]    --> tests/d_aggregate_operator.rs:245:9
[INFO] [stdout]     |
[INFO] [stdout] 245 |         lunaris_test_harness::strict_skip::note_unavailable(format!(
[INFO] [stdout]     |         ^^^^^^^^^^^^^^^^^^^^ use of unresolved module or unlinked crate `lunaris_test_harness`
[INFO] [stdout]     |
[INFO] [stdout]     = help: if you wanted to use a crate named `lunaris_test_harness`, use `cargo add lunaris_test_harness` to add it to your `Cargo.toml`
[INFO] [stdout] 
[INFO] [stdout] 
[INFO] [stdout] Some errors have detailed explanations: E0432, E0433, E0599.
[INFO] [stdout] 
[INFO] [stdout] For more information about an error, try `rustc --explain E0432`.
[INFO] [stdout] 
[INFO] [stdout] error[E0433]: cannot find module or crate `lunaris_test_harness` in this scope
[INFO] [stdout]    --> tests/d_aggregate_operator.rs:306:9
[INFO] [stdout]     |
[INFO] [stdout] 306 |         lunaris_test_harness::strict_skip::note_unavailable(format!(
[INFO] [stdout]     |         ^^^^^^^^^^^^^^^^^^^^ use of unresolved module or unlinked crate `lunaris_test_harness`
[INFO] [stdout]     |
[INFO] [stdout]     = help: if you wanted to use a crate named `lunaris_test_harness`, use `cargo add lunaris_test_harness` to add it to your `Cargo.toml`
[INFO] [stdout] 
[INFO] [stdout] 
[INFO] [stderr] error: could not compile `lunaris-retrieve` (test "valid_time_half_open_hybrid") due to 3 previous errors; 3 warnings emitted
[INFO] [stdout] error[E0433]: cannot find module or crate `lunaris_test_harness` in this scope
[INFO] [stdout]   --> tests/tree_recall.rs:59:11
[INFO] [stdout]    |
[INFO] [stdout] 59 |     match lunaris_test_harness::EphemeralMoon::spawn().await {
[INFO] [stdout]    |           ^^^^^^^^^^^^^^^^^^^^ use of unresolved module or unlinked crate `lunaris_test_harness`
[INFO] [stdout]    |
[INFO] [stdout]    = help: if you wanted to use a crate named `lunaris_test_harness`, use `cargo add lunaris_test_harness` to add it to your `Cargo.toml`
[INFO] [stdout] 
[INFO] [stdout] 
[INFO] [stdout] error[E0433]: cannot find module or crate `lunaris_test_harness` in this scope
[INFO] [stdout]   --> tests/navigate_filter_moon.rs:31:9
[INFO] [stdout]    |
[INFO] [stdout] 31 |         lunaris_test_harness::strict_skip::note_unavailable("MOON_URL unset");
[INFO] [stdout]    |         ^^^^^^^^^^^^^^^^^^^^ use of unresolved module or unlinked crate `lunaris_test_harness`
[INFO] [stdout]    |
[INFO] [stdout]    = help: if you wanted to use a crate named `lunaris_test_harness`, use `cargo add lunaris_test_harness` to add it to your `Cargo.toml`
[INFO] [stdout] 
[INFO] [stdout] 
[INFO] [stdout] error[E0433]: cannot find module or crate `lunaris_test_harness` in this scope
[INFO] [stdout]   --> tests/tree_recall.rs:65:13
[INFO] [stdout]    |
[INFO] [stdout] 65 |             lunaris_test_harness::strict_skip::note_unavailable(format!(
[INFO] [stdout]    |             ^^^^^^^^^^^^^^^^^^^^ use of unresolved module or unlinked crate `lunaris_test_harness`
[INFO] [stdout]    |
[INFO] [stdout]    = help: if you wanted to use a crate named `lunaris_test_harness`, use `cargo add lunaris_test_harness` to add it to your `Cargo.toml`
[INFO] [stdout] 
[INFO] [stdout] 
[INFO] [stdout] error[E0433]: cannot find module or crate `lunaris_test_harness` in this scope
[INFO] [stdout]   --> tests/navigate_filter_moon.rs:37:13
[INFO] [stdout]    |
[INFO] [stdout] 37 |             lunaris_test_harness::strict_skip::note_unavailable(format!(
[INFO] [stdout]    |             ^^^^^^^^^^^^^^^^^^^^ use of unresolved module or unlinked crate `lunaris_test_harness`
[INFO] [stdout]    |
[INFO] [stdout]    = help: if you wanted to use a crate named `lunaris_test_harness`, use `cargo add lunaris_test_harness` to add it to your `Cargo.toml`
[INFO] [stdout] 
[INFO] [stdout] 
[INFO] [stdout] Some errors have detailed explanations: E0432, E0433, E0599.
[INFO] [stdout] 
[INFO] [stdout] For more information about an error, try `rustc --explain E0432`.
[INFO] [stdout] 
[INFO] [stderr] error: could not compile `lunaris-retrieve` (test "hybrid_filter_and_or") due to 3 previous errors; 3 warnings emitted
[INFO] [stdout] error[E0277]: the size for values of type `str` cannot be known at compilation time
[INFO] [stdout]    --> tests/tree_recall.rs:198:22
[INFO] [stdout]     |
[INFO] [stdout] 198 |     let Some((_moon, url)) = acquire_moon().await else { return };
[INFO] [stdout]     |                      ^^^ doesn't have a size known at compile-time
[INFO] [stdout]     |
[INFO] [stdout]     = help: the trait `Sized` is not implemented for `str`
[INFO] [stdout]     = note: all local variables must have a statically known size
[INFO] [stdout] 
[INFO] [stdout] 
[INFO] [stdout] error[E0277]: the size for values of type `str` cannot be known at compilation time
[INFO] [stdout]    --> tests/tree_recall.rs:394:22
[INFO] [stdout]     |
[INFO] [stdout] 394 |     let Some((_moon, url)) = acquire_moon().await else { return };
[INFO] [stdout]     |                      ^^^ doesn't have a size known at compile-time
[INFO] [stdout]     |
[INFO] [stdout]     = help: the trait `Sized` is not implemented for `str`
[INFO] [stdout]     = note: all local variables must have a statically known size
[INFO] [stdout] 
[INFO] [stdout] 
[INFO] [stdout] For more information about this error, try `rustc --explain E0433`.
[INFO] [stdout] 
[INFO] [stderr] error: could not compile `lunaris-retrieve` (test "navigate_filter_moon") due to 2 previous errors
[INFO] [stdout] error[E0433]: cannot find module or crate `lunaris_test_harness` in this scope
[INFO] [stdout]   --> tests/tree_recall.rs:55:43
[INFO] [stdout]    |
[INFO] [stdout] 55 | async fn acquire_moon() -> Option<(Option<lunaris_test_harness::EphemeralMoon>, String)> {
[INFO] [stdout]    |                                           ^^^^^^^^^^^^^^^^^^^^ use of unresolved module or unlinked crate `lunaris_test_harness`
[INFO] [stdout]    |
[INFO] [stdout]    = help: if you wanted to use a crate named `lunaris_test_harness`, use `cargo add lunaris_test_harness` to add it to your `Cargo.toml`
[INFO] [stdout] 
[INFO] [stdout] 
[INFO] [stdout] Some errors have detailed explanations: E0277, E0433.
[INFO] [stdout] 
[INFO] [stdout] For more information about an error, try `rustc --explain E0277`.
[INFO] [stdout] 
[INFO] [stdout] For more information about this error, try `rustc --explain E0433`.
[INFO] [stdout] 
[INFO] [stderr] error: could not compile `lunaris-retrieve` (test "d_aggregate_operator") due to 3 previous errors
[INFO] [stderr] error: could not compile `lunaris-retrieve` (test "tree_recall") due to 5 previous errors
[INFO] running `Command { std: "docker" "inspect" "5d50ab4a466e636166fb3eb2d05e7bdc8b3a867b92e913a8275146973935d55d", kill_on_drop: false }`
[INFO] running `Command { std: "docker" "rm" "-f" "5d50ab4a466e636166fb3eb2d05e7bdc8b3a867b92e913a8275146973935d55d", kill_on_drop: false }`
[INFO] [stdout] 5d50ab4a466e636166fb3eb2d05e7bdc8b3a867b92e913a8275146973935d55d
