[INFO] fetching crate lox-space 0.1.0-alpha.50...
[INFO] checking lox-space-0.1.0-alpha.50 against 3154cc1a3e6424e44f438a95007d043ed5ceaaf6 for pr-133502-30
[INFO] extracting crate lox-space 0.1.0-alpha.50 into /workspace/builds/worker-2-tc2/source
[INFO] started tweaking crates.io crate lox-space 0.1.0-alpha.50
[INFO] removed 0 missing examples
[INFO] removed 0 missing tests
[INFO] finished tweaking crates.io crate lox-space 0.1.0-alpha.50
[INFO] tweaked toml for crates.io crate lox-space 0.1.0-alpha.50 written to /workspace/builds/worker-2-tc2/source/Cargo.toml
[INFO] validating manifest of crates.io crate lox-space 0.1.0-alpha.50 on toolchain 3154cc1a3e6424e44f438a95007d043ed5ceaaf6
[INFO] running `Command { std: CARGO_HOME="/workspace/cargo-home" RUSTUP_HOME="/workspace/rustup-home" "/workspace/cargo-home/bin/cargo" "+3154cc1a3e6424e44f438a95007d043ed5ceaaf6" "metadata" "--manifest-path" "Cargo.toml" "--no-deps", kill_on_drop: false }`
[INFO] crate crates.io crate lox-space 0.1.0-alpha.50 already has a lockfile, it will not be regenerated
[INFO] running `Command { std: CARGO_HOME="/workspace/cargo-home" RUSTUP_HOME="/workspace/rustup-home" "/workspace/cargo-home/bin/cargo" "+3154cc1a3e6424e44f438a95007d043ed5ceaaf6" "fetch" "--manifest-path" "Cargo.toml", kill_on_drop: false }`
[INFO] [stderr] warning: `package.homepage` is redundant with `package.repository`
[INFO] [stderr]    --> Cargo.toml:178:12
[INFO] [stderr]     |
[INFO] [stderr] 178 | homepage = "https://github.com/lox-space/lox"
[INFO] [stderr]     |            ^^^^^^^^^^^^^^^^^^^^^^^^^^^^^^^^^^
[INFO] [stderr] ...
[INFO] [stderr] 183 | repository = "https://github.com/lox-space/lox"
[INFO] [stderr]     |              ----------------------------------
[INFO] [stderr]     |
[INFO] [stderr]     = note: `cargo::redundant_homepage` is set to `warn` by default
[INFO] [stderr] help: consider removing `package.homepage`
[INFO] [stderr] warning: `lox-space` (manifest) generated 1 warning
[INFO] running `Command { std: "docker" "create" "-v" "/var/lib/crater-agent-workspace/builds/worker-2-tc2/source:/opt/rustwide/workdir:ro,Z" "-v" "/var/lib/crater-agent-workspace/builds/worker-2-tc2/target:/opt/rustwide/target:rw,Z" "-v" "/var/lib/crater-agent-workspace/cargo-home:/opt/rustwide/cargo-home:ro,Z" "-v" "/var/lib/crater-agent-workspace/rustup-home:/opt/rustwide/rustup-home:ro,Z" "-m" "1610612736" "--network" "none" "ghcr.io/rust-lang/crates-build-env/linux@sha256:77db811e55d90add9212f6832c23229e3de5f1c1f9905e8cb07319ea15df73ac" "sleep" "infinity", kill_on_drop: false }`
[INFO] [stdout] 311b8497c606a5609aebc092e8d8055f7b2c593e18da31a6b8ca3e84b890dece
[INFO] running `Command { std: "docker" "start" "311b8497c606a5609aebc092e8d8055f7b2c593e18da31a6b8ca3e84b890dece", kill_on_drop: false }`
[INFO] running `Command { std: "docker" "inspect" "311b8497c606a5609aebc092e8d8055f7b2c593e18da31a6b8ca3e84b890dece", kill_on_drop: false }`
[INFO] running `Command { std: "docker" "exec" "-e" "SOURCE_DIR=/opt/rustwide/workdir" "-e" "CARGO_HOME=/opt/rustwide/cargo-home" "-e" "RUSTUP_HOME=/opt/rustwide/rustup-home" "-e" "CARGO_TARGET_DIR=/opt/rustwide/target" "-w" "/opt/rustwide/workdir" "--user" "0:0" "311b8497c606a5609aebc092e8d8055f7b2c593e18da31a6b8ca3e84b890dece" "/opt/rustwide/cargo-home/bin/cargo" "+3154cc1a3e6424e44f438a95007d043ed5ceaaf6" "metadata" "--no-deps" "--format-version=1", kill_on_drop: false }`
[INFO] running `Command { std: "docker" "inspect" "311b8497c606a5609aebc092e8d8055f7b2c593e18da31a6b8ca3e84b890dece", kill_on_drop: false }`
[INFO] running `Command { std: "docker" "exec" "-e" "SOURCE_DIR=/opt/rustwide/workdir" "-e" "CARGO_HOME=/opt/rustwide/cargo-home" "-e" "RUSTUP_HOME=/opt/rustwide/rustup-home" "-e" "CARGO_TARGET_DIR=/opt/rustwide/target" "-e" "CARGO_INCREMENTAL=0" "-e" "RUST_BACKTRACE=full" "-e" "RUSTFLAGS=--cap-lints=forbid" "-e" "RUSTDOCFLAGS=--cap-lints=forbid" "-w" "/opt/rustwide/workdir" "--user" "0:0" "311b8497c606a5609aebc092e8d8055f7b2c593e18da31a6b8ca3e84b890dece" "/opt/rustwide/cargo-home/bin/cargo" "+3154cc1a3e6424e44f438a95007d043ed5ceaaf6" "check" "--frozen" "--all" "--all-targets" "--message-format=json", kill_on_drop: false }`
[INFO] [stderr] warning: `package.homepage` is redundant with `package.repository`
[INFO] [stderr]    --> Cargo.toml:178:12
[INFO] [stderr]     |
[INFO] [stderr] 178 | homepage = "https://github.com/lox-space/lox"
[INFO] [stderr]     |            ^^^^^^^^^^^^^^^^^^^^^^^^^^^^^^^^^^
[INFO] [stderr] ...
[INFO] [stderr] 183 | repository = "https://github.com/lox-space/lox"
[INFO] [stderr]     |              ----------------------------------
[INFO] [stderr]     |
[INFO] [stderr]     = note: `cargo::redundant_homepage` is set to `warn` by default
[INFO] [stderr] help: consider removing `package.homepage`
[INFO] [stderr] warning: `lox-space` (manifest) generated 1 warning
[INFO] [stderr]    Compiling proc-macro2 v1.0.106
[INFO] [stderr]    Compiling libm v0.2.16
[INFO] [stderr]    Compiling unicode-ident v1.0.24
[INFO] [stderr]    Compiling quote v1.0.46
[INFO] [stderr]    Compiling autocfg v1.5.1
[INFO] [stderr]    Compiling serde_core v1.0.228
[INFO] [stderr]     Checking memchr v2.8.2
[INFO] [stderr]    Compiling serde v1.0.228
[INFO] [stderr]    Compiling hashbrown v0.17.1
[INFO] [stderr]    Compiling equivalent v1.0.2
[INFO] [stderr]    Compiling winnow v1.0.3
[INFO] [stderr]    Compiling toml_datetime v1.1.1+spec-1.1.0
[INFO] [stderr]    Compiling num-traits v0.2.19
[INFO] [stderr]    Compiling thiserror v2.0.18
[INFO] [stderr]     Checking iana-time-zone v0.1.65
[INFO] [stderr]     Checking glam v0.33.2
[INFO] [stderr]     Checking nom v8.0.0
[INFO] [stderr]     Checking itoa v1.0.18
[INFO] [stderr]    Compiling indexmap v2.14.0
[INFO] [stderr]    Compiling zmij v1.0.21
[INFO] [stderr]    Compiling syn v2.0.118
[INFO] [stderr]    Compiling crossbeam-utils v0.8.22
[INFO] [stderr]    Compiling serde_json v1.0.150
[INFO] [stderr]     Checking bytemuck v1.25.0
[INFO] [stderr]    Compiling crossbeam-epoch v0.9.20
[INFO] [stderr]    Compiling toml_parser v1.1.2+spec-1.1.0
[INFO] [stderr]    Compiling crossbeam-deque v0.8.7
[INFO] [stderr]     Checking approx v0.5.1
[INFO] [stderr]    Compiling toml_edit v0.25.12+spec-1.1.0
[INFO] [stderr]     Checking fast_polynomial v0.3.0
[INFO] [stderr]     Checking cfg-if v1.0.4
[INFO] [stderr]     Checking typenum v1.20.1
[INFO] [stderr]     Checking either v1.16.0
[INFO] [stderr]    Compiling rayon-core v1.13.0
[INFO] [stderr]    Compiling target-lexicon v0.13.5
[INFO] [stderr]    Compiling libc v0.2.186
[INFO] [stderr]     Checking num-complex v0.4.6
[INFO] [stderr]     Checking bitflags v2.13.0
[INFO] [stderr]     Checking byteorder v1.5.0
[INFO] [stderr]    Compiling proc-macro-crate v3.5.0
[INFO] [stderr]    Compiling heapless v0.8.0
[INFO] [stderr]     Checking hash32 v0.3.1
[INFO] [stderr]     Checking rayon v1.12.0
[INFO] [stderr]     Checking safe_arch v1.0.0
[INFO] [stderr]    Compiling matrixmultiply v0.3.10
[INFO] [stderr]     Checking foldhash v0.2.0
[INFO] [stderr]     Checking stable_deref_trait v1.2.1
[INFO] [stderr]    Compiling rustix v1.1.4
[INFO] [stderr]     Checking allocator-api2 v0.2.21
[INFO] [stderr]    Compiling paste v1.0.15
[INFO] [stderr]     Checking smallvec v1.15.2
[INFO] [stderr]     Checking log v0.4.33
[INFO] [stderr]     Checking hashbrown v0.16.1
[INFO] [stderr]     Checking hybrid-array v0.4.13
[INFO] [stderr]     Checking wide v1.5.0
[INFO] [stderr]    Compiling pyo3-build-config v0.29.0
[INFO] [stderr]     Checking num-integer v0.1.46
[INFO] [stderr]     Checking safe_arch v0.7.4
[INFO] [stderr]    Compiling shlex v2.0.1
[INFO] [stderr]     Checking robust v1.2.0
[INFO] [stderr]    Compiling cfg_aliases v0.2.1
[INFO] [stderr]     Checking linux-raw-sys v0.12.1
[INFO] [stderr]    Compiling find-msvc-tools v0.1.9
[INFO] [stderr]    Compiling crc32fast v1.5.0
[INFO] [stderr]     Checking rawpointer v0.2.1
[INFO] [stderr]     Checking spade v2.15.1
[INFO] [stderr]    Compiling cc v1.2.66
[INFO] [stderr]     Checking wide v0.7.33
[INFO] [stderr]    Compiling nix v0.31.3
[INFO] [stderr]     Checking num-rational v0.4.2
[INFO] [stderr]     Checking i_float v1.16.0
[INFO] [stderr]     Checking csv-core v0.1.13
[INFO] [stderr]    Compiling anyhow v1.0.103
[INFO] [stderr]     Checking ryu v1.0.23
[INFO] [stderr]     Checking rand_core v0.10.1
[INFO] [stderr]     Checking csv v1.4.0
[INFO] [stderr]     Checking i_shape v1.18.0
[INFO] [stderr]     Checking terminal_size v0.4.4
[INFO] [stderr]     Checking i_key_sort v0.10.3
[INFO] [stderr]    Compiling pyo3-ffi v0.29.0
[INFO] [stderr]     Checking crypto-common v0.2.2
[INFO] [stderr]    Compiling codspeed v4.7.0
[INFO] [stderr]     Checking block-buffer v0.12.1
[INFO] [stderr]     Checking itertools v0.14.0
[INFO] [stderr]     Checking simba v0.9.1
[INFO] [stderr]     Checking tinyvec_macros v0.1.1
[INFO] [stderr]     Checking arrayvec v0.7.8
[INFO] [stderr]     Checking i_tree v0.18.0
[INFO] [stderr]    Compiling serde_derive v1.0.228
[INFO] [stderr]    Compiling thiserror-impl v2.0.18
[INFO] [stderr]    Compiling lox-derive v0.1.0-alpha.13
[INFO] [stderr]    Compiling nalgebra-macros v0.3.0
[INFO] [stderr]     Checking lox-approx v0.1.1
[INFO] [stderr]    Compiling differential-equations-derive v0.2.0
[INFO] [stderr]     Checking anstyle v1.0.14
[INFO] [stderr]     Checking simba v0.10.0
[INFO] [stderr]     Checking clap_lex v1.1.0
[INFO] [stderr]     Checking bumpalo v3.20.3
[INFO] [stderr]     Checking const-oid v0.10.2
[INFO] [stderr]     Checking lazy_static v1.5.0
[INFO] [stderr]     Checking simd-adler32 v0.3.9
[INFO] [stderr]     Checking zlib-rs v0.6.5
[INFO] [stderr]     Checking zopfli v0.8.3
[INFO] [stderr]     Checking colored v2.2.0
[INFO] [stderr]     Checking digest v0.11.3
[INFO] [stderr]     Checking clap_builder v4.6.0
[INFO] [stderr]     Checking i_overlay v4.5.2
[INFO] [stderr]    Compiling divan-macros v0.1.17
[INFO] [stderr]     Checking tinyvec v1.11.0
[INFO] [stderr]     Checking flate2 v1.1.9
[INFO] [stderr]     Checking rand v0.10.2
[INFO] [stderr]     Checking rand_pcg v0.10.2
[INFO] [stderr]     Checking getrandom v0.2.17
[INFO] [stderr]     Checking statrs v0.18.0
[INFO] [stderr]     Checking earcut v0.4.5
[INFO] [stderr]     Checking geographiclib-rs v0.2.7
[INFO] [stderr]     Checking aho-corasick v1.1.4
[INFO] [stderr]     Checking typed-path v0.12.3
[INFO] [stderr]    Compiling heck v0.5.0
[INFO] [stderr]     Checking cpufeatures v0.3.0
[INFO] [stderr]     Checking regex-syntax v0.8.11
[INFO] [stderr]     Checking float_next_after v2.0.0
[INFO] [stderr]     Checking sif-itree v0.4.1
[INFO] [stderr]     Checking glob v0.3.3
[INFO] [stderr]     Checking sha2 v0.11.0
[INFO] [stderr]     Checking differential-equations v0.6.1
[INFO] [stderr]     Checking chrono v0.4.45
[INFO] [stderr]     Checking rstar v0.12.2
[INFO] [stderr]     Checking quick-xml v0.41.0
[INFO] [stderr]     Checking geo-types v0.7.19
[INFO] [stderr]     Checking regex-automata v0.4.14
[INFO] [stderr]     Checking nalgebra v0.35.0
[INFO] [stderr]     Checking geojson v1.0.0
[INFO] [stderr]     Checking lox-core v0.1.0-alpha.15
[INFO] [stderr]     Checking sgp4 v2.4.0
[INFO] [stderr]     Checking geo v0.33.1
[INFO] [stderr]     Checking zip v8.6.0
[INFO] [stderr]     Checking lox-time v0.1.0-alpha.27
[INFO] [stderr]     Checking lox-bodies v0.1.0-alpha.27
[INFO] [stderr]     Checking lox-units v0.1.0-alpha.16
[INFO] [stderr]     Checking lox-io v0.1.0-alpha.25
[INFO] [stderr]     Checking lox-comms v0.1.0-alpha.16
[INFO] [stderr]    Compiling pyo3-macros-backend v0.29.0
[INFO] [stderr]     Checking clap v4.6.1
[INFO] [stderr]    Compiling pyo3 v0.29.0
[INFO] [stderr]    Compiling codspeed-divan-compat v4.7.0
[INFO] [stderr]     Checking regex-lite v0.1.9
[INFO] [stderr]     Checking condtype v1.3.0
[INFO] [stderr]     Checking lox-itur v0.1.0-alpha.6
[INFO] [stderr]     Checking regex v1.12.4
[INFO] [stderr]     Checking lox-math v0.1.0-alpha.24
[INFO] [stderr]    Compiling codspeed-divan-compat-macros v4.7.0
[INFO] [stderr]     Checking once_cell v1.21.4
[INFO] [stderr]     Checking lox-frames v0.1.0-alpha.21
[INFO] [stderr]     Checking lox-ephem v0.1.0-alpha.25
[INFO] [stderr]     Checking lox-earth v0.1.0-alpha.30
[INFO] [stderr]     Checking codspeed-divan-compat-walltime v4.7.0
[INFO] [stderr]    Compiling pyo3-macros v0.29.0
[INFO] [stderr]     Checking lox-odm v0.1.0-alpha.4
[INFO] [stderr]     Checking lox-orbits v0.1.0-alpha.40
[INFO] [stderr]     Checking lox-analysis v0.1.0-alpha.15
[INFO] [stderr]     Checking lox-space v0.1.0-alpha.50 (/opt/rustwide/workdir)
[INFO] [stdout] error[E0433]: cannot find module or crate `lox_test_utils` in this scope
[INFO] [stdout]   --> benches/spk.rs:19:45
[INFO] [stdout]    |
[INFO] [stdout] 19 |     EPHEMERIS.get_or_init(|| Spk::from_file(lox_test_utils::data_file("spice/de440s.bsp")).unwrap())
[INFO] [stdout]    |                                             ^^^^^^^^^^^^^^ use of unresolved module or unlinked crate `lox_test_utils`
[INFO] [stdout]    |
[INFO] [stdout]    = help: if you wanted to use a crate named `lox_test_utils`, use `cargo add lox_test_utils` to add it to your `Cargo.toml`
[INFO] [stdout] 
[INFO] [stdout] 
[INFO] [stdout] For more information about this error, try `rustc --explain E0433`.
[INFO] [stdout] 
[INFO] [stderr] error: could not compile `lox-space` (bench "spk") due to 1 previous error
[INFO] [stderr] warning: build failed, waiting for other jobs to finish...
[INFO] [stdout] error[E0433]: cannot find module or crate `lox_test_utils` in this scope
[INFO] [stdout]   --> benches/common/mod.rs:47:45
[INFO] [stdout]    |
[INFO] [stdout] 47 |     EPHEMERIS.get_or_init(|| Spk::from_file(lox_test_utils::data_file("spice/de440s.bsp")).unwrap())
[INFO] [stdout]    |                                             ^^^^^^^^^^^^^^ use of unresolved module or unlinked crate `lox_test_utils`
[INFO] [stdout]    |
[INFO] [stdout]    = help: if you wanted to use a crate named `lox_test_utils`, use `cargo add lox_test_utils` to add it to your `Cargo.toml`
[INFO] [stdout] 
[INFO] [stdout] 
[INFO] [stdout] error[E0433]: cannot find module or crate `lox_test_utils` in this scope
[INFO] [stdout]   --> benches/common/mod.rs:56:10
[INFO] [stdout]    |
[INFO] [stdout] 56 |         &lox_test_utils::read_data_file("trajectory_lunar.csv"),
[INFO] [stdout]    |          ^^^^^^^^^^^^^^ use of unresolved module or unlinked crate `lox_test_utils`
[INFO] [stdout]    |
[INFO] [stdout]    = help: if you wanted to use a crate named `lox_test_utils`, use `cargo add lox_test_utils` to add it to your `Cargo.toml`
[INFO] [stdout] 
[INFO] [stdout] 
[INFO] [stdout] error[E0433]: cannot find module or crate `lox_test_utils` in this scope
[INFO] [stdout]   --> benches/common/mod.rs:85:10
[INFO] [stdout]    |
[INFO] [stdout] 85 |         &lox_test_utils::read_data_file("trajectory_lunar.csv"),
[INFO] [stdout]    |          ^^^^^^^^^^^^^^ use of unresolved module or unlinked crate `lox_test_utils`
[INFO] [stdout]    |
[INFO] [stdout]    = help: if you wanted to use a crate named `lox_test_utils`, use `cargo add lox_test_utils` to add it to your `Cargo.toml`
[INFO] [stdout] 
[INFO] [stdout] 
[INFO] [stdout] error[E0433]: cannot find module or crate `lox_test_utils` in this scope
[INFO] [stdout]    --> benches/common/mod.rs:121:19
[INFO] [stdout]     |
[INFO] [stdout] 121 |         let raw = lox_test_utils::read_data_file("oneweb_tle.txt");
[INFO] [stdout]     |                   ^^^^^^^^^^^^^^ use of unresolved module or unlinked crate `lox_test_utils`
[INFO] [stdout]     |
[INFO] [stdout]     = help: if you wanted to use a crate named `lox_test_utils`, use `cargo add lox_test_utils` to add it to your `Cargo.toml`
[INFO] [stdout] 
[INFO] [stdout] 
[INFO] [stdout] For more information about this error, try `rustc --explain E0433`.
[INFO] [stdout] 
[INFO] [stderr] error: could not compile `lox-space` (bench "imaging") due to 4 previous errors
[INFO] [stdout] error[E0433]: cannot find module or crate `lox_test_utils` in this scope
[INFO] [stdout]   --> benches/common/mod.rs:47:45
[INFO] [stdout]    |
[INFO] [stdout] 47 |     EPHEMERIS.get_or_init(|| Spk::from_file(lox_test_utils::data_file("spice/de440s.bsp")).unwrap())
[INFO] [stdout]    |                                             ^^^^^^^^^^^^^^ use of unresolved module or unlinked crate `lox_test_utils`
[INFO] [stdout]    |
[INFO] [stdout]    = help: if you wanted to use a crate named `lox_test_utils`, use `cargo add lox_test_utils` to add it to your `Cargo.toml`
[INFO] [stdout] 
[INFO] [stdout] 
[INFO] [stdout] error[E0433]: cannot find module or crate `lox_test_utils` in this scope
[INFO] [stdout]   --> benches/common/mod.rs:56:10
[INFO] [stdout]    |
[INFO] [stdout] 56 |         &lox_test_utils::read_data_file("trajectory_lunar.csv"),
[INFO] [stdout]    |          ^^^^^^^^^^^^^^ use of unresolved module or unlinked crate `lox_test_utils`
[INFO] [stdout]    |
[INFO] [stdout]    = help: if you wanted to use a crate named `lox_test_utils`, use `cargo add lox_test_utils` to add it to your `Cargo.toml`
[INFO] [stdout] 
[INFO] [stdout] 
[INFO] [stdout] error[E0433]: cannot find module or crate `lox_test_utils` in this scope
[INFO] [stdout]   --> benches/common/mod.rs:85:10
[INFO] [stdout]    |
[INFO] [stdout] 85 |         &lox_test_utils::read_data_file("trajectory_lunar.csv"),
[INFO] [stdout]    |          ^^^^^^^^^^^^^^ use of unresolved module or unlinked crate `lox_test_utils`
[INFO] [stdout]    |
[INFO] [stdout]    = help: if you wanted to use a crate named `lox_test_utils`, use `cargo add lox_test_utils` to add it to your `Cargo.toml`
[INFO] [stdout] 
[INFO] [stdout] 
[INFO] [stdout] error[E0433]: cannot find module or crate `lox_test_utils` in this scope
[INFO] [stdout]    --> benches/common/mod.rs:121:19
[INFO] [stdout]     |
[INFO] [stdout] 121 |         let raw = lox_test_utils::read_data_file("oneweb_tle.txt");
[INFO] [stdout]     |                   ^^^^^^^^^^^^^^ use of unresolved module or unlinked crate `lox_test_utils`
[INFO] [stdout]     |
[INFO] [stdout]     = help: if you wanted to use a crate named `lox_test_utils`, use `cargo add lox_test_utils` to add it to your `Cargo.toml`
[INFO] [stdout] 
[INFO] [stdout] 
[INFO] [stdout] error[E0433]: cannot find module or crate `lox_test_utils` in this scope
[INFO] [stdout]   --> benches/common/mod.rs:47:45
[INFO] [stdout]    |
[INFO] [stdout] 47 |     EPHEMERIS.get_or_init(|| Spk::from_file(lox_test_utils::data_file("spice/de440s.bsp")).unwrap())
[INFO] [stdout]    |                                             ^^^^^^^^^^^^^^ use of unresolved module or unlinked crate `lox_test_utils`
[INFO] [stdout]    |
[INFO] [stdout]    = help: if you wanted to use a crate named `lox_test_utils`, use `cargo add lox_test_utils` to add it to your `Cargo.toml`
[INFO] [stdout] 
[INFO] [stdout] 
[INFO] [stdout] error[E0433]: cannot find module or crate `lox_test_utils` in this scope
[INFO] [stdout]   --> benches/common/mod.rs:56:10
[INFO] [stdout]    |
[INFO] [stdout] 56 |         &lox_test_utils::read_data_file("trajectory_lunar.csv"),
[INFO] [stdout]    |          ^^^^^^^^^^^^^^ use of unresolved module or unlinked crate `lox_test_utils`
[INFO] [stdout]    |
[INFO] [stdout]    = help: if you wanted to use a crate named `lox_test_utils`, use `cargo add lox_test_utils` to add it to your `Cargo.toml`
[INFO] [stdout] 
[INFO] [stdout] 
[INFO] [stdout] error[E0433]: cannot find module or crate `lox_test_utils` in this scope
[INFO] [stdout]   --> benches/common/mod.rs:85:10
[INFO] [stdout]    |
[INFO] [stdout] 85 |         &lox_test_utils::read_data_file("trajectory_lunar.csv"),
[INFO] [stdout]    |          ^^^^^^^^^^^^^^ use of unresolved module or unlinked crate `lox_test_utils`
[INFO] [stdout]    |
[INFO] [stdout]    = help: if you wanted to use a crate named `lox_test_utils`, use `cargo add lox_test_utils` to add it to your `Cargo.toml`
[INFO] [stdout] 
[INFO] [stdout] 
[INFO] [stdout] error[E0433]: cannot find module or crate `lox_test_utils` in this scope
[INFO] [stdout]    --> benches/common/mod.rs:121:19
[INFO] [stdout]     |
[INFO] [stdout] 121 |         let raw = lox_test_utils::read_data_file("oneweb_tle.txt");
[INFO] [stdout]     |                   ^^^^^^^^^^^^^^ use of unresolved module or unlinked crate `lox_test_utils`
[INFO] [stdout]     |
[INFO] [stdout]     = help: if you wanted to use a crate named `lox_test_utils`, use `cargo add lox_test_utils` to add it to your `Cargo.toml`
[INFO] [stdout] 
[INFO] [stdout] 
[INFO] [stdout] For more information about this error, try `rustc --explain E0433`.
[INFO] [stdout] 
[INFO] [stderr] error: could not compile `lox-space` (bench "power") due to 4 previous errors
[INFO] [stdout] For more information about this error, try `rustc --explain E0433`.
[INFO] [stdout] 
[INFO] [stderr] error: could not compile `lox-space` (bench "visibility") due to 4 previous errors
[INFO] running `Command { std: "docker" "inspect" "311b8497c606a5609aebc092e8d8055f7b2c593e18da31a6b8ca3e84b890dece", kill_on_drop: false }`
[INFO] running `Command { std: "docker" "rm" "-f" "311b8497c606a5609aebc092e8d8055f7b2c593e18da31a6b8ca3e84b890dece", kill_on_drop: false }`
[INFO] [stdout] 311b8497c606a5609aebc092e8d8055f7b2c593e18da31a6b8ca3e84b890dece
