[INFO] fetching crate lox-io 0.1.0-alpha.25...
[INFO] checking lox-io-0.1.0-alpha.25 against 3154cc1a3e6424e44f438a95007d043ed5ceaaf6+rustflags=-Znext-solver=coherence for pr-133502-30
[INFO] extracting crate lox-io 0.1.0-alpha.25 into /workspace/builds/worker-5-tc1/source
[INFO] started tweaking crates.io crate lox-io 0.1.0-alpha.25
[INFO] removed 0 missing tests
[INFO] finished tweaking crates.io crate lox-io 0.1.0-alpha.25
[INFO] tweaked toml for crates.io crate lox-io 0.1.0-alpha.25 written to /workspace/builds/worker-5-tc1/source/Cargo.toml
[INFO] validating manifest of crates.io crate lox-io 0.1.0-alpha.25 on toolchain 3154cc1a3e6424e44f438a95007d043ed5ceaaf6
[INFO] running `Command { std: CARGO_HOME="/workspace/cargo-home" RUSTUP_HOME="/workspace/rustup-home" "/workspace/cargo-home/bin/cargo" "+3154cc1a3e6424e44f438a95007d043ed5ceaaf6" "metadata" "--manifest-path" "Cargo.toml" "--no-deps", kill_on_drop: false }`
[INFO] crate crates.io crate lox-io 0.1.0-alpha.25 already has a lockfile, it will not be regenerated
[INFO] running `Command { std: CARGO_HOME="/workspace/cargo-home" RUSTUP_HOME="/workspace/rustup-home" "/workspace/cargo-home/bin/cargo" "+3154cc1a3e6424e44f438a95007d043ed5ceaaf6" "fetch" "--manifest-path" "Cargo.toml", kill_on_drop: false }`
[INFO] [stderr] warning: `package.homepage` is redundant with `package.repository`
[INFO] [stderr]   --> Cargo.toml:37:12
[INFO] [stderr]    |
[INFO] [stderr] 37 | homepage = "https://github.com/lox-space/lox"
[INFO] [stderr]    |            ^^^^^^^^^^^^^^^^^^^^^^^^^^^^^^^^^^
[INFO] [stderr] ...
[INFO] [stderr] 42 | repository = "https://github.com/lox-space/lox"
[INFO] [stderr]    |              ----------------------------------
[INFO] [stderr]    |
[INFO] [stderr]    = note: `cargo::redundant_homepage` is set to `warn` by default
[INFO] [stderr] help: consider removing `package.homepage`
[INFO] [stderr] warning: `lox-io` (manifest) generated 1 warning
[INFO] [stderr]     Blocking waiting for file lock on package cache
[INFO] [stderr]     Updating crates.io index
[INFO] [stderr]     Blocking waiting for file lock on package cache
[INFO] [stderr]  Downloading crates ...
[INFO] [stderr]   Downloaded quote v1.0.46
[INFO] [stderr]   Downloaded proc-macro-crate v3.5.0
[INFO] [stderr]   Downloaded futures-macro v0.3.32
[INFO] [stderr]   Downloaded thiserror v2.0.18
[INFO] [stderr]   Downloaded thiserror-impl v2.0.18
[INFO] [stderr]   Downloaded rustc_version v0.4.1
[INFO] [stderr]   Downloaded iana-time-zone-haiku v0.1.2
[INFO] [stderr]   Downloaded windows-interface v0.59.3
[INFO] [stderr]   Downloaded windows-link v0.2.1
[INFO] [stderr]   Downloaded lox-approx v0.1.1
[INFO] [stderr]   Downloaded wasm-bindgen-macro v0.2.126
[INFO] [stderr]   Downloaded fast_polynomial v0.3.0
[INFO] [stderr]   Downloaded windows-implement v0.60.2
[INFO] [stderr]   Downloaded lox-derive v0.1.0-alpha.13
[INFO] [stderr]   Downloaded android_system_properties v0.1.5
[INFO] [stderr]   Downloaded futures-task v0.3.32
[INFO] [stderr]   Downloaded futures-core v0.3.32
[INFO] [stderr]   Downloaded windows-result v0.4.1
[INFO] [stderr]   Downloaded wasm-bindgen-shared v0.2.126
[INFO] [stderr]   Downloaded cfg-if v1.0.4
[INFO] [stderr]   Downloaded unicode-ident v1.0.24
[INFO] [stderr]   Downloaded autocfg v1.5.1
[INFO] [stderr]   Downloaded windows-strings v0.5.1
[INFO] [stderr]   Downloaded find-msvc-tools v0.1.9
[INFO] [stderr]   Downloaded toml_datetime v1.1.1+spec-1.1.0
[INFO] [stderr]   Downloaded relative-path v1.9.3
[INFO] [stderr]   Downloaded glob v0.3.3
[INFO] [stderr]   Downloaded iana-time-zone v0.1.65
[INFO] [stderr]   Downloaded windows-core v0.62.2
[INFO] [stderr]   Downloaded futures-timer v3.0.4
[INFO] [stderr]   Downloaded toml_parser v1.1.2+spec-1.1.0
[INFO] [stderr]   Downloaded semver v1.0.28
[INFO] [stderr]   Downloaded core-foundation-sys v0.8.7
[INFO] [stderr]   Downloaded lox-time v0.1.0-alpha.27
[INFO] [stderr]   Downloaded serde_core v1.0.228
[INFO] [stderr]   Downloaded serde_derive v1.0.228
[INFO] [stderr]   Downloaded num-traits v0.2.19
[INFO] [stderr]   Downloaded proc-macro2 v1.0.106
[INFO] [stderr]   Downloaded rstest v0.26.1
[INFO] [stderr]   Downloaded rstest_macros v0.26.1
[INFO] [stderr]   Downloaded toml_edit v0.25.12+spec-1.1.0
[INFO] [stderr]   Downloaded wasm-bindgen v0.2.126
[INFO] [stderr]   Downloaded serde v1.0.228
[INFO] [stderr]   Downloaded wasm-bindgen-macro-support v0.2.126
[INFO] [stderr]   Downloaded log v0.4.33
[INFO] [stderr]   Downloaded cc v1.2.66
[INFO] [stderr]   Downloaded memchr v2.8.2
[INFO] [stderr]   Downloaded bumpalo v3.20.3
[INFO] [stderr]   Downloaded lox-core v0.1.0-alpha.15
[INFO] [stderr]   Downloaded indexmap v2.14.0
[INFO] [stderr]   Downloaded js-sys v0.3.103
[INFO] [stderr]   Downloaded syn v2.0.118
[INFO] [stderr]   Downloaded nom v8.0.0
[INFO] [stderr]   Downloaded regex v1.12.4
[INFO] [stderr]   Downloaded futures-util v0.3.32
[INFO] [stderr]   Downloaded aho-corasick v1.1.4
[INFO] [stderr]   Downloaded winnow v1.0.3
[INFO] [stderr]   Downloaded chrono v0.4.45
[INFO] [stderr]   Downloaded regex-syntax v0.8.11
[INFO] [stderr]   Downloaded regex-automata v0.4.14
[INFO] [stderr]   Downloaded libc v0.2.186
[INFO] [stderr]   Downloaded glam v0.33.2
[INFO] running `Command { std: "docker" "create" "-v" "/var/lib/crater-agent-workspace/builds/worker-5-tc1/source:/opt/rustwide/workdir:ro,Z" "-v" "/var/lib/crater-agent-workspace/builds/worker-5-tc1/target:/opt/rustwide/target:rw,Z" "-v" "/var/lib/crater-agent-workspace/cargo-home:/opt/rustwide/cargo-home:ro,Z" "-v" "/var/lib/crater-agent-workspace/rustup-home:/opt/rustwide/rustup-home:ro,Z" "-m" "1610612736" "--network" "none" "ghcr.io/rust-lang/crates-build-env/linux@sha256:77db811e55d90add9212f6832c23229e3de5f1c1f9905e8cb07319ea15df73ac" "sleep" "infinity", kill_on_drop: false }`
[INFO] [stdout] 83cb118ef221c6116ac677c539f4e1de2a8e144c5f02b4c543307a44e4c92059
[INFO] running `Command { std: "docker" "start" "83cb118ef221c6116ac677c539f4e1de2a8e144c5f02b4c543307a44e4c92059", kill_on_drop: false }`
[INFO] running `Command { std: "docker" "inspect" "83cb118ef221c6116ac677c539f4e1de2a8e144c5f02b4c543307a44e4c92059", kill_on_drop: false }`
[INFO] running `Command { std: "docker" "exec" "-e" "SOURCE_DIR=/opt/rustwide/workdir" "-e" "CARGO_HOME=/opt/rustwide/cargo-home" "-e" "RUSTUP_HOME=/opt/rustwide/rustup-home" "-e" "CARGO_TARGET_DIR=/opt/rustwide/target" "-w" "/opt/rustwide/workdir" "--user" "0:0" "83cb118ef221c6116ac677c539f4e1de2a8e144c5f02b4c543307a44e4c92059" "/opt/rustwide/cargo-home/bin/cargo" "+3154cc1a3e6424e44f438a95007d043ed5ceaaf6" "metadata" "--no-deps" "--format-version=1", kill_on_drop: false }`
[INFO] running `Command { std: "docker" "inspect" "83cb118ef221c6116ac677c539f4e1de2a8e144c5f02b4c543307a44e4c92059", kill_on_drop: false }`
[INFO] running `Command { std: "docker" "exec" "-e" "SOURCE_DIR=/opt/rustwide/workdir" "-e" "CARGO_HOME=/opt/rustwide/cargo-home" "-e" "RUSTUP_HOME=/opt/rustwide/rustup-home" "-e" "CARGO_TARGET_DIR=/opt/rustwide/target" "-e" "CARGO_INCREMENTAL=0" "-e" "RUST_BACKTRACE=full" "-e" "RUSTFLAGS=--cap-lints=forbid -Znext-solver=coherence" "-e" "RUSTDOCFLAGS=--cap-lints=forbid" "-w" "/opt/rustwide/workdir" "--user" "0:0" "83cb118ef221c6116ac677c539f4e1de2a8e144c5f02b4c543307a44e4c92059" "/opt/rustwide/cargo-home/bin/cargo" "+3154cc1a3e6424e44f438a95007d043ed5ceaaf6" "check" "--frozen" "--all" "--all-targets" "--message-format=json", kill_on_drop: false }`
[INFO] [stderr] warning: `package.homepage` is redundant with `package.repository`
[INFO] [stderr]   --> Cargo.toml:37:12
[INFO] [stderr]    |
[INFO] [stderr] 37 | homepage = "https://github.com/lox-space/lox"
[INFO] [stderr]    |            ^^^^^^^^^^^^^^^^^^^^^^^^^^^^^^^^^^
[INFO] [stderr] ...
[INFO] [stderr] 42 | repository = "https://github.com/lox-space/lox"
[INFO] [stderr]    |              ----------------------------------
[INFO] [stderr]    |
[INFO] [stderr]    = note: `cargo::redundant_homepage` is set to `warn` by default
[INFO] [stderr] help: consider removing `package.homepage`
[INFO] [stderr] warning: `lox-io` (manifest) generated 1 warning
[INFO] [stderr]    Compiling proc-macro2 v1.0.106
[INFO] [stderr]    Compiling quote v1.0.46
[INFO] [stderr]    Compiling unicode-ident v1.0.24
[INFO] [stderr]    Compiling equivalent v1.0.2
[INFO] [stderr]    Compiling hashbrown v0.17.1
[INFO] [stderr]    Compiling winnow v1.0.3
[INFO] [stderr]    Compiling toml_datetime v1.1.1+spec-1.1.0
[INFO] [stderr]    Compiling autocfg v1.5.1
[INFO] [stderr]    Compiling semver v1.0.28
[INFO] [stderr]    Compiling thiserror v2.0.18
[INFO] [stderr]    Compiling memchr v2.8.2
[INFO] [stderr]     Checking glam v0.33.2
[INFO] [stderr]    Compiling rustc_version v0.4.1
[INFO] [stderr]    Compiling num-traits v0.2.19
[INFO] [stderr]    Compiling indexmap v2.14.0
[INFO] [stderr]    Compiling aho-corasick v1.1.4
[INFO] [stderr]    Compiling syn v2.0.118
[INFO] [stderr]    Compiling regex-syntax v0.8.11
[INFO] [stderr]     Checking nom v8.0.0
[INFO] [stderr]    Compiling rstest_macros v0.26.1
[INFO] [stderr]    Compiling toml_parser v1.1.2+spec-1.1.0
[INFO] [stderr]     Checking fast_polynomial v0.3.0
[INFO] [stderr]     Checking slab v0.4.12
[INFO] [stderr]     Checking futures-task v0.3.32
[INFO] [stderr]    Compiling relative-path v1.9.3
[INFO] [stderr]     Checking futures-core v0.3.32
[INFO] [stderr]    Compiling toml_edit v0.25.12+spec-1.1.0
[INFO] [stderr]    Compiling glob v0.3.3
[INFO] [stderr]     Checking pin-project-lite v0.2.17
[INFO] [stderr]    Compiling cfg-if v1.0.4
[INFO] [stderr]     Checking futures-timer v3.0.4
[INFO] [stderr]    Compiling proc-macro-crate v3.5.0
[INFO] [stderr]    Compiling regex-automata v0.4.14
[INFO] [stderr]    Compiling thiserror-impl v2.0.18
[INFO] [stderr]    Compiling lox-derive v0.1.0-alpha.13
[INFO] [stderr]    Compiling futures-macro v0.3.32
[INFO] [stderr]     Checking lox-approx v0.1.1
[INFO] [stderr]     Checking futures-util v0.3.32
[INFO] [stderr]    Compiling regex v1.12.4
[INFO] [stderr]     Checking lox-core v0.1.0-alpha.15
[INFO] [stderr]     Checking lox-time v0.1.0-alpha.27
[INFO] [stderr]     Checking lox-io v0.1.0-alpha.25 (/opt/rustwide/workdir)
[INFO] [stderr]     Checking rstest v0.26.1
[INFO] [stdout] error[E0432]: unresolved import `lox_test_utils`
[INFO] [stdout]  --> tests/lsk.rs:6:5
[INFO] [stdout]   |
[INFO] [stdout] 6 | use lox_test_utils::{data_file, read_data_file};
[INFO] [stdout]   |     ^^^^^^^^^^^^^^ use of unresolved module or unlinked crate `lox_test_utils`
[INFO] [stdout]   |
[INFO] [stdout]   = help: if you wanted to use a crate named `lox_test_utils`, use `cargo add lox_test_utils` to add it to your `Cargo.toml`
[INFO] [stdout] 
[INFO] [stdout] 
[INFO] [stdout] error[E0432]: unresolved import `lox_test_utils`
[INFO] [stdout]  --> tests/pck.rs:6:5
[INFO] [stdout]   |
[INFO] [stdout] 6 | use lox_test_utils::read_data_file;
[INFO] [stdout]   |     ^^^^^^^^^^^^^^ use of unresolved module or unlinked crate `lox_test_utils`
[INFO] [stdout]   |
[INFO] [stdout]   = help: if you wanted to use a crate named `lox_test_utils`, use `cargo add lox_test_utils` to add it to your `Cargo.toml`
[INFO] [stdout] 
[INFO] [stdout] 
[INFO] [stdout] error[E0432]: unresolved import `lox_test_utils`
[INFO] [stdout]  --> tests/gm.rs:6:5
[INFO] [stdout]   |
[INFO] [stdout] 6 | use lox_test_utils::read_data_file;
[INFO] [stdout]   |     ^^^^^^^^^^^^^^ use of unresolved module or unlinked crate `lox_test_utils`
[INFO] [stdout]   |
[INFO] [stdout]   = help: if you wanted to use a crate named `lox_test_utils`, use `cargo add lox_test_utils` to add it to your `Cargo.toml`
[INFO] [stdout] 
[INFO] [stdout] 
[INFO] [stdout] For more information about this error, try `rustc --explain E0432`.
[INFO] [stdout] 
[INFO] [stderr] error: could not compile `lox-io` (test "lsk") due to 1 previous error
[INFO] [stderr] warning: build failed, waiting for other jobs to finish...
[INFO] [stdout] For more information about this error, try `rustc --explain E0432`.
[INFO] [stdout] 
[INFO] [stderr] error: could not compile `lox-io` (test "pck") due to 1 previous error
[INFO] [stderr] error: could not compile `lox-io` (test "gm") due to 1 previous error
[INFO] [stdout] For more information about this error, try `rustc --explain E0432`.
[INFO] [stdout] 
[INFO] running `Command { std: "docker" "inspect" "83cb118ef221c6116ac677c539f4e1de2a8e144c5f02b4c543307a44e4c92059", kill_on_drop: false }`
[INFO] running `Command { std: "docker" "rm" "-f" "83cb118ef221c6116ac677c539f4e1de2a8e144c5f02b4c543307a44e4c92059", kill_on_drop: false }`
[INFO] [stdout] 83cb118ef221c6116ac677c539f4e1de2a8e144c5f02b4c543307a44e4c92059
