[INFO] fetching crate lox-analysis 0.1.0-alpha.15...
[INFO] checking lox-analysis-0.1.0-alpha.15 against 3154cc1a3e6424e44f438a95007d043ed5ceaaf6+rustflags=-Znext-solver=coherence for pr-133502-30
[INFO] extracting crate lox-analysis 0.1.0-alpha.15 into /workspace/builds/worker-4-tc1/source
[INFO] started tweaking crates.io crate lox-analysis 0.1.0-alpha.15
[INFO] finished tweaking crates.io crate lox-analysis 0.1.0-alpha.15
[INFO] tweaked toml for crates.io crate lox-analysis 0.1.0-alpha.15 written to /workspace/builds/worker-4-tc1/source/Cargo.toml
[INFO] validating manifest of crates.io crate lox-analysis 0.1.0-alpha.15 on toolchain 3154cc1a3e6424e44f438a95007d043ed5ceaaf6
[INFO] running `Command { std: CARGO_HOME="/workspace/cargo-home" RUSTUP_HOME="/workspace/rustup-home" "/workspace/cargo-home/bin/cargo" "+3154cc1a3e6424e44f438a95007d043ed5ceaaf6" "metadata" "--manifest-path" "Cargo.toml" "--no-deps", kill_on_drop: false }`
[INFO] crate crates.io crate lox-analysis 0.1.0-alpha.15 already has a lockfile, it will not be regenerated
[INFO] running `Command { std: CARGO_HOME="/workspace/cargo-home" RUSTUP_HOME="/workspace/rustup-home" "/workspace/cargo-home/bin/cargo" "+3154cc1a3e6424e44f438a95007d043ed5ceaaf6" "fetch" "--manifest-path" "Cargo.toml", kill_on_drop: false }`
[INFO] [stderr] warning: `package.homepage` is redundant with `package.repository`
[INFO] [stderr]   --> Cargo.toml:85:12
[INFO] [stderr]    |
[INFO] [stderr] 85 | homepage = "https://github.com/lox-space/lox"
[INFO] [stderr]    |            ^^^^^^^^^^^^^^^^^^^^^^^^^^^^^^^^^^
[INFO] [stderr] ...
[INFO] [stderr] 90 | repository = "https://github.com/lox-space/lox"
[INFO] [stderr]    |              ----------------------------------
[INFO] [stderr]    |
[INFO] [stderr]    = note: `cargo::redundant_homepage` is set to `warn` by default
[INFO] [stderr] help: consider removing `package.homepage`
[INFO] [stderr] warning: `lox-analysis` (manifest) generated 1 warning
[INFO] [stderr]     Blocking waiting for file lock on package cache
[INFO] [stderr]     Updating crates.io index
[INFO] [stderr]     Blocking waiting for file lock on package cache
[INFO] [stderr]  Downloading crates ...
[INFO] [stderr]   Downloaded crossbeam-deque v0.8.7
[INFO] [stderr]   Downloaded crossbeam-epoch v0.9.20
[INFO] [stderr]   Downloaded rayon-core v1.13.0
[INFO] [stderr]   Downloaded crossbeam-utils v0.8.22
[INFO] [stderr]   Downloaded tinyvec_macros v0.1.1
[INFO] [stderr]   Downloaded clap_lex v1.1.0
[INFO] [stderr]   Downloaded rstar v0.11.0
[INFO] [stderr]   Downloaded atomic-polyfill v1.0.3
[INFO] [stderr]   Downloaded critical-section v1.2.0
[INFO] [stderr]   Downloaded terminal_size v0.4.4
[INFO] [stderr]   Downloaded lox-io v0.1.0-alpha.25
[INFO] [stderr]   Downloaded hash32 v0.2.1
[INFO] [stderr]   Downloaded divan-macros v0.1.17
[INFO] [stderr]   Downloaded version_check v0.9.5
[INFO] [stderr]   Downloaded condtype v1.3.0
[INFO] [stderr]   Downloaded approx v0.5.1
[INFO] [stderr]   Downloaded differential-equations-derive v0.2.0
[INFO] [stderr]   Downloaded clap v4.6.1
[INFO] [stderr]   Downloaded either v1.16.0
[INFO] [stderr]   Downloaded i_float v1.16.0
[INFO] [stderr]   Downloaded codspeed-divan-compat-macros v4.7.0
[INFO] [stderr]   Downloaded windows-targets v0.52.6
[INFO] [stderr]   Downloaded hash32 v0.3.1
[INFO] [stderr]   Downloaded cfg_aliases v0.2.1
[INFO] [stderr]   Downloaded sif-itree v0.4.1
[INFO] [stderr]   Downloaded pdqselect v0.1.0
[INFO] [stderr]   Downloaded lazy_static v1.5.0
[INFO] [stderr]   Downloaded float_next_after v2.0.0
[INFO] [stderr]   Downloaded lox-units v0.1.0-alpha.16
[INFO] [stderr]   Downloaded i_tree v0.18.0
[INFO] [stderr]   Downloaded paste v1.0.15
[INFO] [stderr]   Downloaded lock_api v0.4.14
[INFO] [stderr]   Downloaded i_key_sort v0.10.3
[INFO] [stderr]   Downloaded geo-types v0.7.19
[INFO] [stderr]   Downloaded generic-array v0.12.4
[INFO] [stderr]   Downloaded csv-core v0.1.13
[INFO] [stderr]   Downloaded hash32 v0.1.1
[INFO] [stderr]   Downloaded codspeed-divan-compat v4.7.0
[INFO] [stderr]   Downloaded wasi v0.11.1+wasi-snapshot-preview1
[INFO] [stderr]   Downloaded generic-array v0.14.9
[INFO] [stderr]   Downloaded generic-array v0.13.3
[INFO] [stderr]   Downloaded i_shape v1.18.0
[INFO] [stderr]   Downloaded rstar v0.9.3
[INFO] [stderr]   Downloaded foldhash v0.2.0
[INFO] [stderr]   Downloaded rstar v0.12.2
[INFO] [stderr]   Downloaded rstar v0.10.0
[INFO] [stderr]   Downloaded zmij v1.0.21
[INFO] [stderr]   Downloaded num-complex v0.4.6
[INFO] [stderr]   Downloaded geographiclib-rs v0.2.7
[INFO] [stderr]   Downloaded lox-ephem v0.1.0-alpha.25
[INFO] [stderr]   Downloaded byteorder v1.5.0
[INFO] [stderr]   Downloaded lox-frames v0.1.0-alpha.21
[INFO] [stderr]   Downloaded arrayvec v0.7.8
[INFO] [stderr]   Downloaded simba v0.9.1
[INFO] [stderr]   Downloaded smallvec v1.15.2
[INFO] [stderr]   Downloaded spin v0.9.8
[INFO] [stderr]   Downloaded rstar v0.8.4
[INFO] [stderr]   Downloaded as-slice v0.1.5
[INFO] [stderr]   Downloaded colored v2.2.0
[INFO] [stderr]   Downloaded anyhow v1.0.103
[INFO] [stderr]   Downloaded allocator-api2 v0.2.21
[INFO] [stderr]   Downloaded bitflags v2.13.0
[INFO] [stderr]   Downloaded lox-earth v0.1.0-alpha.30
[INFO] [stderr]   Downloaded ryu v1.0.23
[INFO] [stderr]   Downloaded lox-comms v0.1.0-alpha.16
[INFO] [stderr]   Downloaded rayon v1.12.0
[INFO] [stderr]   Downloaded bytemuck v1.25.0
[INFO] [stderr]   Downloaded heapless v0.6.1
[INFO] [stderr]   Downloaded lox-orbits v0.1.0-alpha.40
[INFO] [stderr]   Downloaded lox-bodies v0.1.0-alpha.27
[INFO] [stderr]   Downloaded safe_arch v0.7.4
[INFO] [stderr]   Downloaded tinyvec v1.11.0
[INFO] [stderr]   Downloaded heapless v0.8.0
[INFO] [stderr]   Downloaded heapless v0.7.17
[INFO] [stderr]   Downloaded rustix v1.1.4
[INFO] [stderr]   Downloaded wide v0.7.33
[INFO] [stderr]   Downloaded typenum v1.20.1
[INFO] [stderr]   Downloaded regex-lite v0.1.9
[INFO] [stderr]   Downloaded rand v0.10.2
[INFO] [stderr]   Downloaded codspeed-divan-compat-walltime v4.7.0
[INFO] [stderr]   Downloaded sgp4 v2.4.0
[INFO] [stderr]   Downloaded itertools v0.14.0
[INFO] [stderr]   Downloaded hashbrown v0.16.1
[INFO] [stderr]   Downloaded statrs v0.18.0
[INFO] [stderr]   Downloaded libm v0.2.16
[INFO] [stderr]   Downloaded serde_json v1.0.150
[INFO] [stderr]   Downloaded geojson v1.0.0
[INFO] [stderr]   Downloaded clap_builder v4.6.0
[INFO] [stderr]   Downloaded i_overlay v4.5.2
[INFO] [stderr]   Downloaded differential-equations v0.6.1
[INFO] [stderr]   Downloaded nix v0.31.3
[INFO] [stderr]   Downloaded windows_aarch64_gnullvm v0.52.6
[INFO] [stderr]   Downloaded geo v0.33.1
[INFO] [stderr]   Downloaded windows_x86_64_gnullvm v0.52.6
[INFO] [stderr]   Downloaded robust v1.2.0
[INFO] [stderr]   Downloaded spade v2.15.1
[INFO] [stderr]   Downloaded windows-sys v0.61.2
[INFO] [stderr]   Downloaded windows_i686_gnullvm v0.52.6
[INFO] [stderr]   Downloaded codspeed v4.7.0
[INFO] [stderr]   Downloaded windows_aarch64_msvc v0.52.6
[INFO] [stderr]   Downloaded windows_x86_64_gnu v0.52.6
[INFO] [stderr]   Downloaded windows_x86_64_msvc v0.52.6
[INFO] [stderr]   Downloaded windows_i686_gnu v0.52.6
[INFO] [stderr]   Downloaded csv v1.4.0
[INFO] [stderr]   Downloaded windows_i686_msvc v0.52.6
[INFO] [stderr]   Downloaded earcut v0.4.5
[INFO] [stderr]   Downloaded windows-sys v0.59.0
[INFO] running `Command { std: "docker" "create" "-v" "/var/lib/crater-agent-workspace/builds/worker-4-tc1/source:/opt/rustwide/workdir:ro,Z" "-v" "/var/lib/crater-agent-workspace/builds/worker-4-tc1/target:/opt/rustwide/target:rw,Z" "-v" "/var/lib/crater-agent-workspace/cargo-home:/opt/rustwide/cargo-home:ro,Z" "-v" "/var/lib/crater-agent-workspace/rustup-home:/opt/rustwide/rustup-home:ro,Z" "-m" "1610612736" "--network" "none" "ghcr.io/rust-lang/crates-build-env/linux@sha256:77db811e55d90add9212f6832c23229e3de5f1c1f9905e8cb07319ea15df73ac" "sleep" "infinity", kill_on_drop: false }`
[INFO] [stdout] 869be4acff89f7d47bb47531ce9b48d7f4379902dfbe71a0db4938f91019b47a
[INFO] running `Command { std: "docker" "start" "869be4acff89f7d47bb47531ce9b48d7f4379902dfbe71a0db4938f91019b47a", kill_on_drop: false }`
[INFO] running `Command { std: "docker" "inspect" "869be4acff89f7d47bb47531ce9b48d7f4379902dfbe71a0db4938f91019b47a", kill_on_drop: false }`
[INFO] running `Command { std: "docker" "exec" "-e" "SOURCE_DIR=/opt/rustwide/workdir" "-e" "CARGO_HOME=/opt/rustwide/cargo-home" "-e" "RUSTUP_HOME=/opt/rustwide/rustup-home" "-e" "CARGO_TARGET_DIR=/opt/rustwide/target" "-w" "/opt/rustwide/workdir" "--user" "0:0" "869be4acff89f7d47bb47531ce9b48d7f4379902dfbe71a0db4938f91019b47a" "/opt/rustwide/cargo-home/bin/cargo" "+3154cc1a3e6424e44f438a95007d043ed5ceaaf6" "metadata" "--no-deps" "--format-version=1", kill_on_drop: false }`
[INFO] running `Command { std: "docker" "inspect" "869be4acff89f7d47bb47531ce9b48d7f4379902dfbe71a0db4938f91019b47a", kill_on_drop: false }`
[INFO] running `Command { std: "docker" "exec" "-e" "SOURCE_DIR=/opt/rustwide/workdir" "-e" "CARGO_HOME=/opt/rustwide/cargo-home" "-e" "RUSTUP_HOME=/opt/rustwide/rustup-home" "-e" "CARGO_TARGET_DIR=/opt/rustwide/target" "-e" "CARGO_INCREMENTAL=0" "-e" "RUST_BACKTRACE=full" "-e" "RUSTFLAGS=--cap-lints=forbid -Znext-solver=coherence" "-e" "RUSTDOCFLAGS=--cap-lints=forbid" "-w" "/opt/rustwide/workdir" "--user" "0:0" "869be4acff89f7d47bb47531ce9b48d7f4379902dfbe71a0db4938f91019b47a" "/opt/rustwide/cargo-home/bin/cargo" "+3154cc1a3e6424e44f438a95007d043ed5ceaaf6" "check" "--frozen" "--all" "--all-targets" "--message-format=json", kill_on_drop: false }`
[INFO] [stderr] warning: `package.homepage` is redundant with `package.repository`
[INFO] [stderr]   --> Cargo.toml:85:12
[INFO] [stderr]    |
[INFO] [stderr] 85 | homepage = "https://github.com/lox-space/lox"
[INFO] [stderr]    |            ^^^^^^^^^^^^^^^^^^^^^^^^^^^^^^^^^^
[INFO] [stderr] ...
[INFO] [stderr] 90 | repository = "https://github.com/lox-space/lox"
[INFO] [stderr]    |              ----------------------------------
[INFO] [stderr]    |
[INFO] [stderr]    = note: `cargo::redundant_homepage` is set to `warn` by default
[INFO] [stderr] help: consider removing `package.homepage`
[INFO] [stderr] warning: `lox-analysis` (manifest) generated 1 warning
[INFO] [stderr]    Compiling proc-macro2 v1.0.106
[INFO] [stderr]    Compiling quote v1.0.46
[INFO] [stderr]    Compiling unicode-ident v1.0.24
[INFO] [stderr]    Compiling autocfg v1.5.1
[INFO] [stderr]     Checking memchr v2.8.2
[INFO] [stderr]    Compiling serde_core v1.0.228
[INFO] [stderr]    Compiling hashbrown v0.17.1
[INFO] [stderr]    Compiling serde v1.0.228
[INFO] [stderr]    Compiling equivalent v1.0.2
[INFO] [stderr]    Compiling winnow v1.0.3
[INFO] [stderr]    Compiling toml_datetime v1.1.1+spec-1.1.0
[INFO] [stderr]     Checking iana-time-zone v0.1.65
[INFO] [stderr]    Compiling thiserror v2.0.18
[INFO] [stderr]    Compiling num-traits v0.2.19
[INFO] [stderr]     Checking glam v0.33.2
[INFO] [stderr]     Checking nom v8.0.0
[INFO] [stderr]    Compiling indexmap v2.14.0
[INFO] [stderr]    Compiling syn v2.0.118
[INFO] [stderr]    Compiling toml_parser v1.1.2+spec-1.1.0
[INFO] [stderr]     Checking fast_polynomial v0.3.0
[INFO] [stderr]    Compiling zmij v1.0.21
[INFO] [stderr]     Checking itoa v1.0.18
[INFO] [stderr]     Checking approx v0.5.1
[INFO] [stderr]     Checking bitflags v2.13.0
[INFO] [stderr]    Compiling serde_json v1.0.150
[INFO] [stderr]    Compiling libc v0.2.186
[INFO] [stderr]    Compiling rustix v1.1.4
[INFO] [stderr]    Compiling crossbeam-utils v0.8.22
[INFO] [stderr]    Compiling toml_edit v0.25.12+spec-1.1.0
[INFO] [stderr]    Compiling cfg_aliases v0.2.1
[INFO] [stderr]     Checking linux-raw-sys v0.12.1
[INFO] [stderr]     Checking bytemuck v1.25.0
[INFO] [stderr]    Compiling find-msvc-tools v0.1.9
[INFO] [stderr]    Compiling paste v1.0.15
[INFO] [stderr]    Compiling crossbeam-epoch v0.9.20
[INFO] [stderr]    Compiling shlex v2.0.1
[INFO] [stderr]    Compiling cc v1.2.66
[INFO] [stderr]     Checking safe_arch v0.7.4
[INFO] [stderr]    Compiling nix v0.31.3
[INFO] [stderr]    Compiling proc-macro-crate v3.5.0
[INFO] [stderr]     Checking cfg-if v1.0.4
[INFO] [stderr]     Checking either v1.16.0
[INFO] [stderr]    Compiling anyhow v1.0.103
[INFO] [stderr]    Compiling crossbeam-deque v0.8.7
[INFO] [stderr]     Checking terminal_size v0.4.4
[INFO] [stderr]     Checking wide v0.7.33
[INFO] [stderr]     Checking num-complex v0.4.6
[INFO] [stderr]     Checking csv-core v0.1.13
[INFO] [stderr]    Compiling rayon-core v1.13.0
[INFO] [stderr]    Compiling libm v0.2.16
[INFO] [stderr]     Checking anstyle v1.0.14
[INFO] [stderr]     Checking lazy_static v1.5.0
[INFO] [stderr]     Checking ryu v1.0.23
[INFO] [stderr]     Checking clap_lex v1.1.0
[INFO] [stderr]     Checking colored v2.2.0
[INFO] [stderr]     Checking clap_builder v4.6.0
[INFO] [stderr]     Checking csv v1.4.0
[INFO] [stderr]    Compiling codspeed v4.7.0
[INFO] [stderr]     Checking itertools v0.14.0
[INFO] [stderr]     Checking statrs v0.18.0
[INFO] [stderr]     Checking aho-corasick v1.1.4
[INFO] [stderr]     Checking glob v0.3.3
[INFO] [stderr]     Checking arrayvec v0.7.8
[INFO] [stderr]     Checking getrandom v0.2.17
[INFO] [stderr]     Checking regex-syntax v0.8.11
[INFO] [stderr]     Checking simba v0.9.1
[INFO] [stderr]     Checking clap v4.6.1
[INFO] [stderr]    Compiling codspeed-divan-compat v4.7.0
[INFO] [stderr]     Checking condtype v1.3.0
[INFO] [stderr]     Checking regex-lite v0.1.9
[INFO] [stderr]     Checking rayon v1.12.0
[INFO] [stderr]    Compiling serde_derive v1.0.228
[INFO] [stderr]    Compiling lox-derive v0.1.0-alpha.13
[INFO] [stderr]    Compiling thiserror-impl v2.0.18
[INFO] [stderr]     Checking lox-approx v0.1.1
[INFO] [stderr]    Compiling differential-equations-derive v0.2.0
[INFO] [stderr]    Compiling divan-macros v0.1.17
[INFO] [stderr]     Checking regex-automata v0.4.14
[INFO] [stderr]    Compiling codspeed-divan-compat-macros v4.7.0
[INFO] [stderr]     Checking regex v1.12.4
[INFO] [stderr]     Checking chrono v0.4.45
[INFO] [stderr]     Checking differential-equations v0.6.1
[INFO] [stderr]     Checking lox-core v0.1.0-alpha.15
[INFO] [stderr]     Checking sgp4 v2.4.0
[INFO] [stderr]     Checking lox-time v0.1.0-alpha.27
[INFO] [stderr]     Checking lox-bodies v0.1.0-alpha.27
[INFO] [stderr]     Checking lox-units v0.1.0-alpha.16
[INFO] [stderr]     Checking lox-io v0.1.0-alpha.25
[INFO] [stderr]     Checking lox-frames v0.1.0-alpha.21
[INFO] [stderr]     Checking lox-ephem v0.1.0-alpha.25
[INFO] [stderr]     Checking codspeed-divan-compat-walltime v4.7.0
[INFO] [stderr]     Checking lox-earth v0.1.0-alpha.30
[INFO] [stderr]     Checking lox-orbits v0.1.0-alpha.40
[INFO] [stderr]     Checking lox-analysis v0.1.0-alpha.15 (/opt/rustwide/workdir)
[INFO] [stdout] error[E0432]: unresolved import `lox_test_utils`
[INFO] [stdout]    --> src/power.rs:347:9
[INFO] [stdout]     |
[INFO] [stdout] 347 |     use lox_test_utils::data_file;
[INFO] [stdout]     |         ^^^^^^^^^^^^^^ use of unresolved module or unlinked crate `lox_test_utils`
[INFO] [stdout]     |
[INFO] [stdout]     = help: if you wanted to use a crate named `lox_test_utils`, use `cargo add lox_test_utils` to add it to your `Cargo.toml`
[INFO] [stdout] 
[INFO] [stdout] 
[INFO] [stdout] error[E0432]: unresolved import `lox_test_utils`
[INFO] [stdout]     --> src/visibility.rs:1601:9
[INFO] [stdout]      |
[INFO] [stdout] 1601 |     use lox_test_utils::{data_file, read_data_file};
[INFO] [stdout]      |         ^^^^^^^^^^^^^^ use of unresolved module or unlinked crate `lox_test_utils`
[INFO] [stdout]      |
[INFO] [stdout]      = help: if you wanted to use a crate named `lox_test_utils`, use `cargo add lox_test_utils` to add it to your `Cargo.toml`
[INFO] [stdout] 
[INFO] [stdout] 
[INFO] [stdout] error[E0433]: cannot find module or crate `lox_test_utils` in this scope
[INFO] [stdout]    --> src/assets.rs:790:14
[INFO] [stdout]     |
[INFO] [stdout] 790 |             &lox_test_utils::read_data_file("trajectory_lunar.csv"),
[INFO] [stdout]     |              ^^^^^^^^^^^^^^ use of unresolved module or unlinked crate `lox_test_utils`
[INFO] [stdout]     |
[INFO] [stdout]     = help: if you wanted to use a crate named `lox_test_utils`, use `cargo add lox_test_utils` to add it to your `Cargo.toml`
[INFO] [stdout] 
[INFO] [stdout] 
[INFO] [stdout] error[E0433]: cannot find module or crate `lox_test_utils` in this scope
[INFO] [stdout]    --> src/assets.rs:804:14
[INFO] [stdout]     |
[INFO] [stdout] 804 |             &lox_test_utils::read_data_file("trajectory_lunar.csv"),
[INFO] [stdout]     |              ^^^^^^^^^^^^^^ use of unresolved module or unlinked crate `lox_test_utils`
[INFO] [stdout]     |
[INFO] [stdout]     = help: if you wanted to use a crate named `lox_test_utils`, use `cargo add lox_test_utils` to add it to your `Cargo.toml`
[INFO] [stdout] 
[INFO] [stdout] 
[INFO] [stdout] error[E0433]: cannot find module or crate `lox_test_utils` in this scope
[INFO] [stdout]    --> src/assets.rs:817:14
[INFO] [stdout]     |
[INFO] [stdout] 817 |             &lox_test_utils::read_data_file("trajectory_lunar.csv"),
[INFO] [stdout]     |              ^^^^^^^^^^^^^^ use of unresolved module or unlinked crate `lox_test_utils`
[INFO] [stdout]     |
[INFO] [stdout]     = help: if you wanted to use a crate named `lox_test_utils`, use `cargo add lox_test_utils` to add it to your `Cargo.toml`
[INFO] [stdout] 
[INFO] [stdout] 
[INFO] [stdout] error[E0433]: cannot find module or crate `lox_test_utils` in this scope
[INFO] [stdout]    --> src/assets.rs:830:14
[INFO] [stdout]     |
[INFO] [stdout] 830 |             &lox_test_utils::read_data_file("trajectory_lunar.csv"),
[INFO] [stdout]     |              ^^^^^^^^^^^^^^ use of unresolved module or unlinked crate `lox_test_utils`
[INFO] [stdout]     |
[INFO] [stdout]     = help: if you wanted to use a crate named `lox_test_utils`, use `cargo add lox_test_utils` to add it to your `Cargo.toml`
[INFO] [stdout] 
[INFO] [stdout] 
[INFO] [stdout] error[E0433]: cannot find module or crate `lox_test_utils` in this scope
[INFO] [stdout]    --> src/assets.rs:858:14
[INFO] [stdout]     |
[INFO] [stdout] 858 |             &lox_test_utils::read_data_file("trajectory_lunar.csv"),
[INFO] [stdout]     |              ^^^^^^^^^^^^^^ use of unresolved module or unlinked crate `lox_test_utils`
[INFO] [stdout]     |
[INFO] [stdout]     = help: if you wanted to use a crate named `lox_test_utils`, use `cargo add lox_test_utils` to add it to your `Cargo.toml`
[INFO] [stdout] 
[INFO] [stdout] 
[INFO] [stdout] error[E0433]: cannot find module or crate `lox_test_utils` in this scope
[INFO] [stdout]    --> src/assets.rs:876:14
[INFO] [stdout]     |
[INFO] [stdout] 876 |             &lox_test_utils::read_data_file("trajectory_lunar.csv"),
[INFO] [stdout]     |              ^^^^^^^^^^^^^^ use of unresolved module or unlinked crate `lox_test_utils`
[INFO] [stdout]     |
[INFO] [stdout]     = help: if you wanted to use a crate named `lox_test_utils`, use `cargo add lox_test_utils` to add it to your `Cargo.toml`
[INFO] [stdout] 
[INFO] [stdout] 
[INFO] [stdout] error[E0433]: cannot find module or crate `lox_test_utils` in this scope
[INFO] [stdout]    --> src/assets.rs:941:14
[INFO] [stdout]     |
[INFO] [stdout] 941 |             &lox_test_utils::read_data_file("trajectory_lunar.csv"),
[INFO] [stdout]     |              ^^^^^^^^^^^^^^ use of unresolved module or unlinked crate `lox_test_utils`
[INFO] [stdout]     |
[INFO] [stdout]     = help: if you wanted to use a crate named `lox_test_utils`, use `cargo add lox_test_utils` to add it to your `Cargo.toml`
[INFO] [stdout] 
[INFO] [stdout] 
[INFO] [stdout] error[E0432]: unresolved import `lox_test_utils`
[INFO] [stdout]   --> benches/visibility.rs:19:5
[INFO] [stdout]    |
[INFO] [stdout] 19 | use lox_test_utils::read_data_file;
[INFO] [stdout]    |     ^^^^^^^^^^^^^^ use of unresolved module or unlinked crate `lox_test_utils`
[INFO] [stdout]    |
[INFO] [stdout]    = help: if you wanted to use a crate named `lox_test_utils`, use `cargo add lox_test_utils` to add it to your `Cargo.toml`
[INFO] [stdout] 
[INFO] [stdout] 
[INFO] [stdout] For more information about this error, try `rustc --explain E0432`.
[INFO] [stdout] 
[INFO] [stderr] error: could not compile `lox-analysis` (bench "visibility") due to 1 previous error
[INFO] [stderr] warning: build failed, waiting for other jobs to finish...
[INFO] [stdout] Some errors have detailed explanations: E0432, E0433.
[INFO] [stdout] 
[INFO] [stdout] For more information about an error, try `rustc --explain E0432`.
[INFO] [stdout] 
[INFO] [stderr] error: could not compile `lox-analysis` (lib test) due to 9 previous errors
[INFO] running `Command { std: "docker" "inspect" "869be4acff89f7d47bb47531ce9b48d7f4379902dfbe71a0db4938f91019b47a", kill_on_drop: false }`
[INFO] running `Command { std: "docker" "rm" "-f" "869be4acff89f7d47bb47531ce9b48d7f4379902dfbe71a0db4938f91019b47a", kill_on_drop: false }`
[INFO] [stdout] 869be4acff89f7d47bb47531ce9b48d7f4379902dfbe71a0db4938f91019b47a
