[INFO] fetching crate lost-in-space 0.2.1...
[INFO] checking lost-in-space-0.2.1 against 3154cc1a3e6424e44f438a95007d043ed5ceaaf6 for pr-133502-30
[INFO] extracting crate lost-in-space 0.2.1 into /workspace/builds/worker-1-tc2/source
[INFO] started tweaking crates.io crate lost-in-space 0.2.1
[INFO] removed 0 missing examples
[INFO] removed 0 missing tests
[INFO] finished tweaking crates.io crate lost-in-space 0.2.1
[INFO] tweaked toml for crates.io crate lost-in-space 0.2.1 written to /workspace/builds/worker-1-tc2/source/Cargo.toml
[INFO] validating manifest of crates.io crate lost-in-space 0.2.1 on toolchain 3154cc1a3e6424e44f438a95007d043ed5ceaaf6
[INFO] running `Command { std: CARGO_HOME="/workspace/cargo-home" RUSTUP_HOME="/workspace/rustup-home" "/workspace/cargo-home/bin/cargo" "+3154cc1a3e6424e44f438a95007d043ed5ceaaf6" "metadata" "--manifest-path" "Cargo.toml" "--no-deps", kill_on_drop: false }`
[INFO] crate crates.io crate lost-in-space 0.2.1 already has a lockfile, it will not be regenerated
[INFO] running `Command { std: CARGO_HOME="/workspace/cargo-home" RUSTUP_HOME="/workspace/rustup-home" "/workspace/cargo-home/bin/cargo" "+3154cc1a3e6424e44f438a95007d043ed5ceaaf6" "fetch" "--manifest-path" "Cargo.toml", kill_on_drop: false }`
[INFO] [stderr] warning: `package.homepage` is redundant with `package.repository`
[INFO] [stderr]    --> Cargo.toml:124:12
[INFO] [stderr]     |
[INFO] [stderr] 124 | homepage = "https://github.com/Joatin/lost-in-space"
[INFO] [stderr]     |            ^^^^^^^^^^^^^^^^^^^^^^^^^^^^^^^^^^^^^^^^^
[INFO] [stderr] ...
[INFO] [stderr] 129 | repository = "https://github.com/Joatin/lost-in-space"
[INFO] [stderr]     |              -----------------------------------------
[INFO] [stderr]     |
[INFO] [stderr]     = note: `cargo::redundant_homepage` is set to `warn` by default
[INFO] [stderr] help: consider removing `package.homepage`
[INFO] [stderr] warning: `lost-in-space` (manifest) generated 1 warning
[INFO] running `Command { std: "docker" "create" "-v" "/var/lib/crater-agent-workspace/builds/worker-1-tc2/source:/opt/rustwide/workdir:ro,Z" "-v" "/var/lib/crater-agent-workspace/builds/worker-1-tc2/target:/opt/rustwide/target:rw,Z" "-v" "/var/lib/crater-agent-workspace/cargo-home:/opt/rustwide/cargo-home:ro,Z" "-v" "/var/lib/crater-agent-workspace/rustup-home:/opt/rustwide/rustup-home:ro,Z" "-m" "1610612736" "--network" "none" "ghcr.io/rust-lang/crates-build-env/linux@sha256:77db811e55d90add9212f6832c23229e3de5f1c1f9905e8cb07319ea15df73ac" "sleep" "infinity", kill_on_drop: false }`
[INFO] [stdout] 5e6307106d4a598d0b93659cf61c18d7c2b6f8ba0ff620ed1f76860f90e1f157
[INFO] running `Command { std: "docker" "start" "5e6307106d4a598d0b93659cf61c18d7c2b6f8ba0ff620ed1f76860f90e1f157", kill_on_drop: false }`
[INFO] running `Command { std: "docker" "inspect" "5e6307106d4a598d0b93659cf61c18d7c2b6f8ba0ff620ed1f76860f90e1f157", kill_on_drop: false }`
[INFO] running `Command { std: "docker" "exec" "-e" "SOURCE_DIR=/opt/rustwide/workdir" "-e" "CARGO_HOME=/opt/rustwide/cargo-home" "-e" "RUSTUP_HOME=/opt/rustwide/rustup-home" "-e" "CARGO_TARGET_DIR=/opt/rustwide/target" "-w" "/opt/rustwide/workdir" "--user" "0:0" "5e6307106d4a598d0b93659cf61c18d7c2b6f8ba0ff620ed1f76860f90e1f157" "/opt/rustwide/cargo-home/bin/cargo" "+3154cc1a3e6424e44f438a95007d043ed5ceaaf6" "metadata" "--no-deps" "--format-version=1", kill_on_drop: false }`
[INFO] running `Command { std: "docker" "inspect" "5e6307106d4a598d0b93659cf61c18d7c2b6f8ba0ff620ed1f76860f90e1f157", kill_on_drop: false }`
[INFO] running `Command { std: "docker" "exec" "-e" "SOURCE_DIR=/opt/rustwide/workdir" "-e" "CARGO_HOME=/opt/rustwide/cargo-home" "-e" "RUSTUP_HOME=/opt/rustwide/rustup-home" "-e" "CARGO_TARGET_DIR=/opt/rustwide/target" "-e" "CARGO_INCREMENTAL=0" "-e" "RUST_BACKTRACE=full" "-e" "RUSTFLAGS=--cap-lints=forbid" "-e" "RUSTDOCFLAGS=--cap-lints=forbid" "-w" "/opt/rustwide/workdir" "--user" "0:0" "5e6307106d4a598d0b93659cf61c18d7c2b6f8ba0ff620ed1f76860f90e1f157" "/opt/rustwide/cargo-home/bin/cargo" "+3154cc1a3e6424e44f438a95007d043ed5ceaaf6" "check" "--frozen" "--all" "--all-targets" "--message-format=json", kill_on_drop: false }`
[INFO] [stderr] warning: `package.homepage` is redundant with `package.repository`
[INFO] [stderr]    --> Cargo.toml:124:12
[INFO] [stderr]     |
[INFO] [stderr] 124 | homepage = "https://github.com/Joatin/lost-in-space"
[INFO] [stderr]     |            ^^^^^^^^^^^^^^^^^^^^^^^^^^^^^^^^^^^^^^^^^
[INFO] [stderr] ...
[INFO] [stderr] 129 | repository = "https://github.com/Joatin/lost-in-space"
[INFO] [stderr]     |              -----------------------------------------
[INFO] [stderr]     |
[INFO] [stderr]     = note: `cargo::redundant_homepage` is set to `warn` by default
[INFO] [stderr] help: consider removing `package.homepage`
[INFO] [stderr] warning: `lost-in-space` (manifest) generated 1 warning
[INFO] [stderr]    Compiling proc-macro2 v1.0.105
[INFO] [stderr]    Compiling unicode-ident v1.0.22
[INFO] [stderr]    Compiling quote v1.0.47
[INFO] [stderr]    Compiling autocfg v1.5.0
[INFO] [stderr]    Compiling libm v0.2.15
[INFO] [stderr]     Checking cfg-if v1.0.4
[INFO] [stderr]    Compiling libc v0.2.180
[INFO] [stderr]    Compiling zerocopy v0.8.33
[INFO] [stderr]    Compiling crossbeam-utils v0.8.21
[INFO] [stderr]    Compiling getrandom v0.3.4
[INFO] [stderr]     Checking log v0.4.29
[INFO] [stderr]    Compiling rayon-core v1.13.0
[INFO] [stderr]     Checking simd-adler32 v0.3.8
[INFO] [stderr]    Compiling num-traits v0.2.19
[INFO] [stderr]     Checking memchr v2.7.6
[INFO] [stderr]     Checking once_cell v1.21.3
[INFO] [stderr]    Compiling paste v1.0.15
[INFO] [stderr]     Checking either v1.15.0
[INFO] [stderr]    Compiling rustversion v1.0.22
[INFO] [stderr]     Checking arrayvec v0.7.6
[INFO] [stderr]    Compiling shlex v1.3.0
[INFO] [stderr]    Compiling anyhow v1.0.100
[INFO] [stderr]     Checking crossbeam-epoch v0.9.18
[INFO] [stderr]    Compiling find-msvc-tools v0.1.7
[INFO] [stderr]    Compiling cc v1.2.52
[INFO] [stderr]     Checking stable_deref_trait v1.2.1
[INFO] [stderr]     Checking crossbeam-deque v0.8.6
[INFO] [stderr]     Checking bitflags v2.10.0
[INFO] [stderr]    Compiling thiserror v2.0.17
[INFO] [stderr]    Compiling syn v2.0.114
[INFO] [stderr]    Compiling syn v3.0.4
[INFO] [stderr]    Compiling crc32fast v1.5.0
[INFO] [stderr]     Checking adler2 v2.0.1
[INFO] [stderr]     Checking miniz_oxide v0.8.9
[INFO] [stderr]     Checking rayon v1.11.0
[INFO] [stderr]     Checking as-slice v0.2.1
[INFO] [stderr]     Checking rand_core v0.9.3
[INFO] [stderr]    Compiling typenum v1.19.0
[INFO] [stderr]    Compiling av-scenechange v0.14.1
[INFO] [stderr]    Compiling built v0.8.0
[INFO] [stderr]     Checking num-integer v0.1.46
[INFO] [stderr]     Checking num-complex v0.4.6
[INFO] [stderr]     Checking num-bigint v0.4.6
[INFO] [stderr]     Checking aligned v0.4.3
[INFO] [stderr]     Checking no_std_io2 v0.9.4
[INFO] [stderr]     Checking nom v8.0.0
[INFO] [stderr]    Compiling pastey v0.1.1
[INFO] [stderr]     Checking smallvec v1.15.1
[INFO] [stderr]    Compiling rav1e v0.8.1
[INFO] [stderr]     Checking y4m v0.8.0
[INFO] [stderr]    Compiling serde_core v1.0.228
[INFO] [stderr]     Checking quick-error v2.0.1
[INFO] [stderr]     Checking bitstream-io v4.10.0
[INFO] [stderr]     Checking flate2 v1.1.5
[INFO] [stderr]    Compiling simd_helpers v0.1.0
[INFO] [stderr]     Checking itertools v0.14.0
[INFO] [stderr]     Checking num-rational v0.4.2
[INFO] [stderr]     Checking tracing-core v0.1.36
[INFO] [stderr]    Compiling matrixmultiply v0.3.10
[INFO] [stderr]    Compiling bytemuck_derive v1.12.0
[INFO] [stderr]    Compiling noop_proc_macro v0.3.0
[INFO] [stderr]    Compiling az v1.2.1
[INFO] [stderr]     Checking maybe-rayon v0.1.1
[INFO] [stderr]     Checking zune-core v0.4.12
[INFO] [stderr]     Checking strength_reduce v0.2.4
[INFO] [stderr]     Checking weezl v0.1.12
[INFO] [stderr]     Checking new_debug_unreachable v1.0.6
[INFO] [stderr]     Checking imgref v1.12.0
[INFO] [stderr]    Compiling rustix v1.1.3
[INFO] [stderr]     Checking zune-jpeg v0.4.21
[INFO] [stderr]     Checking loop9 v0.1.5
[INFO] [stderr]     Checking transpose v0.2.3
[INFO] [stderr]    Compiling generator v0.8.8
[INFO] [stderr]     Checking primal-check v0.3.4
[INFO] [stderr]     Checking approx v0.5.1
[INFO] [stderr]     Checking pxfm v0.1.27
[INFO] [stderr]     Checking avif-serialize v0.8.6
[INFO] [stderr]     Checking fdeflate v0.3.7
[INFO] [stderr]     Checking zune-inflate v0.2.54
[INFO] [stderr]     Checking bytemuck v1.24.0
[INFO] [stderr]     Checking bit_field v0.10.3
[INFO] [stderr]    Compiling fixed v1.29.0
[INFO] [stderr]     Checking ttf-parser v0.25.1
[INFO] [stderr]     Checking safe_arch v0.7.4
[INFO] [stderr]     Checking byteorder-lite v0.1.0
[INFO] [stderr]     Checking lazy_static v1.5.0
[INFO] [stderr]     Checking rgb v0.8.52
[INFO] [stderr]     Checking zune-core v0.5.0
[INFO] [stderr]     Checking wide v0.7.33
[INFO] [stderr]    Compiling serde v1.0.228
[INFO] [stderr]     Checking color_quant v1.1.0
[INFO] [stderr]     Checking rawpointer v0.2.1
[INFO] [stderr]     Checking linux-raw-sys v0.11.0
[INFO] [stderr]     Checking lebe v0.5.3
[INFO] [stderr]     Checking gif v0.14.1
[INFO] [stderr]    Compiling zerocopy-derive v0.8.33
[INFO] [stderr]    Compiling equator-macro v0.4.2
[INFO] [stderr]    Compiling thiserror-impl v2.0.17
[INFO] [stderr]    Compiling profiling-procmacros v1.0.17
[INFO] [stderr]     Checking equator v0.4.2
[INFO] [stderr]    Compiling arg_enum_proc_macro v0.3.4
[INFO] [stderr]     Checking profiling v1.0.17
[INFO] [stderr]    Compiling fax_derive v0.2.0
[INFO] [stderr]     Checking aligned-vec v0.6.4
[INFO] [stderr]     Checking v_frame v0.3.9
[INFO] [stderr]    Compiling num-derive v0.4.2
[INFO] [stderr]     Checking owned_ttf_parser v0.25.1
[INFO] [stderr]     Checking simba v0.9.1
[INFO] [stderr]     Checking moxcms v0.7.11
[INFO] [stderr]     Checking av1-grain v0.2.5
[INFO] [stderr]     Checking fax v0.2.6
[INFO] [stderr]    Compiling tracing-attributes v0.1.31
[INFO] [stderr]    Compiling serde_derive v1.0.228
[INFO] [stderr]     Checking zune-jpeg v0.5.8
[INFO] [stderr]     Checking image-webp v0.2.4
[INFO] [stderr]     Checking sharded-slab v0.1.7
[INFO] [stderr]     Checking qoi v0.4.1
[INFO] [stderr]     Checking png v0.18.0
[INFO] [stderr]     Checking rustfft v6.4.1
[INFO] [stderr]     Checking tracing-log v0.2.0
[INFO] [stderr]     Checking half v2.7.1
[INFO] [stderr]     Checking ppv-lite86 v0.2.21
[INFO] [stderr]    Compiling blake3 v1.8.7
[INFO] [stderr]     Checking tiff v0.10.3
[INFO] [stderr]     Checking exr v1.74.0
[INFO] [stderr]     Checking rand_chacha v0.9.0
[INFO] [stderr]     Checking rand v0.9.2
[INFO] [stderr]     Checking num-iter v0.1.45
[INFO] [stderr]     Checking thread_local v1.1.9
[INFO] [stderr]     Checking ab_glyph_rasterizer v0.1.10
[INFO] [stderr]     Checking fastrand v2.5.0
[INFO] [stderr]     Checking nu-ansi-term v0.50.3
[INFO] [stderr]     Checking pin-project-lite v0.2.16
[INFO] [stderr]    Compiling zmij v1.0.13
[INFO] [stderr]     Checking tempfile v3.25.0
[INFO] [stderr]     Checking tracing-subscriber v0.3.22
[INFO] [stderr]     Checking tracing v0.1.44
[INFO] [stderr]     Checking ab_glyph v0.2.32
[INFO] [stderr]     Checking num v0.4.3
[INFO] [stderr]     Checking rand_distr v0.5.1
[INFO] [stderr]     Checking nalgebra v0.34.1
[INFO] [stderr]    Compiling lost-in-space v0.2.1 (/opt/rustwide/workdir)
[INFO] [stderr]     Checking ordered-float v5.1.0
[INFO] [stderr]     Checking wait-timeout v0.2.1
[INFO] [stderr]     Checking divrem v1.0.0
[INFO] [stderr]     Checking sorted-vec v0.8.10
[INFO] [stderr]     Checking constant_time_eq v0.4.2
[INFO] [stderr]     Checking array-init v2.1.0
[INFO] [stderr]    Compiling serde_json v1.0.149
[INFO] [stderr]     Checking fnv v1.0.7
[INFO] [stderr]     Checking bit-vec v0.8.0
[INFO] [stderr]     Checking quick-error v1.2.3
[INFO] [stderr]     Checking cpufeatures v0.3.1
[INFO] [stderr]     Checking cmov v0.4.6
[INFO] [stderr]     Checking bit-set v0.8.0
[INFO] [stderr]     Checking rusty-fork v0.3.1
[INFO] [stderr]     Checking latlong v0.1.3
[INFO] [stderr]     Checking rand_xorshift v0.4.0
[INFO] [stderr]     Checking memmap2 v0.9.11
[INFO] [stderr]     Checking realpix v0.2.0
[INFO] [stderr]     Checking itoa v1.0.17
[INFO] [stderr]     Checking ravif v0.12.0
[INFO] [stderr]     Checking unarray v0.1.4
[INFO] [stderr]     Checking regex-syntax v0.8.11
[INFO] [stderr]     Checking image v0.25.9
[INFO] [stderr]     Checking rustdct v0.7.1
[INFO] [stderr]     Checking proptest v1.11.0
[INFO] [stderr]     Checking imageproc v0.26.2
[INFO] [stderr]     Checking kiddo v5.2.4
[INFO] [stdout] error[E0433]: cannot find module or crate `fits_io` in this scope
[INFO] [stdout]   --> examples/time_relative.rs:18:5
[INFO] [stdout]    |
[INFO] [stdout] 18 | use fits_io::fs::FsFits;
[INFO] [stdout]    |     ^^^^^^^ use of unresolved module or unlinked crate `fits_io`
[INFO] [stdout]    |
[INFO] [stdout]    = help: if you wanted to use a crate named `fits_io`, use `cargo add fits_io` to add it to your `Cargo.toml`
[INFO] [stdout] 
[INFO] [stdout] 
[INFO] [stdout] error[E0432]: unresolved import `fits_io`
[INFO] [stdout]   --> examples/time_relative.rs:17:5
[INFO] [stdout]    |
[INFO] [stdout] 17 | use fits_io::Fits;
[INFO] [stdout]    |     ^^^^^^^ use of unresolved module or unlinked crate `fits_io`
[INFO] [stdout]    |
[INFO] [stdout]    = help: if you wanted to use a crate named `fits_io`, use `cargo add fits_io` to add it to your `Cargo.toml`
[INFO] [stdout] 
[INFO] [stdout] 
[INFO] [stdout] error[E0432]: unresolved import `lost_in_space::star::detect_stars_from_fits_image_hdu`
[INFO] [stdout]   --> examples/time_relative.rs:21:5
[INFO] [stdout]    |
[INFO] [stdout] 21 | use lost_in_space::star::detect_stars_from_fits_image_hdu;
[INFO] [stdout]    |     ^^^^^^^^^^^^^^^^^^^^^--------------------------------
[INFO] [stdout]    |                          |
[INFO] [stdout]    |                          no `detect_stars_from_fits_image_hdu` in `star`
[INFO] [stdout]    |
[INFO] [stdout] note: found an item that was configured out
[INFO] [stdout]   --> src/star/mod.rs:6:5
[INFO] [stdout]    |
[INFO] [stdout]  5 | #[cfg(feature = "fits")]
[INFO] [stdout]    |       ---------------- the item is gated behind the `fits` feature
[INFO] [stdout]  6 | mod detect_stars_from_fits_image_hdu;
[INFO] [stdout]    |     ^^^^^^^^^^^^^^^^^^^^^^^^^^^^^^^^
[INFO] [stdout] note: found an item that was configured out
[INFO] [stdout]   --> src/star/mod.rs:17:5
[INFO] [stdout]    |
[INFO] [stdout] 15 | #[cfg(feature = "fits")]
[INFO] [stdout]    |       ---------------- the item is gated behind the `fits` feature
[INFO] [stdout] 16 | pub use self::detect_stars_from_fits_image_hdu::{
[INFO] [stdout] 17 |     detect_stars_from_fits_image_hdu, detect_stars_from_fits_image_hdu_with,
[INFO] [stdout]    |     ^^^^^^^^^^^^^^^^^^^^^^^^^^^^^^^^
[INFO] [stdout] help: a similar name exists in the module
[INFO] [stdout]    |
[INFO] [stdout] 21 - use lost_in_space::star::detect_stars_from_fits_image_hdu;
[INFO] [stdout] 21 + use lost_in_space::star::detect_stars_from_image;
[INFO] [stdout]    |
[INFO] [stdout] 
[INFO] [stdout] 
[INFO] [stdout] Some errors have detailed explanations: E0432, E0433.
[INFO] [stdout] 
[INFO] [stdout] For more information about an error, try `rustc --explain E0432`.
[INFO] [stdout] 
[INFO] [stderr] error: could not compile `lost-in-space` (example "time_relative") due to 3 previous errors
[INFO] [stderr] warning: build failed, waiting for other jobs to finish...
[INFO] running `Command { std: "docker" "inspect" "5e6307106d4a598d0b93659cf61c18d7c2b6f8ba0ff620ed1f76860f90e1f157", kill_on_drop: false }`
[INFO] running `Command { std: "docker" "rm" "-f" "5e6307106d4a598d0b93659cf61c18d7c2b6f8ba0ff620ed1f76860f90e1f157", kill_on_drop: false }`
[INFO] [stdout] 5e6307106d4a598d0b93659cf61c18d7c2b6f8ba0ff620ed1f76860f90e1f157
