[INFO] fetching crate loonfs-grep 0.4.0...
[INFO] checking loonfs-grep-0.4.0 against 3154cc1a3e6424e44f438a95007d043ed5ceaaf6+rustflags=-Znext-solver=coherence for pr-133502-30
[INFO] extracting crate loonfs-grep 0.4.0 into /workspace/builds/worker-3-tc1/source
[INFO] started tweaking crates.io crate loonfs-grep 0.4.0
[INFO] removed 0 missing tests
[INFO] finished tweaking crates.io crate loonfs-grep 0.4.0
[INFO] tweaked toml for crates.io crate loonfs-grep 0.4.0 written to /workspace/builds/worker-3-tc1/source/Cargo.toml
[INFO] validating manifest of crates.io crate loonfs-grep 0.4.0 on toolchain 3154cc1a3e6424e44f438a95007d043ed5ceaaf6
[INFO] running `Command { std: CARGO_HOME="/workspace/cargo-home" RUSTUP_HOME="/workspace/rustup-home" "/workspace/cargo-home/bin/cargo" "+3154cc1a3e6424e44f438a95007d043ed5ceaaf6" "metadata" "--manifest-path" "Cargo.toml" "--no-deps", kill_on_drop: false }`
[INFO] crate crates.io crate loonfs-grep 0.4.0 already has a lockfile, it will not be regenerated
[INFO] running `Command { std: CARGO_HOME="/workspace/cargo-home" RUSTUP_HOME="/workspace/rustup-home" "/workspace/cargo-home/bin/cargo" "+3154cc1a3e6424e44f438a95007d043ed5ceaaf6" "fetch" "--manifest-path" "Cargo.toml", kill_on_drop: false }`
[INFO] [stderr] warning: `package.homepage` is redundant with `package.repository`
[INFO] [stderr]   --> Cargo.toml:89:12
[INFO] [stderr]    |
[INFO] [stderr] 89 | homepage = "https://github.com/loonfs/loonfs"
[INFO] [stderr]    |            ^^^^^^^^^^^^^^^^^^^^^^^^^^^^^^^^^^
[INFO] [stderr] ...
[INFO] [stderr] 94 | repository = "https://github.com/loonfs/loonfs"
[INFO] [stderr]    |              ----------------------------------
[INFO] [stderr]    |
[INFO] [stderr]    = note: `cargo::redundant_homepage` is set to `warn` by default
[INFO] [stderr] help: consider removing `package.homepage`
[INFO] [stderr] warning: `loonfs-grep` (manifest) generated 1 warning
[INFO] [stderr]     Updating crates.io index
[INFO] [stderr]     Blocking waiting for file lock on package cache
[INFO] [stderr]  Downloading crates ...
[INFO] [stderr]   Downloaded zstd v0.13.3
[INFO] [stderr]   Downloaded zstd-safe v7.2.4
[INFO] [stderr]   Downloaded cc v1.2.56
[INFO] [stderr]   Downloaded windows-result v0.4.1
[INFO] [stderr]   Downloaded pkg-config v0.3.32
[INFO] [stderr]   Downloaded cfg-if v1.0.4
[INFO] [stderr]   Downloaded wit-bindgen-rust-macro v0.51.0
[INFO] [stderr]   Downloaded windows-strings v0.5.1
[INFO] [stderr]   Downloaded windows-link v0.2.1
[INFO] [stderr]   Downloaded windows-core v0.62.2
[INFO] [stderr]   Downloaded futures-sink v0.3.32
[INFO] [stderr]   Downloaded windows-interface v0.59.3
[INFO] [stderr]   Downloaded rustversion v1.0.22
[INFO] [stderr]   Downloaded cpufeatures v0.2.17
[INFO] [stderr]   Downloaded futures-task v0.3.32
[INFO] [stderr]   Downloaded itoa v1.0.17
[INFO] [stderr]   Downloaded id-arena v2.3.0
[INFO] [stderr]   Downloaded fastrand v2.3.0
[INFO] [stderr]   Downloaded shlex v1.3.0
[INFO] [stderr]   Downloaded ciborium v0.2.2
[INFO] [stderr]   Downloaded wasi v0.11.1+wasi-snapshot-preview1
[INFO] [stderr]   Downloaded crunchy v0.2.4
[INFO] [stderr]   Downloaded ciborium-io v0.2.2
[INFO] [stderr]   Downloaded num-conv v0.2.2
[INFO] [stderr]   Downloaded time-core v0.1.9
[INFO] [stderr]   Downloaded block-buffer v0.10.4
[INFO] [stderr]   Downloaded wasm-bindgen-macro v0.2.114
[INFO] [stderr]   Downloaded leb128fmt v0.1.0
[INFO] [stderr]   Downloaded generic-array v0.14.7
[INFO] [stderr]   Downloaded windows-targets v0.52.6
[INFO] [stderr]   Downloaded unicode-xid v0.2.6
[INFO] [stderr]   Downloaded serde_bytes v0.11.19
[INFO] [stderr]   Downloaded find-msvc-tools v0.1.9
[INFO] [stderr]   Downloaded wasm-bindgen-shared v0.2.114
[INFO] [stderr]   Downloaded signal-hook-registry v1.4.8
[INFO] [stderr]   Downloaded crypto-common v0.1.7
[INFO] [stderr]   Downloaded version_check v0.9.5
[INFO] [stderr]   Downloaded semver v1.0.27
[INFO] [stderr]   Downloaded wasm-metadata v0.244.0
[INFO] [stderr]   Downloaded web-time v1.1.0
[INFO] [stderr]   Downloaded crc32c v0.6.8
[INFO] [stderr]   Downloaded ciborium-ll v0.2.2
[INFO] [stderr]   Downloaded http-body v0.4.6
[INFO] [stderr]   Downloaded tokio-macros v2.6.1
[INFO] [stderr]   Downloaded foldhash v0.1.5
[INFO] [stderr]   Downloaded zmij v1.0.21
[INFO] [stderr]   Downloaded thiserror-impl v2.0.18
[INFO] [stderr]   Downloaded sha2 v0.10.9
[INFO] [stderr]   Downloaded digest v0.10.7
[INFO] [stderr]   Downloaded jni-sys v0.4.1
[INFO] [stderr]   Downloaded rustc-hash v2.1.2
[INFO] [stderr]   Downloaded icu_casemap_data v2.1.1
[INFO] [stderr]   Downloaded fs4 v0.13.1
[INFO] [stderr]   Downloaded aws-types v1.3.7
[INFO] [stderr]   Downloaded jobserver v0.1.34
[INFO] [stderr]   Downloaded quote v1.0.45
[INFO] [stderr]   Downloaded security-framework-sys v2.17.0
[INFO] [stderr]   Downloaded rustls-platform-verifier-android v0.1.1
[INFO] [stderr]   Downloaded windows-implement v0.60.2
[INFO] [stderr]   Downloaded hex v0.4.3
[INFO] [stderr]   Downloaded urlencoding v2.1.3
[INFO] [stderr]   Downloaded proc-macro2 v1.0.106
[INFO] [stderr]   Downloaded wit-bindgen v0.51.0
[INFO] [stderr]   Downloaded wit-bindgen-rust v0.51.0
[INFO] [stderr]   Downloaded serde_core v1.0.228
[INFO] [stderr]   Downloaded bitflags v2.11.0
[INFO] [stderr]   Downloaded anyhow v1.0.103
[INFO] [stderr]   Downloaded wit-bindgen-core v0.51.0
[INFO] [stderr]   Downloaded thiserror v2.0.18
[INFO] [stderr]   Downloaded getrandom v0.4.2
[INFO] [stderr]   Downloaded potential_utf v0.1.4
[INFO] [stderr]   Downloaded pin-utils v0.1.0
[INFO] [stderr]   Downloaded getrandom v0.3.4
[INFO] [stderr]   Downloaded serde_derive v1.0.228
[INFO] [stderr]   Downloaded serde_urlencoded v0.7.1
[INFO] [stderr]   Downloaded log v0.4.29
[INFO] [stderr]   Downloaded socket2 v0.6.3
[INFO] [stderr]   Downloaded wasm-bindgen-futures v0.4.64
[INFO] [stderr]   Downloaded lock_api v0.4.14
[INFO] [stderr]   Downloaded digest v0.11.3
[INFO] [stderr]   Downloaded crc-catalog v2.5.0
[INFO] [stderr]   Downloaded unicode-ident v1.0.24
[INFO] [stderr]   Downloaded wasm-bindgen-macro-support v0.2.114
[INFO] [stderr]   Downloaded r-efi v5.3.0
[INFO] [stderr]   Downloaded tracing-attributes v0.1.31
[INFO] [stderr]   Downloaded bytes v1.11.1
[INFO] [stderr]   Downloaded r-efi v6.0.0
[INFO] [stderr]   Downloaded md-5 v0.11.0
[INFO] [stderr]   Downloaded autocfg v1.5.0
[INFO] [stderr]   Downloaded powerfmt v0.2.0
[INFO] [stderr]   Downloaded wasm-bindgen v0.2.114
[INFO] [stderr]   Downloaded bumpalo v3.20.2
[INFO] [stderr]   Downloaded indexmap v2.13.0
[INFO] [stderr]   Downloaded wasm-encoder v0.244.0
[INFO] [stderr]   Downloaded prettyplease v0.2.37
[INFO] [stderr]   Downloaded futures-core v0.3.32
[INFO] [stderr]   Downloaded zerofrom v0.1.6
[INFO] [stderr]   Downloaded zerofrom-derive v0.1.6
[INFO] [stderr]   Downloaded yoke-derive v0.8.1
[INFO] [stderr]   Downloaded write16 v1.0.0
[INFO] [stderr]   Downloaded http-body v1.0.1
[INFO] [stderr]   Downloaded outref v0.5.2
[INFO] [stderr]   Downloaded aws-credential-types v1.2.3
[INFO] [stderr]   Downloaded serde v1.0.228
[INFO] [stderr]   Downloaded typenum v1.20.1
[INFO] [stderr]   Downloaded same-file v1.0.6
[INFO] [stderr]   Downloaded quinn v0.11.9
[INFO] [stderr]   Downloaded redox_syscall v0.5.18
[INFO] [stderr]   Downloaded block-buffer v0.12.1
[INFO] [stderr]   Downloaded android_system_properties v0.1.5
[INFO] [stderr]   Downloaded futures-executor v0.3.32
[INFO] [stderr]   Downloaded time-macros v0.2.32
[INFO] [stderr]   Downloaded deranged v0.5.8
[INFO] [stderr]   Downloaded base64-simd v0.8.0
[INFO] [stderr]   Downloaded aws-smithy-observability v0.1.3
[INFO] [stderr]   Downloaded aws-smithy-query v0.60.7
[INFO] [stderr]   Downloaded wasip2 v1.0.2+wasi-0.2.9
[INFO] [stderr]   Downloaded memchr v2.8.0
[INFO] [stderr]   Downloaded js-sys v0.3.91
[INFO] [stderr]   Downloaded mio v1.1.1
[INFO] [stderr]   Downloaded wasip3 v0.4.0+wasi-0.3.0-rc-2026-01-06
[INFO] [stderr]   Downloaded futures-macro v0.3.32
[INFO] [stderr]   Downloaded futures-io v0.3.32
[INFO] [stderr]   Downloaded idna_adapter v1.2.1
[INFO] [stderr]   Downloaded utf16_iter v1.0.5
[INFO] [stderr]   Downloaded winapi-util v0.1.11
[INFO] [stderr]   Downloaded rustc_version v0.4.1
[INFO] [stderr]   Downloaded tinyvec_macros v0.1.1
[INFO] [stderr]   Downloaded rand_chacha v0.9.0
[INFO] [stderr]   Downloaded zerocopy-derive v0.8.42
[INFO] [stderr]   Downloaded iana-time-zone-haiku v0.1.2
[INFO] [stderr]   Downloaded aws-smithy-http v0.62.1
[INFO] [stderr]   Downloaded hashbrown v0.15.5
[INFO] [stderr]   Downloaded loonfs-objectstore v0.4.0
[INFO] [stderr]   Downloaded yoke v0.8.1
[INFO] [stderr]   Downloaded xmlparser v0.13.6
[INFO] [stderr]   Downloaded xxhash-rust v0.8.16
[INFO] [stderr]   Downloaded vsimd v0.8.0
[INFO] [stderr]   Downloaded synstructure v0.13.2
[INFO] [stderr]   Downloaded num-integer v0.1.46
[INFO] [stderr]   Downloaded aws-smithy-async v1.2.5
[INFO] [stderr]   Downloaded aws-smithy-xml v0.60.10
[INFO] [stderr]   Downloaded writeable v0.6.2
[INFO] [stderr]   Downloaded zerovec-derive v0.11.2
[INFO] [stderr]   Downloaded tinystr v0.8.2
[INFO] [stderr]   Downloaded hyper-rustls v0.27.9
[INFO] [stderr]   Downloaded async-trait v0.1.89
[INFO] [stderr]   Downloaded bytes-utils v0.1.4
[INFO] [stderr]   Downloaded aws-smithy-json v0.61.4
[INFO] [stderr]   Downloaded displaydoc v0.2.5
[INFO] [stderr]   Downloaded zeroize v1.8.2
[INFO] [stderr]   Downloaded rustls-pki-types v1.14.0
[INFO] [stderr]   Downloaded wasm-streams v0.5.0
[INFO] [stderr]   Downloaded half v2.7.1
[INFO] [stderr]   Downloaded crypto-common v0.2.2
[INFO] [stderr]   Downloaded smallvec v1.15.1
[INFO] [stderr]   Downloaded tokio-rustls v0.26.4
[INFO] [stderr]   Downloaded rand_core v0.9.5
[INFO] [stderr]   Downloaded crc64fast-nvme v1.2.1
[INFO] [stderr]   Downloaded hmac v0.12.1
[INFO] [stderr]   Downloaded futures-channel v0.3.32
[INFO] [stderr]   Downloaded ppv-lite86 v0.2.21
[INFO] [stderr]   Downloaded ryu v1.0.23
[INFO] [stderr]   Downloaded uuid v1.24.1
[INFO] [stderr]   Downloaded wit-parser v0.244.0
[INFO] [stderr]   Downloaded hashbrown v0.16.1
[INFO] [stderr]   Downloaded icu_properties v2.1.2
[INFO] [stderr]   Downloaded litemap v0.8.1
[INFO] [stderr]   Downloaded icu_normalizer v2.1.1
[INFO] [stderr]   Downloaded rustls-platform-verifier v0.7.0
[INFO] [stderr]   Downloaded tinyvec v1.11.0
[INFO] [stderr]   Downloaded want v0.3.1
[INFO] [stderr]   Downloaded cpufeatures v0.3.0
[INFO] [stderr]   Downloaded icu_casemap v2.1.1
[INFO] [stderr]   Downloaded aws-smithy-types v1.3.2
[INFO] [stderr]   Downloaded aws-smithy-runtime-api v1.8.1
[INFO] [stderr]   Downloaded aws-sigv4 v1.3.3
[INFO] [stderr]   Downloaded serde_json v1.0.149
[INFO] [stderr]   Downloaded futures-util v0.3.32
[INFO] [stderr]   Downloaded zerotrie v0.2.3
[INFO] [stderr]   Downloaded icu_provider v2.1.1
[INFO] [stderr]   Downloaded icu_locale_core v2.1.1
[INFO] [stderr]   Downloaded ipnet v2.12.0
[INFO] [stderr]   Downloaded http-body-util v0.1.3
[INFO] [stderr]   Downloaded aws-smithy-http-client v1.0.1
[INFO] [stderr]   Downloaded regex v1.13.0
[INFO] [stderr]   Downloaded icu_collections v2.1.1
[INFO] [stderr]   Downloaded icu_normalizer_data v2.1.1
[INFO] [stderr]   Downloaded futures v0.3.32
[INFO] [stderr]   Downloaded regex-lite v0.1.9
[INFO] [stderr]   Downloaded aho-corasick v1.1.4
[INFO] [stderr]   Downloaded core-foundation-sys v0.8.7
[INFO] [stderr]   Downloaded security-framework v3.7.0
[INFO] [stderr]   Downloaded jni v0.22.4
[INFO] [stderr]   Downloaded combine v4.6.8
[INFO] [stderr]   Downloaded hyper-util v0.1.20
[INFO] [stderr]   Downloaded wit-component v0.244.0
[INFO] [stderr]   Downloaded wasmparser v0.244.0
[INFO] [stderr]   Downloaded jni-sys-macros v0.4.1
[INFO] [stderr]   Downloaded itertools v0.15.0
[INFO] [stderr]   Downloaded walkdir v2.5.0
[INFO] [stderr]   Downloaded num-traits v0.2.19
[INFO] [stderr]   Downloaded syn v2.0.117
[INFO] [stderr]   Downloaded object_store v0.14.2
[INFO] [stderr]   Downloaded aws-lc-rs v1.18.0
[INFO] [stderr]   Downloaded webpki-root-certs v1.0.9
[INFO] [stderr]   Downloaded cfg_aliases v0.2.1
[INFO] [stderr]   Downloaded lru-slab v0.1.2
[INFO] [stderr]   Downloaded h2 v0.4.16
[INFO] [stderr]   Downloaded crc v3.4.0
[INFO] [stderr]   Downloaded core-foundation v0.10.1
[INFO] [stderr]   Downloaded schannel v0.1.29
[INFO] [stderr]   Downloaded either v1.15.0
[INFO] [stderr]   Downloaded humantime v2.3.0
[INFO] [stderr]   Downloaded regex-syntax v0.8.11
[INFO] [stderr]   Downloaded quinn-udp v0.5.14
[INFO] [stderr]   Downloaded parking_lot_core v0.9.12
[INFO] [stderr]   Downloaded hybrid-array v0.4.15
[INFO] [stderr]   Downloaded spin v0.10.1
[INFO] [stderr]   Downloaded chrono v0.4.45
[INFO] [stderr]   Downloaded iana-time-zone v0.1.65
[INFO] [stderr]   Downloaded jni-macros v0.22.4
[INFO] [stderr]   Downloaded base64 v0.22.1
[INFO] [stderr]   Downloaded parking_lot v0.12.5
[INFO] [stderr]   Downloaded http v1.4.0
[INFO] [stderr]   Downloaded simd_cesu8 v1.2.0
[INFO] [stderr]   Downloaded aws-runtime v1.5.8
[INFO] [stderr]   Downloaded rand v0.10.2
[INFO] [stderr]   Downloaded crc-fast v1.8.2
[INFO] [stderr]   Downloaded time v0.3.55
[INFO] [stderr]   Downloaded http v0.2.12
[INFO] [stderr]   Downloaded aws-smithy-runtime v1.8.3
[INFO] [stderr]   Downloaded aws-sdk-sso v1.74.0
[INFO] [stderr]   Downloaded rustix v1.1.4
[INFO] [stderr]   Downloaded zerovec v0.11.5
[INFO] [stderr]   Downloaded rand v0.9.4
[INFO] [stderr]   Downloaded aws-sdk-ssooidc v1.75.0
[INFO] [stderr]   Downloaded windows_aarch64_gnullvm v0.52.6
[INFO] [stderr]   Downloaded aws-sdk-sts v1.76.0
[INFO] [stderr]   Downloaded windows_x86_64_gnullvm v0.52.6
[INFO] [stderr]   Downloaded windows_i686_gnullvm v0.52.6
[INFO] [stderr]   Downloaded icu_properties_data v2.1.2
[INFO] [stderr]   Downloaded tokio-util v0.7.18
[INFO] [stderr]   Downloaded hyper v1.9.0
[INFO] [stderr]   Downloaded loonfs-api v0.4.0
[INFO] [stderr]   Downloaded aws-config v1.8.1
[INFO] [stderr]   Downloaded quick-xml v0.41.0
[INFO] [stderr]   Downloaded quinn-proto v0.11.15
[INFO] [stderr]   Downloaded loonfs v0.4.0
[INFO] [stderr]   Downloaded zerocopy v0.8.42
[INFO] [stderr]   Downloaded loonfs-core v0.4.0
[INFO] [stderr]   Downloaded regex-automata v0.4.14
[INFO] [stderr]   Downloaded web-sys v0.3.91
[INFO] [stderr]   Downloaded zstd-sys v2.0.16+zstd.1.5.7
[INFO] [stderr]   Downloaded windows_aarch64_msvc v0.52.6
[INFO] [stderr]   Downloaded libc v0.2.183
[INFO] [stderr]   Downloaded windows_x86_64_msvc v0.52.6
[INFO] [stderr]   Downloaded tokio v1.50.0
[INFO] [stderr]   Downloaded windows_x86_64_gnu v0.52.6
[INFO] [stderr]   Downloaded windows_i686_gnu v0.52.6
[INFO] [stderr]   Downloaded windows_i686_msvc v0.52.6
[INFO] [stderr]   Downloaded windows-sys v0.59.0
[INFO] [stderr]   Downloaded windows-sys v0.61.2
[INFO] [stderr]   Downloaded windows-sys v0.52.0
[INFO] [stderr]   Downloaded aws-lc-sys v0.44.0
[INFO] running `Command { std: "docker" "create" "-v" "/var/lib/crater-agent-workspace/builds/worker-3-tc1/source:/opt/rustwide/workdir:ro,Z" "-v" "/var/lib/crater-agent-workspace/builds/worker-3-tc1/target:/opt/rustwide/target:rw,Z" "-v" "/var/lib/crater-agent-workspace/cargo-home:/opt/rustwide/cargo-home:ro,Z" "-v" "/var/lib/crater-agent-workspace/rustup-home:/opt/rustwide/rustup-home:ro,Z" "-m" "1610612736" "--network" "none" "ghcr.io/rust-lang/crates-build-env/linux@sha256:77db811e55d90add9212f6832c23229e3de5f1c1f9905e8cb07319ea15df73ac" "sleep" "infinity", kill_on_drop: false }`
[INFO] [stdout] 20d4468f32521a52433855ca13059a5fffa7a0ec81bb2538a8d1478f5dee9676
[INFO] running `Command { std: "docker" "start" "20d4468f32521a52433855ca13059a5fffa7a0ec81bb2538a8d1478f5dee9676", kill_on_drop: false }`
[INFO] running `Command { std: "docker" "inspect" "20d4468f32521a52433855ca13059a5fffa7a0ec81bb2538a8d1478f5dee9676", kill_on_drop: false }`
[INFO] running `Command { std: "docker" "exec" "-e" "SOURCE_DIR=/opt/rustwide/workdir" "-e" "CARGO_HOME=/opt/rustwide/cargo-home" "-e" "RUSTUP_HOME=/opt/rustwide/rustup-home" "-e" "CARGO_TARGET_DIR=/opt/rustwide/target" "-w" "/opt/rustwide/workdir" "--user" "0:0" "20d4468f32521a52433855ca13059a5fffa7a0ec81bb2538a8d1478f5dee9676" "/opt/rustwide/cargo-home/bin/cargo" "+3154cc1a3e6424e44f438a95007d043ed5ceaaf6" "metadata" "--no-deps" "--format-version=1", kill_on_drop: false }`
[INFO] running `Command { std: "docker" "inspect" "20d4468f32521a52433855ca13059a5fffa7a0ec81bb2538a8d1478f5dee9676", kill_on_drop: false }`
[INFO] running `Command { std: "docker" "exec" "-e" "SOURCE_DIR=/opt/rustwide/workdir" "-e" "CARGO_HOME=/opt/rustwide/cargo-home" "-e" "RUSTUP_HOME=/opt/rustwide/rustup-home" "-e" "CARGO_TARGET_DIR=/opt/rustwide/target" "-e" "CARGO_INCREMENTAL=0" "-e" "RUST_BACKTRACE=full" "-e" "RUSTFLAGS=--cap-lints=forbid -Znext-solver=coherence" "-e" "RUSTDOCFLAGS=--cap-lints=forbid" "-w" "/opt/rustwide/workdir" "--user" "0:0" "20d4468f32521a52433855ca13059a5fffa7a0ec81bb2538a8d1478f5dee9676" "/opt/rustwide/cargo-home/bin/cargo" "+3154cc1a3e6424e44f438a95007d043ed5ceaaf6" "check" "--frozen" "--all" "--all-targets" "--message-format=json", kill_on_drop: false }`
[INFO] [stderr] warning: `package.homepage` is redundant with `package.repository`
[INFO] [stderr]   --> Cargo.toml:89:12
[INFO] [stderr]    |
[INFO] [stderr] 89 | homepage = "https://github.com/loonfs/loonfs"
[INFO] [stderr]    |            ^^^^^^^^^^^^^^^^^^^^^^^^^^^^^^^^^^
[INFO] [stderr] ...
[INFO] [stderr] 94 | repository = "https://github.com/loonfs/loonfs"
[INFO] [stderr]    |              ----------------------------------
[INFO] [stderr]    |
[INFO] [stderr]    = note: `cargo::redundant_homepage` is set to `warn` by default
[INFO] [stderr] help: consider removing `package.homepage`
[INFO] [stderr] warning: `loonfs-grep` (manifest) generated 1 warning
[INFO] [stderr]    Compiling proc-macro2 v1.0.106
[INFO] [stderr]    Compiling quote v1.0.45
[INFO] [stderr]    Compiling unicode-ident v1.0.24
[INFO] [stderr]    Compiling libc v0.2.183
[INFO] [stderr]    Compiling serde_core v1.0.228
[INFO] [stderr]    Compiling serde v1.0.228
[INFO] [stderr]     Checking pin-project-lite v0.2.17
[INFO] [stderr]    Compiling shlex v1.3.0
[INFO] [stderr]     Checking futures-core v0.3.32
[INFO] [stderr]    Compiling find-msvc-tools v0.1.9
[INFO] [stderr]     Checking itoa v1.0.17
[INFO] [stderr]     Checking memchr v2.8.0
[INFO] [stderr]     Checking futures-sink v0.3.32
[INFO] [stderr]    Compiling pkg-config v0.3.32
[INFO] [stderr]     Checking once_cell v1.21.4
[INFO] [stderr]     Checking slab v0.4.12
[INFO] [stderr]     Checking fnv v1.0.7
[INFO] [stderr]     Checking futures-io v0.3.32
[INFO] [stderr]     Checking futures-channel v0.3.32
[INFO] [stderr]     Checking zeroize v1.8.2
[INFO] [stderr]     Checking futures-task v0.3.32
[INFO] [stderr]    Compiling autocfg v1.5.0
[INFO] [stderr]     Checking cfg-if v1.0.4
[INFO] [stderr]     Checking tracing-core v0.1.36
[INFO] [stderr]    Compiling dunce v1.0.5
[INFO] [stderr]     Checking smallvec v1.15.1
[INFO] [stderr]     Checking typenum v1.20.1
[INFO] [stderr]    Compiling fs_extra v1.3.0
[INFO] [stderr]     Checking stable_deref_trait v1.2.1
[INFO] [stderr]     Checking either v1.15.0
[INFO] [stderr]     Checking subtle v2.6.1
[INFO] [stderr]     Checking ryu v1.0.23
[INFO] [stderr]     Checking deranged v0.5.8
[INFO] [stderr]     Checking outref v0.5.2
[INFO] [stderr]     Checking num-conv v0.2.2
[INFO] [stderr]     Checking powerfmt v0.2.0
[INFO] [stderr]     Checking time-core v0.1.9
[INFO] [stderr]    Compiling version_check v0.9.5
[INFO] [stderr]     Checking percent-encoding v2.3.2
[INFO] [stderr]     Checking vsimd v0.8.0
[INFO] [stderr]    Compiling aws-lc-rs v1.18.0
[INFO] [stderr]    Compiling num-traits v0.2.19
[INFO] [stderr]     Checking pin-utils v0.1.0
[INFO] [stderr]     Checking rustls-pki-types v1.14.0
[INFO] [stderr]     Checking untrusted v0.9.0
[INFO] [stderr]     Checking writeable v0.6.2
[INFO] [stderr]     Checking equivalent v1.0.2
[INFO] [stderr]     Checking hashbrown v0.16.1
[INFO] [stderr]    Compiling rustls v0.23.45
[INFO] [stderr]    Compiling httparse v1.10.1
[INFO] [stderr]    Compiling semver v1.0.27
[INFO] [stderr]     Checking atomic-waker v1.1.2
[INFO] [stderr]     Checking try-lock v0.2.5
[INFO] [stderr]     Checking tower-service v0.3.3
[INFO] [stderr]     Checking litemap v0.8.1
[INFO] [stderr]    Compiling generic-array v0.14.7
[INFO] [stderr]     Checking base64 v0.22.1
[INFO] [stderr]     Checking want v0.3.1
[INFO] [stderr]    Compiling rustc_version v0.4.1
[INFO] [stderr]     Checking base64-simd v0.8.0
[INFO] [stderr]     Checking num-integer v0.1.46
[INFO] [stderr]     Checking openssl-probe v0.2.1
[INFO] [stderr]    Compiling icu_properties_data v2.1.2
[INFO] [stderr]     Checking form_urlencoded v1.2.2
[INFO] [stderr]     Checking indexmap v2.13.0
[INFO] [stderr]    Compiling jobserver v0.1.34
[INFO] [stderr]     Checking time v0.3.55
[INFO] [stderr]    Compiling syn v2.0.117
[INFO] [stderr]     Checking errno v0.3.14
[INFO] [stderr]     Checking signal-hook-registry v1.4.8
[INFO] [stderr]     Checking socket2 v0.6.3
[INFO] [stderr]     Checking mio v1.1.1
[INFO] [stderr]     Checking rustls-native-certs v0.8.4
[INFO] [stderr]     Checking sync_wrapper v1.0.2
[INFO] [stderr]     Checking tower-layer v0.3.3
[INFO] [stderr]    Compiling icu_normalizer_data v2.1.1
[INFO] [stderr]     Checking ipnet v2.12.0
[INFO] [stderr]     Checking write16 v1.0.0
[INFO] [stderr]     Checking utf16_iter v1.0.5
[INFO] [stderr]     Checking utf8_iter v1.0.4
[INFO] [stderr]     Checking cpufeatures v0.2.17
[INFO] [stderr]    Compiling aws-types v1.3.7
[INFO] [stderr]     Checking fastrand v2.3.0
[INFO] [stderr]     Checking hex v0.4.3
[INFO] [stderr]    Compiling zerocopy v0.8.42
[INFO] [stderr]     Checking bitflags v2.11.0
[INFO] [stderr]     Checking hybrid-array v0.4.15
[INFO] [stderr]    Compiling getrandom v0.4.2
[INFO] [stderr]     Checking uuid v1.24.1
[INFO] [stderr]    Compiling cc v1.2.56
[INFO] [stderr]     Checking crc-catalog v2.5.0
[INFO] [stderr]    Compiling zmij v1.0.21
[INFO] [stderr]     Checking rand_core v0.10.1
[INFO] [stderr]    Compiling zstd-safe v7.2.4
[INFO] [stderr]    Compiling serde_json v1.0.149
[INFO] [stderr]     Checking crc v3.4.0
[INFO] [stderr]    Compiling rustix v1.1.4
[INFO] [stderr]    Compiling parking_lot_core v0.9.12
[INFO] [stderr]    Compiling thiserror v2.0.18
[INFO] [stderr]     Checking regex-lite v0.1.9
[INFO] [stderr]    Compiling rustversion v1.0.22
[INFO] [stderr]    Compiling icu_casemap_data v2.1.1
[INFO] [stderr]    Compiling crc32c v0.6.8
[INFO] [stderr]     Checking linux-raw-sys v0.12.1
[INFO] [stderr]     Checking urlencoding v2.1.3
[INFO] [stderr]     Checking scopeguard v1.2.0
[INFO] [stderr]     Checking crypto-common v0.1.7
[INFO] [stderr]     Checking block-buffer v0.10.4
[INFO] [stderr]     Checking ciborium-io v0.2.2
[INFO] [stderr]    Compiling getrandom v0.3.4
[INFO] [stderr]     Checking xmlparser v0.13.6
[INFO] [stderr]     Checking cpufeatures v0.3.0
[INFO] [stderr]     Checking log v0.4.29
[INFO] [stderr]     Checking lock_api v0.4.14
[INFO] [stderr]     Checking chacha20 v0.10.2
[INFO] [stderr]     Checking digest v0.10.7
[INFO] [stderr]     Checking getrandom v0.2.17
[INFO] [stderr]     Checking spin v0.10.1
[INFO] [stderr]     Checking iana-time-zone v0.1.65
[INFO] [stderr]     Checking base64 v0.23.1
[INFO] [stderr]     Checking crypto-common v0.2.2
[INFO] [stderr]     Checking block-buffer v0.12.1
[INFO] [stderr]     Checking parking_lot v0.12.5
[INFO] [stderr]     Checking rand v0.10.2
[INFO] [stderr]     Checking crc64fast-nvme v1.2.1
[INFO] [stderr]     Checking aws-smithy-xml v0.60.10
[INFO] [stderr]     Checking itertools v0.15.0
[INFO] [stderr]     Checking sha2 v0.10.9
[INFO] [stderr]     Checking hmac v0.12.1
[INFO] [stderr]     Checking humantime v2.3.0
[INFO] [stderr]     Checking xxhash-rust v0.8.16
[INFO] [stderr]     Checking aho-corasick v1.1.4
[INFO] [stderr]     Checking regex-syntax v0.8.11
[INFO] [stderr]     Checking crc-fast v1.8.2
[INFO] [stderr]    Compiling cmake v0.1.58
[INFO] [stderr]     Checking serde_bytes v0.11.19
[INFO] [stderr]    Compiling zstd-sys v2.0.16+zstd.1.5.7
[INFO] [stderr]    Compiling ring v0.17.14
[INFO] [stderr]    Compiling aws-lc-sys v0.44.0
[INFO] [stderr]     Checking digest v0.11.3
[INFO] [stderr]     Checking md-5 v0.11.0
[INFO] [stderr]     Checking fs4 v0.13.1
[INFO] [stderr]     Checking tempfile v3.27.0
[INFO] [stderr]     Checking regex-automata v0.4.14
[INFO] [stderr]     Checking regex v1.13.0
[INFO] [stderr]    Compiling synstructure v0.13.2
[INFO] [stderr]    Compiling serde_derive v1.0.228
[INFO] [stderr]    Compiling tokio-macros v2.6.1
[INFO] [stderr]    Compiling futures-macro v0.3.32
[INFO] [stderr]    Compiling tracing-attributes v0.1.31
[INFO] [stderr]    Compiling zerofrom-derive v0.1.6
[INFO] [stderr]    Compiling yoke-derive v0.8.1
[INFO] [stderr]    Compiling zerovec-derive v0.11.2
[INFO] [stderr]    Compiling displaydoc v0.2.5
[INFO] [stderr]    Compiling zerocopy-derive v0.8.42
[INFO] [stderr]    Compiling thiserror-impl v2.0.18
[INFO] [stderr]    Compiling async-trait v0.1.89
[INFO] [stderr]     Checking futures-util v0.3.32
[INFO] [stderr]     Checking zstd v0.13.3
[INFO] [stderr]     Checking zerofrom v0.1.6
[INFO] [stderr]     Checking yoke v0.8.1
[INFO] [stderr]     Checking tracing v0.1.44
[INFO] [stderr]     Checking zerovec v0.11.5
[INFO] [stderr]     Checking zerotrie v0.2.3
[INFO] [stderr]     Checking tinystr v0.8.2
[INFO] [stderr]     Checking potential_utf v0.1.4
[INFO] [stderr]     Checking icu_collections v2.1.1
[INFO] [stderr]     Checking icu_locale_core v2.1.1
[INFO] [stderr]     Checking icu_provider v2.1.1
[INFO] [stderr]     Checking bytes v1.11.1
[INFO] [stderr]     Checking serde_urlencoded v0.7.1
[INFO] [stderr]     Checking quick-xml v0.41.0
[INFO] [stderr]     Checking chrono v0.4.45
[INFO] [stderr]     Checking icu_properties v2.1.2
[INFO] [stderr]     Checking icu_normalizer v2.1.1
[INFO] [stderr]     Checking http v1.4.0
[INFO] [stderr]     Checking tokio v1.50.0
[INFO] [stderr]     Checking http v0.2.12
[INFO] [stderr]     Checking bytes-utils v0.1.4
[INFO] [stderr]     Checking http-body v0.4.6
[INFO] [stderr]     Checking http-body v1.0.1
[INFO] [stderr]     Checking futures-executor v0.3.32
[INFO] [stderr]     Checking idna_adapter v1.2.1
[INFO] [stderr]     Checking icu_casemap v2.1.1
[INFO] [stderr]     Checking http-body-util v0.1.3
[INFO] [stderr]     Checking idna v1.1.0
[INFO] [stderr]     Checking futures v0.3.32
[INFO] [stderr]     Checking aws-smithy-types v1.3.2
[INFO] [stderr]     Checking url v2.5.8
[INFO] [stderr]     Checking aws-smithy-json v0.61.4
[INFO] [stderr]     Checking aws-smithy-query v0.60.7
[INFO] [stderr]     Checking half v2.7.1
[INFO] [stderr]     Checking ciborium-ll v0.2.2
[INFO] [stderr]     Checking ciborium v0.2.2
[INFO] [stderr]     Checking loonfs-api v0.4.0
[INFO] [stderr]     Checking rustls-webpki v0.103.15
[INFO] [stderr]     Checking tokio-util v0.7.18
[INFO] [stderr]     Checking aws-smithy-async v1.2.5
[INFO] [stderr]     Checking tower v0.5.3
[INFO] [stderr]     Checking aws-smithy-runtime-api v1.8.1
[INFO] [stderr]     Checking tower-http v0.6.11
[INFO] [stderr]     Checking h2 v0.4.16
[INFO] [stderr]     Checking aws-smithy-http v0.62.1
[INFO] [stderr]     Checking aws-credential-types v1.2.3
[INFO] [stderr]     Checking aws-smithy-observability v0.1.3
[INFO] [stderr]     Checking aws-sigv4 v1.3.3
[INFO] [stderr]     Checking hyper v1.9.0
[INFO] [stderr]     Checking tokio-rustls v0.26.4
[INFO] [stderr]     Checking rustls-platform-verifier v0.7.0
[INFO] [stderr]     Checking hyper-util v0.1.20
[INFO] [stderr]     Checking hyper-rustls v0.27.9
[INFO] [stderr]     Checking aws-smithy-http-client v1.0.1
[INFO] [stderr]     Checking reqwest v0.13.5
[INFO] [stderr]     Checking aws-smithy-runtime v1.8.3
[INFO] [stderr]     Checking object_store v0.14.2
[INFO] [stderr]     Checking aws-runtime v1.5.8
[INFO] [stderr]     Checking aws-sdk-ssooidc v1.75.0
[INFO] [stderr]     Checking aws-sdk-sso v1.74.0
[INFO] [stderr]     Checking aws-sdk-sts v1.76.0
[INFO] [stderr]     Checking aws-config v1.8.1
[INFO] [stderr]     Checking loonfs-objectstore v0.4.0
[INFO] [stderr]     Checking loonfs-core v0.4.0
[INFO] [stderr]     Checking loonfs v0.4.0
[INFO] [stderr]     Checking loonfs-grep v0.4.0 (/opt/rustwide/workdir)
[INFO] [stdout] error[E0433]: cannot find module or crate `loonfs_test_support` in this scope
[INFO] [stdout]    --> src/index_read.rs:349:9
[INFO] [stdout]     |
[INFO] [stdout] 349 |     use loonfs_test_support::stores::{
[INFO] [stdout]     |         ^^^^^^^^^^^^^^^^^^^ use of unresolved module or unlinked crate `loonfs_test_support`
[INFO] [stdout]     |
[INFO] [stdout]     = help: if you wanted to use a crate named `loonfs_test_support`, use `cargo add loonfs_test_support` to add it to your `Cargo.toml`
[INFO] [stdout] 
[INFO] [stdout] 
[INFO] [stdout] error[E0433]: cannot find module or crate `loonfs_test_support` in this scope
[INFO] [stdout]  --> src/manifest/tests.rs:7:5
[INFO] [stdout]   |
[INFO] [stdout] 7 | use loonfs_test_support::clock::ManualClock;
[INFO] [stdout]   |     ^^^^^^^^^^^^^^^^^^^ use of unresolved module or unlinked crate `loonfs_test_support`
[INFO] [stdout]   |
[INFO] [stdout]   = help: if you wanted to use a crate named `loonfs_test_support`, use `cargo add loonfs_test_support` to add it to your `Cargo.toml`
[INFO] [stdout] 
[INFO] [stdout] 
[INFO] [stdout] error[E0433]: cannot find module or crate `loonfs_test_support` in this scope
[INFO] [stdout]  --> src/manifest/tests.rs:8:5
[INFO] [stdout]   |
[INFO] [stdout] 8 | use loonfs_test_support::ids::namespace_id;
[INFO] [stdout]   |     ^^^^^^^^^^^^^^^^^^^ use of unresolved module or unlinked crate `loonfs_test_support`
[INFO] [stdout]   |
[INFO] [stdout]   = help: if you wanted to use a crate named `loonfs_test_support`, use `cargo add loonfs_test_support` to add it to your `Cargo.toml`
[INFO] [stdout] 
[INFO] [stdout] 
[INFO] [stdout] error[E0433]: cannot find module or crate `loonfs_test_support` in this scope
[INFO] [stdout]  --> src/manifest/tests.rs:9:5
[INFO] [stdout]   |
[INFO] [stdout] 9 | use loonfs_test_support::stores::{
[INFO] [stdout]   |     ^^^^^^^^^^^^^^^^^^^ use of unresolved module or unlinked crate `loonfs_test_support`
[INFO] [stdout]   |
[INFO] [stdout]   = help: if you wanted to use a crate named `loonfs_test_support`, use `cargo add loonfs_test_support` to add it to your `Cargo.toml`
[INFO] [stdout] 
[INFO] [stdout] 
[INFO] [stdout] error[E0433]: cannot find module or crate `loonfs_test_support` in this scope
[INFO] [stdout]    --> src/maintenance.rs:288:28
[INFO] [stdout]     |
[INFO] [stdout] 288 |         let namespace_id = loonfs_test_support::ids::namespace_id("demo");
[INFO] [stdout]     |                            ^^^^^^^^^^^^^^^^^^^ use of unresolved module or unlinked crate `loonfs_test_support`
[INFO] [stdout]     |
[INFO] [stdout]     = help: if you wanted to use a crate named `loonfs_test_support`, use `cargo add loonfs_test_support` to add it to your `Cargo.toml`
[INFO] [stdout] 
[INFO] [stdout] 
[INFO] [stdout] error[E0046]: not all trait items implemented, missing: `head`, `get_with_metadata`, `put`, `delete`, `list_prefix_from_stream`
[INFO] [stdout]    --> src/index_read.rs:440:5
[INFO] [stdout]     |
[INFO] [stdout] 440 |     impl ObjectStore for ShortReadStore {
[INFO] [stdout]     |     ^^^^^^^^^^^^^^^^^^^^^^^^^^^^^^^^^^^ missing `head`, `get_with_metadata`, `put`, `delete`, `list_prefix_from_stream` in implementation
[INFO] [stdout]     |
[INFO] [stdout]     = help: implement the missing item: `fn head<'life0: 'async_trait, 'life1: 'async_trait, 'async_trait>(&'life0 self, _: &'life1 str) -> std::pin::Pin<Box<(dyn futures::Future<Output = std::result::Result<std::option::Option<ObjectMetadata>, ObjectStoreError>> + std::marker::Send + 'async_trait)>> { todo!() }`
[INFO] [stdout]     = help: implement the missing item: `fn get_with_metadata<'life0: 'async_trait, 'life1: 'async_trait, 'async_trait>(&'life0 self, _: &'life1 str) -> std::pin::Pin<Box<(dyn futures::Future<Output = std::result::Result<std::option::Option<ObjectBody>, ObjectStoreError>> + std::marker::Send + 'async_trait)>> { todo!() }`
[INFO] [stdout]     = help: implement the missing item: `fn put<'life0: 'async_trait, 'life1: 'async_trait, 'async_trait>(&'life0 self, _: &'life1 str, _: bytes::Bytes, _: PutMode) -> std::pin::Pin<Box<(dyn futures::Future<Output = std::result::Result<ObjectMetadata, ObjectStoreError>> + std::marker::Send + 'async_trait)>> { todo!() }`
[INFO] [stdout]     = help: implement the missing item: `fn delete<'life0: 'async_trait, 'life1: 'async_trait, 'async_trait>(&'life0 self, _: &'life1 str) -> std::pin::Pin<Box<(dyn futures::Future<Output = std::result::Result<(), ObjectStoreError>> + std::marker::Send + 'async_trait)>> { todo!() }`
[INFO] [stdout]     = help: implement the missing item: `fn list_prefix_from_stream(&self, _: &str, _: std::option::Option<&str>) -> std::pin::Pin<Box<(dyn Stream<Item = std::result::Result<std::string::String, ObjectStoreError>> + std::marker::Send + 'static)>> { todo!() }`
[INFO] [stdout] 
[INFO] [stdout] 
[INFO] [stdout] error[E0433]: cannot find module or crate `loonfs_test_support` in this scope
[INFO] [stdout]   --> tests/it/golden_formats.rs:33:5
[INFO] [stdout]    |
[INFO] [stdout] 33 | use loonfs_test_support::ids::namespace_id;
[INFO] [stdout]    |     ^^^^^^^^^^^^^^^^^^^ use of unresolved module or unlinked crate `loonfs_test_support`
[INFO] [stdout]    |
[INFO] [stdout]    = help: if you wanted to use a crate named `loonfs_test_support`, use `cargo add loonfs_test_support` to add it to your `Cargo.toml`
[INFO] [stdout] 
[INFO] [stdout] 
[INFO] [stdout] error[E0433]: cannot find module or crate `loonfs_test_support` in this scope
[INFO] [stdout]   --> tests/it/grams_index.rs:19:5
[INFO] [stdout]    |
[INFO] [stdout] 19 | use loonfs_test_support::ids::nonzero_usize;
[INFO] [stdout]    |     ^^^^^^^^^^^^^^^^^^^ use of unresolved module or unlinked crate `loonfs_test_support`
[INFO] [stdout]    |
[INFO] [stdout]    = help: if you wanted to use a crate named `loonfs_test_support`, use `cargo add loonfs_test_support` to add it to your `Cargo.toml`
[INFO] [stdout] 
[INFO] [stdout] 
[INFO] [stdout] error[E0433]: cannot find module or crate `loonfs_test_support` in this scope
[INFO] [stdout]   --> tests/it/grams_index.rs:20:5
[INFO] [stdout]    |
[INFO] [stdout] 20 | use loonfs_test_support::stores::{
[INFO] [stdout]    |     ^^^^^^^^^^^^^^^^^^^ use of unresolved module or unlinked crate `loonfs_test_support`
[INFO] [stdout]    |
[INFO] [stdout]    = help: if you wanted to use a crate named `loonfs_test_support`, use `cargo add loonfs_test_support` to add it to your `Cargo.toml`
[INFO] [stdout] 
[INFO] [stdout] 
[INFO] [stdout] error[E0433]: cannot find module or crate `loonfs_test_support` in this scope
[INFO] [stdout]   --> tests/it/grep_publication.rs:10:5
[INFO] [stdout]    |
[INFO] [stdout] 10 | use loonfs_test_support::ids::namespace_id;
[INFO] [stdout]    |     ^^^^^^^^^^^^^^^^^^^ use of unresolved module or unlinked crate `loonfs_test_support`
[INFO] [stdout]    |
[INFO] [stdout]    = help: if you wanted to use a crate named `loonfs_test_support`, use `cargo add loonfs_test_support` to add it to your `Cargo.toml`
[INFO] [stdout] 
[INFO] [stdout] 
[INFO] [stdout] error[E0433]: cannot find module or crate `loonfs_test_support` in this scope
[INFO] [stdout]   --> tests/it/grep_publication.rs:11:5
[INFO] [stdout]    |
[INFO] [stdout] 11 | use loonfs_test_support::stores::{
[INFO] [stdout]    |     ^^^^^^^^^^^^^^^^^^^ use of unresolved module or unlinked crate `loonfs_test_support`
[INFO] [stdout]    |
[INFO] [stdout]    = help: if you wanted to use a crate named `loonfs_test_support`, use `cargo add loonfs_test_support` to add it to your `Cargo.toml`
[INFO] [stdout] 
[INFO] [stdout] 
[INFO] [stdout] error[E0433]: cannot find module or crate `loonfs_test_support` in this scope
[INFO] [stdout]   --> tests/it/grep_reorganize.rs:22:5
[INFO] [stdout]    |
[INFO] [stdout] 22 | use loonfs_test_support::ids::nonzero_usize;
[INFO] [stdout]    |     ^^^^^^^^^^^^^^^^^^^ use of unresolved module or unlinked crate `loonfs_test_support`
[INFO] [stdout]    |
[INFO] [stdout]    = help: if you wanted to use a crate named `loonfs_test_support`, use `cargo add loonfs_test_support` to add it to your `Cargo.toml`
[INFO] [stdout] 
[INFO] [stdout] 
[INFO] [stdout] error[E0433]: cannot find module or crate `loonfs_test_support` in this scope
[INFO] [stdout]   --> tests/it/grep_reorganize.rs:23:5
[INFO] [stdout]    |
[INFO] [stdout] 23 | use loonfs_test_support::stores::{ConcurrencyWatchStore, KeyPredicate, RecordingStore};
[INFO] [stdout]    |     ^^^^^^^^^^^^^^^^^^^ use of unresolved module or unlinked crate `loonfs_test_support`
[INFO] [stdout]    |
[INFO] [stdout]    = help: if you wanted to use a crate named `loonfs_test_support`, use `cargo add loonfs_test_support` to add it to your `Cargo.toml`
[INFO] [stdout] 
[INFO] [stdout] 
[INFO] [stdout] error[E0433]: cannot find module or crate `loonfs_test_support` in this scope
[INFO] [stdout]   --> tests/it/grep_service_differential.rs:18:5
[INFO] [stdout]    |
[INFO] [stdout] 18 | use loonfs_test_support::ids::nonzero_usize;
[INFO] [stdout]    |     ^^^^^^^^^^^^^^^^^^^ use of unresolved module or unlinked crate `loonfs_test_support`
[INFO] [stdout]    |
[INFO] [stdout]    = help: if you wanted to use a crate named `loonfs_test_support`, use `cargo add loonfs_test_support` to add it to your `Cargo.toml`
[INFO] [stdout] 
[INFO] [stdout] 
[INFO] [stdout] error[E0433]: cannot find module or crate `loonfs_test_support` in this scope
[INFO] [stdout]   --> tests/it/grep_worker.rs:33:5
[INFO] [stdout]    |
[INFO] [stdout] 33 | use loonfs_test_support::ids::nonzero_usize;
[INFO] [stdout]    |     ^^^^^^^^^^^^^^^^^^^ use of unresolved module or unlinked crate `loonfs_test_support`
[INFO] [stdout]    |
[INFO] [stdout]    = help: if you wanted to use a crate named `loonfs_test_support`, use `cargo add loonfs_test_support` to add it to your `Cargo.toml`
[INFO] [stdout] 
[INFO] [stdout] 
[INFO] [stdout] error[E0433]: cannot find module or crate `loonfs_test_support` in this scope
[INFO] [stdout]   --> tests/it/grep_worker.rs:34:5
[INFO] [stdout]    |
[INFO] [stdout] 34 | use loonfs_test_support::stores::{
[INFO] [stdout]    |     ^^^^^^^^^^^^^^^^^^^ use of unresolved module or unlinked crate `loonfs_test_support`
[INFO] [stdout]    |
[INFO] [stdout]    = help: if you wanted to use a crate named `loonfs_test_support`, use `cargo add loonfs_test_support` to add it to your `Cargo.toml`
[INFO] [stdout] 
[INFO] [stdout] 
[INFO] [stdout] error[E0433]: cannot find module or crate `loonfs_test_support` in this scope
[INFO] [stdout]   --> tests/it/maintenance.rs:20:5
[INFO] [stdout]    |
[INFO] [stdout] 20 | use loonfs_test_support::stores::{
[INFO] [stdout]    |     ^^^^^^^^^^^^^^^^^^^ use of unresolved module or unlinked crate `loonfs_test_support`
[INFO] [stdout]    |
[INFO] [stdout]    = help: if you wanted to use a crate named `loonfs_test_support`, use `cargo add loonfs_test_support` to add it to your `Cargo.toml`
[INFO] [stdout] 
[INFO] [stdout] 
[INFO] [stdout] error[E0433]: cannot find module or crate `loonfs_test_support` in this scope
[INFO] [stdout]   --> tests/it/manifest_format.rs:22:5
[INFO] [stdout]    |
[INFO] [stdout] 22 | use loonfs_test_support::ids::namespace_id;
[INFO] [stdout]    |     ^^^^^^^^^^^^^^^^^^^ use of unresolved module or unlinked crate `loonfs_test_support`
[INFO] [stdout]    |
[INFO] [stdout]    = help: if you wanted to use a crate named `loonfs_test_support`, use `cargo add loonfs_test_support` to add it to your `Cargo.toml`
[INFO] [stdout] 
[INFO] [stdout] 
[INFO] [stdout] error[E0433]: cannot find module or crate `loonfs_test_support` in this scope
[INFO] [stdout]   --> tests/it/manifest_store.rs:18:5
[INFO] [stdout]    |
[INFO] [stdout] 18 | use loonfs_test_support::clock::ManualClock;
[INFO] [stdout]    |     ^^^^^^^^^^^^^^^^^^^ use of unresolved module or unlinked crate `loonfs_test_support`
[INFO] [stdout]    |
[INFO] [stdout]    = help: if you wanted to use a crate named `loonfs_test_support`, use `cargo add loonfs_test_support` to add it to your `Cargo.toml`
[INFO] [stdout] 
[INFO] [stdout] 
[INFO] [stdout] error[E0433]: cannot find module or crate `loonfs_test_support` in this scope
[INFO] [stdout]   --> tests/it/manifest_store.rs:19:5
[INFO] [stdout]    |
[INFO] [stdout] 19 | use loonfs_test_support::ids::namespace_id;
[INFO] [stdout]    |     ^^^^^^^^^^^^^^^^^^^ use of unresolved module or unlinked crate `loonfs_test_support`
[INFO] [stdout]    |
[INFO] [stdout]    = help: if you wanted to use a crate named `loonfs_test_support`, use `cargo add loonfs_test_support` to add it to your `Cargo.toml`
[INFO] [stdout] 
[INFO] [stdout] 
[INFO] [stdout] error[E0433]: cannot find module or crate `loonfs_test_support` in this scope
[INFO] [stdout]   --> tests/it/manifest_store.rs:20:5
[INFO] [stdout]    |
[INFO] [stdout] 20 | use loonfs_test_support::stores::{
[INFO] [stdout]    |     ^^^^^^^^^^^^^^^^^^^ use of unresolved module or unlinked crate `loonfs_test_support`
[INFO] [stdout]    |
[INFO] [stdout]    = help: if you wanted to use a crate named `loonfs_test_support`, use `cargo add loonfs_test_support` to add it to your `Cargo.toml`
[INFO] [stdout] 
[INFO] [stdout] 
[INFO] [stdout] error[E0433]: cannot find module or crate `loonfs_test_support` in this scope
[INFO] [stdout]    --> tests/it/manifest_store.rs:267:9
[INFO] [stdout]     |
[INFO] [stdout] 267 |     use loonfs_test_support::stores::MetadataMapStore;
[INFO] [stdout]     |         ^^^^^^^^^^^^^^^^^^^ use of unresolved module or unlinked crate `loonfs_test_support`
[INFO] [stdout]     |
[INFO] [stdout]     = help: if you wanted to use a crate named `loonfs_test_support`, use `cargo add loonfs_test_support` to add it to your `Cargo.toml`
[INFO] [stdout] 
[INFO] [stdout] 
[INFO] [stdout] error[E0433]: cannot find module or crate `loonfs_test_support` in this scope
[INFO] [stdout]    --> tests/it/manifest_store.rs:428:9
[INFO] [stdout]     |
[INFO] [stdout] 428 |     use loonfs_test_support::stores::{BlockingStore, MetadataMapStore};
[INFO] [stdout]     |         ^^^^^^^^^^^^^^^^^^^ use of unresolved module or unlinked crate `loonfs_test_support`
[INFO] [stdout]     |
[INFO] [stdout]     = help: if you wanted to use a crate named `loonfs_test_support`, use `cargo add loonfs_test_support` to add it to your `Cargo.toml`
[INFO] [stdout] 
[INFO] [stdout] 
[INFO] [stdout] Some errors have detailed explanations: E0046, E0433.
[INFO] [stdout] 
[INFO] [stdout] For more information about an error, try `rustc --explain E0046`.
[INFO] [stdout] 
[INFO] [stderr] error: could not compile `loonfs-grep` (lib test) due to 6 previous errors
[INFO] [stderr] warning: build failed, waiting for other jobs to finish...
[INFO] [stdout] error[E0433]: cannot find module or crate `loonfs_test_support` in this scope
[INFO] [stdout]    --> tests/it/manifest_store.rs:209:9
[INFO] [stdout]     |
[INFO] [stdout] 209 |         loonfs_test_support::ids::namespace_id("other"),
[INFO] [stdout]     |         ^^^^^^^^^^^^^^^^^^^ use of unresolved module or unlinked crate `loonfs_test_support`
[INFO] [stdout]     |
[INFO] [stdout]     = help: if you wanted to use a crate named `loonfs_test_support`, use `cargo add loonfs_test_support` to add it to your `Cargo.toml`
[INFO] [stdout] 
[INFO] [stdout] 
[INFO] [stdout] error[E0433]: cannot find module or crate `loonfs_test_support` in this scope
[INFO] [stdout]    --> tests/it/grep_service_differential.rs:114:21
[INFO] [stdout]     |
[INFO] [stdout] 114 |                     loonfs_test_support::test_actor(),
[INFO] [stdout]     |                     ^^^^^^^^^^^^^^^^^^^ use of unresolved module or unlinked crate `loonfs_test_support`
[INFO] [stdout]     |
[INFO] [stdout]     = help: if you wanted to use a crate named `loonfs_test_support`, use `cargo add loonfs_test_support` to add it to your `Cargo.toml`
[INFO] [stdout] 
[INFO] [stdout] 
[INFO] [stdout] error[E0433]: cannot find module or crate `loonfs_test_support` in this scope
[INFO] [stdout]    --> tests/it/grep_service_differential.rs:210:41
[INFO] [stdout]     |
[INFO] [stdout] 210 |             CreateNamespaceOptions::new(loonfs_test_support::test_actor()),
[INFO] [stdout]     |                                         ^^^^^^^^^^^^^^^^^^^ use of unresolved module or unlinked crate `loonfs_test_support`
[INFO] [stdout]     |
[INFO] [stdout]     = help: if you wanted to use a crate named `loonfs_test_support`, use `cargo add loonfs_test_support` to add it to your `Cargo.toml`
[INFO] [stdout] 
[INFO] [stdout] 
[INFO] [stdout] error[E0433]: cannot find module or crate `loonfs_test_support` in this scope
[INFO] [stdout]   --> tests/it/test_seeding.rs:23:41
[INFO] [stdout]    |
[INFO] [stdout] 23 |             CreateNamespaceOptions::new(loonfs_test_support::test_actor()),
[INFO] [stdout]    |                                         ^^^^^^^^^^^^^^^^^^^ use of unresolved module or unlinked crate `loonfs_test_support`
[INFO] [stdout]    |
[INFO] [stdout]    = help: if you wanted to use a crate named `loonfs_test_support`, use `cargo add loonfs_test_support` to add it to your `Cargo.toml`
[INFO] [stdout] 
[INFO] [stdout] 
[INFO] [stdout] error[E0433]: cannot find module or crate `loonfs_test_support` in this scope
[INFO] [stdout]   --> tests/it/test_seeding.rs:39:51
[INFO] [stdout]    |
[INFO] [stdout] 39 |             let mut options = PutFileOptions::new(loonfs_test_support::test_actor());
[INFO] [stdout]    |                                                   ^^^^^^^^^^^^^^^^^^^ use of unresolved module or unlinked crate `loonfs_test_support`
[INFO] [stdout]    |
[INFO] [stdout]    = help: if you wanted to use a crate named `loonfs_test_support`, use `cargo add loonfs_test_support` to add it to your `Cargo.toml`
[INFO] [stdout] 
[INFO] [stdout] 
[INFO] [stdout] error[E0433]: cannot find module or crate `loonfs_test_support` in this scope
[INFO] [stdout]    --> tests/it/grams_index.rs:100:41
[INFO] [stdout]     |
[INFO] [stdout] 100 |             CreateNamespaceOptions::new(loonfs_test_support::test_actor()),
[INFO] [stdout]     |                                         ^^^^^^^^^^^^^^^^^^^ use of unresolved module or unlinked crate `loonfs_test_support`
[INFO] [stdout]     |
[INFO] [stdout]     = help: if you wanted to use a crate named `loonfs_test_support`, use `cargo add loonfs_test_support` to add it to your `Cargo.toml`
[INFO] [stdout] 
[INFO] [stdout] 
[INFO] [stdout] error[E0433]: cannot find module or crate `loonfs_test_support` in this scope
[INFO] [stdout]    --> tests/it/grams_index.rs:109:33
[INFO] [stdout]     |
[INFO] [stdout] 109 |             PutFileOptions::new(loonfs_test_support::test_actor()),
[INFO] [stdout]     |                                 ^^^^^^^^^^^^^^^^^^^ use of unresolved module or unlinked crate `loonfs_test_support`
[INFO] [stdout]     |
[INFO] [stdout]     = help: if you wanted to use a crate named `loonfs_test_support`, use `cargo add loonfs_test_support` to add it to your `Cargo.toml`
[INFO] [stdout] 
[INFO] [stdout] 
[INFO] [stdout] error[E0433]: cannot find module or crate `loonfs_test_support` in this scope
[INFO] [stdout]    --> tests/it/grams_index.rs:118:33
[INFO] [stdout]     |
[INFO] [stdout] 118 |             PutFileOptions::new(loonfs_test_support::test_actor()),
[INFO] [stdout]     |                                 ^^^^^^^^^^^^^^^^^^^ use of unresolved module or unlinked crate `loonfs_test_support`
[INFO] [stdout]     |
[INFO] [stdout]     = help: if you wanted to use a crate named `loonfs_test_support`, use `cargo add loonfs_test_support` to add it to your `Cargo.toml`
[INFO] [stdout] 
[INFO] [stdout] 
[INFO] [stdout] error[E0433]: cannot find module or crate `loonfs_test_support` in this scope
[INFO] [stdout]    --> tests/it/grams_index.rs:157:33
[INFO] [stdout]     |
[INFO] [stdout] 157 |             PutFileOptions::new(loonfs_test_support::test_actor()),
[INFO] [stdout]     |                                 ^^^^^^^^^^^^^^^^^^^ use of unresolved module or unlinked crate `loonfs_test_support`
[INFO] [stdout]     |
[INFO] [stdout]     = help: if you wanted to use a crate named `loonfs_test_support`, use `cargo add loonfs_test_support` to add it to your `Cargo.toml`
[INFO] [stdout] 
[INFO] [stdout] 
[INFO] [stdout] error[E0433]: cannot find module or crate `loonfs_test_support` in this scope
[INFO] [stdout]    --> tests/it/grams_index.rs:207:41
[INFO] [stdout]     |
[INFO] [stdout] 207 |             CreateNamespaceOptions::new(loonfs_test_support::test_actor()),
[INFO] [stdout]     |                                         ^^^^^^^^^^^^^^^^^^^ use of unresolved module or unlinked crate `loonfs_test_support`
[INFO] [stdout]     |
[INFO] [stdout]     = help: if you wanted to use a crate named `loonfs_test_support`, use `cargo add loonfs_test_support` to add it to your `Cargo.toml`
[INFO] [stdout] 
[INFO] [stdout] 
[INFO] [stdout] error[E0433]: cannot find module or crate `loonfs_test_support` in this scope
[INFO] [stdout]    --> tests/it/grams_index.rs:224:33
[INFO] [stdout]     |
[INFO] [stdout] 224 |             PutFileOptions::new(loonfs_test_support::test_actor()),
[INFO] [stdout]     |                                 ^^^^^^^^^^^^^^^^^^^ use of unresolved module or unlinked crate `loonfs_test_support`
[INFO] [stdout]     |
[INFO] [stdout]     = help: if you wanted to use a crate named `loonfs_test_support`, use `cargo add loonfs_test_support` to add it to your `Cargo.toml`
[INFO] [stdout] 
[INFO] [stdout] 
[INFO] [stdout] error[E0433]: cannot find module or crate `loonfs_test_support` in this scope
[INFO] [stdout]    --> tests/it/grams_index.rs:285:41
[INFO] [stdout]     |
[INFO] [stdout] 285 |             CreateNamespaceOptions::new(loonfs_test_support::test_actor()),
[INFO] [stdout]     |                                         ^^^^^^^^^^^^^^^^^^^ use of unresolved module or unlinked crate `loonfs_test_support`
[INFO] [stdout]     |
[INFO] [stdout]     = help: if you wanted to use a crate named `loonfs_test_support`, use `cargo add loonfs_test_support` to add it to your `Cargo.toml`
[INFO] [stdout] 
[INFO] [stdout] 
[INFO] [stdout] error[E0433]: cannot find module or crate `loonfs_test_support` in this scope
[INFO] [stdout]    --> tests/it/grams_index.rs:301:37
[INFO] [stdout]     |
[INFO] [stdout] 301 |                 PutFileOptions::new(loonfs_test_support::test_actor()),
[INFO] [stdout]     |                                     ^^^^^^^^^^^^^^^^^^^ use of unresolved module or unlinked crate `loonfs_test_support`
[INFO] [stdout]     |
[INFO] [stdout]     = help: if you wanted to use a crate named `loonfs_test_support`, use `cargo add loonfs_test_support` to add it to your `Cargo.toml`
[INFO] [stdout] 
[INFO] [stdout] 
[INFO] [stdout] error[E0433]: cannot find module or crate `loonfs_test_support` in this scope
[INFO] [stdout]    --> tests/it/grams_index.rs:371:41
[INFO] [stdout]     |
[INFO] [stdout] 371 |             CreateNamespaceOptions::new(loonfs_test_support::test_actor()),
[INFO] [stdout]     |                                         ^^^^^^^^^^^^^^^^^^^ use of unresolved module or unlinked crate `loonfs_test_support`
[INFO] [stdout]     |
[INFO] [stdout]     = help: if you wanted to use a crate named `loonfs_test_support`, use `cargo add loonfs_test_support` to add it to your `Cargo.toml`
[INFO] [stdout] 
[INFO] [stdout] 
[INFO] [stdout] error[E0433]: cannot find module or crate `loonfs_test_support` in this scope
[INFO] [stdout]    --> tests/it/grams_index.rs:416:27
[INFO] [stdout]     |
[INFO] [stdout] 416 |                 actor_id: loonfs_test_support::test_actor(),
[INFO] [stdout]     |                           ^^^^^^^^^^^^^^^^^^^ use of unresolved module or unlinked crate `loonfs_test_support`
[INFO] [stdout]     |
[INFO] [stdout]     = help: if you wanted to use a crate named `loonfs_test_support`, use `cargo add loonfs_test_support` to add it to your `Cargo.toml`
[INFO] [stdout] 
[INFO] [stdout] 
[INFO] [stdout] error[E0433]: cannot find module or crate `loonfs_test_support` in this scope
[INFO] [stdout]    --> tests/it/grams_index.rs:610:41
[INFO] [stdout]     |
[INFO] [stdout] 610 |             CreateNamespaceOptions::new(loonfs_test_support::test_actor()),
[INFO] [stdout]     |                                         ^^^^^^^^^^^^^^^^^^^ use of unresolved module or unlinked crate `loonfs_test_support`
[INFO] [stdout]     |
[INFO] [stdout]     = help: if you wanted to use a crate named `loonfs_test_support`, use `cargo add loonfs_test_support` to add it to your `Cargo.toml`
[INFO] [stdout] 
[INFO] [stdout] 
[INFO] [stdout] error[E0433]: cannot find module or crate `loonfs_test_support` in this scope
[INFO] [stdout]    --> tests/it/grams_index.rs:624:37
[INFO] [stdout]     |
[INFO] [stdout] 624 |                 PutFileOptions::new(loonfs_test_support::test_actor()),
[INFO] [stdout]     |                                     ^^^^^^^^^^^^^^^^^^^ use of unresolved module or unlinked crate `loonfs_test_support`
[INFO] [stdout]     |
[INFO] [stdout]     = help: if you wanted to use a crate named `loonfs_test_support`, use `cargo add loonfs_test_support` to add it to your `Cargo.toml`
[INFO] [stdout] 
[INFO] [stdout] 
[INFO] [stdout] error[E0433]: cannot find module or crate `loonfs_test_support` in this scope
[INFO] [stdout]    --> tests/it/grams_index.rs:691:41
[INFO] [stdout]     |
[INFO] [stdout] 691 |             CreateNamespaceOptions::new(loonfs_test_support::test_actor()),
[INFO] [stdout]     |                                         ^^^^^^^^^^^^^^^^^^^ use of unresolved module or unlinked crate `loonfs_test_support`
[INFO] [stdout]     |
[INFO] [stdout]     = help: if you wanted to use a crate named `loonfs_test_support`, use `cargo add loonfs_test_support` to add it to your `Cargo.toml`
[INFO] [stdout] 
[INFO] [stdout] 
[INFO] [stdout] error[E0433]: cannot find module or crate `loonfs_test_support` in this scope
[INFO] [stdout]    --> tests/it/grams_index.rs:700:33
[INFO] [stdout]     |
[INFO] [stdout] 700 |             PutFileOptions::new(loonfs_test_support::test_actor()),
[INFO] [stdout]     |                                 ^^^^^^^^^^^^^^^^^^^ use of unresolved module or unlinked crate `loonfs_test_support`
[INFO] [stdout]     |
[INFO] [stdout]     = help: if you wanted to use a crate named `loonfs_test_support`, use `cargo add loonfs_test_support` to add it to your `Cargo.toml`
[INFO] [stdout] 
[INFO] [stdout] 
[INFO] [stdout] error[E0433]: cannot find module or crate `loonfs_test_support` in this scope
[INFO] [stdout]    --> tests/it/grams_index.rs:709:33
[INFO] [stdout]     |
[INFO] [stdout] 709 |             PutFileOptions::new(loonfs_test_support::test_actor()),
[INFO] [stdout]     |                                 ^^^^^^^^^^^^^^^^^^^ use of unresolved module or unlinked crate `loonfs_test_support`
[INFO] [stdout]     |
[INFO] [stdout]     = help: if you wanted to use a crate named `loonfs_test_support`, use `cargo add loonfs_test_support` to add it to your `Cargo.toml`
[INFO] [stdout] 
[INFO] [stdout] 
[INFO] [stdout] error[E0433]: cannot find module or crate `loonfs_test_support` in this scope
[INFO] [stdout]    --> tests/it/grams_index.rs:769:41
[INFO] [stdout]     |
[INFO] [stdout] 769 |             CreateNamespaceOptions::new(loonfs_test_support::test_actor()),
[INFO] [stdout]     |                                         ^^^^^^^^^^^^^^^^^^^ use of unresolved module or unlinked crate `loonfs_test_support`
[INFO] [stdout]     |
[INFO] [stdout]     = help: if you wanted to use a crate named `loonfs_test_support`, use `cargo add loonfs_test_support` to add it to your `Cargo.toml`
[INFO] [stdout] 
[INFO] [stdout] 
[INFO] [stdout] error[E0433]: cannot find module or crate `loonfs_test_support` in this scope
[INFO] [stdout]    --> tests/it/grams_index.rs:780:33
[INFO] [stdout]     |
[INFO] [stdout] 780 |             PutFileOptions::new(loonfs_test_support::test_actor()),
[INFO] [stdout]     |                                 ^^^^^^^^^^^^^^^^^^^ use of unresolved module or unlinked crate `loonfs_test_support`
[INFO] [stdout]     |
[INFO] [stdout]     = help: if you wanted to use a crate named `loonfs_test_support`, use `cargo add loonfs_test_support` to add it to your `Cargo.toml`
[INFO] [stdout] 
[INFO] [stdout] 
[INFO] [stdout] error[E0433]: cannot find module or crate `loonfs_test_support` in this scope
[INFO] [stdout]    --> tests/it/grams_index.rs:790:33
[INFO] [stdout]     |
[INFO] [stdout] 790 |             PutFileOptions::new(loonfs_test_support::test_actor()),
[INFO] [stdout]     |                                 ^^^^^^^^^^^^^^^^^^^ use of unresolved module or unlinked crate `loonfs_test_support`
[INFO] [stdout]     |
[INFO] [stdout]     = help: if you wanted to use a crate named `loonfs_test_support`, use `cargo add loonfs_test_support` to add it to your `Cargo.toml`
[INFO] [stdout] 
[INFO] [stdout] 
[INFO] [stdout] error[E0433]: cannot find module or crate `loonfs_test_support` in this scope
[INFO] [stdout]    --> tests/it/grams_index.rs:882:41
[INFO] [stdout]     |
[INFO] [stdout] 882 |             CreateNamespaceOptions::new(loonfs_test_support::test_actor()),
[INFO] [stdout]     |                                         ^^^^^^^^^^^^^^^^^^^ use of unresolved module or unlinked crate `loonfs_test_support`
[INFO] [stdout]     |
[INFO] [stdout]     = help: if you wanted to use a crate named `loonfs_test_support`, use `cargo add loonfs_test_support` to add it to your `Cargo.toml`
[INFO] [stdout] 
[INFO] [stdout] 
[INFO] [stdout] error[E0433]: cannot find module or crate `loonfs_test_support` in this scope
[INFO] [stdout]    --> tests/it/grams_index.rs:891:33
[INFO] [stdout]     |
[INFO] [stdout] 891 |             PutFileOptions::new(loonfs_test_support::test_actor()),
[INFO] [stdout]     |                                 ^^^^^^^^^^^^^^^^^^^ use of unresolved module or unlinked crate `loonfs_test_support`
[INFO] [stdout]     |
[INFO] [stdout]     = help: if you wanted to use a crate named `loonfs_test_support`, use `cargo add loonfs_test_support` to add it to your `Cargo.toml`
[INFO] [stdout] 
[INFO] [stdout] 
[INFO] [stdout] error[E0433]: cannot find module or crate `loonfs_test_support` in this scope
[INFO] [stdout]    --> tests/it/grams_index.rs:910:33
[INFO] [stdout]     |
[INFO] [stdout] 910 |             PutFileOptions::new(loonfs_test_support::test_actor()),
[INFO] [stdout]     |                                 ^^^^^^^^^^^^^^^^^^^ use of unresolved module or unlinked crate `loonfs_test_support`
[INFO] [stdout]     |
[INFO] [stdout]     = help: if you wanted to use a crate named `loonfs_test_support`, use `cargo add loonfs_test_support` to add it to your `Cargo.toml`
[INFO] [stdout] 
[INFO] [stdout] 
[INFO] [stdout] error[E0433]: cannot find module or crate `loonfs_test_support` in this scope
[INFO] [stdout]    --> tests/it/grams_index.rs:927:33
[INFO] [stdout]     |
[INFO] [stdout] 927 |             PutFileOptions::new(loonfs_test_support::test_actor()),
[INFO] [stdout]     |                                 ^^^^^^^^^^^^^^^^^^^ use of unresolved module or unlinked crate `loonfs_test_support`
[INFO] [stdout]     |
[INFO] [stdout]     = help: if you wanted to use a crate named `loonfs_test_support`, use `cargo add loonfs_test_support` to add it to your `Cargo.toml`
[INFO] [stdout] 
[INFO] [stdout] 
[INFO] [stdout] error[E0433]: cannot find module or crate `loonfs_test_support` in this scope
[INFO] [stdout]     --> tests/it/grams_index.rs:1007:41
[INFO] [stdout]      |
[INFO] [stdout] 1007 |             CreateNamespaceOptions::new(loonfs_test_support::test_actor()),
[INFO] [stdout]      |                                         ^^^^^^^^^^^^^^^^^^^ use of unresolved module or unlinked crate `loonfs_test_support`
[INFO] [stdout]      |
[INFO] [stdout]      = help: if you wanted to use a crate named `loonfs_test_support`, use `cargo add loonfs_test_support` to add it to your `Cargo.toml`
[INFO] [stdout] 
[INFO] [stdout] 
[INFO] [stdout] error[E0433]: cannot find module or crate `loonfs_test_support` in this scope
[INFO] [stdout]     --> tests/it/grams_index.rs:1019:37
[INFO] [stdout]      |
[INFO] [stdout] 1019 |                 PutFileOptions::new(loonfs_test_support::test_actor()),
[INFO] [stdout]      |                                     ^^^^^^^^^^^^^^^^^^^ use of unresolved module or unlinked crate `loonfs_test_support`
[INFO] [stdout]      |
[INFO] [stdout]      = help: if you wanted to use a crate named `loonfs_test_support`, use `cargo add loonfs_test_support` to add it to your `Cargo.toml`
[INFO] [stdout] 
[INFO] [stdout] 
[INFO] [stdout] error[E0433]: cannot find module or crate `loonfs_test_support` in this scope
[INFO] [stdout]     --> tests/it/grams_index.rs:1095:41
[INFO] [stdout]      |
[INFO] [stdout] 1095 |             CreateNamespaceOptions::new(loonfs_test_support::test_actor()),
[INFO] [stdout]      |                                         ^^^^^^^^^^^^^^^^^^^ use of unresolved module or unlinked crate `loonfs_test_support`
[INFO] [stdout]      |
[INFO] [stdout]      = help: if you wanted to use a crate named `loonfs_test_support`, use `cargo add loonfs_test_support` to add it to your `Cargo.toml`
[INFO] [stdout] 
[INFO] [stdout] 
[INFO] [stdout] error[E0433]: cannot find module or crate `loonfs_test_support` in this scope
[INFO] [stdout]     --> tests/it/grams_index.rs:1115:37
[INFO] [stdout]      |
[INFO] [stdout] 1115 |                 PutFileOptions::new(loonfs_test_support::test_actor()),
[INFO] [stdout]      |                                     ^^^^^^^^^^^^^^^^^^^ use of unresolved module or unlinked crate `loonfs_test_support`
[INFO] [stdout]      |
[INFO] [stdout]      = help: if you wanted to use a crate named `loonfs_test_support`, use `cargo add loonfs_test_support` to add it to your `Cargo.toml`
[INFO] [stdout] 
[INFO] [stdout] 
[INFO] [stdout] error[E0433]: cannot find module or crate `loonfs_test_support` in this scope
[INFO] [stdout]   --> tests/it/grep_publication.rs:31:41
[INFO] [stdout]    |
[INFO] [stdout] 31 |             CreateNamespaceOptions::new(loonfs_test_support::test_actor()),
[INFO] [stdout]    |                                         ^^^^^^^^^^^^^^^^^^^ use of unresolved module or unlinked crate `loonfs_test_support`
[INFO] [stdout]    |
[INFO] [stdout]    = help: if you wanted to use a crate named `loonfs_test_support`, use `cargo add loonfs_test_support` to add it to your `Cargo.toml`
[INFO] [stdout] 
[INFO] [stdout] 
[INFO] [stdout] error[E0433]: cannot find module or crate `loonfs_test_support` in this scope
[INFO] [stdout]   --> tests/it/grep_publication.rs:41:37
[INFO] [stdout]    |
[INFO] [stdout] 41 |                 PutFileOptions::new(loonfs_test_support::test_actor()),
[INFO] [stdout]    |                                     ^^^^^^^^^^^^^^^^^^^ use of unresolved module or unlinked crate `loonfs_test_support`
[INFO] [stdout]    |
[INFO] [stdout]    = help: if you wanted to use a crate named `loonfs_test_support`, use `cargo add loonfs_test_support` to add it to your `Cargo.toml`
[INFO] [stdout] 
[INFO] [stdout] 
[INFO] [stdout] error[E0433]: cannot find module or crate `loonfs_test_support` in this scope
[INFO] [stdout]    --> tests/it/grep_service_differential.rs:250:33
[INFO] [stdout]     |
[INFO] [stdout] 250 |             PutFileOptions::new(loonfs_test_support::test_actor()),
[INFO] [stdout]     |                                 ^^^^^^^^^^^^^^^^^^^ use of unresolved module or unlinked crate `loonfs_test_support`
[INFO] [stdout]     |
[INFO] [stdout]     = help: if you wanted to use a crate named `loonfs_test_support`, use `cargo add loonfs_test_support` to add it to your `Cargo.toml`
[INFO] [stdout] 
[INFO] [stdout] 
[INFO] [stdout] error[E0433]: cannot find module or crate `loonfs_test_support` in this scope
[INFO] [stdout]    --> tests/it/grep_service_differential.rs:279:33
[INFO] [stdout]     |
[INFO] [stdout] 279 |             PutFileOptions::new(loonfs_test_support::test_actor()),
[INFO] [stdout]     |                                 ^^^^^^^^^^^^^^^^^^^ use of unresolved module or unlinked crate `loonfs_test_support`
[INFO] [stdout]     |
[INFO] [stdout]     = help: if you wanted to use a crate named `loonfs_test_support`, use `cargo add loonfs_test_support` to add it to your `Cargo.toml`
[INFO] [stdout] 
[INFO] [stdout] 
[INFO] [stdout] error[E0433]: cannot find module or crate `loonfs_test_support` in this scope
[INFO] [stdout]    --> tests/it/grep_service_differential.rs:331:33
[INFO] [stdout]     |
[INFO] [stdout] 331 |             PutFileOptions::new(loonfs_test_support::test_actor()),
[INFO] [stdout]     |                                 ^^^^^^^^^^^^^^^^^^^ use of unresolved module or unlinked crate `loonfs_test_support`
[INFO] [stdout]     |
[INFO] [stdout]     = help: if you wanted to use a crate named `loonfs_test_support`, use `cargo add loonfs_test_support` to add it to your `Cargo.toml`
[INFO] [stdout] 
[INFO] [stdout] 
[INFO] [stdout] error[E0433]: cannot find module or crate `loonfs_test_support` in this scope
[INFO] [stdout]    --> tests/it/grep_service_differential.rs:354:52
[INFO] [stdout]     |
[INFO] [stdout] 354 |                 commit: loonfs::CommitOptions::new(loonfs_test_support::test_actor()),
[INFO] [stdout]     |                                                    ^^^^^^^^^^^^^^^^^^^ use of unresolved module or unlinked crate `loonfs_test_support`
[INFO] [stdout]     |
[INFO] [stdout]     = help: if you wanted to use a crate named `loonfs_test_support`, use `cargo add loonfs_test_support` to add it to your `Cargo.toml`
[INFO] [stdout] 
[INFO] [stdout] 
[INFO] [stdout] error[E0433]: cannot find module or crate `loonfs_test_support` in this scope
[INFO] [stdout]    --> tests/it/grep_service_differential.rs:396:41
[INFO] [stdout]     |
[INFO] [stdout] 396 |             CreateNamespaceOptions::new(loonfs_test_support::test_actor()),
[INFO] [stdout]     |                                         ^^^^^^^^^^^^^^^^^^^ use of unresolved module or unlinked crate `loonfs_test_support`
[INFO] [stdout]     |
[INFO] [stdout]     = help: if you wanted to use a crate named `loonfs_test_support`, use `cargo add loonfs_test_support` to add it to your `Cargo.toml`
[INFO] [stdout] 
[INFO] [stdout] 
[INFO] [stdout] error[E0433]: cannot find module or crate `loonfs_test_support` in this scope
[INFO] [stdout]    --> tests/it/grep_service_differential.rs:421:37
[INFO] [stdout]     |
[INFO] [stdout] 421 |                 PutFileOptions::new(loonfs_test_support::test_actor()),
[INFO] [stdout]     |                                     ^^^^^^^^^^^^^^^^^^^ use of unresolved module or unlinked crate `loonfs_test_support`
[INFO] [stdout]     |
[INFO] [stdout]     = help: if you wanted to use a crate named `loonfs_test_support`, use `cargo add loonfs_test_support` to add it to your `Cargo.toml`
[INFO] [stdout] 
[INFO] [stdout] 
[INFO] [stdout] error[E0433]: cannot find module or crate `loonfs_test_support` in this scope
[INFO] [stdout]    --> tests/it/grep_service_differential.rs:435:37
[INFO] [stdout]     |
[INFO] [stdout] 435 |                 PutFileOptions::new(loonfs_test_support::test_actor()),
[INFO] [stdout]     |                                     ^^^^^^^^^^^^^^^^^^^ use of unresolved module or unlinked crate `loonfs_test_support`
[INFO] [stdout]     |
[INFO] [stdout]     = help: if you wanted to use a crate named `loonfs_test_support`, use `cargo add loonfs_test_support` to add it to your `Cargo.toml`
[INFO] [stdout] 
[INFO] [stdout] 
[INFO] [stdout] error[E0433]: cannot find module or crate `loonfs_test_support` in this scope
[INFO] [stdout]    --> tests/it/grep_service_differential.rs:465:33
[INFO] [stdout]     |
[INFO] [stdout] 465 |             PutFileOptions::new(loonfs_test_support::test_actor()),
[INFO] [stdout]     |                                 ^^^^^^^^^^^^^^^^^^^ use of unresolved module or unlinked crate `loonfs_test_support`
[INFO] [stdout]     |
[INFO] [stdout]     = help: if you wanted to use a crate named `loonfs_test_support`, use `cargo add loonfs_test_support` to add it to your `Cargo.toml`
[INFO] [stdout] 
[INFO] [stdout] 
[INFO] [stdout] error[E0433]: cannot find module or crate `loonfs_test_support` in this scope
[INFO] [stdout]    --> tests/it/grep_service_differential.rs:473:32
[INFO] [stdout]     |
[INFO] [stdout] 473 |             DeleteOptions::new(loonfs_test_support::test_actor()),
[INFO] [stdout]     |                                ^^^^^^^^^^^^^^^^^^^ use of unresolved module or unlinked crate `loonfs_test_support`
[INFO] [stdout]     |
[INFO] [stdout]     = help: if you wanted to use a crate named `loonfs_test_support`, use `cargo add loonfs_test_support` to add it to your `Cargo.toml`
[INFO] [stdout] 
[INFO] [stdout] 
[INFO] [stdout] error[E0433]: cannot find module or crate `loonfs_test_support` in this scope
[INFO] [stdout]    --> tests/it/grep_service_differential.rs:481:41
[INFO] [stdout]     |
[INFO] [stdout] 481 |             CreateDirectoryOptions::new(loonfs_test_support::test_actor()),
[INFO] [stdout]     |                                         ^^^^^^^^^^^^^^^^^^^ use of unresolved module or unlinked crate `loonfs_test_support`
[INFO] [stdout]     |
[INFO] [stdout]     = help: if you wanted to use a crate named `loonfs_test_support`, use `cargo add loonfs_test_support` to add it to your `Cargo.toml`
[INFO] [stdout] 
[INFO] [stdout] 
[INFO] [stdout] error[E0433]: cannot find module or crate `loonfs_test_support` in this scope
[INFO] [stdout]    --> tests/it/grep_service_differential.rs:490:30
[INFO] [stdout]     |
[INFO] [stdout] 490 |             MoveOptions::new(loonfs_test_support::test_actor()),
[INFO] [stdout]     |                              ^^^^^^^^^^^^^^^^^^^ use of unresolved module or unlinked crate `loonfs_test_support`
[INFO] [stdout]     |
[INFO] [stdout]     = help: if you wanted to use a crate named `loonfs_test_support`, use `cargo add loonfs_test_support` to add it to your `Cargo.toml`
[INFO] [stdout] 
[INFO] [stdout] 
[INFO] [stdout] error[E0433]: cannot find module or crate `loonfs_test_support` in this scope
[INFO] [stdout]    --> tests/it/grep_worker.rs:153:41
[INFO] [stdout]     |
[INFO] [stdout] 153 |             CreateNamespaceOptions::new(loonfs_test_support::test_actor()),
[INFO] [stdout]     |                                         ^^^^^^^^^^^^^^^^^^^ use of unresolved module or unlinked crate `loonfs_test_support`
[INFO] [stdout]     |
[INFO] [stdout]     = help: if you wanted to use a crate named `loonfs_test_support`, use `cargo add loonfs_test_support` to add it to your `Cargo.toml`
[INFO] [stdout] 
[INFO] [stdout] 
[INFO] [stdout] error[E0433]: cannot find module or crate `loonfs_test_support` in this scope
[INFO] [stdout]    --> tests/it/grep_worker.rs:194:41
[INFO] [stdout]     |
[INFO] [stdout] 194 |                     PutFileOptions::new(loonfs_test_support::test_actor()),
[INFO] [stdout]     |                                         ^^^^^^^^^^^^^^^^^^^ use of unresolved module or unlinked crate `loonfs_test_support`
[INFO] [stdout]     |
[INFO] [stdout]     = help: if you wanted to use a crate named `loonfs_test_support`, use `cargo add loonfs_test_support` to add it to your `Cargo.toml`
[INFO] [stdout] 
[INFO] [stdout] 
[INFO] [stdout] error[E0433]: cannot find module or crate `loonfs_test_support` in this scope
[INFO] [stdout]    --> tests/it/grep_worker.rs:222:41
[INFO] [stdout]     |
[INFO] [stdout] 222 |             CreateNamespaceOptions::new(loonfs_test_support::test_actor()),
[INFO] [stdout]     |                                         ^^^^^^^^^^^^^^^^^^^ use of unresolved module or unlinked crate `loonfs_test_support`
[INFO] [stdout]     |
[INFO] [stdout]     = help: if you wanted to use a crate named `loonfs_test_support`, use `cargo add loonfs_test_support` to add it to your `Cargo.toml`
[INFO] [stdout] 
[INFO] [stdout] 
[INFO] [stdout] error[E0433]: cannot find module or crate `loonfs_test_support` in this scope
[INFO] [stdout]    --> tests/it/grep_worker.rs:248:37
[INFO] [stdout]     |
[INFO] [stdout] 248 |                 PutFileOptions::new(loonfs_test_support::test_actor()),
[INFO] [stdout]     |                                     ^^^^^^^^^^^^^^^^^^^ use of unresolved module or unlinked crate `loonfs_test_support`
[INFO] [stdout]     |
[INFO] [stdout]     = help: if you wanted to use a crate named `loonfs_test_support`, use `cargo add loonfs_test_support` to add it to your `Cargo.toml`
[INFO] [stdout] 
[INFO] [stdout] 
[INFO] [stdout] error[E0433]: cannot find module or crate `loonfs_test_support` in this scope
[INFO] [stdout]    --> tests/it/grep_worker.rs:284:41
[INFO] [stdout]     |
[INFO] [stdout] 284 |             CreateNamespaceOptions::new(loonfs_test_support::test_actor()),
[INFO] [stdout]     |                                         ^^^^^^^^^^^^^^^^^^^ use of unresolved module or unlinked crate `loonfs_test_support`
[INFO] [stdout]     |
[INFO] [stdout]     = help: if you wanted to use a crate named `loonfs_test_support`, use `cargo add loonfs_test_support` to add it to your `Cargo.toml`
[INFO] [stdout] 
[INFO] [stdout] 
[INFO] [stdout] error[E0433]: cannot find module or crate `loonfs_test_support` in this scope
[INFO] [stdout]    --> tests/it/grep_worker.rs:294:37
[INFO] [stdout]     |
[INFO] [stdout] 294 |                 PutFileOptions::new(loonfs_test_support::test_actor()),
[INFO] [stdout]     |                                     ^^^^^^^^^^^^^^^^^^^ use of unresolved module or unlinked crate `loonfs_test_support`
[INFO] [stdout]     |
[INFO] [stdout]     = help: if you wanted to use a crate named `loonfs_test_support`, use `cargo add loonfs_test_support` to add it to your `Cargo.toml`
[INFO] [stdout] 
[INFO] [stdout] 
[INFO] [stdout] error[E0433]: cannot find module or crate `loonfs_test_support` in this scope
[INFO] [stdout]    --> tests/it/grep_worker.rs:423:41
[INFO] [stdout]     |
[INFO] [stdout] 423 |             CreateNamespaceOptions::new(loonfs_test_support::test_actor()),
[INFO] [stdout]     |                                         ^^^^^^^^^^^^^^^^^^^ use of unresolved module or unlinked crate `loonfs_test_support`
[INFO] [stdout]     |
[INFO] [stdout]     = help: if you wanted to use a crate named `loonfs_test_support`, use `cargo add loonfs_test_support` to add it to your `Cargo.toml`
[INFO] [stdout] 
[INFO] [stdout] 
[INFO] [stdout] error[E0433]: cannot find module or crate `loonfs_test_support` in this scope
[INFO] [stdout]    --> tests/it/grep_worker.rs:432:33
[INFO] [stdout]     |
[INFO] [stdout] 432 |             PutFileOptions::new(loonfs_test_support::test_actor()),
[INFO] [stdout]     |                                 ^^^^^^^^^^^^^^^^^^^ use of unresolved module or unlinked crate `loonfs_test_support`
[INFO] [stdout]     |
[INFO] [stdout]     = help: if you wanted to use a crate named `loonfs_test_support`, use `cargo add loonfs_test_support` to add it to your `Cargo.toml`
[INFO] [stdout] 
[INFO] [stdout] 
[INFO] [stdout] error[E0433]: cannot find module or crate `loonfs_test_support` in this scope
[INFO] [stdout]    --> tests/it/grep_worker.rs:469:33
[INFO] [stdout]     |
[INFO] [stdout] 469 |             PutFileOptions::new(loonfs_test_support::test_actor()),
[INFO] [stdout]     |                                 ^^^^^^^^^^^^^^^^^^^ use of unresolved module or unlinked crate `loonfs_test_support`
[INFO] [stdout]     |
[INFO] [stdout]     = help: if you wanted to use a crate named `loonfs_test_support`, use `cargo add loonfs_test_support` to add it to your `Cargo.toml`
[INFO] [stdout] 
[INFO] [stdout] 
[INFO] [stdout] error[E0433]: cannot find module or crate `loonfs_test_support` in this scope
[INFO] [stdout]    --> tests/it/grep_worker.rs:561:41
[INFO] [stdout]     |
[INFO] [stdout] 561 |             CreateNamespaceOptions::new(loonfs_test_support::test_actor()),
[INFO] [stdout]     |                                         ^^^^^^^^^^^^^^^^^^^ use of unresolved module or unlinked crate `loonfs_test_support`
[INFO] [stdout]     |
[INFO] [stdout]     = help: if you wanted to use a crate named `loonfs_test_support`, use `cargo add loonfs_test_support` to add it to your `Cargo.toml`
[INFO] [stdout] 
[INFO] [stdout] 
[INFO] [stdout] error[E0433]: cannot find module or crate `loonfs_test_support` in this scope
[INFO] [stdout]    --> tests/it/grep_worker.rs:628:41
[INFO] [stdout]     |
[INFO] [stdout] 628 |             CreateNamespaceOptions::new(loonfs_test_support::test_actor()),
[INFO] [stdout]     |                                         ^^^^^^^^^^^^^^^^^^^ use of unresolved module or unlinked crate `loonfs_test_support`
[INFO] [stdout]     |
[INFO] [stdout]     = help: if you wanted to use a crate named `loonfs_test_support`, use `cargo add loonfs_test_support` to add it to your `Cargo.toml`
[INFO] [stdout] 
[INFO] [stdout] 
[INFO] [stdout] error[E0433]: cannot find module or crate `loonfs_test_support` in this scope
[INFO] [stdout]    --> tests/it/grep_worker.rs:687:41
[INFO] [stdout]     |
[INFO] [stdout] 687 |             CreateNamespaceOptions::new(loonfs_test_support::test_actor()),
[INFO] [stdout]     |                                         ^^^^^^^^^^^^^^^^^^^ use of unresolved module or unlinked crate `loonfs_test_support`
[INFO] [stdout]     |
[INFO] [stdout]     = help: if you wanted to use a crate named `loonfs_test_support`, use `cargo add loonfs_test_support` to add it to your `Cargo.toml`
[INFO] [stdout] 
[INFO] [stdout] 
[INFO] [stdout] error[E0433]: cannot find module or crate `loonfs_test_support` in this scope
[INFO] [stdout]    --> tests/it/grep_worker.rs:762:41
[INFO] [stdout]     |
[INFO] [stdout] 762 |             CreateNamespaceOptions::new(loonfs_test_support::test_actor()),
[INFO] [stdout]     |                                         ^^^^^^^^^^^^^^^^^^^ use of unresolved module or unlinked crate `loonfs_test_support`
[INFO] [stdout]     |
[INFO] [stdout]     = help: if you wanted to use a crate named `loonfs_test_support`, use `cargo add loonfs_test_support` to add it to your `Cargo.toml`
[INFO] [stdout] 
[INFO] [stdout] 
[INFO] [stdout] error[E0433]: cannot find module or crate `loonfs_test_support` in this scope
[INFO] [stdout]    --> tests/it/grep_worker.rs:775:33
[INFO] [stdout]     |
[INFO] [stdout] 775 |             PutFileOptions::new(loonfs_test_support::test_actor()),
[INFO] [stdout]     |                                 ^^^^^^^^^^^^^^^^^^^ use of unresolved module or unlinked crate `loonfs_test_support`
[INFO] [stdout]     |
[INFO] [stdout]     = help: if you wanted to use a crate named `loonfs_test_support`, use `cargo add loonfs_test_support` to add it to your `Cargo.toml`
[INFO] [stdout] 
[INFO] [stdout] 
[INFO] [stdout] error[E0433]: cannot find module or crate `loonfs_test_support` in this scope
[INFO] [stdout]    --> tests/it/grep_worker.rs:843:41
[INFO] [stdout]     |
[INFO] [stdout] 843 |             CreateNamespaceOptions::new(loonfs_test_support::test_actor()),
[INFO] [stdout]     |                                         ^^^^^^^^^^^^^^^^^^^ use of unresolved module or unlinked crate `loonfs_test_support`
[INFO] [stdout]     |
[INFO] [stdout]     = help: if you wanted to use a crate named `loonfs_test_support`, use `cargo add loonfs_test_support` to add it to your `Cargo.toml`
[INFO] [stdout] 
[INFO] [stdout] 
[INFO] [stdout] error[E0433]: cannot find module or crate `loonfs_test_support` in this scope
[INFO] [stdout]    --> tests/it/grep_worker.rs:853:37
[INFO] [stdout]     |
[INFO] [stdout] 853 |                 PutFileOptions::new(loonfs_test_support::test_actor()),
[INFO] [stdout]     |                                     ^^^^^^^^^^^^^^^^^^^ use of unresolved module or unlinked crate `loonfs_test_support`
[INFO] [stdout]     |
[INFO] [stdout]     = help: if you wanted to use a crate named `loonfs_test_support`, use `cargo add loonfs_test_support` to add it to your `Cargo.toml`
[INFO] [stdout] 
[INFO] [stdout] 
[INFO] [stdout] error[E0433]: cannot find module or crate `loonfs_test_support` in this scope
[INFO] [stdout]    --> tests/it/grep_worker.rs:902:33
[INFO] [stdout]     |
[INFO] [stdout] 902 |             PutFileOptions::new(loonfs_test_support::test_actor()),
[INFO] [stdout]     |                                 ^^^^^^^^^^^^^^^^^^^ use of unresolved module or unlinked crate `loonfs_test_support`
[INFO] [stdout]     |
[INFO] [stdout]     = help: if you wanted to use a crate named `loonfs_test_support`, use `cargo add loonfs_test_support` to add it to your `Cargo.toml`
[INFO] [stdout] 
[INFO] [stdout] 
[INFO] [stdout] error[E0433]: cannot find module or crate `loonfs_test_support` in this scope
[INFO] [stdout]    --> tests/it/grep_worker.rs:970:41
[INFO] [stdout]     |
[INFO] [stdout] 970 |             CreateNamespaceOptions::new(loonfs_test_support::test_actor()),
[INFO] [stdout]     |                                         ^^^^^^^^^^^^^^^^^^^ use of unresolved module or unlinked crate `loonfs_test_support`
[INFO] [stdout]     |
[INFO] [stdout]     = help: if you wanted to use a crate named `loonfs_test_support`, use `cargo add loonfs_test_support` to add it to your `Cargo.toml`
[INFO] [stdout] 
[INFO] [stdout] 
[INFO] [stdout] error[E0433]: cannot find module or crate `loonfs_test_support` in this scope
[INFO] [stdout]    --> tests/it/grep_worker.rs:979:33
[INFO] [stdout]     |
[INFO] [stdout] 979 |             PutFileOptions::new(loonfs_test_support::test_actor()),
[INFO] [stdout]     |                                 ^^^^^^^^^^^^^^^^^^^ use of unresolved module or unlinked crate `loonfs_test_support`
[INFO] [stdout]     |
[INFO] [stdout]     = help: if you wanted to use a crate named `loonfs_test_support`, use `cargo add loonfs_test_support` to add it to your `Cargo.toml`
[INFO] [stdout] 
[INFO] [stdout] 
[INFO] [stdout] error[E0433]: cannot find module or crate `loonfs_test_support` in this scope
[INFO] [stdout]     --> tests/it/grep_worker.rs:1121:41
[INFO] [stdout]      |
[INFO] [stdout] 1121 |             CreateNamespaceOptions::new(loonfs_test_support::test_actor()),
[INFO] [stdout]      |                                         ^^^^^^^^^^^^^^^^^^^ use of unresolved module or unlinked crate `loonfs_test_support`
[INFO] [stdout]      |
[INFO] [stdout]      = help: if you wanted to use a crate named `loonfs_test_support`, use `cargo add loonfs_test_support` to add it to your `Cargo.toml`
[INFO] [stdout] 
[INFO] [stdout] 
[INFO] [stdout] error[E0433]: cannot find module or crate `loonfs_test_support` in this scope
[INFO] [stdout]     --> tests/it/grep_worker.rs:1131:37
[INFO] [stdout]      |
[INFO] [stdout] 1131 |                 PutFileOptions::new(loonfs_test_support::test_actor()),
[INFO] [stdout]      |                                     ^^^^^^^^^^^^^^^^^^^ use of unresolved module or unlinked crate `loonfs_test_support`
[INFO] [stdout]      |
[INFO] [stdout]      = help: if you wanted to use a crate named `loonfs_test_support`, use `cargo add loonfs_test_support` to add it to your `Cargo.toml`
[INFO] [stdout] 
[INFO] [stdout] 
[INFO] [stdout] error[E0433]: cannot find module or crate `loonfs_test_support` in this scope
[INFO] [stdout]     --> tests/it/grep_worker.rs:1168:33
[INFO] [stdout]      |
[INFO] [stdout] 1168 |             PutFileOptions::new(loonfs_test_support::test_actor()),
[INFO] [stdout]      |                                 ^^^^^^^^^^^^^^^^^^^ use of unresolved module or unlinked crate `loonfs_test_support`
[INFO] [stdout]      |
[INFO] [stdout]      = help: if you wanted to use a crate named `loonfs_test_support`, use `cargo add loonfs_test_support` to add it to your `Cargo.toml`
[INFO] [stdout] 
[INFO] [stdout] 
[INFO] [stdout] error[E0433]: cannot find module or crate `loonfs_test_support` in this scope
[INFO] [stdout]     --> tests/it/grep_worker.rs:1179:39
[INFO] [stdout]      |
[INFO] [stdout] 1179 |                 ..PutFileOptions::new(loonfs_test_support::test_actor())
[INFO] [stdout]      |                                       ^^^^^^^^^^^^^^^^^^^ use of unresolved module or unlinked crate `loonfs_test_support`
[INFO] [stdout]      |
[INFO] [stdout]      = help: if you wanted to use a crate named `loonfs_test_support`, use `cargo add loonfs_test_support` to add it to your `Cargo.toml`
[INFO] [stdout] 
[INFO] [stdout] 
[INFO] [stdout] error[E0433]: cannot find module or crate `loonfs_test_support` in this scope
[INFO] [stdout]     --> tests/it/grep_worker.rs:1232:41
[INFO] [stdout]      |
[INFO] [stdout] 1232 |             CreateNamespaceOptions::new(loonfs_test_support::test_actor()),
[INFO] [stdout]      |                                         ^^^^^^^^^^^^^^^^^^^ use of unresolved module or unlinked crate `loonfs_test_support`
[INFO] [stdout]      |
[INFO] [stdout]      = help: if you wanted to use a crate named `loonfs_test_support`, use `cargo add loonfs_test_support` to add it to your `Cargo.toml`
[INFO] [stdout] 
[INFO] [stdout] 
[INFO] [stdout] error[E0433]: cannot find module or crate `loonfs_test_support` in this scope
[INFO] [stdout]     --> tests/it/grep_worker.rs:1241:33
[INFO] [stdout]      |
[INFO] [stdout] 1241 |             PutFileOptions::new(loonfs_test_support::test_actor()),
[INFO] [stdout]      |                                 ^^^^^^^^^^^^^^^^^^^ use of unresolved module or unlinked crate `loonfs_test_support`
[INFO] [stdout]      |
[INFO] [stdout]      = help: if you wanted to use a crate named `loonfs_test_support`, use `cargo add loonfs_test_support` to add it to your `Cargo.toml`
[INFO] [stdout] 
[INFO] [stdout] 
[INFO] [stdout] error[E0433]: cannot find module or crate `loonfs_test_support` in this scope
[INFO] [stdout]     --> tests/it/grep_worker.rs:1256:38
[INFO] [stdout]      |
[INFO] [stdout] 1256 |             loonfs::MoveOptions::new(loonfs_test_support::test_actor()),
[INFO] [stdout]      |                                      ^^^^^^^^^^^^^^^^^^^ use of unresolved module or unlinked crate `loonfs_test_support`
[INFO] [stdout]      |
[INFO] [stdout]      = help: if you wanted to use a crate named `loonfs_test_support`, use `cargo add loonfs_test_support` to add it to your `Cargo.toml`
[INFO] [stdout] 
[INFO] [stdout] 
[INFO] [stdout] error[E0433]: cannot find module or crate `loonfs_test_support` in this scope
[INFO] [stdout]     --> tests/it/grep_worker.rs:1295:41
[INFO] [stdout]      |
[INFO] [stdout] 1295 |             CreateNamespaceOptions::new(loonfs_test_support::test_actor()),
[INFO] [stdout]      |                                         ^^^^^^^^^^^^^^^^^^^ use of unresolved module or unlinked crate `loonfs_test_support`
[INFO] [stdout]      |
[INFO] [stdout]      = help: if you wanted to use a crate named `loonfs_test_support`, use `cargo add loonfs_test_support` to add it to your `Cargo.toml`
[INFO] [stdout] 
[INFO] [stdout] 
[INFO] [stdout] error[E0433]: cannot find module or crate `loonfs_test_support` in this scope
[INFO] [stdout]     --> tests/it/grep_worker.rs:1305:37
[INFO] [stdout]      |
[INFO] [stdout] 1305 |                 PutFileOptions::new(loonfs_test_support::test_actor()),
[INFO] [stdout]      |                                     ^^^^^^^^^^^^^^^^^^^ use of unresolved module or unlinked crate `loonfs_test_support`
[INFO] [stdout]      |
[INFO] [stdout]      = help: if you wanted to use a crate named `loonfs_test_support`, use `cargo add loonfs_test_support` to add it to your `Cargo.toml`
[INFO] [stdout] 
[INFO] [stdout] 
[INFO] [stdout] error[E0433]: cannot find module or crate `loonfs_test_support` in this scope
[INFO] [stdout]     --> tests/it/grep_worker.rs:1334:46
[INFO] [stdout]      |
[INFO] [stdout] 1334 |                 ..loonfs::DeleteOptions::new(loonfs_test_support::test_actor())
[INFO] [stdout]      |                                              ^^^^^^^^^^^^^^^^^^^ use of unresolved module or unlinked crate `loonfs_test_support`
[INFO] [stdout]      |
[INFO] [stdout]      = help: if you wanted to use a crate named `loonfs_test_support`, use `cargo add loonfs_test_support` to add it to your `Cargo.toml`
[INFO] [stdout] 
[INFO] [stdout] 
[INFO] [stdout] error[E0433]: cannot find module or crate `loonfs_test_support` in this scope
[INFO] [stdout]     --> tests/it/grep_worker.rs:1361:42
[INFO] [stdout]      |
[INFO] [stdout] 1361 |             loonfs::UndeleteOptions::new(loonfs_test_support::test_actor()),
[INFO] [stdout]      |                                          ^^^^^^^^^^^^^^^^^^^ use of unresolved module or unlinked crate `loonfs_test_support`
[INFO] [stdout]      |
[INFO] [stdout]      = help: if you wanted to use a crate named `loonfs_test_support`, use `cargo add loonfs_test_support` to add it to your `Cargo.toml`
[INFO] [stdout] 
[INFO] [stdout] 
[INFO] [stdout] error[E0433]: cannot find module or crate `loonfs_test_support` in this scope
[INFO] [stdout]     --> tests/it/grep_worker.rs:1395:41
[INFO] [stdout]      |
[INFO] [stdout] 1395 |             CreateNamespaceOptions::new(loonfs_test_support::test_actor()),
[INFO] [stdout]      |                                         ^^^^^^^^^^^^^^^^^^^ use of unresolved module or unlinked crate `loonfs_test_support`
[INFO] [stdout]      |
[INFO] [stdout]      = help: if you wanted to use a crate named `loonfs_test_support`, use `cargo add loonfs_test_support` to add it to your `Cargo.toml`
[INFO] [stdout] 
[INFO] [stdout] 
[INFO] [stdout] error[E0433]: cannot find module or crate `loonfs_test_support` in this scope
[INFO] [stdout]     --> tests/it/grep_worker.rs:1405:37
[INFO] [stdout]      |
[INFO] [stdout] 1405 |                 PutFileOptions::new(loonfs_test_support::test_actor()),
[INFO] [stdout]      |                                     ^^^^^^^^^^^^^^^^^^^ use of unresolved module or unlinked crate `loonfs_test_support`
[INFO] [stdout]      |
[INFO] [stdout]      = help: if you wanted to use a crate named `loonfs_test_support`, use `cargo add loonfs_test_support` to add it to your `Cargo.toml`
[INFO] [stdout] 
[INFO] [stdout] 
[INFO] [stdout] error[E0433]: cannot find module or crate `loonfs_test_support` in this scope
[INFO] [stdout]     --> tests/it/grep_worker.rs:1421:46
[INFO] [stdout]      |
[INFO] [stdout] 1421 |                 ..loonfs::DeleteOptions::new(loonfs_test_support::test_actor())
[INFO] [stdout]      |                                              ^^^^^^^^^^^^^^^^^^^ use of unresolved module or unlinked crate `loonfs_test_support`
[INFO] [stdout]      |
[INFO] [stdout]      = help: if you wanted to use a crate named `loonfs_test_support`, use `cargo add loonfs_test_support` to add it to your `Cargo.toml`
[INFO] [stdout] 
[INFO] [stdout] 
[INFO] [stdout] error[E0433]: cannot find module or crate `loonfs_test_support` in this scope
[INFO] [stdout]     --> tests/it/grep_worker.rs:1445:42
[INFO] [stdout]      |
[INFO] [stdout] 1445 |             loonfs::UndeleteOptions::new(loonfs_test_support::test_actor()),
[INFO] [stdout]      |                                          ^^^^^^^^^^^^^^^^^^^ use of unresolved module or unlinked crate `loonfs_test_support`
[INFO] [stdout]      |
[INFO] [stdout]      = help: if you wanted to use a crate named `loonfs_test_support`, use `cargo add loonfs_test_support` to add it to your `Cargo.toml`
[INFO] [stdout] 
[INFO] [stdout] 
[INFO] [stdout] error[E0433]: cannot find module or crate `loonfs_test_support` in this scope
[INFO] [stdout]     --> tests/it/grep_worker.rs:1497:41
[INFO] [stdout]      |
[INFO] [stdout] 1497 |             CreateNamespaceOptions::new(loonfs_test_support::test_actor()),
[INFO] [stdout]      |                                         ^^^^^^^^^^^^^^^^^^^ use of unresolved module or unlinked crate `loonfs_test_support`
[INFO] [stdout]      |
[INFO] [stdout]      = help: if you wanted to use a crate named `loonfs_test_support`, use `cargo add loonfs_test_support` to add it to your `Cargo.toml`
[INFO] [stdout] 
[INFO] [stdout] 
[INFO] [stdout] error[E0433]: cannot find module or crate `loonfs_test_support` in this scope
[INFO] [stdout]     --> tests/it/grep_worker.rs:1519:33
[INFO] [stdout]      |
[INFO] [stdout] 1519 |             PutFileOptions::new(loonfs_test_support::test_actor()),
[INFO] [stdout]      |                                 ^^^^^^^^^^^^^^^^^^^ use of unresolved module or unlinked crate `loonfs_test_support`
[INFO] [stdout]      |
[INFO] [stdout]      = help: if you wanted to use a crate named `loonfs_test_support`, use `cargo add loonfs_test_support` to add it to your `Cargo.toml`
[INFO] [stdout] 
[INFO] [stdout] 
[INFO] [stdout] error[E0433]: cannot find module or crate `loonfs_test_support` in this scope
[INFO] [stdout]     --> tests/it/grep_worker.rs:1547:41
[INFO] [stdout]      |
[INFO] [stdout] 1547 |             CreateNamespaceOptions::new(loonfs_test_support::test_actor()),
[INFO] [stdout]      |                                         ^^^^^^^^^^^^^^^^^^^ use of unresolved module or unlinked crate `loonfs_test_support`
[INFO] [stdout]      |
[INFO] [stdout]      = help: if you wanted to use a crate named `loonfs_test_support`, use `cargo add loonfs_test_support` to add it to your `Cargo.toml`
[INFO] [stdout] 
[INFO] [stdout] 
[INFO] [stdout] error[E0433]: cannot find module or crate `loonfs_test_support` in this scope
[INFO] [stdout]     --> tests/it/grep_worker.rs:1620:41
[INFO] [stdout]      |
[INFO] [stdout] 1620 |             CreateNamespaceOptions::new(loonfs_test_support::test_actor()),
[INFO] [stdout]      |                                         ^^^^^^^^^^^^^^^^^^^ use of unresolved module or unlinked crate `loonfs_test_support`
[INFO] [stdout]      |
[INFO] [stdout]      = help: if you wanted to use a crate named `loonfs_test_support`, use `cargo add loonfs_test_support` to add it to your `Cargo.toml`
[INFO] [stdout] 
[INFO] [stdout] 
[INFO] [stdout] error[E0433]: cannot find module or crate `loonfs_test_support` in this scope
[INFO] [stdout]     --> tests/it/grep_worker.rs:1679:41
[INFO] [stdout]      |
[INFO] [stdout] 1679 |             CreateNamespaceOptions::new(loonfs_test_support::test_actor()),
[INFO] [stdout]      |                                         ^^^^^^^^^^^^^^^^^^^ use of unresolved module or unlinked crate `loonfs_test_support`
[INFO] [stdout]      |
[INFO] [stdout]      = help: if you wanted to use a crate named `loonfs_test_support`, use `cargo add loonfs_test_support` to add it to your `Cargo.toml`
[INFO] [stdout] 
[INFO] [stdout] 
[INFO] [stdout] error[E0433]: cannot find module or crate `loonfs_test_support` in this scope
[INFO] [stdout]     --> tests/it/grep_worker.rs:1774:41
[INFO] [stdout]      |
[INFO] [stdout] 1774 |             CreateNamespaceOptions::new(loonfs_test_support::test_actor()),
[INFO] [stdout]      |                                         ^^^^^^^^^^^^^^^^^^^ use of unresolved module or unlinked crate `loonfs_test_support`
[INFO] [stdout]      |
[INFO] [stdout]      = help: if you wanted to use a crate named `loonfs_test_support`, use `cargo add loonfs_test_support` to add it to your `Cargo.toml`
[INFO] [stdout] 
[INFO] [stdout] 
[INFO] [stdout] error[E0433]: cannot find module or crate `loonfs_test_support` in this scope
[INFO] [stdout]     --> tests/it/grep_worker.rs:1788:33
[INFO] [stdout]      |
[INFO] [stdout] 1788 |             PutFileOptions::new(loonfs_test_support::test_actor()),
[INFO] [stdout]      |                                 ^^^^^^^^^^^^^^^^^^^ use of unresolved module or unlinked crate `loonfs_test_support`
[INFO] [stdout]      |
[INFO] [stdout]      = help: if you wanted to use a crate named `loonfs_test_support`, use `cargo add loonfs_test_support` to add it to your `Cargo.toml`
[INFO] [stdout] 
[INFO] [stdout] 
[INFO] [stdout] error[E0433]: cannot find module or crate `loonfs_test_support` in this scope
[INFO] [stdout]     --> tests/it/grep_worker.rs:1888:41
[INFO] [stdout]      |
[INFO] [stdout] 1888 |             CreateNamespaceOptions::new(loonfs_test_support::test_actor()),
[INFO] [stdout]      |                                         ^^^^^^^^^^^^^^^^^^^ use of unresolved module or unlinked crate `loonfs_test_support`
[INFO] [stdout]      |
[INFO] [stdout]      = help: if you wanted to use a crate named `loonfs_test_support`, use `cargo add loonfs_test_support` to add it to your `Cargo.toml`
[INFO] [stdout] 
[INFO] [stdout] 
[INFO] [stdout] error[E0433]: cannot find module or crate `loonfs_test_support` in this scope
[INFO] [stdout]     --> tests/it/grep_worker.rs:1907:37
[INFO] [stdout]      |
[INFO] [stdout] 1907 |                 PutFileOptions::new(loonfs_test_support::test_actor()),
[INFO] [stdout]      |                                     ^^^^^^^^^^^^^^^^^^^ use of unresolved module or unlinked crate `loonfs_test_support`
[INFO] [stdout]      |
[INFO] [stdout]      = help: if you wanted to use a crate named `loonfs_test_support`, use `cargo add loonfs_test_support` to add it to your `Cargo.toml`
[INFO] [stdout] 
[INFO] [stdout] 
[INFO] [stdout] error[E0433]: cannot find module or crate `loonfs_test_support` in this scope
[INFO] [stdout]     --> tests/it/grep_worker.rs:1927:33
[INFO] [stdout]      |
[INFO] [stdout] 1927 |             PutFileOptions::new(loonfs_test_support::test_actor()),
[INFO] [stdout]      |                                 ^^^^^^^^^^^^^^^^^^^ use of unresolved module or unlinked crate `loonfs_test_support`
[INFO] [stdout]      |
[INFO] [stdout]      = help: if you wanted to use a crate named `loonfs_test_support`, use `cargo add loonfs_test_support` to add it to your `Cargo.toml`
[INFO] [stdout] 
[INFO] [stdout] 
[INFO] [stdout] error[E0433]: cannot find module or crate `loonfs_test_support` in this scope
[INFO] [stdout]     --> tests/it/grep_worker.rs:2028:41
[INFO] [stdout]      |
[INFO] [stdout] 2028 |             CreateNamespaceOptions::new(loonfs_test_support::test_actor()),
[INFO] [stdout]      |                                         ^^^^^^^^^^^^^^^^^^^ use of unresolved module or unlinked crate `loonfs_test_support`
[INFO] [stdout]      |
[INFO] [stdout]      = help: if you wanted to use a crate named `loonfs_test_support`, use `cargo add loonfs_test_support` to add it to your `Cargo.toml`
[INFO] [stdout] 
[INFO] [stdout] 
[INFO] [stdout] error[E0433]: cannot find module or crate `loonfs_test_support` in this scope
[INFO] [stdout]     --> tests/it/grep_worker.rs:2037:33
[INFO] [stdout]      |
[INFO] [stdout] 2037 |             PutFileOptions::new(loonfs_test_support::test_actor()),
[INFO] [stdout]      |                                 ^^^^^^^^^^^^^^^^^^^ use of unresolved module or unlinked crate `loonfs_test_support`
[INFO] [stdout]      |
[INFO] [stdout]      = help: if you wanted to use a crate named `loonfs_test_support`, use `cargo add loonfs_test_support` to add it to your `Cargo.toml`
[INFO] [stdout] 
[INFO] [stdout] 
[INFO] [stdout] error[E0433]: cannot find module or crate `loonfs_test_support` in this scope
[INFO] [stdout]     --> tests/it/grep_worker.rs:2073:60
[INFO] [stdout]      |
[INFO] [stdout] 2073 |             loonfs_api::options::ForkNamespaceOptions::new(loonfs_test_support::test_actor()),
[INFO] [stdout]      |                                                            ^^^^^^^^^^^^^^^^^^^ use of unresolved module or unlinked crate `loonfs_test_support`
[INFO] [stdout]      |
[INFO] [stdout]      = help: if you wanted to use a crate named `loonfs_test_support`, use `cargo add loonfs_test_support` to add it to your `Cargo.toml`
[INFO] [stdout] 
[INFO] [stdout] 
[INFO] [stdout] error[E0433]: cannot find module or crate `loonfs_test_support` in this scope
[INFO] [stdout]     --> tests/it/grep_worker.rs:2122:45
[INFO] [stdout]      |
[INFO] [stdout] 2122 |                 CreateNamespaceOptions::new(loonfs_test_support::test_actor()),
[INFO] [stdout]      |                                             ^^^^^^^^^^^^^^^^^^^ use of unresolved module or unlinked crate `loonfs_test_support`
[INFO] [stdout]      |
[INFO] [stdout]      = help: if you wanted to use a crate named `loonfs_test_support`, use `cargo add loonfs_test_support` to add it to your `Cargo.toml`
[INFO] [stdout] 
[INFO] [stdout] 
[INFO] [stdout] error[E0433]: cannot find module or crate `loonfs_test_support` in this scope
[INFO] [stdout]     --> tests/it/grep_worker.rs:2146:41
[INFO] [stdout]      |
[INFO] [stdout] 2146 |                     PutFileOptions::new(loonfs_test_support::test_actor()),
[INFO] [stdout]      |                                         ^^^^^^^^^^^^^^^^^^^ use of unresolved module or unlinked crate `loonfs_test_support`
[INFO] [stdout]      |
[INFO] [stdout]      = help: if you wanted to use a crate named `loonfs_test_support`, use `cargo add loonfs_test_support` to add it to your `Cargo.toml`
[INFO] [stdout] 
[INFO] [stdout] 
[INFO] [stdout] error[E0433]: cannot find module or crate `loonfs_test_support` in this scope
[INFO] [stdout]     --> tests/it/grep_worker.rs:2200:41
[INFO] [stdout]      |
[INFO] [stdout] 2200 |             CreateNamespaceOptions::new(loonfs_test_support::test_actor()),
[INFO] [stdout]      |                                         ^^^^^^^^^^^^^^^^^^^ use of unresolved module or unlinked crate `loonfs_test_support`
[INFO] [stdout]      |
[INFO] [stdout]      = help: if you wanted to use a crate named `loonfs_test_support`, use `cargo add loonfs_test_support` to add it to your `Cargo.toml`
[INFO] [stdout] 
[INFO] [stdout] 
[INFO] [stdout] error[E0433]: cannot find module or crate `loonfs_test_support` in this scope
[INFO] [stdout]     --> tests/it/grep_worker.rs:2209:33
[INFO] [stdout]      |
[INFO] [stdout] 2209 |             PutFileOptions::new(loonfs_test_support::test_actor()),
[INFO] [stdout]      |                                 ^^^^^^^^^^^^^^^^^^^ use of unresolved module or unlinked crate `loonfs_test_support`
[INFO] [stdout]      |
[INFO] [stdout]      = help: if you wanted to use a crate named `loonfs_test_support`, use `cargo add loonfs_test_support` to add it to your `Cargo.toml`
[INFO] [stdout] 
[INFO] [stdout] 
[INFO] [stdout] error[E0433]: cannot find module or crate `loonfs_test_support` in this scope
[INFO] [stdout]     --> tests/it/grep_worker.rs:2297:41
[INFO] [stdout]      |
[INFO] [stdout] 2297 |             CreateNamespaceOptions::new(loonfs_test_support::test_actor()),
[INFO] [stdout]      |                                         ^^^^^^^^^^^^^^^^^^^ use of unresolved module or unlinked crate `loonfs_test_support`
[INFO] [stdout]      |
[INFO] [stdout]      = help: if you wanted to use a crate named `loonfs_test_support`, use `cargo add loonfs_test_support` to add it to your `Cargo.toml`
[INFO] [stdout] 
[INFO] [stdout] 
[INFO] [stdout] error[E0433]: cannot find module or crate `loonfs_test_support` in this scope
[INFO] [stdout]     --> tests/it/grep_worker.rs:2404:41
[INFO] [stdout]      |
[INFO] [stdout] 2404 |             CreateNamespaceOptions::new(loonfs_test_support::test_actor()),
[INFO] [stdout]      |                                         ^^^^^^^^^^^^^^^^^^^ use of unresolved module or unlinked crate `loonfs_test_support`
[INFO] [stdout]      |
[INFO] [stdout]      = help: if you wanted to use a crate named `loonfs_test_support`, use `cargo add loonfs_test_support` to add it to your `Cargo.toml`
[INFO] [stdout] 
[INFO] [stdout] 
[INFO] [stdout] error[E0433]: cannot find module or crate `loonfs_test_support` in this scope
[INFO] [stdout]     --> tests/it/grep_worker.rs:2609:47
[INFO] [stdout]      |
[INFO] [stdout] 2609 |                 ..CreateNamespaceOptions::new(loonfs_test_support::test_actor())
[INFO] [stdout]      |                                               ^^^^^^^^^^^^^^^^^^^ use of unresolved module or unlinked crate `loonfs_test_support`
[INFO] [stdout]      |
[INFO] [stdout]      = help: if you wanted to use a crate named `loonfs_test_support`, use `cargo add loonfs_test_support` to add it to your `Cargo.toml`
[INFO] [stdout] 
[INFO] [stdout] 
[INFO] [stdout] error[E0433]: cannot find module or crate `loonfs_test_support` in this scope
[INFO] [stdout]     --> tests/it/grep_worker.rs:2644:21
[INFO] [stdout]      |
[INFO] [stdout] 2644 |                     loonfs_test_support::test_actor(),
[INFO] [stdout]      |                     ^^^^^^^^^^^^^^^^^^^ use of unresolved module or unlinked crate `loonfs_test_support`
[INFO] [stdout]      |
[INFO] [stdout]      = help: if you wanted to use a crate named `loonfs_test_support`, use `cargo add loonfs_test_support` to add it to your `Cargo.toml`
[INFO] [stdout] 
[INFO] [stdout] 
[INFO] [stdout] error[E0433]: cannot find module or crate `loonfs_test_support` in this scope
[INFO] [stdout]     --> tests/it/grep_worker.rs:2663:21
[INFO] [stdout]      |
[INFO] [stdout] 2663 |                     loonfs_test_support::test_actor(),
[INFO] [stdout]      |                     ^^^^^^^^^^^^^^^^^^^ use of unresolved module or unlinked crate `loonfs_test_support`
[INFO] [stdout]      |
[INFO] [stdout]      = help: if you wanted to use a crate named `loonfs_test_support`, use `cargo add loonfs_test_support` to add it to your `Cargo.toml`
[INFO] [stdout] 
[INFO] [stdout] 
[INFO] [stdout] error[E0433]: cannot find module or crate `loonfs_test_support` in this scope
[INFO] [stdout]    --> tests/it/manifest_store.rs:444:41
[INFO] [stdout]     |
[INFO] [stdout] 444 |             CreateNamespaceOptions::new(loonfs_test_support::test_actor()),
[INFO] [stdout]     |                                         ^^^^^^^^^^^^^^^^^^^ use of unresolved module or unlinked crate `loonfs_test_support`
[INFO] [stdout]     |
[INFO] [stdout]     = help: if you wanted to use a crate named `loonfs_test_support`, use `cargo add loonfs_test_support` to add it to your `Cargo.toml`
[INFO] [stdout] 
[INFO] [stdout] 
[INFO] [stdout] For more information about this error, try `rustc --explain E0433`.
[INFO] [stdout] 
[INFO] [stderr] error: could not compile `loonfs-grep` (test "it") due to 118 previous errors
[INFO] running `Command { std: "docker" "inspect" "20d4468f32521a52433855ca13059a5fffa7a0ec81bb2538a8d1478f5dee9676", kill_on_drop: false }`
[INFO] running `Command { std: "docker" "rm" "-f" "20d4468f32521a52433855ca13059a5fffa7a0ec81bb2538a8d1478f5dee9676", kill_on_drop: false }`
[INFO] [stdout] 20d4468f32521a52433855ca13059a5fffa7a0ec81bb2538a8d1478f5dee9676
