[INFO] fetching crate loonfs-core 0.4.0...
[INFO] checking loonfs-core-0.4.0 against 3154cc1a3e6424e44f438a95007d043ed5ceaaf6+rustflags=-Znext-solver=coherence for pr-133502-30
[INFO] extracting crate loonfs-core 0.4.0 into /workspace/builds/worker-4-tc1/source
[INFO] started tweaking crates.io crate loonfs-core 0.4.0
[INFO] removed 0 missing tests
[INFO] finished tweaking crates.io crate loonfs-core 0.4.0
[INFO] tweaked toml for crates.io crate loonfs-core 0.4.0 written to /workspace/builds/worker-4-tc1/source/Cargo.toml
[INFO] validating manifest of crates.io crate loonfs-core 0.4.0 on toolchain 3154cc1a3e6424e44f438a95007d043ed5ceaaf6
[INFO] running `Command { std: CARGO_HOME="/workspace/cargo-home" RUSTUP_HOME="/workspace/rustup-home" "/workspace/cargo-home/bin/cargo" "+3154cc1a3e6424e44f438a95007d043ed5ceaaf6" "metadata" "--manifest-path" "Cargo.toml" "--no-deps", kill_on_drop: false }`
[INFO] crate crates.io crate loonfs-core 0.4.0 already has a lockfile, it will not be regenerated
[INFO] running `Command { std: CARGO_HOME="/workspace/cargo-home" RUSTUP_HOME="/workspace/rustup-home" "/workspace/cargo-home/bin/cargo" "+3154cc1a3e6424e44f438a95007d043ed5ceaaf6" "fetch" "--manifest-path" "Cargo.toml", kill_on_drop: false }`
[INFO] [stderr] warning: `package.homepage` is redundant with `package.repository`
[INFO] [stderr]   --> Cargo.toml:83:12
[INFO] [stderr]    |
[INFO] [stderr] 83 | homepage = "https://github.com/loonfs/loonfs"
[INFO] [stderr]    |            ^^^^^^^^^^^^^^^^^^^^^^^^^^^^^^^^^^
[INFO] [stderr] ...
[INFO] [stderr] 88 | repository = "https://github.com/loonfs/loonfs"
[INFO] [stderr]    |              ----------------------------------
[INFO] [stderr]    |
[INFO] [stderr]    = note: `cargo::redundant_homepage` is set to `warn` by default
[INFO] [stderr] help: consider removing `package.homepage`
[INFO] [stderr] warning: `loonfs-core` (manifest) generated 1 warning
[INFO] [stderr]     Blocking waiting for file lock on package cache
[INFO] [stderr]     Blocking waiting for file lock on package cache
[INFO] running `Command { std: "docker" "create" "-v" "/var/lib/crater-agent-workspace/builds/worker-4-tc1/source:/opt/rustwide/workdir:ro,Z" "-v" "/var/lib/crater-agent-workspace/builds/worker-4-tc1/target:/opt/rustwide/target:rw,Z" "-v" "/var/lib/crater-agent-workspace/cargo-home:/opt/rustwide/cargo-home:ro,Z" "-v" "/var/lib/crater-agent-workspace/rustup-home:/opt/rustwide/rustup-home:ro,Z" "-m" "1610612736" "--network" "none" "ghcr.io/rust-lang/crates-build-env/linux@sha256:77db811e55d90add9212f6832c23229e3de5f1c1f9905e8cb07319ea15df73ac" "sleep" "infinity", kill_on_drop: false }`
[INFO] [stdout] 136811f11f6c8971ac31cdf5cd5eb4a70adabb3a0dfedd4e11851d4e669f94ba
[INFO] running `Command { std: "docker" "start" "136811f11f6c8971ac31cdf5cd5eb4a70adabb3a0dfedd4e11851d4e669f94ba", kill_on_drop: false }`
[INFO] running `Command { std: "docker" "inspect" "136811f11f6c8971ac31cdf5cd5eb4a70adabb3a0dfedd4e11851d4e669f94ba", kill_on_drop: false }`
[INFO] running `Command { std: "docker" "exec" "-e" "SOURCE_DIR=/opt/rustwide/workdir" "-e" "CARGO_HOME=/opt/rustwide/cargo-home" "-e" "RUSTUP_HOME=/opt/rustwide/rustup-home" "-e" "CARGO_TARGET_DIR=/opt/rustwide/target" "-w" "/opt/rustwide/workdir" "--user" "0:0" "136811f11f6c8971ac31cdf5cd5eb4a70adabb3a0dfedd4e11851d4e669f94ba" "/opt/rustwide/cargo-home/bin/cargo" "+3154cc1a3e6424e44f438a95007d043ed5ceaaf6" "metadata" "--no-deps" "--format-version=1", kill_on_drop: false }`
[INFO] running `Command { std: "docker" "inspect" "136811f11f6c8971ac31cdf5cd5eb4a70adabb3a0dfedd4e11851d4e669f94ba", kill_on_drop: false }`
[INFO] running `Command { std: "docker" "exec" "-e" "SOURCE_DIR=/opt/rustwide/workdir" "-e" "CARGO_HOME=/opt/rustwide/cargo-home" "-e" "RUSTUP_HOME=/opt/rustwide/rustup-home" "-e" "CARGO_TARGET_DIR=/opt/rustwide/target" "-e" "CARGO_INCREMENTAL=0" "-e" "RUST_BACKTRACE=full" "-e" "RUSTFLAGS=--cap-lints=forbid -Znext-solver=coherence" "-e" "RUSTDOCFLAGS=--cap-lints=forbid" "-w" "/opt/rustwide/workdir" "--user" "0:0" "136811f11f6c8971ac31cdf5cd5eb4a70adabb3a0dfedd4e11851d4e669f94ba" "/opt/rustwide/cargo-home/bin/cargo" "+3154cc1a3e6424e44f438a95007d043ed5ceaaf6" "check" "--frozen" "--all" "--all-targets" "--message-format=json", kill_on_drop: false }`
[INFO] [stderr] warning: `package.homepage` is redundant with `package.repository`
[INFO] [stderr]   --> Cargo.toml:83:12
[INFO] [stderr]    |
[INFO] [stderr] 83 | homepage = "https://github.com/loonfs/loonfs"
[INFO] [stderr]    |            ^^^^^^^^^^^^^^^^^^^^^^^^^^^^^^^^^^
[INFO] [stderr] ...
[INFO] [stderr] 88 | repository = "https://github.com/loonfs/loonfs"
[INFO] [stderr]    |              ----------------------------------
[INFO] [stderr]    |
[INFO] [stderr]    = note: `cargo::redundant_homepage` is set to `warn` by default
[INFO] [stderr] help: consider removing `package.homepage`
[INFO] [stderr] warning: `loonfs-core` (manifest) generated 1 warning
[INFO] [stderr]    Compiling proc-macro2 v1.0.106
[INFO] [stderr]    Compiling unicode-ident v1.0.24
[INFO] [stderr]    Compiling quote v1.0.45
[INFO] [stderr]    Compiling libc v0.2.183
[INFO] [stderr]    Compiling serde_core v1.0.228
[INFO] [stderr]    Compiling serde v1.0.228
[INFO] [stderr]     Checking pin-project-lite v0.2.17
[INFO] [stderr]    Compiling shlex v1.3.0
[INFO] [stderr]    Compiling find-msvc-tools v0.1.9
[INFO] [stderr]     Checking futures-core v0.3.32
[INFO] [stderr]     Checking itoa v1.0.17
[INFO] [stderr]    Compiling pkg-config v0.3.32
[INFO] [stderr]     Checking futures-sink v0.3.32
[INFO] [stderr]     Checking memchr v2.8.0
[INFO] [stderr]     Checking once_cell v1.21.4
[INFO] [stderr]     Checking slab v0.4.12
[INFO] [stderr]     Checking fnv v1.0.7
[INFO] [stderr]     Checking zeroize v1.8.2
[INFO] [stderr]     Checking futures-io v0.3.32
[INFO] [stderr]     Checking futures-task v0.3.32
[INFO] [stderr]    Compiling autocfg v1.5.0
[INFO] [stderr]     Checking futures-channel v0.3.32
[INFO] [stderr]     Checking cfg-if v1.0.4
[INFO] [stderr]     Checking typenum v1.20.1
[INFO] [stderr]    Compiling dunce v1.0.5
[INFO] [stderr]     Checking smallvec v1.15.1
[INFO] [stderr]    Compiling fs_extra v1.3.0
[INFO] [stderr]     Checking stable_deref_trait v1.2.1
[INFO] [stderr]     Checking subtle v2.6.1
[INFO] [stderr]     Checking either v1.15.0
[INFO] [stderr]     Checking ryu v1.0.23
[INFO] [stderr]     Checking tracing-core v0.1.36
[INFO] [stderr]    Compiling version_check v0.9.5
[INFO] [stderr]     Checking deranged v0.5.8
[INFO] [stderr]    Compiling aws-lc-rs v1.18.0
[INFO] [stderr]     Checking outref v0.5.2
[INFO] [stderr]     Checking num-conv v0.2.2
[INFO] [stderr]     Checking powerfmt v0.2.0
[INFO] [stderr]     Checking vsimd v0.8.0
[INFO] [stderr]     Checking time-core v0.1.9
[INFO] [stderr]     Checking percent-encoding v2.3.2
[INFO] [stderr]    Compiling generic-array v0.14.7
[INFO] [stderr]     Checking pin-utils v0.1.0
[INFO] [stderr]     Checking rustls-pki-types v1.14.0
[INFO] [stderr]     Checking untrusted v0.9.0
[INFO] [stderr]     Checking writeable v0.6.2
[INFO] [stderr]     Checking equivalent v1.0.2
[INFO] [stderr]     Checking hashbrown v0.16.1
[INFO] [stderr]    Compiling rustls v0.23.45
[INFO] [stderr]    Compiling num-traits v0.2.19
[INFO] [stderr]    Compiling httparse v1.10.1
[INFO] [stderr]    Compiling semver v1.0.27
[INFO] [stderr]     Checking litemap v0.8.1
[INFO] [stderr]     Checking atomic-waker v1.1.2
[INFO] [stderr]     Checking try-lock v0.2.5
[INFO] [stderr]     Checking tower-service v0.3.3
[INFO] [stderr]     Checking openssl-probe v0.2.1
[INFO] [stderr]     Checking want v0.3.1
[INFO] [stderr]    Compiling icu_properties_data v2.1.2
[INFO] [stderr]     Checking base64 v0.22.1
[INFO] [stderr]     Checking rustls-native-certs v0.8.4
[INFO] [stderr]     Checking form_urlencoded v1.2.2
[INFO] [stderr]    Compiling syn v2.0.117
[INFO] [stderr]     Checking base64-simd v0.8.0
[INFO] [stderr]    Compiling rustc_version v0.4.1
[INFO] [stderr]     Checking sync_wrapper v1.0.2
[INFO] [stderr]     Checking ipnet v2.12.0
[INFO] [stderr]    Compiling icu_normalizer_data v2.1.1
[INFO] [stderr]     Checking tower-layer v0.3.3
[INFO] [stderr]     Checking write16 v1.0.0
[INFO] [stderr]     Checking utf16_iter v1.0.5
[INFO] [stderr]     Checking utf8_iter v1.0.4
[INFO] [stderr]     Checking cpufeatures v0.2.17
[INFO] [stderr]     Checking fastrand v2.3.0
[INFO] [stderr]     Checking bitflags v2.11.0
[INFO] [stderr]     Checking hex v0.4.3
[INFO] [stderr]    Compiling zerocopy v0.8.42
[INFO] [stderr]    Compiling zmij v1.0.21
[INFO] [stderr]     Checking rand_core v0.10.1
[INFO] [stderr]     Checking crc-catalog v2.5.0
[INFO] [stderr]    Compiling getrandom v0.4.2
[INFO] [stderr]     Checking errno v0.3.14
[INFO] [stderr]     Checking socket2 v0.6.3
[INFO] [stderr]     Checking mio v1.1.1
[INFO] [stderr]    Compiling aws-types v1.3.7
[INFO] [stderr]     Checking hybrid-array v0.4.15
[INFO] [stderr]     Checking signal-hook-registry v1.4.8
[INFO] [stderr]     Checking uuid v1.24.1
[INFO] [stderr]     Checking crc v3.4.0
[INFO] [stderr]    Compiling zstd-safe v7.2.4
[INFO] [stderr]     Checking indexmap v2.13.0
[INFO] [stderr]    Compiling rustix v1.1.4
[INFO] [stderr]    Compiling serde_json v1.0.149
[INFO] [stderr]     Checking regex-lite v0.1.9
[INFO] [stderr]    Compiling rustversion v1.0.22
[INFO] [stderr]    Compiling icu_casemap_data v2.1.1
[INFO] [stderr]    Compiling thiserror v2.0.18
[INFO] [stderr]    Compiling parking_lot_core v0.9.12
[INFO] [stderr]    Compiling jobserver v0.1.34
[INFO] [stderr]     Checking num-integer v0.1.46
[INFO] [stderr]    Compiling crc32c v0.6.8
[INFO] [stderr]    Compiling cc v1.2.56
[INFO] [stderr]     Checking ciborium-io v0.2.2
[INFO] [stderr]     Checking linux-raw-sys v0.12.1
[INFO] [stderr]     Checking urlencoding v2.1.3
[INFO] [stderr]     Checking cpufeatures v0.3.0
[INFO] [stderr]    Compiling getrandom v0.3.4
[INFO] [stderr]     Checking log v0.4.29
[INFO] [stderr]     Checking crypto-common v0.2.2
[INFO] [stderr]     Checking block-buffer v0.12.1
[INFO] [stderr]     Checking block-buffer v0.10.4
[INFO] [stderr]     Checking crypto-common v0.1.7
[INFO] [stderr]     Checking scopeguard v1.2.0
[INFO] [stderr]     Checking xmlparser v0.13.6
[INFO] [stderr]     Checking digest v0.10.7
[INFO] [stderr]     Checking chacha20 v0.10.2
[INFO] [stderr]     Checking lock_api v0.4.14
[INFO] [stderr]     Checking getrandom v0.2.17
[INFO] [stderr]     Checking base64 v0.23.1
[INFO] [stderr]     Checking time v0.3.55
[INFO] [stderr]     Checking spin v0.10.1
[INFO] [stderr]     Checking iana-time-zone v0.1.65
[INFO] [stderr]     Checking rand v0.10.2
[INFO] [stderr]     Checking crc64fast-nvme v1.2.1
[INFO] [stderr]     Checking sha2 v0.10.9
[INFO] [stderr]     Checking hmac v0.12.1
[INFO] [stderr]     Checking parking_lot v0.12.5
[INFO] [stderr]     Checking aws-smithy-xml v0.60.10
[INFO] [stderr]     Checking itertools v0.15.0
[INFO] [stderr]     Checking xxhash-rust v0.8.16
[INFO] [stderr]     Checking humantime v2.3.0
[INFO] [stderr]     Checking crc-fast v1.8.2
[INFO] [stderr]     Checking digest v0.11.3
[INFO] [stderr]     Checking md-5 v0.11.0
[INFO] [stderr]    Compiling cmake v0.1.58
[INFO] [stderr]    Compiling zstd-sys v2.0.16+zstd.1.5.7
[INFO] [stderr]    Compiling ring v0.17.14
[INFO] [stderr]     Checking serde_bytes v0.11.19
[INFO] [stderr]    Compiling aws-lc-sys v0.44.0
[INFO] [stderr]     Checking fs4 v0.13.1
[INFO] [stderr]     Checking tempfile v3.27.0
[INFO] [stderr]    Compiling synstructure v0.13.2
[INFO] [stderr]     Checking zstd v0.13.3
[INFO] [stderr]    Compiling serde_derive v1.0.228
[INFO] [stderr]    Compiling tokio-macros v2.6.1
[INFO] [stderr]    Compiling futures-macro v0.3.32
[INFO] [stderr]    Compiling tracing-attributes v0.1.31
[INFO] [stderr]    Compiling zerofrom-derive v0.1.6
[INFO] [stderr]    Compiling yoke-derive v0.8.1
[INFO] [stderr]    Compiling zerovec-derive v0.11.2
[INFO] [stderr]    Compiling displaydoc v0.2.5
[INFO] [stderr]    Compiling zerocopy-derive v0.8.42
[INFO] [stderr]    Compiling thiserror-impl v2.0.18
[INFO] [stderr]     Checking futures-util v0.3.32
[INFO] [stderr]    Compiling async-trait v0.1.89
[INFO] [stderr]     Checking tracing v0.1.44
[INFO] [stderr]     Checking zerofrom v0.1.6
[INFO] [stderr]     Checking yoke v0.8.1
[INFO] [stderr]     Checking zerovec v0.11.5
[INFO] [stderr]     Checking zerotrie v0.2.3
[INFO] [stderr]     Checking tinystr v0.8.2
[INFO] [stderr]     Checking potential_utf v0.1.4
[INFO] [stderr]     Checking icu_collections v2.1.1
[INFO] [stderr]     Checking icu_locale_core v2.1.1
[INFO] [stderr]     Checking bytes v1.11.1
[INFO] [stderr]     Checking quick-xml v0.41.0
[INFO] [stderr]     Checking serde_urlencoded v0.7.1
[INFO] [stderr]     Checking chrono v0.4.45
[INFO] [stderr]     Checking icu_provider v2.1.1
[INFO] [stderr]     Checking http v1.4.0
[INFO] [stderr]     Checking tokio v1.50.0
[INFO] [stderr]     Checking http v0.2.12
[INFO] [stderr]     Checking bytes-utils v0.1.4
[INFO] [stderr]     Checking icu_properties v2.1.2
[INFO] [stderr]     Checking icu_normalizer v2.1.1
[INFO] [stderr]     Checking futures-executor v0.3.32
[INFO] [stderr]     Checking futures v0.3.32
[INFO] [stderr]     Checking http-body v0.4.6
[INFO] [stderr]     Checking http-body v1.0.1
[INFO] [stderr]     Checking http-body-util v0.1.3
[INFO] [stderr]     Checking aws-smithy-types v1.3.2
[INFO] [stderr]     Checking idna_adapter v1.2.1
[INFO] [stderr]     Checking icu_casemap v2.1.1
[INFO] [stderr]     Checking idna v1.1.0
[INFO] [stderr]     Checking url v2.5.8
[INFO] [stderr]     Checking aws-smithy-json v0.61.4
[INFO] [stderr]     Checking aws-smithy-query v0.60.7
[INFO] [stderr]     Checking half v2.7.1
[INFO] [stderr]     Checking ciborium-ll v0.2.2
[INFO] [stderr]     Checking rustls-webpki v0.103.15
[INFO] [stderr]     Checking ciborium v0.2.2
[INFO] [stderr]     Checking loonfs-api v0.4.0
[INFO] [stderr]     Checking aws-smithy-async v1.2.5
[INFO] [stderr]     Checking tokio-util v0.7.18
[INFO] [stderr]     Checking tower v0.5.3
[INFO] [stderr]     Checking aws-smithy-runtime-api v1.8.1
[INFO] [stderr]     Checking tower-http v0.6.11
[INFO] [stderr]     Checking h2 v0.4.16
[INFO] [stderr]     Checking aws-smithy-http v0.62.1
[INFO] [stderr]     Checking aws-credential-types v1.2.3
[INFO] [stderr]     Checking aws-smithy-observability v0.1.3
[INFO] [stderr]     Checking aws-sigv4 v1.3.3
[INFO] [stderr]     Checking tokio-rustls v0.26.4
[INFO] [stderr]     Checking rustls-platform-verifier v0.7.0
[INFO] [stderr]     Checking hyper v1.9.0
[INFO] [stderr]     Checking hyper-util v0.1.20
[INFO] [stderr]     Checking hyper-rustls v0.27.9
[INFO] [stderr]     Checking aws-smithy-http-client v1.0.1
[INFO] [stderr]     Checking reqwest v0.13.5
[INFO] [stderr]     Checking aws-smithy-runtime v1.8.3
[INFO] [stderr]     Checking object_store v0.14.2
[INFO] [stderr]     Checking aws-runtime v1.5.8
[INFO] [stderr]     Checking aws-sdk-ssooidc v1.75.0
[INFO] [stderr]     Checking aws-sdk-sso v1.74.0
[INFO] [stderr]     Checking aws-sdk-sts v1.76.0
[INFO] [stderr]     Checking aws-config v1.8.1
[INFO] [stderr]     Checking loonfs-objectstore v0.4.0
[INFO] [stderr]     Checking loonfs-core v0.4.0 (/opt/rustwide/workdir)
[INFO] [stdout] error: couldn't read `src/checkpoint/../../../loonfs-api/tests/golden/manifest.v1.json`: No such file or directory (os error 2)
[INFO] [stdout]    --> src/checkpoint/block_load.rs:311:83
[INFO] [stdout]     |
[INFO] [stdout] 311 |           let manifest = loonfs_api::wire::manifest::decode_namespace_manifest_json(include_bytes!(
[INFO] [stdout]     |  ___________________________________________________________________________________^
[INFO] [stdout] 312 | |             "../../../loonfs-api/tests/golden/manifest.v1.json"
[INFO] [stdout] 313 | |         ))
[INFO] [stdout]     | |_________^
[INFO] [stdout] 
[INFO] [stdout] 
[INFO] [stdout] error: couldn't read `src/checkpoint/../../../loonfs-api/tests/golden/manifest.v1.json`: No such file or directory (os error 2)
[INFO] [stdout]    --> src/checkpoint/reorganize.rs:804:55
[INFO] [stdout]     |
[INFO] [stdout] 804 |           let manifest = decode_namespace_manifest_json(include_bytes!(
[INFO] [stdout]     |  _______________________________________________________^
[INFO] [stdout] 805 | |             "../../../loonfs-api/tests/golden/manifest.v1.json"
[INFO] [stdout] 806 | |         ))
[INFO] [stdout]     | |_________^
[INFO] [stdout] 
[INFO] [stdout] 
[INFO] [stdout] error: couldn't read `src/checkpoint/tests/../../../../loonfs-api/tests/golden/manifest.v1.json`: No such file or directory (os error 2)
[INFO] [stdout]  --> src/checkpoint/tests/manifest_round_trips.rs:7:79
[INFO] [stdout]   |
[INFO] [stdout] 7 |       let manifest = loonfs_api::wire::manifest::decode_namespace_manifest_json(include_bytes!(
[INFO] [stdout]   |  _______________________________________________________________________________^
[INFO] [stdout] 8 | |         "../../../../loonfs-api/tests/golden/manifest.v1.json"
[INFO] [stdout] 9 | |     ))
[INFO] [stdout]   | |_____^
[INFO] [stdout] 
[INFO] [stdout] 
[INFO] [stdout] error[E0433]: cannot find module or crate `loonfs_test_support` in this scope
[INFO] [stdout]    --> src/checkpoint/build.rs:315:9
[INFO] [stdout]     |
[INFO] [stdout] 315 |     use loonfs_test_support::stores::{
[INFO] [stdout]     |         ^^^^^^^^^^^^^^^^^^^ use of unresolved module or unlinked crate `loonfs_test_support`
[INFO] [stdout]     |
[INFO] [stdout]     = help: if you wanted to use a crate named `loonfs_test_support`, use `cargo add loonfs_test_support` to add it to your `Cargo.toml`
[INFO] [stdout] 
[INFO] [stdout] 
[INFO] [stdout] error[E0433]: cannot find module or crate `loonfs_test_support` in this scope
[INFO] [stdout]   --> src/checkpoint/tests/segment_puts.rs:24:5
[INFO] [stdout]    |
[INFO] [stdout] 24 | use loonfs_test_support::stores::{
[INFO] [stdout]    |     ^^^^^^^^^^^^^^^^^^^ use of unresolved module or unlinked crate `loonfs_test_support`
[INFO] [stdout]    |
[INFO] [stdout]    = help: if you wanted to use a crate named `loonfs_test_support`, use `cargo add loonfs_test_support` to add it to your `Cargo.toml`
[INFO] [stdout] 
[INFO] [stdout] 
[INFO] [stdout] error[E0433]: cannot find module or crate `loonfs_test_support` in this scope
[INFO] [stdout]   --> src/checkpoint/tests/directory_bindings.rs:10:5
[INFO] [stdout]    |
[INFO] [stdout] 10 | use loonfs_test_support::stores::ConcurrencyWatchStore;
[INFO] [stdout]    |     ^^^^^^^^^^^^^^^^^^^ use of unresolved module or unlinked crate `loonfs_test_support`
[INFO] [stdout]    |
[INFO] [stdout]    = help: if you wanted to use a crate named `loonfs_test_support`, use `cargo add loonfs_test_support` to add it to your `Cargo.toml`
[INFO] [stdout] 
[INFO] [stdout] 
[INFO] [stdout] error[E0433]: cannot find module or crate `loonfs_test_support` in this scope
[INFO] [stdout]   --> src/checkpoint/tests/inventory.rs:12:5
[INFO] [stdout]    |
[INFO] [stdout] 12 | use loonfs_test_support::ids::page_limit;
[INFO] [stdout]    |     ^^^^^^^^^^^^^^^^^^^ use of unresolved module or unlinked crate `loonfs_test_support`
[INFO] [stdout]    |
[INFO] [stdout]    = help: if you wanted to use a crate named `loonfs_test_support`, use `cargo add loonfs_test_support` to add it to your `Cargo.toml`
[INFO] [stdout] 
[INFO] [stdout] 
[INFO] [stdout] error[E0433]: cannot find module or crate `loonfs_test_support` in this scope
[INFO] [stdout]  --> src/checkpoint/tests/manifest_gc_races.rs:5:5
[INFO] [stdout]   |
[INFO] [stdout] 5 | use loonfs_test_support::stores::MetadataMapStore;
[INFO] [stdout]   |     ^^^^^^^^^^^^^^^^^^^ use of unresolved module or unlinked crate `loonfs_test_support`
[INFO] [stdout]   |
[INFO] [stdout]   = help: if you wanted to use a crate named `loonfs_test_support`, use `cargo add loonfs_test_support` to add it to your `Cargo.toml`
[INFO] [stdout] 
[INFO] [stdout] 
[INFO] [stdout] error[E0433]: cannot find module or crate `loonfs_test_support` in this scope
[INFO] [stdout]  --> src/checkpoint/tests/pin_cleanup.rs:6:5
[INFO] [stdout]   |
[INFO] [stdout] 6 | use loonfs_test_support::stores::MetadataMapStore;
[INFO] [stdout]   |     ^^^^^^^^^^^^^^^^^^^ use of unresolved module or unlinked crate `loonfs_test_support`
[INFO] [stdout]   |
[INFO] [stdout]   = help: if you wanted to use a crate named `loonfs_test_support`, use `cargo add loonfs_test_support` to add it to your `Cargo.toml`
[INFO] [stdout] 
[INFO] [stdout] 
[INFO] [stdout] error[E0433]: cannot find module or crate `loonfs_test_support` in this scope
[INFO] [stdout]  --> src/checkpoint/tests/pin_verification.rs:6:5
[INFO] [stdout]   |
[INFO] [stdout] 6 | use loonfs_test_support::stores::MetadataMapStore;
[INFO] [stdout]   |     ^^^^^^^^^^^^^^^^^^^ use of unresolved module or unlinked crate `loonfs_test_support`
[INFO] [stdout]   |
[INFO] [stdout]   = help: if you wanted to use a crate named `loonfs_test_support`, use `cargo add loonfs_test_support` to add it to your `Cargo.toml`
[INFO] [stdout] 
[INFO] [stdout] 
[INFO] [stdout] error[E0433]: cannot find module or crate `loonfs_test_support` in this scope
[INFO] [stdout]  --> src/checkpoint/tests/snapshot_fork_gc.rs:9:5
[INFO] [stdout]   |
[INFO] [stdout] 9 | use loonfs_test_support::stores::{MetadataMapStore, OperationKind};
[INFO] [stdout]   |     ^^^^^^^^^^^^^^^^^^^ use of unresolved module or unlinked crate `loonfs_test_support`
[INFO] [stdout]   |
[INFO] [stdout]   = help: if you wanted to use a crate named `loonfs_test_support`, use `cargo add loonfs_test_support` to add it to your `Cargo.toml`
[INFO] [stdout] 
[INFO] [stdout] 
[INFO] [stdout] error[E0433]: cannot find module or crate `loonfs_test_support` in this scope
[INFO] [stdout]  --> src/checkpoint/tests/snapshot_renewal.rs:7:5
[INFO] [stdout]   |
[INFO] [stdout] 7 | use loonfs_test_support::clock::ManualClock;
[INFO] [stdout]   |     ^^^^^^^^^^^^^^^^^^^ use of unresolved module or unlinked crate `loonfs_test_support`
[INFO] [stdout]   |
[INFO] [stdout]   = help: if you wanted to use a crate named `loonfs_test_support`, use `cargo add loonfs_test_support` to add it to your `Cargo.toml`
[INFO] [stdout] 
[INFO] [stdout] 
[INFO] [stdout] error[E0433]: cannot find module or crate `loonfs_test_support` in this scope
[INFO] [stdout]   --> src/checkpoint/tests/streaming_compaction.rs:23:5
[INFO] [stdout]    |
[INFO] [stdout] 23 | use loonfs_test_support::stores::{
[INFO] [stdout]    |     ^^^^^^^^^^^^^^^^^^^ use of unresolved module or unlinked crate `loonfs_test_support`
[INFO] [stdout]    |
[INFO] [stdout]    = help: if you wanted to use a crate named `loonfs_test_support`, use `cargo add loonfs_test_support` to add it to your `Cargo.toml`
[INFO] [stdout] 
[INFO] [stdout] 
[INFO] [stdout] error[E0433]: cannot find module or crate `loonfs_test_support` in this scope
[INFO] [stdout]   --> src/checkpoint/tests/mod.rs:95:5
[INFO] [stdout]    |
[INFO] [stdout] 95 | use loonfs_test_support::stores::{
[INFO] [stdout]    |     ^^^^^^^^^^^^^^^^^^^ use of unresolved module or unlinked crate `loonfs_test_support`
[INFO] [stdout]    |
[INFO] [stdout]    = help: if you wanted to use a crate named `loonfs_test_support`, use `cargo add loonfs_test_support` to add it to your `Cargo.toml`
[INFO] [stdout] 
[INFO] [stdout] 
[INFO] [stdout] error[E0433]: cannot find module or crate `loonfs_test_support` in this scope
[INFO] [stdout]   --> src/commit_engine_content_tests.rs:17:5
[INFO] [stdout]    |
[INFO] [stdout] 17 | use loonfs_test_support::stores::{BlockingStore, KeyPredicate, OperationClass};
[INFO] [stdout]    |     ^^^^^^^^^^^^^^^^^^^ use of unresolved module or unlinked crate `loonfs_test_support`
[INFO] [stdout]    |
[INFO] [stdout]    = help: if you wanted to use a crate named `loonfs_test_support`, use `cargo add loonfs_test_support` to add it to your `Cargo.toml`
[INFO] [stdout] 
[INFO] [stdout] 
[INFO] [stdout] error[E0433]: cannot find module or crate `loonfs_test_support` in this scope
[INFO] [stdout]   --> src/commit_engine_inline_retention_tests.rs:13:5
[INFO] [stdout]    |
[INFO] [stdout] 13 | use loonfs_test_support::stores::MetadataMapStore;
[INFO] [stdout]    |     ^^^^^^^^^^^^^^^^^^^ use of unresolved module or unlinked crate `loonfs_test_support`
[INFO] [stdout]    |
[INFO] [stdout]    = help: if you wanted to use a crate named `loonfs_test_support`, use `cargo add loonfs_test_support` to add it to your `Cargo.toml`
[INFO] [stdout] 
[INFO] [stdout] 
[INFO] [stdout] error[E0433]: cannot find module or crate `loonfs_test_support` in this scope
[INFO] [stdout]   --> src/commit_engine_inline_tests.rs:19:5
[INFO] [stdout]    |
[INFO] [stdout] 19 | use loonfs_test_support::stores::{KeyPredicate, RecordedOperation, RecordingStore};
[INFO] [stdout]    |     ^^^^^^^^^^^^^^^^^^^ use of unresolved module or unlinked crate `loonfs_test_support`
[INFO] [stdout]    |
[INFO] [stdout]    = help: if you wanted to use a crate named `loonfs_test_support`, use `cargo add loonfs_test_support` to add it to your `Cargo.toml`
[INFO] [stdout] 
[INFO] [stdout] 
[INFO] [stdout] error[E0433]: cannot find module or crate `loonfs_test_support` in this scope
[INFO] [stdout]  --> src/commit_engine_inline_fold_tests.rs:9:5
[INFO] [stdout]   |
[INFO] [stdout] 9 | use loonfs_test_support::stores::{BlockingStore, FailStore, InjectedError, OperationClass};
[INFO] [stdout]   |     ^^^^^^^^^^^^^^^^^^^ use of unresolved module or unlinked crate `loonfs_test_support`
[INFO] [stdout]   |
[INFO] [stdout]   = help: if you wanted to use a crate named `loonfs_test_support`, use `cargo add loonfs_test_support` to add it to your `Cargo.toml`
[INFO] [stdout] 
[INFO] [stdout] 
[INFO] [stdout] error[E0433]: cannot find module or crate `loonfs_test_support` in this scope
[INFO] [stdout]  --> src/commit_engine_inline_gc_tests.rs:7:5
[INFO] [stdout]   |
[INFO] [stdout] 7 | use loonfs_test_support::stores::{BlockingStore, MetadataMapStore, OperationClass};
[INFO] [stdout]   |     ^^^^^^^^^^^^^^^^^^^ use of unresolved module or unlinked crate `loonfs_test_support`
[INFO] [stdout]   |
[INFO] [stdout]   = help: if you wanted to use a crate named `loonfs_test_support`, use `cargo add loonfs_test_support` to add it to your `Cargo.toml`
[INFO] [stdout] 
[INFO] [stdout] 
[INFO] [stdout] error[E0433]: cannot find module or crate `loonfs_test_support` in this scope
[INFO] [stdout]  --> src/commit_engine_inline_retry_gc_tests.rs:7:5
[INFO] [stdout]   |
[INFO] [stdout] 7 | use loonfs_test_support::stores::{FailStore, InjectedError, MetadataMapStore, OperationClass};
[INFO] [stdout]   |     ^^^^^^^^^^^^^^^^^^^ use of unresolved module or unlinked crate `loonfs_test_support`
[INFO] [stdout]   |
[INFO] [stdout]   = help: if you wanted to use a crate named `loonfs_test_support`, use `cargo add loonfs_test_support` to add it to your `Cargo.toml`
[INFO] [stdout] 
[INFO] [stdout] 
[INFO] [stdout] error[E0433]: cannot find module or crate `loonfs_test_support` in this scope
[INFO] [stdout]  --> src/commit_engine_deletion_tests.rs:8:5
[INFO] [stdout]   |
[INFO] [stdout] 8 | use loonfs_test_support::clock::ManualClock;
[INFO] [stdout]   |     ^^^^^^^^^^^^^^^^^^^ use of unresolved module or unlinked crate `loonfs_test_support`
[INFO] [stdout]   |
[INFO] [stdout]   = help: if you wanted to use a crate named `loonfs_test_support`, use `cargo add loonfs_test_support` to add it to your `Cargo.toml`
[INFO] [stdout] 
[INFO] [stdout] 
[INFO] [stdout] error[E0433]: cannot find module or crate `loonfs_test_support` in this scope
[INFO] [stdout]  --> src/commit_engine_deletion_tests.rs:9:5
[INFO] [stdout]   |
[INFO] [stdout] 9 | use loonfs_test_support::stores::{BlockingStore, KeyPredicate, OperationClass, RecordingStore};
[INFO] [stdout]   |     ^^^^^^^^^^^^^^^^^^^ use of unresolved module or unlinked crate `loonfs_test_support`
[INFO] [stdout]   |
[INFO] [stdout]   = help: if you wanted to use a crate named `loonfs_test_support`, use `cargo add loonfs_test_support` to add it to your `Cargo.toml`
[INFO] [stdout] 
[INFO] [stdout] 
[INFO] [stdout] error[E0433]: cannot find module or crate `loonfs_test_support` in this scope
[INFO] [stdout]     --> src/commit_engine.rs:1025:9
[INFO] [stdout]      |
[INFO] [stdout] 1025 |     use loonfs_test_support::stores::{
[INFO] [stdout]      |         ^^^^^^^^^^^^^^^^^^^ use of unresolved module or unlinked crate `loonfs_test_support`
[INFO] [stdout]      |
[INFO] [stdout]      = help: if you wanted to use a crate named `loonfs_test_support`, use `cargo add loonfs_test_support` to add it to your `Cargo.toml`
[INFO] [stdout] 
[INFO] [stdout] 
[INFO] [stdout] error[E0433]: cannot find module or crate `loonfs_test_support` in this scope
[INFO] [stdout]   --> src/commit_wal_size_tests.rs:19:5
[INFO] [stdout]    |
[INFO] [stdout] 19 | use loonfs_test_support::ids::{attribute_key, attribute_text};
[INFO] [stdout]    |     ^^^^^^^^^^^^^^^^^^^ use of unresolved module or unlinked crate `loonfs_test_support`
[INFO] [stdout]    |
[INFO] [stdout]    = help: if you wanted to use a crate named `loonfs_test_support`, use `cargo add loonfs_test_support` to add it to your `Cargo.toml`
[INFO] [stdout] 
[INFO] [stdout] 
[INFO] [stdout] error[E0433]: cannot find module or crate `loonfs_test_support` in this scope
[INFO] [stdout]    --> src/control_object/load.rs:153:9
[INFO] [stdout]     |
[INFO] [stdout] 153 |     use loonfs_test_support::stores::{
[INFO] [stdout]     |         ^^^^^^^^^^^^^^^^^^^ use of unresolved module or unlinked crate `loonfs_test_support`
[INFO] [stdout]     |
[INFO] [stdout]     = help: if you wanted to use a crate named `loonfs_test_support`, use `cargo add loonfs_test_support` to add it to your `Cargo.toml`
[INFO] [stdout] 
[INFO] [stdout] 
[INFO] [stdout] error[E0433]: cannot find module or crate `loonfs_test_support` in this scope
[INFO] [stdout]    --> src/control_update.rs:292:9
[INFO] [stdout]     |
[INFO] [stdout] 292 |     use loonfs_test_support::stores::{FailStore, InjectedError, KeyPredicate, OperationClass};
[INFO] [stdout]     |         ^^^^^^^^^^^^^^^^^^^ use of unresolved module or unlinked crate `loonfs_test_support`
[INFO] [stdout]     |
[INFO] [stdout]     = help: if you wanted to use a crate named `loonfs_test_support`, use `cargo add loonfs_test_support` to add it to your `Cargo.toml`
[INFO] [stdout] 
[INFO] [stdout] 
[INFO] [stdout] error[E0433]: cannot find module or crate `loonfs_test_support` in this scope
[INFO] [stdout]   --> src/gc/tests.rs:47:5
[INFO] [stdout]    |
[INFO] [stdout] 47 | use loonfs_test_support::stores::{
[INFO] [stdout]    |     ^^^^^^^^^^^^^^^^^^^ use of unresolved module or unlinked crate `loonfs_test_support`
[INFO] [stdout]    |
[INFO] [stdout]    = help: if you wanted to use a crate named `loonfs_test_support`, use `cargo add loonfs_test_support` to add it to your `Cargo.toml`
[INFO] [stdout] 
[INFO] [stdout] 
[INFO] [stdout] error[E0433]: cannot find module or crate `loonfs_test_support` in this scope
[INFO] [stdout]  --> src/gc/tests/many_pins.rs:5:5
[INFO] [stdout]   |
[INFO] [stdout] 5 | use loonfs_test_support::stores::RecordedOperation;
[INFO] [stdout]   |     ^^^^^^^^^^^^^^^^^^^ use of unresolved module or unlinked crate `loonfs_test_support`
[INFO] [stdout]   |
[INFO] [stdout]   = help: if you wanted to use a crate named `loonfs_test_support`, use `cargo add loonfs_test_support` to add it to your `Cargo.toml`
[INFO] [stdout] 
[INFO] [stdout] 
[INFO] [stdout] error[E0433]: cannot find module or crate `loonfs_test_support` in this scope
[INFO] [stdout]    --> src/namespace/control.rs:283:9
[INFO] [stdout]     |
[INFO] [stdout] 283 |     use loonfs_test_support::stores::{
[INFO] [stdout]     |         ^^^^^^^^^^^^^^^^^^^ use of unresolved module or unlinked crate `loonfs_test_support`
[INFO] [stdout]     |
[INFO] [stdout]     = help: if you wanted to use a crate named `loonfs_test_support`, use `cargo add loonfs_test_support` to add it to your `Cargo.toml`
[INFO] [stdout] 
[INFO] [stdout] 
[INFO] [stdout] error[E0433]: cannot find module or crate `loonfs_test_support` in this scope
[INFO] [stdout]   --> src/namespace/tests.rs:15:5
[INFO] [stdout]    |
[INFO] [stdout] 15 | use loonfs_test_support::stores::{
[INFO] [stdout]    |     ^^^^^^^^^^^^^^^^^^^ use of unresolved module or unlinked crate `loonfs_test_support`
[INFO] [stdout]    |
[INFO] [stdout]    = help: if you wanted to use a crate named `loonfs_test_support`, use `cargo add loonfs_test_support` to add it to your `Cargo.toml`
[INFO] [stdout] 
[INFO] [stdout] 
[INFO] [stdout] error[E0433]: cannot find module or crate `loonfs_test_support` in this scope
[INFO] [stdout]     --> src/protocol/uploads.rs:1663:9
[INFO] [stdout]      |
[INFO] [stdout] 1663 |     use loonfs_test_support::stores::{
[INFO] [stdout]      |         ^^^^^^^^^^^^^^^^^^^ use of unresolved module or unlinked crate `loonfs_test_support`
[INFO] [stdout]      |
[INFO] [stdout]      = help: if you wanted to use a crate named `loonfs_test_support`, use `cargo add loonfs_test_support` to add it to your `Cargo.toml`
[INFO] [stdout] 
[INFO] [stdout] 
[INFO] [stdout] error[E0433]: cannot find module or crate `loonfs_test_support` in this scope
[INFO] [stdout]    --> src/storage/content.rs:826:9
[INFO] [stdout]     |
[INFO] [stdout] 826 |     use loonfs_test_support::ids::content_ref;
[INFO] [stdout]     |         ^^^^^^^^^^^^^^^^^^^ use of unresolved module or unlinked crate `loonfs_test_support`
[INFO] [stdout]     |
[INFO] [stdout]     = help: if you wanted to use a crate named `loonfs_test_support`, use `cargo add loonfs_test_support` to add it to your `Cargo.toml`
[INFO] [stdout] 
[INFO] [stdout] 
[INFO] [stdout] error[E0433]: cannot find module or crate `loonfs_test_support` in this scope
[INFO] [stdout]    --> src/storage/content.rs:827:9
[INFO] [stdout]     |
[INFO] [stdout] 827 |     use loonfs_test_support::stores::{KeyPredicate, OperationClass, RecordingStore};
[INFO] [stdout]     |         ^^^^^^^^^^^^^^^^^^^ use of unresolved module or unlinked crate `loonfs_test_support`
[INFO] [stdout]     |
[INFO] [stdout]     = help: if you wanted to use a crate named `loonfs_test_support`, use `cargo add loonfs_test_support` to add it to your `Cargo.toml`
[INFO] [stdout] 
[INFO] [stdout] 
[INFO] [stdout] error[E0433]: cannot find module or crate `loonfs_test_support` in this scope
[INFO] [stdout]   --> src/wal/tests.rs:20:5
[INFO] [stdout]    |
[INFO] [stdout] 20 | use loonfs_test_support::clock::ManualClock;
[INFO] [stdout]    |     ^^^^^^^^^^^^^^^^^^^ use of unresolved module or unlinked crate `loonfs_test_support`
[INFO] [stdout]    |
[INFO] [stdout]    = help: if you wanted to use a crate named `loonfs_test_support`, use `cargo add loonfs_test_support` to add it to your `Cargo.toml`
[INFO] [stdout] 
[INFO] [stdout] 
[INFO] [stdout] error[E0433]: cannot find module or crate `loonfs_test_support` in this scope
[INFO] [stdout]   --> src/wal/tests.rs:21:5
[INFO] [stdout]    |
[INFO] [stdout] 21 | use loonfs_test_support::stores::{
[INFO] [stdout]    |     ^^^^^^^^^^^^^^^^^^^ use of unresolved module or unlinked crate `loonfs_test_support`
[INFO] [stdout]    |
[INFO] [stdout]    = help: if you wanted to use a crate named `loonfs_test_support`, use `cargo add loonfs_test_support` to add it to your `Cargo.toml`
[INFO] [stdout] 
[INFO] [stdout] 
[INFO] [stdout] error[E0433]: cannot find module or crate `loonfs_test_support` in this scope
[INFO] [stdout]     --> src/path/read/materialized_view.rs:1086:9
[INFO] [stdout]      |
[INFO] [stdout] 1086 |     use loonfs_test_support::ids::attribute_key;
[INFO] [stdout]      |         ^^^^^^^^^^^^^^^^^^^ use of unresolved module or unlinked crate `loonfs_test_support`
[INFO] [stdout]      |
[INFO] [stdout]      = help: if you wanted to use a crate named `loonfs_test_support`, use `cargo add loonfs_test_support` to add it to your `Cargo.toml`
[INFO] [stdout] 
[INFO] [stdout] 
[INFO] [stdout] error[E0433]: cannot find module or crate `loonfs_test_support` in this scope
[INFO] [stdout]   --> src/checkpoint/tests/cas_recovery.rs:68:9
[INFO] [stdout]    |
[INFO] [stdout] 68 |     use loonfs_test_support::clock::ManualClock;
[INFO] [stdout]    |         ^^^^^^^^^^^^^^^^^^^ use of unresolved module or unlinked crate `loonfs_test_support`
[INFO] [stdout]    |
[INFO] [stdout]    = help: if you wanted to use a crate named `loonfs_test_support`, use `cargo add loonfs_test_support` to add it to your `Cargo.toml`
[INFO] [stdout] 
[INFO] [stdout] 
[INFO] [stdout] error[E0433]: cannot find module or crate `loonfs_test_support` in this scope
[INFO] [stdout]   --> src/checkpoint/tests/cas_recovery.rs:69:9
[INFO] [stdout]    |
[INFO] [stdout] 69 |     use loonfs_test_support::stores::MetadataMapStore;
[INFO] [stdout]    |         ^^^^^^^^^^^^^^^^^^^ use of unresolved module or unlinked crate `loonfs_test_support`
[INFO] [stdout]    |
[INFO] [stdout]    = help: if you wanted to use a crate named `loonfs_test_support`, use `cargo add loonfs_test_support` to add it to your `Cargo.toml`
[INFO] [stdout] 
[INFO] [stdout] 
[INFO] [stdout] error[E0433]: cannot find module or crate `loonfs_test_support` in this scope
[INFO] [stdout]    --> src/checkpoint/tests/cas_recovery.rs:717:9
[INFO] [stdout]     |
[INFO] [stdout] 717 |     use loonfs_test_support::stores::{FailStore, InjectedError};
[INFO] [stdout]     |         ^^^^^^^^^^^^^^^^^^^ use of unresolved module or unlinked crate `loonfs_test_support`
[INFO] [stdout]     |
[INFO] [stdout]     = help: if you wanted to use a crate named `loonfs_test_support`, use `cargo add loonfs_test_support` to add it to your `Cargo.toml`
[INFO] [stdout] 
[INFO] [stdout] 
[INFO] [stdout] error[E0433]: cannot find module or crate `loonfs_test_support` in this scope
[INFO] [stdout]     --> src/checkpoint/tests/streaming_compaction.rs:2836:9
[INFO] [stdout]      |
[INFO] [stdout] 2836 |     use loonfs_test_support::stores::RecordingStore;
[INFO] [stdout]      |         ^^^^^^^^^^^^^^^^^^^ use of unresolved module or unlinked crate `loonfs_test_support`
[INFO] [stdout]      |
[INFO] [stdout]      = help: if you wanted to use a crate named `loonfs_test_support`, use `cargo add loonfs_test_support` to add it to your `Cargo.toml`
[INFO] [stdout] 
[INFO] [stdout] 
[INFO] [stdout] error[E0433]: cannot find module or crate `loonfs_test_support` in this scope
[INFO] [stdout]     --> src/checkpoint/tests/streaming_compaction.rs:2954:9
[INFO] [stdout]      |
[INFO] [stdout] 2954 |     use loonfs_test_support::stores::RecordingStore;
[INFO] [stdout]      |         ^^^^^^^^^^^^^^^^^^^ use of unresolved module or unlinked crate `loonfs_test_support`
[INFO] [stdout]      |
[INFO] [stdout]      = help: if you wanted to use a crate named `loonfs_test_support`, use `cargo add loonfs_test_support` to add it to your `Cargo.toml`
[INFO] [stdout] 
[INFO] [stdout] 
[INFO] [stdout] error[E0433]: cannot find module or crate `loonfs_test_support` in this scope
[INFO] [stdout]     --> src/checkpoint/tests/streaming_compaction.rs:3061:9
[INFO] [stdout]      |
[INFO] [stdout] 3061 |     use loonfs_test_support::stores::{FailStore, InjectedError, MetadataMapStore, RecordingStore};
[INFO] [stdout]      |         ^^^^^^^^^^^^^^^^^^^ use of unresolved module or unlinked crate `loonfs_test_support`
[INFO] [stdout]      |
[INFO] [stdout]      = help: if you wanted to use a crate named `loonfs_test_support`, use `cargo add loonfs_test_support` to add it to your `Cargo.toml`
[INFO] [stdout] 
[INFO] [stdout] 
[INFO] [stdout] error[E0433]: cannot find module or crate `loonfs_test_support` in this scope
[INFO] [stdout]    --> src/commit_engine_content_tests.rs:102:9
[INFO] [stdout]     |
[INFO] [stdout] 102 |     use loonfs_test_support::clock::ManualClock;
[INFO] [stdout]     |         ^^^^^^^^^^^^^^^^^^^ use of unresolved module or unlinked crate `loonfs_test_support`
[INFO] [stdout]     |
[INFO] [stdout]     = help: if you wanted to use a crate named `loonfs_test_support`, use `cargo add loonfs_test_support` to add it to your `Cargo.toml`
[INFO] [stdout] 
[INFO] [stdout] 
[INFO] [stdout] error[E0433]: cannot find module or crate `loonfs_test_support` in this scope
[INFO] [stdout]    --> src/commit_engine_content_tests.rs:103:9
[INFO] [stdout]     |
[INFO] [stdout] 103 |     use loonfs_test_support::stores::RecordingStore;
[INFO] [stdout]     |         ^^^^^^^^^^^^^^^^^^^ use of unresolved module or unlinked crate `loonfs_test_support`
[INFO] [stdout]     |
[INFO] [stdout]     = help: if you wanted to use a crate named `loonfs_test_support`, use `cargo add loonfs_test_support` to add it to your `Cargo.toml`
[INFO] [stdout] 
[INFO] [stdout] 
[INFO] [stdout] error[E0433]: cannot find module or crate `loonfs_test_support` in this scope
[INFO] [stdout]    --> src/commit_engine_content_tests.rs:494:9
[INFO] [stdout]     |
[INFO] [stdout] 494 |     use loonfs_test_support::stores::{RecordedOperation, RecordingStore};
[INFO] [stdout]     |         ^^^^^^^^^^^^^^^^^^^ use of unresolved module or unlinked crate `loonfs_test_support`
[INFO] [stdout]     |
[INFO] [stdout]     = help: if you wanted to use a crate named `loonfs_test_support`, use `cargo add loonfs_test_support` to add it to your `Cargo.toml`
[INFO] [stdout] 
[INFO] [stdout] 
[INFO] [stdout] error[E0433]: cannot find module or crate `loonfs_test_support` in this scope
[INFO] [stdout]    --> src/commit_engine_inline_read_tests.rs:475:9
[INFO] [stdout]     |
[INFO] [stdout] 475 |     use loonfs_test_support::stores::{FailStore, InjectedError, OperationClass};
[INFO] [stdout]     |         ^^^^^^^^^^^^^^^^^^^ use of unresolved module or unlinked crate `loonfs_test_support`
[INFO] [stdout]     |
[INFO] [stdout]     = help: if you wanted to use a crate named `loonfs_test_support`, use `cargo add loonfs_test_support` to add it to your `Cargo.toml`
[INFO] [stdout] 
[INFO] [stdout] 
[INFO] [stdout] error[E0433]: cannot find module or crate `loonfs_test_support` in this scope
[INFO] [stdout]     --> src/commit_engine.rs:1342:13
[INFO] [stdout]      |
[INFO] [stdout] 1342 |         use loonfs_test_support::stores::{BlockingStore, KeyPredicate};
[INFO] [stdout]      |             ^^^^^^^^^^^^^^^^^^^ use of unresolved module or unlinked crate `loonfs_test_support`
[INFO] [stdout]      |
[INFO] [stdout]      = help: if you wanted to use a crate named `loonfs_test_support`, use `cargo add loonfs_test_support` to add it to your `Cargo.toml`
[INFO] [stdout] 
[INFO] [stdout] 
[INFO] [stdout] error[E0433]: cannot find module or crate `loonfs_test_support` in this scope
[INFO] [stdout]    --> src/gc/tests/retirement.rs:160:9
[INFO] [stdout]     |
[INFO] [stdout] 160 |     use loonfs_test_support::{clock::ManualClock, stores::FakeMultipartStore};
[INFO] [stdout]     |         ^^^^^^^^^^^^^^^^^^^ use of unresolved module or unlinked crate `loonfs_test_support`
[INFO] [stdout]     |
[INFO] [stdout]     = help: if you wanted to use a crate named `loonfs_test_support`, use `cargo add loonfs_test_support` to add it to your `Cargo.toml`
[INFO] [stdout] 
[INFO] [stdout] 
[INFO] [stdout] error[E0433]: cannot find module or crate `loonfs_test_support` in this scope
[INFO] [stdout]    --> src/namespace/tests.rs:228:9
[INFO] [stdout]     |
[INFO] [stdout] 228 |     use loonfs_test_support::stores::MetadataMapStore;
[INFO] [stdout]     |         ^^^^^^^^^^^^^^^^^^^ use of unresolved module or unlinked crate `loonfs_test_support`
[INFO] [stdout]     |
[INFO] [stdout]     = help: if you wanted to use a crate named `loonfs_test_support`, use `cargo add loonfs_test_support` to add it to your `Cargo.toml`
[INFO] [stdout] 
[INFO] [stdout] 
[INFO] [stdout] error[E0433]: cannot find module or crate `loonfs_test_support` in this scope
[INFO] [stdout]    --> src/protocol/batch.rs:359:13
[INFO] [stdout]     |
[INFO] [stdout] 359 |         use loonfs_test_support::clock::ManualClock;
[INFO] [stdout]     |             ^^^^^^^^^^^^^^^^^^^ use of unresolved module or unlinked crate `loonfs_test_support`
[INFO] [stdout]     |
[INFO] [stdout]     = help: if you wanted to use a crate named `loonfs_test_support`, use `cargo add loonfs_test_support` to add it to your `Cargo.toml`
[INFO] [stdout] 
[INFO] [stdout] 
[INFO] [stdout] error[E0433]: cannot find module or crate `loonfs_test_support` in this scope
[INFO] [stdout]    --> src/protocol/batch.rs:360:13
[INFO] [stdout]     |
[INFO] [stdout] 360 |         use loonfs_test_support::stores::{KeyPredicate, OperationClass, RecordingStore};
[INFO] [stdout]     |             ^^^^^^^^^^^^^^^^^^^ use of unresolved module or unlinked crate `loonfs_test_support`
[INFO] [stdout]     |
[INFO] [stdout]     = help: if you wanted to use a crate named `loonfs_test_support`, use `cargo add loonfs_test_support` to add it to your `Cargo.toml`
[INFO] [stdout] 
[INFO] [stdout] 
[INFO] [stdout] error[E0433]: cannot find module or crate `loonfs_test_support` in this scope
[INFO] [stdout]    --> src/wal/tests.rs:191:9
[INFO] [stdout]     |
[INFO] [stdout] 191 |     use loonfs_test_support::stores::{BlockingStore, OperationClass};
[INFO] [stdout]     |         ^^^^^^^^^^^^^^^^^^^ use of unresolved module or unlinked crate `loonfs_test_support`
[INFO] [stdout]     |
[INFO] [stdout]     = help: if you wanted to use a crate named `loonfs_test_support`, use `cargo add loonfs_test_support` to add it to your `Cargo.toml`
[INFO] [stdout] 
[INFO] [stdout] 
[INFO] [stdout] error[E0433]: cannot find module or crate `loonfs_test_support` in this scope
[INFO] [stdout]    --> src/wal/tests.rs:542:9
[INFO] [stdout]     |
[INFO] [stdout] 542 |     use loonfs_test_support::stores::MetadataMapStore;
[INFO] [stdout]     |         ^^^^^^^^^^^^^^^^^^^ use of unresolved module or unlinked crate `loonfs_test_support`
[INFO] [stdout]     |
[INFO] [stdout]     = help: if you wanted to use a crate named `loonfs_test_support`, use `cargo add loonfs_test_support` to add it to your `Cargo.toml`
[INFO] [stdout] 
[INFO] [stdout] 
[INFO] [stdout] error[E0433]: cannot find module or crate `loonfs_test_support` in this scope
[INFO] [stdout]    --> src/checkpoint/tests/mod.rs:709:5
[INFO] [stdout]     |
[INFO] [stdout] 709 |     loonfs_test_support::delegate_object_store!(self => self.inner; except put);
[INFO] [stdout]     |     ^^^^^^^^^^^^^^^^^^^ use of unresolved module or unlinked crate `loonfs_test_support`
[INFO] [stdout] 
[INFO] [stdout] 
[INFO] [stdout] error[E0433]: cannot find module or crate `loonfs_test_support` in this scope
[INFO] [stdout]     --> src/checkpoint/tests/streaming_compaction.rs:2504:5
[INFO] [stdout]      |
[INFO] [stdout] 2504 |     loonfs_test_support::delegate_object_store!(self => self.inner; except put);
[INFO] [stdout]      |     ^^^^^^^^^^^^^^^^^^^ use of unresolved module or unlinked crate `loonfs_test_support`
[INFO] [stdout] 
[INFO] [stdout] 
[INFO] [stdout] error[E0433]: cannot find module or crate `loonfs_test_support` in this scope
[INFO] [stdout]     --> src/checkpoint/tests/streaming_compaction.rs:1608:5
[INFO] [stdout]      |
[INFO] [stdout] 1608 |     loonfs_test_support::delegate_object_store!(self => self.inner; except get);
[INFO] [stdout]      |     ^^^^^^^^^^^^^^^^^^^ use of unresolved module or unlinked crate `loonfs_test_support`
[INFO] [stdout] 
[INFO] [stdout] 
[INFO] [stdout] error[E0433]: cannot find module or crate `loonfs_test_support` in this scope
[INFO] [stdout]   --> src/checkpoint/tests/cas_recovery.rs:24:26
[INFO] [stdout]    |
[INFO] [stdout] 24 |     let timer = Arc::new(loonfs_test_support::clock::ManualClock::new(0));
[INFO] [stdout]    |                          ^^^^^^^^^^^^^^^^^^^ use of unresolved module or unlinked crate `loonfs_test_support`
[INFO] [stdout]    |
[INFO] [stdout]    = help: if you wanted to use a crate named `loonfs_test_support`, use `cargo add loonfs_test_support` to add it to your `Cargo.toml`
[INFO] [stdout] 
[INFO] [stdout] 
[INFO] [stdout] error[E0433]: cannot find module or crate `loonfs_test_support` in this scope
[INFO] [stdout]   --> src/checkpoint/tests/cas_recovery.rs:27:17
[INFO] [stdout]    |
[INFO] [stdout] 27 |     let store = loonfs_test_support::stores::MetadataMapStore::new(
[INFO] [stdout]    |                 ^^^^^^^^^^^^^^^^^^^ use of unresolved module or unlinked crate `loonfs_test_support`
[INFO] [stdout]    |
[INFO] [stdout]    = help: if you wanted to use a crate named `loonfs_test_support`, use `cargo add loonfs_test_support` to add it to your `Cargo.toml`
[INFO] [stdout] 
[INFO] [stdout] 
[INFO] [stdout] error[E0433]: cannot find module or crate `loonfs_test_support` in this scope
[INFO] [stdout]   --> src/checkpoint/tests/cas_recovery.rs:49:9
[INFO] [stdout]    |
[INFO] [stdout] 49 |         loonfs_test_support::stores::RecordedOperation::Put {
[INFO] [stdout]    |         ^^^^^^^^^^^^^^^^^^^ use of unresolved module or unlinked crate `loonfs_test_support`
[INFO] [stdout]    |
[INFO] [stdout]    = help: if you wanted to use a crate named `loonfs_test_support`, use `cargo add loonfs_test_support` to add it to your `Cargo.toml`
[INFO] [stdout] 
[INFO] [stdout] 
[INFO] [stdout] error[E0433]: cannot find module or crate `loonfs_test_support` in this scope
[INFO] [stdout]    --> src/checkpoint/tests/cas_recovery.rs:248:39
[INFO] [stdout]     |
[INFO] [stdout] 248 | ...                   actor_id: loonfs_test_support::ids::test_actor(),
[INFO] [stdout]     |                                 ^^^^^^^^^^^^^^^^^^^ use of unresolved module or unlinked crate `loonfs_test_support`
[INFO] [stdout]     |
[INFO] [stdout]     = help: if you wanted to use a crate named `loonfs_test_support`, use `cargo add loonfs_test_support` to add it to your `Cargo.toml`
[INFO] [stdout] 
[INFO] [stdout] 
[INFO] [stdout] error[E0433]: cannot find module or crate `loonfs_test_support` in this scope
[INFO] [stdout]    --> src/checkpoint/tests/manifest_gc_races.rs:162:26
[INFO] [stdout]     |
[INFO] [stdout] 162 |     let timer = Arc::new(loonfs_test_support::clock::ManualClock::new(0));
[INFO] [stdout]     |                          ^^^^^^^^^^^^^^^^^^^ use of unresolved module or unlinked crate `loonfs_test_support`
[INFO] [stdout]     |
[INFO] [stdout]     = help: if you wanted to use a crate named `loonfs_test_support`, use `cargo add loonfs_test_support` to add it to your `Cargo.toml`
[INFO] [stdout] 
[INFO] [stdout] 
[INFO] [stdout] error[E0433]: cannot find module or crate `loonfs_test_support` in this scope
[INFO] [stdout]   --> src/checkpoint/tests/pin_verification.rs:67:24
[INFO] [stdout]    |
[INFO] [stdout] 67 |                 limit: loonfs_test_support::ids::page_limit(10),
[INFO] [stdout]    |                        ^^^^^^^^^^^^^^^^^^^ use of unresolved module or unlinked crate `loonfs_test_support`
[INFO] [stdout]    |
[INFO] [stdout]    = help: if you wanted to use a crate named `loonfs_test_support`, use `cargo add loonfs_test_support` to add it to your `Cargo.toml`
[INFO] [stdout] 
[INFO] [stdout] 
[INFO] [stdout] error[E0433]: cannot find module or crate `loonfs_test_support` in this scope
[INFO] [stdout]    --> src/checkpoint/tests/retention.rs:374:21
[INFO] [stdout]     |
[INFO] [stdout] 374 |                     loonfs_test_support::stores::OperationKind::Head
[INFO] [stdout]     |                     ^^^^^^^^^^^^^^^^^^^ use of unresolved module or unlinked crate `loonfs_test_support`
[INFO] [stdout]     |
[INFO] [stdout]     = help: if you wanted to use a crate named `loonfs_test_support`, use `cargo add loonfs_test_support` to add it to your `Cargo.toml`
[INFO] [stdout] 
[INFO] [stdout] 
[INFO] [stdout] error[E0433]: cannot find module or crate `loonfs_test_support` in this scope
[INFO] [stdout]    --> src/checkpoint/tests/retention.rs:742:17
[INFO] [stdout]     |
[INFO] [stdout] 742 |     let store = loonfs_test_support::stores::RecordingStore::new(
[INFO] [stdout]     |                 ^^^^^^^^^^^^^^^^^^^ use of unresolved module or unlinked crate `loonfs_test_support`
[INFO] [stdout]     |
[INFO] [stdout]     = help: if you wanted to use a crate named `loonfs_test_support`, use `cargo add loonfs_test_support` to add it to your `Cargo.toml`
[INFO] [stdout] 
[INFO] [stdout] 
[INFO] [stdout] error[E0433]: cannot find module or crate `loonfs_test_support` in this scope
[INFO] [stdout]    --> src/checkpoint/tests/retention.rs:744:9
[INFO] [stdout]     |
[INFO] [stdout] 744 |         loonfs_test_support::stores::KeyPredicate::prefix(checkpoint_prefix(&namespace_id)),
[INFO] [stdout]     |         ^^^^^^^^^^^^^^^^^^^ use of unresolved module or unlinked crate `loonfs_test_support`
[INFO] [stdout]     |
[INFO] [stdout]     = help: if you wanted to use a crate named `loonfs_test_support`, use `cargo add loonfs_test_support` to add it to your `Cargo.toml`
[INFO] [stdout] 
[INFO] [stdout] 
[INFO] [stdout] error[E0433]: cannot find module or crate `loonfs_test_support` in this scope
[INFO] [stdout]    --> src/checkpoint/tests/retention.rs:833:17
[INFO] [stdout]     |
[INFO] [stdout] 833 |     let store = loonfs_test_support::stores::FailStore::new(
[INFO] [stdout]     |                 ^^^^^^^^^^^^^^^^^^^ use of unresolved module or unlinked crate `loonfs_test_support`
[INFO] [stdout]     |
[INFO] [stdout]     = help: if you wanted to use a crate named `loonfs_test_support`, use `cargo add loonfs_test_support` to add it to your `Cargo.toml`
[INFO] [stdout] 
[INFO] [stdout] 
[INFO] [stdout] error[E0433]: cannot find module or crate `loonfs_test_support` in this scope
[INFO] [stdout]    --> src/checkpoint/tests/retention.rs:835:9
[INFO] [stdout]     |
[INFO] [stdout] 835 |         loonfs_test_support::stores::KeyPredicate::exact(loonfs_objectstore::keys::hint(
[INFO] [stdout]     |         ^^^^^^^^^^^^^^^^^^^ use of unresolved module or unlinked crate `loonfs_test_support`
[INFO] [stdout]     |
[INFO] [stdout]     = help: if you wanted to use a crate named `loonfs_test_support`, use `cargo add loonfs_test_support` to add it to your `Cargo.toml`
[INFO] [stdout] 
[INFO] [stdout] 
[INFO] [stdout] error[E0433]: cannot find module or crate `loonfs_test_support` in this scope
[INFO] [stdout]    --> src/checkpoint/tests/retention.rs:838:9
[INFO] [stdout]     |
[INFO] [stdout] 838 |         loonfs_test_support::stores::OperationClass::Read,
[INFO] [stdout]     |         ^^^^^^^^^^^^^^^^^^^ use of unresolved module or unlinked crate `loonfs_test_support`
[INFO] [stdout]     |
[INFO] [stdout]     = help: if you wanted to use a crate named `loonfs_test_support`, use `cargo add loonfs_test_support` to add it to your `Cargo.toml`
[INFO] [stdout] 
[INFO] [stdout] 
[INFO] [stdout] error[E0433]: cannot find module or crate `loonfs_test_support` in this scope
[INFO] [stdout]    --> src/checkpoint/tests/retention.rs:839:9
[INFO] [stdout]     |
[INFO] [stdout] 839 |         loonfs_test_support::stores::InjectedError::Transport("verification failed".to_owned()),
[INFO] [stdout]     |         ^^^^^^^^^^^^^^^^^^^ use of unresolved module or unlinked crate `loonfs_test_support`
[INFO] [stdout]     |
[INFO] [stdout]     = help: if you wanted to use a crate named `loonfs_test_support`, use `cargo add loonfs_test_support` to add it to your `Cargo.toml`
[INFO] [stdout] 
[INFO] [stdout] 
[INFO] [stdout] error[E0433]: cannot find module or crate `loonfs_test_support` in this scope
[INFO] [stdout]    --> src/checkpoint/tests/streaming_compaction.rs:640:17
[INFO] [stdout]     |
[INFO] [stdout] 640 |     let store = loonfs_test_support::stores::RecordingStore::new(store, KeyPredicate::any());
[INFO] [stdout]     |                 ^^^^^^^^^^^^^^^^^^^ use of unresolved module or unlinked crate `loonfs_test_support`
[INFO] [stdout]     |
[INFO] [stdout]     = help: if you wanted to use a crate named `loonfs_test_support`, use `cargo add loonfs_test_support` to add it to your `Cargo.toml`
[INFO] [stdout] 
[INFO] [stdout] 
[INFO] [stdout] error[E0433]: cannot find module or crate `loonfs_test_support` in this scope
[INFO] [stdout]     --> src/checkpoint/tests/streaming_compaction.rs:3092:17
[INFO] [stdout]      |
[INFO] [stdout] 3092 |                 loonfs_test_support::stores::RecordedOperation::Put { .. }
[INFO] [stdout]      |                 ^^^^^^^^^^^^^^^^^^^ use of unresolved module or unlinked crate `loonfs_test_support`
[INFO] [stdout]      |
[INFO] [stdout]      = help: if you wanted to use a crate named `loonfs_test_support`, use `cargo add loonfs_test_support` to add it to your `Cargo.toml`
[INFO] [stdout] 
[INFO] [stdout] 
[INFO] [stdout] error[E0433]: cannot find module or crate `loonfs_test_support` in this scope
[INFO] [stdout]     --> src/checkpoint/tests/streaming_compaction.rs:3093:23
[INFO] [stdout]      |
[INFO] [stdout] 3093 |                     | loonfs_test_support::stores::RecordedOperation::PutStreamed { .. }
[INFO] [stdout]      |                       ^^^^^^^^^^^^^^^^^^^ use of unresolved module or unlinked crate `loonfs_test_support`
[INFO] [stdout]      |
[INFO] [stdout]      = help: if you wanted to use a crate named `loonfs_test_support`, use `cargo add loonfs_test_support` to add it to your `Cargo.toml`
[INFO] [stdout] 
[INFO] [stdout] 
[INFO] [stdout] error[E0433]: cannot find module or crate `loonfs_test_support` in this scope
[INFO] [stdout]    --> src/commit_engine_inline_fold_tests.rs:128:30
[INFO] [stdout]     |
[INFO] [stdout] 128 |         let timer = Arc::new(loonfs_test_support::clock::ManualClock::new(0));
[INFO] [stdout]     |                              ^^^^^^^^^^^^^^^^^^^ use of unresolved module or unlinked crate `loonfs_test_support`
[INFO] [stdout]     |
[INFO] [stdout]     = help: if you wanted to use a crate named `loonfs_test_support`, use `cargo add loonfs_test_support` to add it to your `Cargo.toml`
[INFO] [stdout] 
[INFO] [stdout] 
[INFO] [stdout] error[E0433]: cannot find module or crate `loonfs_test_support` in this scope
[INFO] [stdout]     --> src/commit_engine.rs:1527:13
[INFO] [stdout]      |
[INFO] [stdout] 1527 |             loonfs_test_support::stores::KeyPredicate::any(),
[INFO] [stdout]      |             ^^^^^^^^^^^^^^^^^^^ use of unresolved module or unlinked crate `loonfs_test_support`
[INFO] [stdout]      |
[INFO] [stdout]      = help: if you wanted to use a crate named `loonfs_test_support`, use `cargo add loonfs_test_support` to add it to your `Cargo.toml`
[INFO] [stdout] 
[INFO] [stdout] 
[INFO] [stdout] error[E0433]: cannot find module or crate `loonfs_test_support` in this scope
[INFO] [stdout]     --> src/commit_engine.rs:1534:30
[INFO] [stdout]      |
[INFO] [stdout] 1534 |         let timer = Arc::new(loonfs_test_support::clock::ManualClock::new(0));
[INFO] [stdout]      |                              ^^^^^^^^^^^^^^^^^^^ use of unresolved module or unlinked crate `loonfs_test_support`
[INFO] [stdout]      |
[INFO] [stdout]      = help: if you wanted to use a crate named `loonfs_test_support`, use `cargo add loonfs_test_support` to add it to your `Cargo.toml`
[INFO] [stdout] 
[INFO] [stdout] 
[INFO] [stdout] error[E0433]: cannot find module or crate `loonfs_test_support` in this scope
[INFO] [stdout]     --> src/commit_engine.rs:1612:30
[INFO] [stdout]      |
[INFO] [stdout] 1612 |         let timer = Arc::new(loonfs_test_support::clock::ManualClock::new(0));
[INFO] [stdout]      |                              ^^^^^^^^^^^^^^^^^^^ use of unresolved module or unlinked crate `loonfs_test_support`
[INFO] [stdout]      |
[INFO] [stdout]      = help: if you wanted to use a crate named `loonfs_test_support`, use `cargo add loonfs_test_support` to add it to your `Cargo.toml`
[INFO] [stdout] 
[INFO] [stdout] 
[INFO] [stdout] error[E0433]: cannot find module or crate `loonfs_test_support` in this scope
[INFO] [stdout]     --> src/commit_engine.rs:1691:30
[INFO] [stdout]      |
[INFO] [stdout] 1691 |         let timer = Arc::new(loonfs_test_support::clock::ManualClock::new(0));
[INFO] [stdout]      |                              ^^^^^^^^^^^^^^^^^^^ use of unresolved module or unlinked crate `loonfs_test_support`
[INFO] [stdout]      |
[INFO] [stdout]      = help: if you wanted to use a crate named `loonfs_test_support`, use `cargo add loonfs_test_support` to add it to your `Cargo.toml`
[INFO] [stdout] 
[INFO] [stdout] 
[INFO] [stdout] error[E0433]: cannot find module or crate `loonfs_test_support` in this scope
[INFO] [stdout]    --> src/gc/tests/retirement.rs:108:9
[INFO] [stdout]     |
[INFO] [stdout] 108 |         loonfs_test_support::stores::RecordedOperation::List { prefix } if prefix == "namespaces/target/content/"
[INFO] [stdout]     |         ^^^^^^^^^^^^^^^^^^^ use of unresolved module or unlinked crate `loonfs_test_support`
[INFO] [stdout]     |
[INFO] [stdout]     = help: if you wanted to use a crate named `loonfs_test_support`, use `cargo add loonfs_test_support` to add it to your `Cargo.toml`
[INFO] [stdout] 
[INFO] [stdout] 
[INFO] [stdout] error[E0433]: cannot find module or crate `loonfs_test_support` in this scope
[INFO] [stdout]    --> src/gc/tests/retirement.rs:111:9
[INFO] [stdout]     |
[INFO] [stdout] 111 |         loonfs_test_support::stores::RecordedOperation::Delete { key } if key.starts_with("namespaces/target/content/")
[INFO] [stdout]     |         ^^^^^^^^^^^^^^^^^^^ use of unresolved module or unlinked crate `loonfs_test_support`
[INFO] [stdout]     |
[INFO] [stdout]     = help: if you wanted to use a crate named `loonfs_test_support`, use `cargo add loonfs_test_support` to add it to your `Cargo.toml`
[INFO] [stdout] 
[INFO] [stdout] 
[INFO] [stdout] error[E0433]: cannot find module or crate `loonfs_test_support` in this scope
[INFO] [stdout]    --> src/gc/tests.rs:355:13
[INFO] [stdout]     |
[INFO] [stdout] 355 |             loonfs_test_support::stores::RecordedOperation::Delete { key, .. }
[INFO] [stdout]     |             ^^^^^^^^^^^^^^^^^^^ use of unresolved module or unlinked crate `loonfs_test_support`
[INFO] [stdout]     |
[INFO] [stdout]     = help: if you wanted to use a crate named `loonfs_test_support`, use `cargo add loonfs_test_support` to add it to your `Cargo.toml`
[INFO] [stdout] 
[INFO] [stdout] 
[INFO] [stdout] error[E0433]: cannot find module or crate `loonfs_test_support` in this scope
[INFO] [stdout]    --> src/namespace/control.rs:292:28
[INFO] [stdout]     |
[INFO] [stdout] 292 |         let namespace_id = loonfs_test_support::ids::namespace_id("etag");
[INFO] [stdout]     |                            ^^^^^^^^^^^^^^^^^^^ use of unresolved module or unlinked crate `loonfs_test_support`
[INFO] [stdout]     |
[INFO] [stdout]     = help: if you wanted to use a crate named `loonfs_test_support`, use `cargo add loonfs_test_support` to add it to your `Cargo.toml`
[INFO] [stdout] 
[INFO] [stdout] 
[INFO] [stdout] error[E0433]: cannot find module or crate `loonfs_test_support` in this scope
[INFO] [stdout]     --> src/protocol/uploads.rs:2454:21
[INFO] [stdout]      |
[INFO] [stdout] 2454 |         let store = loonfs_test_support::stores::RecordingStore::new(inner, KeyPredicate::any());
[INFO] [stdout]      |                     ^^^^^^^^^^^^^^^^^^^ use of unresolved module or unlinked crate `loonfs_test_support`
[INFO] [stdout]      |
[INFO] [stdout]      = help: if you wanted to use a crate named `loonfs_test_support`, use `cargo add loonfs_test_support` to add it to your `Cargo.toml`
[INFO] [stdout] 
[INFO] [stdout] 
[INFO] [stdout] error[E0433]: cannot find module or crate `loonfs_test_support` in this scope
[INFO] [stdout]     --> src/protocol/uploads.rs:2478:21
[INFO] [stdout]      |
[INFO] [stdout] 2478 |         let store = loonfs_test_support::stores::RecordingStore::new(inner, KeyPredicate::any());
[INFO] [stdout]      |                     ^^^^^^^^^^^^^^^^^^^ use of unresolved module or unlinked crate `loonfs_test_support`
[INFO] [stdout]      |
[INFO] [stdout]      = help: if you wanted to use a crate named `loonfs_test_support`, use `cargo add loonfs_test_support` to add it to your `Cargo.toml`
[INFO] [stdout] 
[INFO] [stdout] 
[INFO] [stdout] error[E0433]: cannot find module or crate `loonfs_test_support` in this scope
[INFO] [stdout]     --> src/protocol/uploads.rs:2493:21
[INFO] [stdout]      |
[INFO] [stdout] 2493 |         let store = loonfs_test_support::stores::RecordingStore::new(inner, KeyPredicate::any());
[INFO] [stdout]      |                     ^^^^^^^^^^^^^^^^^^^ use of unresolved module or unlinked crate `loonfs_test_support`
[INFO] [stdout]      |
[INFO] [stdout]      = help: if you wanted to use a crate named `loonfs_test_support`, use `cargo add loonfs_test_support` to add it to your `Cargo.toml`
[INFO] [stdout] 
[INFO] [stdout] 
[INFO] [stdout] error[E0433]: cannot find module or crate `loonfs_test_support` in this scope
[INFO] [stdout]     --> src/protocol/uploads.rs:2511:21
[INFO] [stdout]      |
[INFO] [stdout] 2511 |         let store = loonfs_test_support::stores::RecordingStore::new(inner, KeyPredicate::any());
[INFO] [stdout]      |                     ^^^^^^^^^^^^^^^^^^^ use of unresolved module or unlinked crate `loonfs_test_support`
[INFO] [stdout]      |
[INFO] [stdout]      = help: if you wanted to use a crate named `loonfs_test_support`, use `cargo add loonfs_test_support` to add it to your `Cargo.toml`
[INFO] [stdout] 
[INFO] [stdout] 
[INFO] [stdout] error[E0433]: cannot find module or crate `loonfs_test_support` in this scope
[INFO] [stdout]    --> src/wal/tests.rs:397:13
[INFO] [stdout]     |
[INFO] [stdout] 397 |             loonfs_test_support::stores::RecordedOperation::Get { .. }
[INFO] [stdout]     |             ^^^^^^^^^^^^^^^^^^^ use of unresolved module or unlinked crate `loonfs_test_support`
[INFO] [stdout]     |
[INFO] [stdout]     = help: if you wanted to use a crate named `loonfs_test_support`, use `cargo add loonfs_test_support` to add it to your `Cargo.toml`
[INFO] [stdout] 
[INFO] [stdout] 
[INFO] [stdout] error[E0433]: cannot find module or crate `loonfs_test_support` in this scope
[INFO] [stdout]    --> src/wal/tests.rs:709:37
[INFO] [stdout]     |
[INFO] [stdout] 709 |     let timer = std::sync::Arc::new(loonfs_test_support::clock::ManualClock::new(0));
[INFO] [stdout]     |                                     ^^^^^^^^^^^^^^^^^^^ use of unresolved module or unlinked crate `loonfs_test_support`
[INFO] [stdout]     |
[INFO] [stdout]     = help: if you wanted to use a crate named `loonfs_test_support`, use `cargo add loonfs_test_support` to add it to your `Cargo.toml`
[INFO] [stdout] 
[INFO] [stdout] 
[INFO] [stdout] error[E0433]: cannot find module or crate `loonfs_test_support` in this scope
[INFO] [stdout]   --> src/commit/validate/tests.rs:29:5
[INFO] [stdout]    |
[INFO] [stdout] 29 |     loonfs_test_support::ids::content_ref(seed.as_bytes())
[INFO] [stdout]    |     ^^^^^^^^^^^^^^^^^^^ use of unresolved module or unlinked crate `loonfs_test_support`
[INFO] [stdout]    |
[INFO] [stdout]    = help: if you wanted to use a crate named `loonfs_test_support`, use `cargo add loonfs_test_support` to add it to your `Cargo.toml`
[INFO] [stdout] 
[INFO] [stdout] 
[INFO] [stdout] error[E0433]: cannot find module or crate `loonfs_test_support` in this scope
[INFO] [stdout]    --> src/time.rs:128:30
[INFO] [stdout]     |
[INFO] [stdout] 128 |         let clock = Arc::new(loonfs_test_support::clock::ManualClock::new(100));
[INFO] [stdout]     |                              ^^^^^^^^^^^^^^^^^^^ use of unresolved module or unlinked crate `loonfs_test_support`
[INFO] [stdout]     |
[INFO] [stdout]     = help: if you wanted to use a crate named `loonfs_test_support`, use `cargo add loonfs_test_support` to add it to your `Cargo.toml`
[INFO] [stdout] 
[INFO] [stdout] 
[INFO] [stdout] error[E0433]: cannot find module or crate `loonfs_test_support` in this scope
[INFO] [stdout]    --> src/checkpoint/tests/active_deletions.rs:238:21
[INFO] [stdout]     |
[INFO] [stdout] 238 |                     loonfs_test_support::test_actor(),
[INFO] [stdout]     |                     ^^^^^^^^^^^^^^^^^^^ use of unresolved module or unlinked crate `loonfs_test_support`
[INFO] [stdout]     |
[INFO] [stdout]     = help: if you wanted to use a crate named `loonfs_test_support`, use `cargo add loonfs_test_support` to add it to your `Cargo.toml`
[INFO] [stdout] 
[INFO] [stdout] 
[INFO] [stdout] error[E0433]: cannot find module or crate `loonfs_test_support` in this scope
[INFO] [stdout]    --> src/checkpoint/tests/mod.rs:183:21
[INFO] [stdout]     |
[INFO] [stdout] 183 |                     loonfs_test_support::test_actor(),
[INFO] [stdout]     |                     ^^^^^^^^^^^^^^^^^^^ use of unresolved module or unlinked crate `loonfs_test_support`
[INFO] [stdout]     |
[INFO] [stdout]     = help: if you wanted to use a crate named `loonfs_test_support`, use `cargo add loonfs_test_support` to add it to your `Cargo.toml`
[INFO] [stdout] 
[INFO] [stdout] 
[INFO] [stdout] error[E0433]: cannot find module or crate `loonfs_test_support` in this scope
[INFO] [stdout]    --> src/checkpoint/tests/mod.rs:916:21
[INFO] [stdout]     |
[INFO] [stdout] 916 |         created_by: loonfs_test_support::test_actor(),
[INFO] [stdout]     |                     ^^^^^^^^^^^^^^^^^^^ use of unresolved module or unlinked crate `loonfs_test_support`
[INFO] [stdout]     |
[INFO] [stdout]     = help: if you wanted to use a crate named `loonfs_test_support`, use `cargo add loonfs_test_support` to add it to your `Cargo.toml`
[INFO] [stdout] 
[INFO] [stdout] 
[INFO] [stdout] error[E0433]: cannot find module or crate `loonfs_test_support` in this scope
[INFO] [stdout]   --> src/gc/tests/fork_chain.rs:25:9
[INFO] [stdout]    |
[INFO] [stdout] 25 |         loonfs_test_support::test_actor(),
[INFO] [stdout]    |         ^^^^^^^^^^^^^^^^^^^ use of unresolved module or unlinked crate `loonfs_test_support`
[INFO] [stdout]    |
[INFO] [stdout]    = help: if you wanted to use a crate named `loonfs_test_support`, use `cargo add loonfs_test_support` to add it to your `Cargo.toml`
[INFO] [stdout] 
[INFO] [stdout] 
[INFO] [stdout] error[E0433]: cannot find module or crate `loonfs_test_support` in this scope
[INFO] [stdout]    --> src/gc/tests.rs:883:21
[INFO] [stdout]     |
[INFO] [stdout] 883 |                     loonfs_test_support::test_actor(),
[INFO] [stdout]     |                     ^^^^^^^^^^^^^^^^^^^ use of unresolved module or unlinked crate `loonfs_test_support`
[INFO] [stdout]     |
[INFO] [stdout]     = help: if you wanted to use a crate named `loonfs_test_support`, use `cargo add loonfs_test_support` to add it to your `Cargo.toml`
[INFO] [stdout] 
[INFO] [stdout] 
[INFO] [stdout] error[E0433]: cannot find module or crate `loonfs_test_support` in this scope
[INFO] [stdout]    --> src/commit/validate/tests.rs:256:10
[INFO] [stdout]     |
[INFO] [stdout] 256 |         &loonfs_test_support::test_actor(),
[INFO] [stdout]     |          ^^^^^^^^^^^^^^^^^^^ use of unresolved module or unlinked crate `loonfs_test_support`
[INFO] [stdout]     |
[INFO] [stdout]     = help: if you wanted to use a crate named `loonfs_test_support`, use `cargo add loonfs_test_support` to add it to your `Cargo.toml`
[INFO] [stdout] 
[INFO] [stdout] 
[INFO] [stdout] error[E0433]: cannot find module or crate `loonfs_test_support` in this scope
[INFO] [stdout]    --> src/commit/validate/tests.rs:271:19
[INFO] [stdout]     |
[INFO] [stdout] 271 |         actor_id: loonfs_test_support::test_actor(),
[INFO] [stdout]     |                   ^^^^^^^^^^^^^^^^^^^ use of unresolved module or unlinked crate `loonfs_test_support`
[INFO] [stdout]     |
[INFO] [stdout]     = help: if you wanted to use a crate named `loonfs_test_support`, use `cargo add loonfs_test_support` to add it to your `Cargo.toml`
[INFO] [stdout] 
[INFO] [stdout] 
[INFO] [stdout] error[E0433]: cannot find module or crate `loonfs_test_support` in this scope
[INFO] [stdout]     --> src/path/read/materialized_view.rs:1150:21
[INFO] [stdout]      |
[INFO] [stdout] 1150 |                     loonfs_test_support::test_actor(),
[INFO] [stdout]      |                     ^^^^^^^^^^^^^^^^^^^ use of unresolved module or unlinked crate `loonfs_test_support`
[INFO] [stdout]      |
[INFO] [stdout]      = help: if you wanted to use a crate named `loonfs_test_support`, use `cargo add loonfs_test_support` to add it to your `Cargo.toml`
[INFO] [stdout] 
[INFO] [stdout] 
[INFO] [stdout] error[E0433]: cannot find module or crate `loonfs_test_support` in this scope
[INFO] [stdout]   --> src/test_support/ops.rs:24:10
[INFO] [stdout]    |
[INFO] [stdout] 24 |         &loonfs_test_support::test_actor(),
[INFO] [stdout]    |          ^^^^^^^^^^^^^^^^^^^ use of unresolved module or unlinked crate `loonfs_test_support`
[INFO] [stdout]    |
[INFO] [stdout]    = help: if you wanted to use a crate named `loonfs_test_support`, use `cargo add loonfs_test_support` to add it to your `Cargo.toml`
[INFO] [stdout] 
[INFO] [stdout] 
[INFO] [stdout] error[E0433]: cannot find module or crate `loonfs_test_support` in this scope
[INFO] [stdout]   --> src/test_support/ops.rs:45:9
[INFO] [stdout]    |
[INFO] [stdout] 45 |         loonfs_test_support::test_actor(),
[INFO] [stdout]    |         ^^^^^^^^^^^^^^^^^^^ use of unresolved module or unlinked crate `loonfs_test_support`
[INFO] [stdout]    |
[INFO] [stdout]    = help: if you wanted to use a crate named `loonfs_test_support`, use `cargo add loonfs_test_support` to add it to your `Cargo.toml`
[INFO] [stdout] 
[INFO] [stdout] 
[INFO] [stdout] error[E0046]: not all trait items implemented, missing: `head`, `get_with_metadata`, `put`, `delete`, `list_prefix_from_stream`
[INFO] [stdout]     --> src/checkpoint/tests/streaming_compaction.rs:1607:1
[INFO] [stdout]      |
[INFO] [stdout] 1607 | impl ObjectStore for CancelAfterReadsStore {
[INFO] [stdout]      | ^^^^^^^^^^^^^^^^^^^^^^^^^^^^^^^^^^^^^^^^^^ missing `head`, `get_with_metadata`, `put`, `delete`, `list_prefix_from_stream` in implementation
[INFO] [stdout]      |
[INFO] [stdout]      = help: implement the missing item: `fn head<'life0: 'async_trait, 'life1: 'async_trait, 'async_trait>(&'life0 self, _: &'life1 str) -> std::pin::Pin<Box<(dyn futures::Future<Output = std::result::Result<std::option::Option<loonfs_objectstore::ObjectMetadata>, loonfs_objectstore::ObjectStoreError>> + std::marker::Send + 'async_trait)>> { todo!() }`
[INFO] [stdout]      = help: implement the missing item: `fn get_with_metadata<'life0: 'async_trait, 'life1: 'async_trait, 'async_trait>(&'life0 self, _: &'life1 str) -> std::pin::Pin<Box<(dyn futures::Future<Output = std::result::Result<std::option::Option<loonfs_objectstore::ObjectBody>, loonfs_objectstore::ObjectStoreError>> + std::marker::Send + 'async_trait)>> { todo!() }`
[INFO] [stdout]      = help: implement the missing item: `fn put<'life0: 'async_trait, 'life1: 'async_trait, 'async_trait>(&'life0 self, _: &'life1 str, _: bytes::Bytes, _: loonfs_objectstore::PutMode) -> std::pin::Pin<Box<(dyn futures::Future<Output = std::result::Result<loonfs_objectstore::ObjectMetadata, loonfs_objectstore::ObjectStoreError>> + std::marker::Send + 'async_trait)>> { todo!() }`
[INFO] [stdout]      = help: implement the missing item: `fn delete<'life0: 'async_trait, 'life1: 'async_trait, 'async_trait>(&'life0 self, _: &'life1 str) -> std::pin::Pin<Box<(dyn futures::Future<Output = std::result::Result<(), loonfs_objectstore::ObjectStoreError>> + std::marker::Send + 'async_trait)>> { todo!() }`
[INFO] [stdout]      = help: implement the missing item: `fn list_prefix_from_stream(&self, _: &str, _: std::option::Option<&str>) -> std::pin::Pin<Box<(dyn Stream<Item = std::result::Result<std::string::String, loonfs_objectstore::ObjectStoreError>> + std::marker::Send + 'static)>> { todo!() }`
[INFO] [stdout] 
[INFO] [stdout] 
[INFO] [stdout] error[E0046]: not all trait items implemented, missing: `head`, `get_with_metadata`, `get`, `delete`, `list_prefix_from_stream`
[INFO] [stdout]     --> src/checkpoint/tests/streaming_compaction.rs:2503:1
[INFO] [stdout]      |
[INFO] [stdout] 2503 | impl ObjectStore for FlushDuringFinalizationStore {
[INFO] [stdout]      | ^^^^^^^^^^^^^^^^^^^^^^^^^^^^^^^^^^^^^^^^^^^^^^^^^ missing `head`, `get_with_metadata`, `get`, `delete`, `list_prefix_from_stream` in implementation
[INFO] [stdout]      |
[INFO] [stdout]      = help: implement the missing item: `fn head<'life0: 'async_trait, 'life1: 'async_trait, 'async_trait>(&'life0 self, _: &'life1 str) -> std::pin::Pin<Box<(dyn futures::Future<Output = std::result::Result<std::option::Option<loonfs_objectstore::ObjectMetadata>, loonfs_objectstore::ObjectStoreError>> + std::marker::Send + 'async_trait)>> { todo!() }`
[INFO] [stdout]      = help: implement the missing item: `fn get_with_metadata<'life0: 'async_trait, 'life1: 'async_trait, 'async_trait>(&'life0 self, _: &'life1 str) -> std::pin::Pin<Box<(dyn futures::Future<Output = std::result::Result<std::option::Option<loonfs_objectstore::ObjectBody>, loonfs_objectstore::ObjectStoreError>> + std::marker::Send + 'async_trait)>> { todo!() }`
[INFO] [stdout]      = help: implement the missing item: `fn get<'life0: 'async_trait, 'life1: 'async_trait, 'async_trait>(&'life0 self, _: &'life1 str, _: std::option::Option<loonfs_objectstore::ByteRange>) -> std::pin::Pin<Box<(dyn futures::Future<Output = std::result::Result<std::option::Option<bytes::Bytes>, loonfs_objectstore::ObjectStoreError>> + std::marker::Send + 'async_trait)>> { todo!() }`
[INFO] [stdout]      = help: implement the missing item: `fn delete<'life0: 'async_trait, 'life1: 'async_trait, 'async_trait>(&'life0 self, _: &'life1 str) -> std::pin::Pin<Box<(dyn futures::Future<Output = std::result::Result<(), loonfs_objectstore::ObjectStoreError>> + std::marker::Send + 'async_trait)>> { todo!() }`
[INFO] [stdout]      = help: implement the missing item: `fn list_prefix_from_stream(&self, _: &str, _: std::option::Option<&str>) -> std::pin::Pin<Box<(dyn Stream<Item = std::result::Result<std::string::String, loonfs_objectstore::ObjectStoreError>> + std::marker::Send + 'static)>> { todo!() }`
[INFO] [stdout] 
[INFO] [stdout] 
[INFO] [stdout] error[E0046]: not all trait items implemented, missing: `head`, `get_with_metadata`, `get`, `delete`, `list_prefix_from_stream`
[INFO] [stdout]    --> src/checkpoint/tests/mod.rs:708:1
[INFO] [stdout]     |
[INFO] [stdout] 708 | impl ObjectStore for ConflictOnManifestCreateStore {
[INFO] [stdout]     | ^^^^^^^^^^^^^^^^^^^^^^^^^^^^^^^^^^^^^^^^^^^^^^^^^^ missing `head`, `get_with_metadata`, `get`, `delete`, `list_prefix_from_stream` in implementation
[INFO] [stdout]     |
[INFO] [stdout]     = help: implement the missing item: `fn head<'life0: 'async_trait, 'life1: 'async_trait, 'async_trait>(&'life0 self, _: &'life1 str) -> std::pin::Pin<Box<(dyn futures::Future<Output = std::result::Result<std::option::Option<loonfs_objectstore::ObjectMetadata>, loonfs_objectstore::ObjectStoreError>> + std::marker::Send + 'async_trait)>> { todo!() }`
[INFO] [stdout]     = help: implement the missing item: `fn get_with_metadata<'life0: 'async_trait, 'life1: 'async_trait, 'async_trait>(&'life0 self, _: &'life1 str) -> std::pin::Pin<Box<(dyn futures::Future<Output = std::result::Result<std::option::Option<loonfs_objectstore::ObjectBody>, loonfs_objectstore::ObjectStoreError>> + std::marker::Send + 'async_trait)>> { todo!() }`
[INFO] [stdout]     = help: implement the missing item: `fn get<'life0: 'async_trait, 'life1: 'async_trait, 'async_trait>(&'life0 self, _: &'life1 str, _: std::option::Option<loonfs_objectstore::ByteRange>) -> std::pin::Pin<Box<(dyn futures::Future<Output = std::result::Result<std::option::Option<bytes::Bytes>, loonfs_objectstore::ObjectStoreError>> + std::marker::Send + 'async_trait)>> { todo!() }`
[INFO] [stdout]     = help: implement the missing item: `fn delete<'life0: 'async_trait, 'life1: 'async_trait, 'async_trait>(&'life0 self, _: &'life1 str) -> std::pin::Pin<Box<(dyn futures::Future<Output = std::result::Result<(), loonfs_objectstore::ObjectStoreError>> + std::marker::Send + 'async_trait)>> { todo!() }`
[INFO] [stdout]     = help: implement the missing item: `fn list_prefix_from_stream(&self, _: &str, _: std::option::Option<&str>) -> std::pin::Pin<Box<(dyn Stream<Item = std::result::Result<std::string::String, loonfs_objectstore::ObjectStoreError>> + std::marker::Send + 'static)>> { todo!() }`
[INFO] [stdout] 
[INFO] [stdout] 
[INFO] [stdout] error[E0277]: the size for values of type `[loonfs_api::wire::sst_blocks::SegmentIndexEntry]` cannot be known at compilation time
[INFO] [stdout]     --> src/checkpoint/tests/cache.rs:1206:40
[INFO] [stdout]      |
[INFO] [stdout] 1206 |     let (_temp_dir, store, descriptor, index) = multi_block_direntry_segment().await;
[INFO] [stdout]      |                                        ^^^^^ doesn't have a size known at compile-time
[INFO] [stdout]      |
[INFO] [stdout]      = help: the trait `Sized` is not implemented for `[loonfs_api::wire::sst_blocks::SegmentIndexEntry]`
[INFO] [stdout]      = note: all local variables must have a statically known size
[INFO] [stdout] 
[INFO] [stdout] 
[INFO] [stdout] error[E0277]: the size for values of type `[loonfs_api::wire::sst_blocks::SegmentIndexEntry]` cannot be known at compilation time
[INFO] [stdout]     --> src/checkpoint/tests/cache.rs:1336:40
[INFO] [stdout]      |
[INFO] [stdout] 1336 |     let (_temp_dir, store, descriptor, index) = multi_block_direntry_segment().await;
[INFO] [stdout]      |                                        ^^^^^ doesn't have a size known at compile-time
[INFO] [stdout]      |
[INFO] [stdout]      = help: the trait `Sized` is not implemented for `[loonfs_api::wire::sst_blocks::SegmentIndexEntry]`
[INFO] [stdout]      = note: all local variables must have a statically known size
[INFO] [stdout] 
[INFO] [stdout] 
[INFO] [stdout] error[E0277]: the size for values of type `[loonfs_api::wire::sst_blocks::SegmentIndexEntry]` cannot be known at compilation time
[INFO] [stdout]     --> src/checkpoint/tests/cache.rs:1355:40
[INFO] [stdout]      |
[INFO] [stdout] 1355 |     let (_temp_dir, store, descriptor, index) = multi_block_direntry_segment().await;
[INFO] [stdout]      |                                        ^^^^^ doesn't have a size known at compile-time
[INFO] [stdout]      |
[INFO] [stdout]      = help: the trait `Sized` is not implemented for `[loonfs_api::wire::sst_blocks::SegmentIndexEntry]`
[INFO] [stdout]      = note: all local variables must have a statically known size
[INFO] [stdout] 
[INFO] [stdout] 
[INFO] [stdout] error[E0433]: cannot find module or crate `loonfs_test_support` in this scope
[INFO] [stdout]    --> src/checkpoint/tests/directory_bindings.rs:250:23
[INFO] [stdout]     |
[INFO] [stdout] 250 |             actor_id: loonfs_test_support::test_actor(),
[INFO] [stdout]     |                       ^^^^^^^^^^^^^^^^^^^ use of unresolved module or unlinked crate `loonfs_test_support`
[INFO] [stdout]     |
[INFO] [stdout]     = help: if you wanted to use a crate named `loonfs_test_support`, use `cargo add loonfs_test_support` to add it to your `Cargo.toml`
[INFO] [stdout] 
[INFO] [stdout] 
[INFO] [stdout] error[E0433]: cannot find module or crate `loonfs_test_support` in this scope
[INFO] [stdout]    --> src/checkpoint/tests/manifest_round_trips.rs:790:21
[INFO] [stdout]     |
[INFO] [stdout] 790 |         created_by: loonfs_test_support::test_actor(),
[INFO] [stdout]     |                     ^^^^^^^^^^^^^^^^^^^ use of unresolved module or unlinked crate `loonfs_test_support`
[INFO] [stdout]     |
[INFO] [stdout]     = help: if you wanted to use a crate named `loonfs_test_support`, use `cargo add loonfs_test_support` to add it to your `Cargo.toml`
[INFO] [stdout] 
[INFO] [stdout] 
[INFO] [stdout] error[E0433]: cannot find module or crate `loonfs_test_support` in this scope
[INFO] [stdout]    --> src/checkpoint/tests/pin_verification.rs:294:10
[INFO] [stdout]     |
[INFO] [stdout] 294 |         &loonfs_test_support::test_actor(),
[INFO] [stdout]     |          ^^^^^^^^^^^^^^^^^^^ use of unresolved module or unlinked crate `loonfs_test_support`
[INFO] [stdout]     |
[INFO] [stdout]     = help: if you wanted to use a crate named `loonfs_test_support`, use `cargo add loonfs_test_support` to add it to your `Cargo.toml`
[INFO] [stdout] 
[INFO] [stdout] 
[INFO] [stdout] error[E0433]: cannot find module or crate `loonfs_test_support` in this scope
[INFO] [stdout]    --> src/checkpoint/tests/retention.rs:888:13
[INFO] [stdout]     |
[INFO] [stdout] 888 |             loonfs_test_support::test_actor(),
[INFO] [stdout]     |             ^^^^^^^^^^^^^^^^^^^ use of unresolved module or unlinked crate `loonfs_test_support`
[INFO] [stdout]     |
[INFO] [stdout]     = help: if you wanted to use a crate named `loonfs_test_support`, use `cargo add loonfs_test_support` to add it to your `Cargo.toml`
[INFO] [stdout] 
[INFO] [stdout] 
[INFO] [stdout] error[E0433]: cannot find module or crate `loonfs_test_support` in this scope
[INFO] [stdout]    --> src/checkpoint/tests/retention.rs:916:9
[INFO] [stdout]     |
[INFO] [stdout] 916 |         loonfs_test_support::test_actor(),
[INFO] [stdout]     |         ^^^^^^^^^^^^^^^^^^^ use of unresolved module or unlinked crate `loonfs_test_support`
[INFO] [stdout]     |
[INFO] [stdout]     = help: if you wanted to use a crate named `loonfs_test_support`, use `cargo add loonfs_test_support` to add it to your `Cargo.toml`
[INFO] [stdout] 
[INFO] [stdout] 
[INFO] [stdout] error[E0433]: cannot find module or crate `loonfs_test_support` in this scope
[INFO] [stdout]    --> src/checkpoint/tests/snapshot_fork_gc.rs:158:14
[INFO] [stdout]     |
[INFO] [stdout] 158 |             &loonfs_test_support::test_actor(),
[INFO] [stdout]     |              ^^^^^^^^^^^^^^^^^^^ use of unresolved module or unlinked crate `loonfs_test_support`
[INFO] [stdout]     |
[INFO] [stdout]     = help: if you wanted to use a crate named `loonfs_test_support`, use `cargo add loonfs_test_support` to add it to your `Cargo.toml`
[INFO] [stdout] 
[INFO] [stdout] 
[INFO] [stdout] error[E0433]: cannot find module or crate `loonfs_test_support` in this scope
[INFO] [stdout]    --> src/checkpoint/tests/snapshot_fork_gc.rs:209:17
[INFO] [stdout]     |
[INFO] [stdout] 209 |     let actor = loonfs_test_support::test_actor();
[INFO] [stdout]     |                 ^^^^^^^^^^^^^^^^^^^ use of unresolved module or unlinked crate `loonfs_test_support`
[INFO] [stdout]     |
[INFO] [stdout]     = help: if you wanted to use a crate named `loonfs_test_support`, use `cargo add loonfs_test_support` to add it to your `Cargo.toml`
[INFO] [stdout] 
[INFO] [stdout] 
[INFO] [stdout] error[E0433]: cannot find module or crate `loonfs_test_support` in this scope
[INFO] [stdout]   --> src/commit_engine_content_tests.rs:71:13
[INFO] [stdout]    |
[INFO] [stdout] 71 |             loonfs_test_support::test_actor(),
[INFO] [stdout]    |             ^^^^^^^^^^^^^^^^^^^ use of unresolved module or unlinked crate `loonfs_test_support`
[INFO] [stdout]    |
[INFO] [stdout]    = help: if you wanted to use a crate named `loonfs_test_support`, use `cargo add loonfs_test_support` to add it to your `Cargo.toml`
[INFO] [stdout] 
[INFO] [stdout] 
[INFO] [stdout] error[E0433]: cannot find module or crate `loonfs_test_support` in this scope
[INFO] [stdout]   --> src/commit_engine_content_tests.rs:89:9
[INFO] [stdout]    |
[INFO] [stdout] 89 |         loonfs_test_support::test_actor(),
[INFO] [stdout]    |         ^^^^^^^^^^^^^^^^^^^ use of unresolved module or unlinked crate `loonfs_test_support`
[INFO] [stdout]    |
[INFO] [stdout]    = help: if you wanted to use a crate named `loonfs_test_support`, use `cargo add loonfs_test_support` to add it to your `Cargo.toml`
[INFO] [stdout] 
[INFO] [stdout] 
[INFO] [stdout] error[E0433]: cannot find module or crate `loonfs_test_support` in this scope
[INFO] [stdout]   --> src/commit_engine_inline_retention_tests.rs:20:13
[INFO] [stdout]    |
[INFO] [stdout] 20 |             loonfs_test_support::test_actor(),
[INFO] [stdout]    |             ^^^^^^^^^^^^^^^^^^^ use of unresolved module or unlinked crate `loonfs_test_support`
[INFO] [stdout]    |
[INFO] [stdout]    = help: if you wanted to use a crate named `loonfs_test_support`, use `cargo add loonfs_test_support` to add it to your `Cargo.toml`
[INFO] [stdout] 
[INFO] [stdout] 
[INFO] [stdout] error[E0433]: cannot find module or crate `loonfs_test_support` in this scope
[INFO] [stdout]   --> src/commit_engine_inline_tests.rs:68:23
[INFO] [stdout]    |
[INFO] [stdout] 68 |             actor_id: loonfs_test_support::test_actor(),
[INFO] [stdout]    |                       ^^^^^^^^^^^^^^^^^^^ use of unresolved module or unlinked crate `loonfs_test_support`
[INFO] [stdout]    |
[INFO] [stdout]    = help: if you wanted to use a crate named `loonfs_test_support`, use `cargo add loonfs_test_support` to add it to your `Cargo.toml`
[INFO] [stdout] 
[INFO] [stdout] 
[INFO] [stdout] error[E0433]: cannot find module or crate `loonfs_test_support` in this scope
[INFO] [stdout]    --> src/commit_engine_inline_tests.rs:320:9
[INFO] [stdout]     |
[INFO] [stdout] 320 |         loonfs_test_support::test_actor(),
[INFO] [stdout]     |         ^^^^^^^^^^^^^^^^^^^ use of unresolved module or unlinked crate `loonfs_test_support`
[INFO] [stdout]     |
[INFO] [stdout]     = help: if you wanted to use a crate named `loonfs_test_support`, use `cargo add loonfs_test_support` to add it to your `Cargo.toml`
[INFO] [stdout] 
[INFO] [stdout] 
[INFO] [stdout] error[E0433]: cannot find module or crate `loonfs_test_support` in this scope
[INFO] [stdout]    --> src/commit_engine_inline_read_tests.rs:285:9
[INFO] [stdout]     |
[INFO] [stdout] 285 |         loonfs_test_support::test_actor(),
[INFO] [stdout]     |         ^^^^^^^^^^^^^^^^^^^ use of unresolved module or unlinked crate `loonfs_test_support`
[INFO] [stdout]     |
[INFO] [stdout]     = help: if you wanted to use a crate named `loonfs_test_support`, use `cargo add loonfs_test_support` to add it to your `Cargo.toml`
[INFO] [stdout] 
[INFO] [stdout] 
[INFO] [stdout] error[E0433]: cannot find module or crate `loonfs_test_support` in this scope
[INFO] [stdout]    --> src/commit_engine_inline_read_tests.rs:387:13
[INFO] [stdout]     |
[INFO] [stdout] 387 |             loonfs_test_support::test_actor(),
[INFO] [stdout]     |             ^^^^^^^^^^^^^^^^^^^ use of unresolved module or unlinked crate `loonfs_test_support`
[INFO] [stdout]     |
[INFO] [stdout]     = help: if you wanted to use a crate named `loonfs_test_support`, use `cargo add loonfs_test_support` to add it to your `Cargo.toml`
[INFO] [stdout] 
[INFO] [stdout] 
[INFO] [stdout] error[E0433]: cannot find module or crate `loonfs_test_support` in this scope
[INFO] [stdout]    --> src/commit_engine_inline_fold_tests.rs:117:17
[INFO] [stdout]     |
[INFO] [stdout] 117 |                 loonfs_test_support::test_actor(),
[INFO] [stdout]     |                 ^^^^^^^^^^^^^^^^^^^ use of unresolved module or unlinked crate `loonfs_test_support`
[INFO] [stdout]     |
[INFO] [stdout]     = help: if you wanted to use a crate named `loonfs_test_support`, use `cargo add loonfs_test_support` to add it to your `Cargo.toml`
[INFO] [stdout] 
[INFO] [stdout] 
[INFO] [stdout] error[E0433]: cannot find module or crate `loonfs_test_support` in this scope
[INFO] [stdout]   --> src/commit_engine_deletion_tests.rs:78:17
[INFO] [stdout]    |
[INFO] [stdout] 78 |                 loonfs_test_support::test_actor(),
[INFO] [stdout]    |                 ^^^^^^^^^^^^^^^^^^^ use of unresolved module or unlinked crate `loonfs_test_support`
[INFO] [stdout]    |
[INFO] [stdout]    = help: if you wanted to use a crate named `loonfs_test_support`, use `cargo add loonfs_test_support` to add it to your `Cargo.toml`
[INFO] [stdout] 
[INFO] [stdout] 
[INFO] [stdout] error[E0433]: cannot find module or crate `loonfs_test_support` in this scope
[INFO] [stdout]   --> src/commit_engine_deletion_tests.rs:99:9
[INFO] [stdout]    |
[INFO] [stdout] 99 |         loonfs_test_support::test_actor(),
[INFO] [stdout]    |         ^^^^^^^^^^^^^^^^^^^ use of unresolved module or unlinked crate `loonfs_test_support`
[INFO] [stdout]    |
[INFO] [stdout]    = help: if you wanted to use a crate named `loonfs_test_support`, use `cargo add loonfs_test_support` to add it to your `Cargo.toml`
[INFO] [stdout] 
[INFO] [stdout] 
[INFO] [stdout] error[E0433]: cannot find module or crate `loonfs_test_support` in this scope
[INFO] [stdout]    --> src/commit_engine_deletion_tests.rs:156:13
[INFO] [stdout]     |
[INFO] [stdout] 156 |             loonfs_test_support::test_actor(),
[INFO] [stdout]     |             ^^^^^^^^^^^^^^^^^^^ use of unresolved module or unlinked crate `loonfs_test_support`
[INFO] [stdout]     |
[INFO] [stdout]     = help: if you wanted to use a crate named `loonfs_test_support`, use `cargo add loonfs_test_support` to add it to your `Cargo.toml`
[INFO] [stdout] 
[INFO] [stdout] 
[INFO] [stdout] error[E0433]: cannot find module or crate `loonfs_test_support` in this scope
[INFO] [stdout]     --> src/commit_engine.rs:1042:13
[INFO] [stdout]      |
[INFO] [stdout] 1042 |             loonfs_test_support::test_actor(),
[INFO] [stdout]      |             ^^^^^^^^^^^^^^^^^^^ use of unresolved module or unlinked crate `loonfs_test_support`
[INFO] [stdout]      |
[INFO] [stdout]      = help: if you wanted to use a crate named `loonfs_test_support`, use `cargo add loonfs_test_support` to add it to your `Cargo.toml`
[INFO] [stdout] 
[INFO] [stdout] 
[INFO] [stdout] error[E0433]: cannot find module or crate `loonfs_test_support` in this scope
[INFO] [stdout]     --> src/commit_engine.rs:1135:23
[INFO] [stdout]      |
[INFO] [stdout] 1135 |             actor_id: loonfs_test_support::test_actor(),
[INFO] [stdout]      |                       ^^^^^^^^^^^^^^^^^^^ use of unresolved module or unlinked crate `loonfs_test_support`
[INFO] [stdout]      |
[INFO] [stdout]      = help: if you wanted to use a crate named `loonfs_test_support`, use `cargo add loonfs_test_support` to add it to your `Cargo.toml`
[INFO] [stdout] 
[INFO] [stdout] 
[INFO] [stdout] error[E0433]: cannot find module or crate `loonfs_test_support` in this scope
[INFO] [stdout]     --> src/commit_engine.rs:1167:23
[INFO] [stdout]      |
[INFO] [stdout] 1167 |             actor_id: loonfs_test_support::test_actor(),
[INFO] [stdout]      |                       ^^^^^^^^^^^^^^^^^^^ use of unresolved module or unlinked crate `loonfs_test_support`
[INFO] [stdout]      |
[INFO] [stdout]      = help: if you wanted to use a crate named `loonfs_test_support`, use `cargo add loonfs_test_support` to add it to your `Cargo.toml`
[INFO] [stdout] 
[INFO] [stdout] 
[INFO] [stdout] error[E0433]: cannot find module or crate `loonfs_test_support` in this scope
[INFO] [stdout]     --> src/commit_engine.rs:1185:23
[INFO] [stdout]      |
[INFO] [stdout] 1185 |             actor_id: loonfs_test_support::test_actor(),
[INFO] [stdout]      |                       ^^^^^^^^^^^^^^^^^^^ use of unresolved module or unlinked crate `loonfs_test_support`
[INFO] [stdout]      |
[INFO] [stdout]      = help: if you wanted to use a crate named `loonfs_test_support`, use `cargo add loonfs_test_support` to add it to your `Cargo.toml`
[INFO] [stdout] 
[INFO] [stdout] 
[INFO] [stdout] error[E0433]: cannot find module or crate `loonfs_test_support` in this scope
[INFO] [stdout]     --> src/commit_engine.rs:1205:23
[INFO] [stdout]      |
[INFO] [stdout] 1205 |             actor_id: loonfs_test_support::test_actor(),
[INFO] [stdout]      |                       ^^^^^^^^^^^^^^^^^^^ use of unresolved module or unlinked crate `loonfs_test_support`
[INFO] [stdout]      |
[INFO] [stdout]      = help: if you wanted to use a crate named `loonfs_test_support`, use `cargo add loonfs_test_support` to add it to your `Cargo.toml`
[INFO] [stdout] 
[INFO] [stdout] 
[INFO] [stdout] error[E0433]: cannot find module or crate `loonfs_test_support` in this scope
[INFO] [stdout]     --> src/commit_engine.rs:1231:23
[INFO] [stdout]      |
[INFO] [stdout] 1231 |             actor_id: loonfs_test_support::test_actor(),
[INFO] [stdout]      |                       ^^^^^^^^^^^^^^^^^^^ use of unresolved module or unlinked crate `loonfs_test_support`
[INFO] [stdout]      |
[INFO] [stdout]      = help: if you wanted to use a crate named `loonfs_test_support`, use `cargo add loonfs_test_support` to add it to your `Cargo.toml`
[INFO] [stdout] 
[INFO] [stdout] 
[INFO] [stdout] error[E0433]: cannot find module or crate `loonfs_test_support` in this scope
[INFO] [stdout]     --> src/commit_engine.rs:1244:23
[INFO] [stdout]      |
[INFO] [stdout] 1244 |             actor_id: loonfs_test_support::test_actor(),
[INFO] [stdout]      |                       ^^^^^^^^^^^^^^^^^^^ use of unresolved module or unlinked crate `loonfs_test_support`
[INFO] [stdout]      |
[INFO] [stdout]      = help: if you wanted to use a crate named `loonfs_test_support`, use `cargo add loonfs_test_support` to add it to your `Cargo.toml`
[INFO] [stdout] 
[INFO] [stdout] 
[INFO] [stdout] error[E0433]: cannot find module or crate `loonfs_test_support` in this scope
[INFO] [stdout]   --> src/commit_wal_size_tests.rs:45:62
[INFO] [stdout]    |
[INFO] [stdout] 45 |         NamespaceReadState::initial(namespace_id.clone(), 0, loonfs_test_support::test_actor());
[INFO] [stdout]    |                                                              ^^^^^^^^^^^^^^^^^^^ use of unresolved module or unlinked crate `loonfs_test_support`
[INFO] [stdout]    |
[INFO] [stdout]    = help: if you wanted to use a crate named `loonfs_test_support`, use `cargo add loonfs_test_support` to add it to your `Cargo.toml`
[INFO] [stdout] 
[INFO] [stdout] 
[INFO] [stdout] error[E0433]: cannot find module or crate `loonfs_test_support` in this scope
[INFO] [stdout]   --> src/gc/tests/concurrent_retirement.rs:23:14
[INFO] [stdout]    |
[INFO] [stdout] 23 |             &loonfs_test_support::test_actor(),
[INFO] [stdout]    |              ^^^^^^^^^^^^^^^^^^^ use of unresolved module or unlinked crate `loonfs_test_support`
[INFO] [stdout]    |
[INFO] [stdout]    = help: if you wanted to use a crate named `loonfs_test_support`, use `cargo add loonfs_test_support` to add it to your `Cargo.toml`
[INFO] [stdout] 
[INFO] [stdout] 
[INFO] [stdout] error[E0433]: cannot find module or crate `loonfs_test_support` in this scope
[INFO] [stdout]   --> src/gc/tests/fork_chain.rs:92:18
[INFO] [stdout]    |
[INFO] [stdout] 92 |                 &loonfs_test_support::test_actor(),
[INFO] [stdout]    |                  ^^^^^^^^^^^^^^^^^^^ use of unresolved module or unlinked crate `loonfs_test_support`
[INFO] [stdout]    |
[INFO] [stdout]    = help: if you wanted to use a crate named `loonfs_test_support`, use `cargo add loonfs_test_support` to add it to your `Cargo.toml`
[INFO] [stdout] 
[INFO] [stdout] 
[INFO] [stdout] error[E0433]: cannot find module or crate `loonfs_test_support` in this scope
[INFO] [stdout]   --> src/gc/tests/retirement.rs:59:10
[INFO] [stdout]    |
[INFO] [stdout] 59 |         &loonfs_test_support::test_actor(),
[INFO] [stdout]    |          ^^^^^^^^^^^^^^^^^^^ use of unresolved module or unlinked crate `loonfs_test_support`
[INFO] [stdout]    |
[INFO] [stdout]    = help: if you wanted to use a crate named `loonfs_test_support`, use `cargo add loonfs_test_support` to add it to your `Cargo.toml`
[INFO] [stdout] 
[INFO] [stdout] 
[INFO] [stdout] error[E0433]: cannot find module or crate `loonfs_test_support` in this scope
[INFO] [stdout]    --> src/gc/tests/retirement.rs:275:10
[INFO] [stdout]     |
[INFO] [stdout] 275 |         &loonfs_test_support::test_actor(),
[INFO] [stdout]     |          ^^^^^^^^^^^^^^^^^^^ use of unresolved module or unlinked crate `loonfs_test_support`
[INFO] [stdout]     |
[INFO] [stdout]     = help: if you wanted to use a crate named `loonfs_test_support`, use `cargo add loonfs_test_support` to add it to your `Cargo.toml`
[INFO] [stdout] 
[INFO] [stdout] 
[INFO] [stdout] error[E0433]: cannot find module or crate `loonfs_test_support` in this scope
[INFO] [stdout]    --> src/gc/tests.rs:446:10
[INFO] [stdout]     |
[INFO] [stdout] 446 |         &loonfs_test_support::test_actor(),
[INFO] [stdout]     |          ^^^^^^^^^^^^^^^^^^^ use of unresolved module or unlinked crate `loonfs_test_support`
[INFO] [stdout]     |
[INFO] [stdout]     = help: if you wanted to use a crate named `loonfs_test_support`, use `cargo add loonfs_test_support` to add it to your `Cargo.toml`
[INFO] [stdout] 
[INFO] [stdout] 
[INFO] [stdout] error[E0433]: cannot find module or crate `loonfs_test_support` in this scope
[INFO] [stdout]     --> src/gc/tests.rs:1672:10
[INFO] [stdout]      |
[INFO] [stdout] 1672 |         &loonfs_test_support::test_actor(),
[INFO] [stdout]      |          ^^^^^^^^^^^^^^^^^^^ use of unresolved module or unlinked crate `loonfs_test_support`
[INFO] [stdout]      |
[INFO] [stdout]      = help: if you wanted to use a crate named `loonfs_test_support`, use `cargo add loonfs_test_support` to add it to your `Cargo.toml`
[INFO] [stdout] 
[INFO] [stdout] 
[INFO] [stdout] error[E0433]: cannot find module or crate `loonfs_test_support` in this scope
[INFO] [stdout]     --> src/gc/tests.rs:1784:10
[INFO] [stdout]      |
[INFO] [stdout] 1784 |         &loonfs_test_support::test_actor(),
[INFO] [stdout]      |          ^^^^^^^^^^^^^^^^^^^ use of unresolved module or unlinked crate `loonfs_test_support`
[INFO] [stdout]      |
[INFO] [stdout]      = help: if you wanted to use a crate named `loonfs_test_support`, use `cargo add loonfs_test_support` to add it to your `Cargo.toml`
[INFO] [stdout] 
[INFO] [stdout] 
[INFO] [stdout] error[E0433]: cannot find module or crate `loonfs_test_support` in this scope
[INFO] [stdout]     --> src/gc/tests.rs:1827:10
[INFO] [stdout]      |
[INFO] [stdout] 1827 |         &loonfs_test_support::test_actor(),
[INFO] [stdout]      |          ^^^^^^^^^^^^^^^^^^^ use of unresolved module or unlinked crate `loonfs_test_support`
[INFO] [stdout]      |
[INFO] [stdout]      = help: if you wanted to use a crate named `loonfs_test_support`, use `cargo add loonfs_test_support` to add it to your `Cargo.toml`
[INFO] [stdout] 
[INFO] [stdout] 
[INFO] [stdout] error[E0433]: cannot find module or crate `loonfs_test_support` in this scope
[INFO] [stdout]     --> src/gc/tests.rs:1905:10
[INFO] [stdout]      |
[INFO] [stdout] 1905 |         &loonfs_test_support::test_actor(),
[INFO] [stdout]      |          ^^^^^^^^^^^^^^^^^^^ use of unresolved module or unlinked crate `loonfs_test_support`
[INFO] [stdout]      |
[INFO] [stdout]      = help: if you wanted to use a crate named `loonfs_test_support`, use `cargo add loonfs_test_support` to add it to your `Cargo.toml`
[INFO] [stdout] 
[INFO] [stdout] 
[INFO] [stdout] error[E0433]: cannot find module or crate `loonfs_test_support` in this scope
[INFO] [stdout]     --> src/gc/tests.rs:2695:14
[INFO] [stdout]      |
[INFO] [stdout] 2695 |             &loonfs_test_support::test_actor(),
[INFO] [stdout]      |              ^^^^^^^^^^^^^^^^^^^ use of unresolved module or unlinked crate `loonfs_test_support`
[INFO] [stdout]      |
[INFO] [stdout]      = help: if you wanted to use a crate named `loonfs_test_support`, use `cargo add loonfs_test_support` to add it to your `Cargo.toml`
[INFO] [stdout] 
[INFO] [stdout] 
[INFO] [stdout] error[E0433]: cannot find module or crate `loonfs_test_support` in this scope
[INFO] [stdout]     --> src/gc/tests.rs:2765:18
[INFO] [stdout]      |
[INFO] [stdout] 2765 |                 &loonfs_test_support::test_actor(),
[INFO] [stdout]      |                  ^^^^^^^^^^^^^^^^^^^ use of unresolved module or unlinked crate `loonfs_test_support`
[INFO] [stdout]      |
[INFO] [stdout]      = help: if you wanted to use a crate named `loonfs_test_support`, use `cargo add loonfs_test_support` to add it to your `Cargo.toml`
[INFO] [stdout] 
[INFO] [stdout] 
[INFO] [stdout] error[E0433]: cannot find module or crate `loonfs_test_support` in this scope
[INFO] [stdout]    --> src/namespace/tests.rs:102:20
[INFO] [stdout]     |
[INFO] [stdout] 102 |     let actor_id = loonfs_test_support::test_actor();
[INFO] [stdout]     |                    ^^^^^^^^^^^^^^^^^^^ use of unresolved module or unlinked crate `loonfs_test_support`
[INFO] [stdout]     |
[INFO] [stdout]     = help: if you wanted to use a crate named `loonfs_test_support`, use `cargo add loonfs_test_support` to add it to your `Cargo.toml`
[INFO] [stdout] 
[INFO] [stdout] 
[INFO] [stdout] error[E0433]: cannot find module or crate `loonfs_test_support` in this scope
[INFO] [stdout]    --> src/namespace/tests.rs:148:10
[INFO] [stdout]     |
[INFO] [stdout] 148 |         &loonfs_test_support::test_actor(),
[INFO] [stdout]     |          ^^^^^^^^^^^^^^^^^^^ use of unresolved module or unlinked crate `loonfs_test_support`
[INFO] [stdout]     |
[INFO] [stdout]     = help: if you wanted to use a crate named `loonfs_test_support`, use `cargo add loonfs_test_support` to add it to your `Cargo.toml`
[INFO] [stdout] 
[INFO] [stdout] 
[INFO] [stdout] error[E0433]: cannot find module or crate `loonfs_test_support` in this scope
[INFO] [stdout]    --> src/namespace/tests.rs:176:10
[INFO] [stdout]     |
[INFO] [stdout] 176 |         &loonfs_test_support::test_actor(),
[INFO] [stdout]     |          ^^^^^^^^^^^^^^^^^^^ use of unresolved module or unlinked crate `loonfs_test_support`
[INFO] [stdout]     |
[INFO] [stdout]     = help: if you wanted to use a crate named `loonfs_test_support`, use `cargo add loonfs_test_support` to add it to your `Cargo.toml`
[INFO] [stdout] 
[INFO] [stdout] 
[INFO] [stdout] error[E0433]: cannot find module or crate `loonfs_test_support` in this scope
[INFO] [stdout]    --> src/namespace/tests.rs:333:10
[INFO] [stdout]     |
[INFO] [stdout] 333 |         &loonfs_test_support::test_actor(),
[INFO] [stdout]     |          ^^^^^^^^^^^^^^^^^^^ use of unresolved module or unlinked crate `loonfs_test_support`
[INFO] [stdout]     |
[INFO] [stdout]     = help: if you wanted to use a crate named `loonfs_test_support`, use `cargo add loonfs_test_support` to add it to your `Cargo.toml`
[INFO] [stdout] 
[INFO] [stdout] 
[INFO] [stdout] error[E0433]: cannot find module or crate `loonfs_test_support` in this scope
[INFO] [stdout]    --> src/namespace/tests.rs:363:21
[INFO] [stdout]     |
[INFO] [stdout] 363 |         let actor = loonfs_test_support::test_actor();
[INFO] [stdout]     |                     ^^^^^^^^^^^^^^^^^^^ use of unresolved module or unlinked crate `loonfs_test_support`
[INFO] [stdout]     |
[INFO] [stdout]     = help: if you wanted to use a crate named `loonfs_test_support`, use `cargo add loonfs_test_support` to add it to your `Cargo.toml`
[INFO] [stdout] 
[INFO] [stdout] 
[INFO] [stdout] error[E0433]: cannot find module or crate `loonfs_test_support` in this scope
[INFO] [stdout]    --> src/protocol/batch.rs:392:21
[INFO] [stdout]     |
[INFO] [stdout] 392 |                     loonfs_test_support::test_actor(),
[INFO] [stdout]     |                     ^^^^^^^^^^^^^^^^^^^ use of unresolved module or unlinked crate `loonfs_test_support`
[INFO] [stdout]     |
[INFO] [stdout]     = help: if you wanted to use a crate named `loonfs_test_support`, use `cargo add loonfs_test_support` to add it to your `Cargo.toml`
[INFO] [stdout] 
[INFO] [stdout] 
[INFO] [stdout] error[E0433]: cannot find module or crate `loonfs_test_support` in this scope
[INFO] [stdout]    --> src/protocol/batch.rs:488:13
[INFO] [stdout]     |
[INFO] [stdout] 488 |             loonfs_test_support::test_actor(),
[INFO] [stdout]     |             ^^^^^^^^^^^^^^^^^^^ use of unresolved module or unlinked crate `loonfs_test_support`
[INFO] [stdout]     |
[INFO] [stdout]     = help: if you wanted to use a crate named `loonfs_test_support`, use `cargo add loonfs_test_support` to add it to your `Cargo.toml`
[INFO] [stdout] 
[INFO] [stdout] 
[INFO] [stdout] error[E0433]: cannot find module or crate `loonfs_test_support` in this scope
[INFO] [stdout]    --> src/storage/content_admission.rs:303:13
[INFO] [stdout]     |
[INFO] [stdout] 303 |             loonfs_test_support::test_actor(),
[INFO] [stdout]     |             ^^^^^^^^^^^^^^^^^^^ use of unresolved module or unlinked crate `loonfs_test_support`
[INFO] [stdout]     |
[INFO] [stdout]     = help: if you wanted to use a crate named `loonfs_test_support`, use `cargo add loonfs_test_support` to add it to your `Cargo.toml`
[INFO] [stdout] 
[INFO] [stdout] 
[INFO] [stdout] error[E0433]: cannot find module or crate `loonfs_test_support` in this scope
[INFO] [stdout]    --> src/wal/tests.rs:227:9
[INFO] [stdout]     |
[INFO] [stdout] 227 |         loonfs_test_support::test_actor(),
[INFO] [stdout]     |         ^^^^^^^^^^^^^^^^^^^ use of unresolved module or unlinked crate `loonfs_test_support`
[INFO] [stdout]     |
[INFO] [stdout]     = help: if you wanted to use a crate named `loonfs_test_support`, use `cargo add loonfs_test_support` to add it to your `Cargo.toml`
[INFO] [stdout] 
[INFO] [stdout] 
[INFO] [stdout] error[E0433]: cannot find module or crate `loonfs_test_support` in this scope
[INFO] [stdout]    --> src/wal/tests.rs:706:9
[INFO] [stdout]     |
[INFO] [stdout] 706 |         loonfs_test_support::test_actor(),
[INFO] [stdout]     |         ^^^^^^^^^^^^^^^^^^^ use of unresolved module or unlinked crate `loonfs_test_support`
[INFO] [stdout]     |
[INFO] [stdout]     = help: if you wanted to use a crate named `loonfs_test_support`, use `cargo add loonfs_test_support` to add it to your `Cargo.toml`
[INFO] [stdout] 
[INFO] [stdout] 
[INFO] [stdout] error[E0433]: cannot find module or crate `loonfs_test_support` in this scope
[INFO] [stdout]    --> src/wal/tests.rs:745:9
[INFO] [stdout]     |
[INFO] [stdout] 745 |         loonfs_test_support::test_actor(),
[INFO] [stdout]     |         ^^^^^^^^^^^^^^^^^^^ use of unresolved module or unlinked crate `loonfs_test_support`
[INFO] [stdout]     |
[INFO] [stdout]     = help: if you wanted to use a crate named `loonfs_test_support`, use `cargo add loonfs_test_support` to add it to your `Cargo.toml`
[INFO] [stdout] 
[INFO] [stdout] 
[INFO] [stdout] error[E0433]: cannot find module or crate `loonfs_test_support` in this scope
[INFO] [stdout]    --> src/commit/validate/tests.rs:162:10
[INFO] [stdout]     |
[INFO] [stdout] 162 |         &loonfs_test_support::test_actor(),
[INFO] [stdout]     |          ^^^^^^^^^^^^^^^^^^^ use of unresolved module or unlinked crate `loonfs_test_support`
[INFO] [stdout]     |
[INFO] [stdout]     = help: if you wanted to use a crate named `loonfs_test_support`, use `cargo add loonfs_test_support` to add it to your `Cargo.toml`
[INFO] [stdout] 
[INFO] [stdout] 
[INFO] [stdout] error[E0433]: cannot find module or crate `loonfs_test_support` in this scope
[INFO] [stdout]    --> src/commit/validate/tests.rs:176:14
[INFO] [stdout]     |
[INFO] [stdout] 176 |             &loonfs_test_support::test_actor(),
[INFO] [stdout]     |              ^^^^^^^^^^^^^^^^^^^ use of unresolved module or unlinked crate `loonfs_test_support`
[INFO] [stdout]     |
[INFO] [stdout]     = help: if you wanted to use a crate named `loonfs_test_support`, use `cargo add loonfs_test_support` to add it to your `Cargo.toml`
[INFO] [stdout] 
[INFO] [stdout] 
[INFO] [stdout] error[E0433]: cannot find module or crate `loonfs_test_support` in this scope
[INFO] [stdout]    --> src/commit/validate/tests.rs:198:21
[INFO] [stdout]     |
[INFO] [stdout] 198 |         created_by: loonfs_test_support::test_actor(),
[INFO] [stdout]     |                     ^^^^^^^^^^^^^^^^^^^ use of unresolved module or unlinked crate `loonfs_test_support`
[INFO] [stdout]     |
[INFO] [stdout]     = help: if you wanted to use a crate named `loonfs_test_support`, use `cargo add loonfs_test_support` to add it to your `Cargo.toml`
[INFO] [stdout] 
[INFO] [stdout] 
[INFO] [stdout] error[E0433]: cannot find module or crate `loonfs_test_support` in this scope
[INFO] [stdout]    --> src/commit/validate/tests.rs:848:14
[INFO] [stdout]     |
[INFO] [stdout] 848 |             &loonfs_test_support::test_actor(),
[INFO] [stdout]     |              ^^^^^^^^^^^^^^^^^^^ use of unresolved module or unlinked crate `loonfs_test_support`
[INFO] [stdout]     |
[INFO] [stdout]     = help: if you wanted to use a crate named `loonfs_test_support`, use `cargo add loonfs_test_support` to add it to your `Cargo.toml`
[INFO] [stdout] 
[INFO] [stdout] 
[INFO] [stdout] error[E0433]: cannot find module or crate `loonfs_test_support` in this scope
[INFO] [stdout]    --> src/commit/validate/tests.rs:859:14
[INFO] [stdout]     |
[INFO] [stdout] 859 |             &loonfs_test_support::test_actor(),
[INFO] [stdout]     |              ^^^^^^^^^^^^^^^^^^^ use of unresolved module or unlinked crate `loonfs_test_support`
[INFO] [stdout]     |
[INFO] [stdout]     = help: if you wanted to use a crate named `loonfs_test_support`, use `cargo add loonfs_test_support` to add it to your `Cargo.toml`
[INFO] [stdout] 
[INFO] [stdout] 
[INFO] [stdout] error[E0433]: cannot find module or crate `loonfs_test_support` in this scope
[INFO] [stdout]   --> src/commit/wal_payload.rs:44:23
[INFO] [stdout]    |
[INFO] [stdout] 44 |             actor_id: loonfs_test_support::test_actor(),
[INFO] [stdout]    |                       ^^^^^^^^^^^^^^^^^^^ use of unresolved module or unlinked crate `loonfs_test_support`
[INFO] [stdout]    |
[INFO] [stdout]    = help: if you wanted to use a crate named `loonfs_test_support`, use `cargo add loonfs_test_support` to add it to your `Cargo.toml`
[INFO] [stdout] 
[INFO] [stdout] 
[INFO] [stdout] error[E0433]: cannot find module or crate `loonfs_test_support` in this scope
[INFO] [stdout]   --> src/metadata/tests.rs:16:5
[INFO] [stdout]    |
[INFO] [stdout] 16 |     loonfs_test_support::test_actor()
[INFO] [stdout]    |     ^^^^^^^^^^^^^^^^^^^ use of unresolved module or unlinked crate `loonfs_test_support`
[INFO] [stdout]    |
[INFO] [stdout]    = help: if you wanted to use a crate named `loonfs_test_support`, use `cargo add loonfs_test_support` to add it to your `Cargo.toml`
[INFO] [stdout] 
[INFO] [stdout] 
[INFO] [stdout] error[E0433]: cannot find module or crate `loonfs_test_support` in this scope
[INFO] [stdout]     --> src/path/read/materialized_view.rs:1198:17
[INFO] [stdout]      |
[INFO] [stdout] 1198 |                 loonfs_test_support::test_actor(),
[INFO] [stdout]      |                 ^^^^^^^^^^^^^^^^^^^ use of unresolved module or unlinked crate `loonfs_test_support`
[INFO] [stdout]      |
[INFO] [stdout]      = help: if you wanted to use a crate named `loonfs_test_support`, use `cargo add loonfs_test_support` to add it to your `Cargo.toml`
[INFO] [stdout] 
[INFO] [stdout] 
[INFO] [stdout] error[E0433]: cannot find module or crate `loonfs_test_support` in this scope
[INFO] [stdout]    --> src/path/write/planner.rs:356:13
[INFO] [stdout]     |
[INFO] [stdout] 356 |             loonfs_test_support::test_actor(),
[INFO] [stdout]     |             ^^^^^^^^^^^^^^^^^^^ use of unresolved module or unlinked crate `loonfs_test_support`
[INFO] [stdout]     |
[INFO] [stdout]     = help: if you wanted to use a crate named `loonfs_test_support`, use `cargo add loonfs_test_support` to add it to your `Cargo.toml`
[INFO] [stdout] 
[INFO] [stdout] 
[INFO] [stdout] error[E0433]: cannot find module or crate `loonfs_test_support` in this scope
[INFO] [stdout]    --> src/path/write/planner.rs:376:17
[INFO] [stdout]     |
[INFO] [stdout] 376 |                 loonfs_test_support::test_actor(),
[INFO] [stdout]     |                 ^^^^^^^^^^^^^^^^^^^ use of unresolved module or unlinked crate `loonfs_test_support`
[INFO] [stdout]     |
[INFO] [stdout]     = help: if you wanted to use a crate named `loonfs_test_support`, use `cargo add loonfs_test_support` to add it to your `Cargo.toml`
[INFO] [stdout] 
[INFO] [stdout] 
[INFO] [stdout] error[E0433]: cannot find module or crate `loonfs_test_support` in this scope
[INFO] [stdout]    --> src/path/write/planner.rs:387:17
[INFO] [stdout]     |
[INFO] [stdout] 387 |                 loonfs_test_support::test_actor(),
[INFO] [stdout]     |                 ^^^^^^^^^^^^^^^^^^^ use of unresolved module or unlinked crate `loonfs_test_support`
[INFO] [stdout]     |
[INFO] [stdout]     = help: if you wanted to use a crate named `loonfs_test_support`, use `cargo add loonfs_test_support` to add it to your `Cargo.toml`
[INFO] [stdout] 
[INFO] [stdout] 
[INFO] [stdout] error[E0433]: cannot find module or crate `loonfs_test_support` in this scope
[INFO] [stdout]    --> src/path/write/planner.rs:404:13
[INFO] [stdout]     |
[INFO] [stdout] 404 |             loonfs_test_support::test_actor(),
[INFO] [stdout]     |             ^^^^^^^^^^^^^^^^^^^ use of unresolved module or unlinked crate `loonfs_test_support`
[INFO] [stdout]     |
[INFO] [stdout]     = help: if you wanted to use a crate named `loonfs_test_support`, use `cargo add loonfs_test_support` to add it to your `Cargo.toml`
[INFO] [stdout] 
[INFO] [stdout] 
[INFO] [stdout] error[E0433]: cannot find module or crate `loonfs_test_support` in this scope
[INFO] [stdout]    --> src/path/write/planner.rs:411:23
[INFO] [stdout]     |
[INFO] [stdout] 411 |             actor_id: loonfs_test_support::test_actor(),
[INFO] [stdout]     |                       ^^^^^^^^^^^^^^^^^^^ use of unresolved module or unlinked crate `loonfs_test_support`
[INFO] [stdout]     |
[INFO] [stdout]     = help: if you wanted to use a crate named `loonfs_test_support`, use `cargo add loonfs_test_support` to add it to your `Cargo.toml`
[INFO] [stdout] 
[INFO] [stdout] 
[INFO] [stdout] error[E0433]: cannot find module or crate `loonfs_test_support` in this scope
[INFO] [stdout]    --> src/path/write/planner.rs:601:27
[INFO] [stdout]     |
[INFO] [stdout] 601 |                 actor_id: loonfs_test_support::test_actor(),
[INFO] [stdout]     |                           ^^^^^^^^^^^^^^^^^^^ use of unresolved module or unlinked crate `loonfs_test_support`
[INFO] [stdout]     |
[INFO] [stdout]     = help: if you wanted to use a crate named `loonfs_test_support`, use `cargo add loonfs_test_support` to add it to your `Cargo.toml`
[INFO] [stdout] 
[INFO] [stdout] 
[INFO] [stdout] error[E0433]: cannot find module or crate `loonfs_test_support` in this scope
[INFO] [stdout]    --> src/path/write/planner.rs:682:27
[INFO] [stdout]     |
[INFO] [stdout] 682 |                 actor_id: loonfs_test_support::test_actor(),
[INFO] [stdout]     |                           ^^^^^^^^^^^^^^^^^^^ use of unresolved module or unlinked crate `loonfs_test_support`
[INFO] [stdout]     |
[INFO] [stdout]     = help: if you wanted to use a crate named `loonfs_test_support`, use `cargo add loonfs_test_support` to add it to your `Cargo.toml`
[INFO] [stdout] 
[INFO] [stdout] 
[INFO] [stdout] error[E0433]: cannot find module or crate `loonfs_test_support` in this scope
[INFO] [stdout]    --> src/path/write/planner.rs:731:27
[INFO] [stdout]     |
[INFO] [stdout] 731 |                 actor_id: loonfs_test_support::test_actor(),
[INFO] [stdout]     |                           ^^^^^^^^^^^^^^^^^^^ use of unresolved module or unlinked crate `loonfs_test_support`
[INFO] [stdout]     |
[INFO] [stdout]     = help: if you wanted to use a crate named `loonfs_test_support`, use `cargo add loonfs_test_support` to add it to your `Cargo.toml`
[INFO] [stdout] 
[INFO] [stdout] 
[INFO] [stdout] error[E0433]: cannot find module or crate `loonfs_test_support` in this scope
[INFO] [stdout]    --> src/path/write/session.rs:158:17
[INFO] [stdout]     |
[INFO] [stdout] 158 |                 loonfs_test_support::test_actor(),
[INFO] [stdout]     |                 ^^^^^^^^^^^^^^^^^^^ use of unresolved module or unlinked crate `loonfs_test_support`
[INFO] [stdout]     |
[INFO] [stdout]     = help: if you wanted to use a crate named `loonfs_test_support`, use `cargo add loonfs_test_support` to add it to your `Cargo.toml`
[INFO] [stdout] 
[INFO] [stdout] 
[INFO] [stdout] error[E0433]: cannot find module or crate `loonfs_test_support` in this scope
[INFO] [stdout]    --> src/path/write/session.rs:176:13
[INFO] [stdout]     |
[INFO] [stdout] 176 |             loonfs_test_support::test_actor(),
[INFO] [stdout]     |             ^^^^^^^^^^^^^^^^^^^ use of unresolved module or unlinked crate `loonfs_test_support`
[INFO] [stdout]     |
[INFO] [stdout]     = help: if you wanted to use a crate named `loonfs_test_support`, use `cargo add loonfs_test_support` to add it to your `Cargo.toml`
[INFO] [stdout] 
[INFO] [stdout] 
[INFO] [stdout] error[E0433]: cannot find module or crate `loonfs_test_support` in this scope
[INFO] [stdout]    --> src/path/write/session.rs:189:23
[INFO] [stdout]     |
[INFO] [stdout] 189 |             actor_id: loonfs_test_support::test_actor(),
[INFO] [stdout]     |                       ^^^^^^^^^^^^^^^^^^^ use of unresolved module or unlinked crate `loonfs_test_support`
[INFO] [stdout]     |
[INFO] [stdout]     = help: if you wanted to use a crate named `loonfs_test_support`, use `cargo add loonfs_test_support` to add it to your `Cargo.toml`
[INFO] [stdout] 
[INFO] [stdout] 
[INFO] [stdout] error[E0433]: cannot find module or crate `loonfs_test_support` in this scope
[INFO] [stdout]    --> src/path/write/session.rs:302:13
[INFO] [stdout]     |
[INFO] [stdout] 302 |             loonfs_test_support::test_actor(),
[INFO] [stdout]     |             ^^^^^^^^^^^^^^^^^^^ use of unresolved module or unlinked crate `loonfs_test_support`
[INFO] [stdout]     |
[INFO] [stdout]     = help: if you wanted to use a crate named `loonfs_test_support`, use `cargo add loonfs_test_support` to add it to your `Cargo.toml`
[INFO] [stdout] 
[INFO] [stdout] 
[INFO] [stdout] error[E0433]: cannot find module or crate `loonfs_test_support` in this scope
[INFO] [stdout]    --> src/path/write/session.rs:328:13
[INFO] [stdout]     |
[INFO] [stdout] 328 |             loonfs_test_support::test_actor(),
[INFO] [stdout]     |             ^^^^^^^^^^^^^^^^^^^ use of unresolved module or unlinked crate `loonfs_test_support`
[INFO] [stdout]     |
[INFO] [stdout]     = help: if you wanted to use a crate named `loonfs_test_support`, use `cargo add loonfs_test_support` to add it to your `Cargo.toml`
[INFO] [stdout] 
[INFO] [stdout] 
[INFO] [stdout] error[E0433]: cannot find module or crate `loonfs_test_support` in this scope
[INFO] [stdout]    --> src/path/write/session.rs:509:21
[INFO] [stdout]     |
[INFO] [stdout] 509 |                     loonfs_test_support::test_actor(),
[INFO] [stdout]     |                     ^^^^^^^^^^^^^^^^^^^ use of unresolved module or unlinked crate `loonfs_test_support`
[INFO] [stdout]     |
[INFO] [stdout]     = help: if you wanted to use a crate named `loonfs_test_support`, use `cargo add loonfs_test_support` to add it to your `Cargo.toml`
[INFO] [stdout] 
[INFO] [stdout] 
[INFO] [stdout] Some errors have detailed explanations: E0046, E0277, E0433.
[INFO] [stdout] 
[INFO] [stdout] For more information about an error, try `rustc --explain E0046`.
[INFO] [stdout] 
[INFO] [stderr] error: could not compile `loonfs-core` (lib test) due to 175 previous errors
[INFO] running `Command { std: "docker" "inspect" "136811f11f6c8971ac31cdf5cd5eb4a70adabb3a0dfedd4e11851d4e669f94ba", kill_on_drop: false }`
[INFO] running `Command { std: "docker" "rm" "-f" "136811f11f6c8971ac31cdf5cd5eb4a70adabb3a0dfedd4e11851d4e669f94ba", kill_on_drop: false }`
[INFO] [stdout] 136811f11f6c8971ac31cdf5cd5eb4a70adabb3a0dfedd4e11851d4e669f94ba
