[INFO] fetching crate loonfs-client 0.4.0...
[INFO] checking loonfs-client-0.4.0 against 3154cc1a3e6424e44f438a95007d043ed5ceaaf6 for pr-133502-30
[INFO] extracting crate loonfs-client 0.4.0 into /workspace/builds/worker-0-tc2/source
[INFO] started tweaking crates.io crate loonfs-client 0.4.0
[INFO] finished tweaking crates.io crate loonfs-client 0.4.0
[INFO] tweaked toml for crates.io crate loonfs-client 0.4.0 written to /workspace/builds/worker-0-tc2/source/Cargo.toml
[INFO] validating manifest of crates.io crate loonfs-client 0.4.0 on toolchain 3154cc1a3e6424e44f438a95007d043ed5ceaaf6
[INFO] running `Command { std: CARGO_HOME="/workspace/cargo-home" RUSTUP_HOME="/workspace/rustup-home" "/workspace/cargo-home/bin/cargo" "+3154cc1a3e6424e44f438a95007d043ed5ceaaf6" "metadata" "--manifest-path" "Cargo.toml" "--no-deps", kill_on_drop: false }`
[INFO] crate crates.io crate loonfs-client 0.4.0 already has a lockfile, it will not be regenerated
[INFO] running `Command { std: CARGO_HOME="/workspace/cargo-home" RUSTUP_HOME="/workspace/rustup-home" "/workspace/cargo-home/bin/cargo" "+3154cc1a3e6424e44f438a95007d043ed5ceaaf6" "fetch" "--manifest-path" "Cargo.toml", kill_on_drop: false }`
[INFO] [stderr] warning: `package.homepage` is redundant with `package.repository`
[INFO] [stderr]   --> Cargo.toml:91:12
[INFO] [stderr]    |
[INFO] [stderr] 91 | homepage = "https://github.com/loonfs/loonfs"
[INFO] [stderr]    |            ^^^^^^^^^^^^^^^^^^^^^^^^^^^^^^^^^^
[INFO] [stderr] ...
[INFO] [stderr] 96 | repository = "https://github.com/loonfs/loonfs"
[INFO] [stderr]    |              ----------------------------------
[INFO] [stderr]    |
[INFO] [stderr]    = note: `cargo::redundant_homepage` is set to `warn` by default
[INFO] [stderr] help: consider removing `package.homepage`
[INFO] [stderr] warning: `loonfs-client` (manifest) generated 1 warning
[INFO] running `Command { std: "docker" "create" "-v" "/var/lib/crater-agent-workspace/builds/worker-0-tc2/source:/opt/rustwide/workdir:ro,Z" "-v" "/var/lib/crater-agent-workspace/builds/worker-0-tc2/target:/opt/rustwide/target:rw,Z" "-v" "/var/lib/crater-agent-workspace/cargo-home:/opt/rustwide/cargo-home:ro,Z" "-v" "/var/lib/crater-agent-workspace/rustup-home:/opt/rustwide/rustup-home:ro,Z" "-m" "1610612736" "--network" "none" "ghcr.io/rust-lang/crates-build-env/linux@sha256:77db811e55d90add9212f6832c23229e3de5f1c1f9905e8cb07319ea15df73ac" "sleep" "infinity", kill_on_drop: false }`
[INFO] [stdout] 55d907988492a7da8a0c95f54f358c45d15f9ae534f3cd3181e0f37b556c3234
[INFO] running `Command { std: "docker" "start" "55d907988492a7da8a0c95f54f358c45d15f9ae534f3cd3181e0f37b556c3234", kill_on_drop: false }`
[INFO] running `Command { std: "docker" "inspect" "55d907988492a7da8a0c95f54f358c45d15f9ae534f3cd3181e0f37b556c3234", kill_on_drop: false }`
[INFO] running `Command { std: "docker" "exec" "-e" "SOURCE_DIR=/opt/rustwide/workdir" "-e" "CARGO_HOME=/opt/rustwide/cargo-home" "-e" "RUSTUP_HOME=/opt/rustwide/rustup-home" "-e" "CARGO_TARGET_DIR=/opt/rustwide/target" "-w" "/opt/rustwide/workdir" "--user" "0:0" "55d907988492a7da8a0c95f54f358c45d15f9ae534f3cd3181e0f37b556c3234" "/opt/rustwide/cargo-home/bin/cargo" "+3154cc1a3e6424e44f438a95007d043ed5ceaaf6" "metadata" "--no-deps" "--format-version=1", kill_on_drop: false }`
[INFO] running `Command { std: "docker" "inspect" "55d907988492a7da8a0c95f54f358c45d15f9ae534f3cd3181e0f37b556c3234", kill_on_drop: false }`
[INFO] running `Command { std: "docker" "exec" "-e" "SOURCE_DIR=/opt/rustwide/workdir" "-e" "CARGO_HOME=/opt/rustwide/cargo-home" "-e" "RUSTUP_HOME=/opt/rustwide/rustup-home" "-e" "CARGO_TARGET_DIR=/opt/rustwide/target" "-e" "CARGO_INCREMENTAL=0" "-e" "RUST_BACKTRACE=full" "-e" "RUSTFLAGS=--cap-lints=forbid" "-e" "RUSTDOCFLAGS=--cap-lints=forbid" "-w" "/opt/rustwide/workdir" "--user" "0:0" "55d907988492a7da8a0c95f54f358c45d15f9ae534f3cd3181e0f37b556c3234" "/opt/rustwide/cargo-home/bin/cargo" "+3154cc1a3e6424e44f438a95007d043ed5ceaaf6" "check" "--frozen" "--all" "--all-targets" "--message-format=json", kill_on_drop: false }`
[INFO] [stderr] warning: `package.homepage` is redundant with `package.repository`
[INFO] [stderr]   --> Cargo.toml:91:12
[INFO] [stderr]    |
[INFO] [stderr] 91 | homepage = "https://github.com/loonfs/loonfs"
[INFO] [stderr]    |            ^^^^^^^^^^^^^^^^^^^^^^^^^^^^^^^^^^
[INFO] [stderr] ...
[INFO] [stderr] 96 | repository = "https://github.com/loonfs/loonfs"
[INFO] [stderr]    |              ----------------------------------
[INFO] [stderr]    |
[INFO] [stderr]    = note: `cargo::redundant_homepage` is set to `warn` by default
[INFO] [stderr] help: consider removing `package.homepage`
[INFO] [stderr] warning: `loonfs-client` (manifest) generated 1 warning
[INFO] [stderr]    Compiling proc-macro2 v1.0.106
[INFO] [stderr]    Compiling quote v1.0.45
[INFO] [stderr]    Compiling unicode-ident v1.0.24
[INFO] [stderr]    Compiling libc v0.2.183
[INFO] [stderr]    Compiling serde_core v1.0.228
[INFO] [stderr]    Compiling serde v1.0.228
[INFO] [stderr]     Checking stable_deref_trait v1.2.1
[INFO] [stderr]    Compiling find-msvc-tools v0.1.9
[INFO] [stderr]    Compiling shlex v1.3.0
[INFO] [stderr]     Checking cfg-if v1.0.4
[INFO] [stderr]     Checking pin-project-lite v0.2.17
[INFO] [stderr]     Checking futures-core v0.3.32
[INFO] [stderr]     Checking writeable v0.6.2
[INFO] [stderr]     Checking itoa v1.0.17
[INFO] [stderr]     Checking litemap v0.8.1
[INFO] [stderr]     Checking futures-sink v0.3.32
[INFO] [stderr]    Compiling icu_properties_data v2.1.2
[INFO] [stderr]     Checking memchr v2.8.0
[INFO] [stderr]     Checking smallvec v1.15.1
[INFO] [stderr]    Compiling icu_normalizer_data v2.1.1
[INFO] [stderr]     Checking once_cell v1.21.4
[INFO] [stderr]     Checking slab v0.4.12
[INFO] [stderr]     Checking futures-channel v0.3.32
[INFO] [stderr]    Compiling version_check v0.9.5
[INFO] [stderr]     Checking futures-task v0.3.32
[INFO] [stderr]     Checking futures-io v0.3.32
[INFO] [stderr]     Checking utf16_iter v1.0.5
[INFO] [stderr]     Checking utf8_iter v1.0.4
[INFO] [stderr]     Checking zeroize v1.8.2
[INFO] [stderr]     Checking write16 v1.0.0
[INFO] [stderr]    Compiling pkg-config v0.3.32
[INFO] [stderr]     Checking percent-encoding v2.3.2
[INFO] [stderr]     Checking typenum v1.20.1
[INFO] [stderr]    Compiling httparse v1.10.1
[INFO] [stderr]     Checking untrusted v0.9.0
[INFO] [stderr]    Compiling zerocopy v0.8.42
[INFO] [stderr]     Checking try-lock v0.2.5
[INFO] [stderr]     Checking tower-service v0.3.3
[INFO] [stderr]    Compiling semver v1.0.27
[INFO] [stderr]    Compiling rustls v0.23.45
[INFO] [stderr]     Checking want v0.3.1
[INFO] [stderr]     Checking tracing-core v0.1.36
[INFO] [stderr]     Checking rustls-pki-types v1.14.0
[INFO] [stderr]     Checking form_urlencoded v1.2.2
[INFO] [stderr]    Compiling zmij v1.0.21
[INFO] [stderr]    Compiling generic-array v0.14.7
[INFO] [stderr]     Checking bitflags v2.11.0
[INFO] [stderr]     Checking base64 v0.22.1
[INFO] [stderr]     Checking atomic-waker v1.1.2
[INFO] [stderr]    Compiling zstd-safe v7.2.4
[INFO] [stderr]    Compiling icu_casemap_data v2.1.1
[INFO] [stderr]     Checking subtle v2.6.1
[INFO] [stderr]     Checking sync_wrapper v1.0.2
[INFO] [stderr]    Compiling thiserror v2.0.18
[INFO] [stderr]     Checking openssl-probe v0.2.1
[INFO] [stderr]     Checking ciborium-io v0.2.2
[INFO] [stderr]    Compiling rustc_version v0.4.1
[INFO] [stderr]     Checking equivalent v1.0.2
[INFO] [stderr]     Checking tower-layer v0.3.3
[INFO] [stderr]     Checking hashbrown v0.16.1
[INFO] [stderr]     Checking ipnet v2.12.0
[INFO] [stderr]     Checking crc-catalog v2.5.0
[INFO] [stderr]    Compiling serde_json v1.0.149
[INFO] [stderr]    Compiling getrandom v0.3.4
[INFO] [stderr]     Checking crc v3.4.0
[INFO] [stderr]     Checking rustls-native-certs v0.8.4
[INFO] [stderr]     Checking cpufeatures v0.2.17
[INFO] [stderr]     Checking toml_write v0.1.2
[INFO] [stderr]     Checking winnow v0.7.15
[INFO] [stderr]     Checking ryu v1.0.23
[INFO] [stderr]    Compiling rustix v1.1.4
[INFO] [stderr]    Compiling getrandom v0.4.2
[INFO] [stderr]     Checking log v0.4.29
[INFO] [stderr]     Checking crc64fast-nvme v1.2.1
[INFO] [stderr]     Checking linux-raw-sys v0.12.1
[INFO] [stderr]     Checking errno v0.3.14
[INFO] [stderr]     Checking socket2 v0.6.3
[INFO] [stderr]     Checking mio v1.1.1
[INFO] [stderr]     Checking getrandom v0.2.17
[INFO] [stderr]    Compiling crc32c v0.6.8
[INFO] [stderr]     Checking signal-hook-registry v1.4.8
[INFO] [stderr]     Checking xxhash-rust v0.8.16
[INFO] [stderr]    Compiling syn v2.0.117
[INFO] [stderr]     Checking urlencoding v2.1.3
[INFO] [stderr]     Checking fastrand v2.3.0
[INFO] [stderr]     Checking indexmap v2.13.0
[INFO] [stderr]    Compiling jobserver v0.1.34
[INFO] [stderr]    Compiling cc v1.2.56
[INFO] [stderr]     Checking block-buffer v0.10.4
[INFO] [stderr]     Checking crypto-common v0.1.7
[INFO] [stderr]     Checking digest v0.10.7
[INFO] [stderr]     Checking sha2 v0.10.9
[INFO] [stderr]    Compiling ring v0.17.14
[INFO] [stderr]    Compiling zstd-sys v2.0.16+zstd.1.5.7
[INFO] [stderr]     Checking tempfile v3.27.0
[INFO] [stderr]     Checking serde_bytes v0.11.19
[INFO] [stderr]    Compiling synstructure v0.13.2
[INFO] [stderr]     Checking rustls-webpki v0.103.15
[INFO] [stderr]    Compiling serde_derive v1.0.228
[INFO] [stderr]    Compiling zerofrom-derive v0.1.6
[INFO] [stderr]    Compiling yoke-derive v0.8.1
[INFO] [stderr]    Compiling zerovec-derive v0.11.2
[INFO] [stderr]    Compiling displaydoc v0.2.5
[INFO] [stderr]    Compiling tokio-macros v2.6.1
[INFO] [stderr]    Compiling futures-macro v0.3.32
[INFO] [stderr]    Compiling zerocopy-derive v0.8.42
[INFO] [stderr]    Compiling tracing-attributes v0.1.31
[INFO] [stderr]    Compiling thiserror-impl v2.0.18
[INFO] [stderr]     Checking zstd v0.13.3
[INFO] [stderr]     Checking futures-util v0.3.32
[INFO] [stderr]     Checking zerofrom v0.1.6
[INFO] [stderr]     Checking tracing v0.1.44
[INFO] [stderr]     Checking yoke v0.8.1
[INFO] [stderr]     Checking zerovec v0.11.5
[INFO] [stderr]     Checking zerotrie v0.2.3
[INFO] [stderr]     Checking tinystr v0.8.2
[INFO] [stderr]     Checking potential_utf v0.1.4
[INFO] [stderr]     Checking icu_collections v2.1.1
[INFO] [stderr]     Checking icu_locale_core v2.1.1
[INFO] [stderr]     Checking bytes v1.11.1
[INFO] [stderr]     Checking serde_spanned v0.6.9
[INFO] [stderr]     Checking toml_datetime v0.6.11
[INFO] [stderr]     Checking serde_urlencoded v0.7.1
[INFO] [stderr]     Checking toml_edit v0.22.27
[INFO] [stderr]     Checking icu_provider v2.1.1
[INFO] [stderr]     Checking futures-executor v0.3.32
[INFO] [stderr]     Checking tokio v1.50.0
[INFO] [stderr]     Checking http v1.4.0
[INFO] [stderr]     Checking futures v0.3.32
[INFO] [stderr]     Checking icu_properties v2.1.2
[INFO] [stderr]     Checking icu_normalizer v2.1.1
[INFO] [stderr]     Checking http-body v1.0.1
[INFO] [stderr]     Checking http-body-util v0.1.3
[INFO] [stderr]     Checking toml v0.8.23
[INFO] [stderr]     Checking idna_adapter v1.2.1
[INFO] [stderr]     Checking icu_casemap v2.1.1
[INFO] [stderr]     Checking idna v1.1.0
[INFO] [stderr]     Checking url v2.5.8
[INFO] [stderr]     Checking half v2.7.1
[INFO] [stderr]     Checking ciborium-ll v0.2.2
[INFO] [stderr]     Checking ciborium v0.2.2
[INFO] [stderr]     Checking loonfs-api v0.4.0
[INFO] [stderr]     Checking hyper v1.9.0
[INFO] [stderr]     Checking tower v0.5.3
[INFO] [stderr]     Checking tokio-rustls v0.26.4
[INFO] [stderr]     Checking tokio-util v0.7.18
[INFO] [stderr]     Checking tower-http v0.6.11
[INFO] [stderr]     Checking hyper-util v0.1.20
[INFO] [stderr]     Checking hyper-rustls v0.27.9
[INFO] [stderr]     Checking reqwest v0.12.28
[INFO] [stderr]     Checking loonfs-client v0.4.0 (/opt/rustwide/workdir)
[INFO] [stdout] error[E0433]: cannot find module or crate `loonfs_test_support` in this scope
[INFO] [stdout]  --> src/transport/tests.rs:6:5
[INFO] [stdout]   |
[INFO] [stdout] 6 | use loonfs_test_support::clock::ManualClock;
[INFO] [stdout]   |     ^^^^^^^^^^^^^^^^^^^ use of unresolved module or unlinked crate `loonfs_test_support`
[INFO] [stdout]   |
[INFO] [stdout]   = help: if you wanted to use a crate named `loonfs_test_support`, use `cargo add loonfs_test_support` to add it to your `Cargo.toml`
[INFO] [stdout] 
[INFO] [stdout] 
[INFO] [stdout] error[E0433]: cannot find module or crate `loonfs_test_support` in this scope
[INFO] [stdout]   --> src/uploads/staging/tests.rs:18:5
[INFO] [stdout]    |
[INFO] [stdout] 18 | use loonfs_test_support::ids::content_ref;
[INFO] [stdout]    |     ^^^^^^^^^^^^^^^^^^^ use of unresolved module or unlinked crate `loonfs_test_support`
[INFO] [stdout]    |
[INFO] [stdout]    = help: if you wanted to use a crate named `loonfs_test_support`, use `cargo add loonfs_test_support` to add it to your `Cargo.toml`
[INFO] [stdout] 
[INFO] [stdout] 
[INFO] [stdout] error[E0433]: cannot find module or crate `loonfs_test_support` in this scope
[INFO] [stdout]    --> src/mutations.rs:682:22
[INFO] [stdout]     |
[INFO] [stdout] 682 |                     &loonfs_test_support::test_actor(),
[INFO] [stdout]     |                      ^^^^^^^^^^^^^^^^^^^ use of unresolved module or unlinked crate `loonfs_test_support`
[INFO] [stdout]     |
[INFO] [stdout]     = help: if you wanted to use a crate named `loonfs_test_support`, use `cargo add loonfs_test_support` to add it to your `Cargo.toml`
[INFO] [stdout] 
[INFO] [stdout] 
[INFO] [stdout] error[E0433]: cannot find module or crate `loonfs_test_support` in this scope
[INFO] [stdout]    --> src/mutations.rs:695:48
[INFO] [stdout]     |
[INFO] [stdout] 695 |                     &ForkNamespaceOptions::new(loonfs_test_support::test_actor()),
[INFO] [stdout]     |                                                ^^^^^^^^^^^^^^^^^^^ use of unresolved module or unlinked crate `loonfs_test_support`
[INFO] [stdout]     |
[INFO] [stdout]     = help: if you wanted to use a crate named `loonfs_test_support`, use `cargo add loonfs_test_support` to add it to your `Cargo.toml`
[INFO] [stdout] 
[INFO] [stdout] 
[INFO] [stdout] error[E0433]: cannot find module or crate `loonfs_test_support` in this scope
[INFO] [stdout]    --> src/mutations.rs:738:25
[INFO] [stdout]     |
[INFO] [stdout] 738 |             created_by: loonfs_test_support::test_actor(),
[INFO] [stdout]     |                         ^^^^^^^^^^^^^^^^^^^ use of unresolved module or unlinked crate `loonfs_test_support`
[INFO] [stdout]     |
[INFO] [stdout]     = help: if you wanted to use a crate named `loonfs_test_support`, use `cargo add loonfs_test_support` to add it to your `Cargo.toml`
[INFO] [stdout] 
[INFO] [stdout] 
[INFO] [stdout] error[E0433]: cannot find module or crate `loonfs_test_support` in this scope
[INFO] [stdout]    --> src/mutations.rs:770:27
[INFO] [stdout]     |
[INFO] [stdout] 770 |             committed_by: loonfs_test_support::test_actor(),
[INFO] [stdout]     |                           ^^^^^^^^^^^^^^^^^^^ use of unresolved module or unlinked crate `loonfs_test_support`
[INFO] [stdout]     |
[INFO] [stdout]     = help: if you wanted to use a crate named `loonfs_test_support`, use `cargo add loonfs_test_support` to add it to your `Cargo.toml`
[INFO] [stdout] 
[INFO] [stdout] 
[INFO] [stdout] error[E0433]: cannot find module or crate `loonfs_test_support` in this scope
[INFO] [stdout]    --> src/mutations.rs:783:63
[INFO] [stdout]     |
[INFO] [stdout] 783 |                 let mut options = CreateDirectoryOptions::new(loonfs_test_support::test_actor());
[INFO] [stdout]     |                                                               ^^^^^^^^^^^^^^^^^^^ use of unresolved module or unlinked crate `loonfs_test_support`
[INFO] [stdout]     |
[INFO] [stdout]     = help: if you wanted to use a crate named `loonfs_test_support`, use `cargo add loonfs_test_support` to add it to your `Cargo.toml`
[INFO] [stdout] 
[INFO] [stdout] 
[INFO] [stdout] error[E0433]: cannot find module or crate `loonfs_test_support` in this scope
[INFO] [stdout]    --> src/mutations.rs:799:25
[INFO] [stdout]     |
[INFO] [stdout] 799 |             created_by: loonfs_test_support::test_actor(),
[INFO] [stdout]     |                         ^^^^^^^^^^^^^^^^^^^ use of unresolved module or unlinked crate `loonfs_test_support`
[INFO] [stdout]     |
[INFO] [stdout]     = help: if you wanted to use a crate named `loonfs_test_support`, use `cargo add loonfs_test_support` to add it to your `Cargo.toml`
[INFO] [stdout] 
[INFO] [stdout] 
[INFO] [stdout] error[E0433]: cannot find module or crate `loonfs_test_support` in this scope
[INFO] [stdout]    --> src/uploads/staging/tests.rs:315:23
[INFO] [stdout]     |
[INFO] [stdout] 315 |         committed_by: loonfs_test_support::test_actor(),
[INFO] [stdout]     |                       ^^^^^^^^^^^^^^^^^^^ use of unresolved module or unlinked crate `loonfs_test_support`
[INFO] [stdout]     |
[INFO] [stdout]     = help: if you wanted to use a crate named `loonfs_test_support`, use `cargo add loonfs_test_support` to add it to your `Cargo.toml`
[INFO] [stdout] 
[INFO] [stdout] 
[INFO] [stdout] error[E0433]: cannot find module or crate `loonfs_test_support` in this scope
[INFO] [stdout]    --> src/uploads/staging/tests.rs:465:34
[INFO] [stdout]     |
[INFO] [stdout] 465 |             &PutFileOptions::new(loonfs_test_support::test_actor()),
[INFO] [stdout]     |                                  ^^^^^^^^^^^^^^^^^^^ use of unresolved module or unlinked crate `loonfs_test_support`
[INFO] [stdout]     |
[INFO] [stdout]     = help: if you wanted to use a crate named `loonfs_test_support`, use `cargo add loonfs_test_support` to add it to your `Cargo.toml`
[INFO] [stdout] 
[INFO] [stdout] 
[INFO] [stdout] error[E0433]: cannot find module or crate `loonfs_test_support` in this scope
[INFO] [stdout]    --> src/uploads/staging/tests.rs:488:34
[INFO] [stdout]     |
[INFO] [stdout] 488 |             &PutFileOptions::new(loonfs_test_support::test_actor()),
[INFO] [stdout]     |                                  ^^^^^^^^^^^^^^^^^^^ use of unresolved module or unlinked crate `loonfs_test_support`
[INFO] [stdout]     |
[INFO] [stdout]     = help: if you wanted to use a crate named `loonfs_test_support`, use `cargo add loonfs_test_support` to add it to your `Cargo.toml`
[INFO] [stdout] 
[INFO] [stdout] 
[INFO] [stdout] error[E0433]: cannot find module or crate `loonfs_test_support` in this scope
[INFO] [stdout]    --> src/uploads/staging/tests.rs:535:34
[INFO] [stdout]     |
[INFO] [stdout] 535 |             &PutFileOptions::new(loonfs_test_support::test_actor()),
[INFO] [stdout]     |                                  ^^^^^^^^^^^^^^^^^^^ use of unresolved module or unlinked crate `loonfs_test_support`
[INFO] [stdout]     |
[INFO] [stdout]     = help: if you wanted to use a crate named `loonfs_test_support`, use `cargo add loonfs_test_support` to add it to your `Cargo.toml`
[INFO] [stdout] 
[INFO] [stdout] 
[INFO] [stdout] error[E0433]: cannot find module or crate `loonfs_test_support` in this scope
[INFO] [stdout]    --> src/uploads/staging/tests.rs:566:34
[INFO] [stdout]     |
[INFO] [stdout] 566 |             &PutFileOptions::new(loonfs_test_support::test_actor()),
[INFO] [stdout]     |                                  ^^^^^^^^^^^^^^^^^^^ use of unresolved module or unlinked crate `loonfs_test_support`
[INFO] [stdout]     |
[INFO] [stdout]     = help: if you wanted to use a crate named `loonfs_test_support`, use `cargo add loonfs_test_support` to add it to your `Cargo.toml`
[INFO] [stdout] 
[INFO] [stdout] 
[INFO] [stdout] error[E0433]: cannot find module or crate `loonfs_test_support` in this scope
[INFO] [stdout]    --> src/uploads/staging/tests.rs:618:34
[INFO] [stdout]     |
[INFO] [stdout] 618 |             &PutFileOptions::new(loonfs_test_support::test_actor()),
[INFO] [stdout]     |                                  ^^^^^^^^^^^^^^^^^^^ use of unresolved module or unlinked crate `loonfs_test_support`
[INFO] [stdout]     |
[INFO] [stdout]     = help: if you wanted to use a crate named `loonfs_test_support`, use `cargo add loonfs_test_support` to add it to your `Cargo.toml`
[INFO] [stdout] 
[INFO] [stdout] 
[INFO] [stdout] error[E0433]: cannot find module or crate `loonfs_test_support` in this scope
[INFO] [stdout]    --> src/uploads/staging/tests.rs:667:34
[INFO] [stdout]     |
[INFO] [stdout] 667 |             &PutFileOptions::new(loonfs_test_support::test_actor()),
[INFO] [stdout]     |                                  ^^^^^^^^^^^^^^^^^^^ use of unresolved module or unlinked crate `loonfs_test_support`
[INFO] [stdout]     |
[INFO] [stdout]     = help: if you wanted to use a crate named `loonfs_test_support`, use `cargo add loonfs_test_support` to add it to your `Cargo.toml`
[INFO] [stdout] 
[INFO] [stdout] 
[INFO] [stdout] error[E0433]: cannot find module or crate `loonfs_test_support` in this scope
[INFO] [stdout]    --> src/uploads/staging/tests.rs:705:34
[INFO] [stdout]     |
[INFO] [stdout] 705 |             &PutFileOptions::new(loonfs_test_support::test_actor()),
[INFO] [stdout]     |                                  ^^^^^^^^^^^^^^^^^^^ use of unresolved module or unlinked crate `loonfs_test_support`
[INFO] [stdout]     |
[INFO] [stdout]     = help: if you wanted to use a crate named `loonfs_test_support`, use `cargo add loonfs_test_support` to add it to your `Cargo.toml`
[INFO] [stdout] 
[INFO] [stdout] 
[INFO] [stdout] error[E0433]: cannot find module or crate `loonfs_test_support` in this scope
[INFO] [stdout]    --> src/uploads/staging/tests.rs:743:34
[INFO] [stdout]     |
[INFO] [stdout] 743 |             &PutFileOptions::new(loonfs_test_support::test_actor()),
[INFO] [stdout]     |                                  ^^^^^^^^^^^^^^^^^^^ use of unresolved module or unlinked crate `loonfs_test_support`
[INFO] [stdout]     |
[INFO] [stdout]     = help: if you wanted to use a crate named `loonfs_test_support`, use `cargo add loonfs_test_support` to add it to your `Cargo.toml`
[INFO] [stdout] 
[INFO] [stdout] 
[INFO] [stdout] error[E0433]: cannot find module or crate `loonfs_test_support` in this scope
[INFO] [stdout]    --> src/uploads/staging/tests.rs:786:34
[INFO] [stdout]     |
[INFO] [stdout] 786 |             &PutFileOptions::new(loonfs_test_support::test_actor()),
[INFO] [stdout]     |                                  ^^^^^^^^^^^^^^^^^^^ use of unresolved module or unlinked crate `loonfs_test_support`
[INFO] [stdout]     |
[INFO] [stdout]     = help: if you wanted to use a crate named `loonfs_test_support`, use `cargo add loonfs_test_support` to add it to your `Cargo.toml`
[INFO] [stdout] 
[INFO] [stdout] 
[INFO] [stdout] error[E0433]: cannot find module or crate `loonfs_test_support` in this scope
[INFO] [stdout]    --> src/uploads/staging/tests.rs:821:34
[INFO] [stdout]     |
[INFO] [stdout] 821 |             &PutFileOptions::new(loonfs_test_support::test_actor()),
[INFO] [stdout]     |                                  ^^^^^^^^^^^^^^^^^^^ use of unresolved module or unlinked crate `loonfs_test_support`
[INFO] [stdout]     |
[INFO] [stdout]     = help: if you wanted to use a crate named `loonfs_test_support`, use `cargo add loonfs_test_support` to add it to your `Cargo.toml`
[INFO] [stdout] 
[INFO] [stdout] 
[INFO] [stdout] error[E0433]: cannot find module or crate `loonfs_test_support` in this scope
[INFO] [stdout]    --> src/uploads/staging/tests.rs:858:34
[INFO] [stdout]     |
[INFO] [stdout] 858 |             &PutFileOptions::new(loonfs_test_support::test_actor()),
[INFO] [stdout]     |                                  ^^^^^^^^^^^^^^^^^^^ use of unresolved module or unlinked crate `loonfs_test_support`
[INFO] [stdout]     |
[INFO] [stdout]     = help: if you wanted to use a crate named `loonfs_test_support`, use `cargo add loonfs_test_support` to add it to your `Cargo.toml`
[INFO] [stdout] 
[INFO] [stdout] 
[INFO] [stdout] error[E0433]: cannot find module or crate `loonfs_test_support` in this scope
[INFO] [stdout]    --> src/uploads/staging/tests.rs:893:34
[INFO] [stdout]     |
[INFO] [stdout] 893 |             &PutFileOptions::new(loonfs_test_support::test_actor()),
[INFO] [stdout]     |                                  ^^^^^^^^^^^^^^^^^^^ use of unresolved module or unlinked crate `loonfs_test_support`
[INFO] [stdout]     |
[INFO] [stdout]     = help: if you wanted to use a crate named `loonfs_test_support`, use `cargo add loonfs_test_support` to add it to your `Cargo.toml`
[INFO] [stdout] 
[INFO] [stdout] 
[INFO] [stdout] error[E0433]: cannot find module or crate `loonfs_test_support` in this scope
[INFO] [stdout]     --> src/uploads/staging/tests.rs:1015:38
[INFO] [stdout]      |
[INFO] [stdout] 1015 |                 &PutFileOptions::new(loonfs_test_support::test_actor()),
[INFO] [stdout]      |                                      ^^^^^^^^^^^^^^^^^^^ use of unresolved module or unlinked crate `loonfs_test_support`
[INFO] [stdout]      |
[INFO] [stdout]      = help: if you wanted to use a crate named `loonfs_test_support`, use `cargo add loonfs_test_support` to add it to your `Cargo.toml`
[INFO] [stdout] 
[INFO] [stdout] 
[INFO] [stdout] error[E0433]: cannot find module or crate `loonfs_test_support` in this scope
[INFO] [stdout]     --> src/uploads/staging/tests.rs:1067:43
[INFO] [stdout]      |
[INFO] [stdout] 1067 |     let mut options = PutFileOptions::new(loonfs_test_support::test_actor());
[INFO] [stdout]      |                                           ^^^^^^^^^^^^^^^^^^^ use of unresolved module or unlinked crate `loonfs_test_support`
[INFO] [stdout]      |
[INFO] [stdout]      = help: if you wanted to use a crate named `loonfs_test_support`, use `cargo add loonfs_test_support` to add it to your `Cargo.toml`
[INFO] [stdout] 
[INFO] [stdout] 
[INFO] [stdout] error[E0433]: cannot find module or crate `loonfs_test_support` in this scope
[INFO] [stdout]     --> src/uploads/staging/tests.rs:1122:34
[INFO] [stdout]      |
[INFO] [stdout] 1122 |             &PutFileOptions::new(loonfs_test_support::test_actor()),
[INFO] [stdout]      |                                  ^^^^^^^^^^^^^^^^^^^ use of unresolved module or unlinked crate `loonfs_test_support`
[INFO] [stdout]      |
[INFO] [stdout]      = help: if you wanted to use a crate named `loonfs_test_support`, use `cargo add loonfs_test_support` to add it to your `Cargo.toml`
[INFO] [stdout] 
[INFO] [stdout] 
[INFO] [stdout] error[E0433]: cannot find module or crate `loonfs_test_support` in this scope
[INFO] [stdout]     --> src/uploads/staging/tests.rs:1163:47
[INFO] [stdout]      |
[INFO] [stdout] 1163 |         let mut options = PutFileOptions::new(loonfs_test_support::test_actor());
[INFO] [stdout]      |                                               ^^^^^^^^^^^^^^^^^^^ use of unresolved module or unlinked crate `loonfs_test_support`
[INFO] [stdout]      |
[INFO] [stdout]      = help: if you wanted to use a crate named `loonfs_test_support`, use `cargo add loonfs_test_support` to add it to your `Cargo.toml`
[INFO] [stdout] 
[INFO] [stdout] 
[INFO] [stdout] error[E0433]: cannot find module or crate `loonfs_test_support` in this scope
[INFO] [stdout]     --> src/uploads/staging/tests.rs:1227:34
[INFO] [stdout]      |
[INFO] [stdout] 1227 |             &PutFileOptions::new(loonfs_test_support::test_actor()),
[INFO] [stdout]      |                                  ^^^^^^^^^^^^^^^^^^^ use of unresolved module or unlinked crate `loonfs_test_support`
[INFO] [stdout]      |
[INFO] [stdout]      = help: if you wanted to use a crate named `loonfs_test_support`, use `cargo add loonfs_test_support` to add it to your `Cargo.toml`
[INFO] [stdout] 
[INFO] [stdout] 
[INFO] [stdout] For more information about this error, try `rustc --explain E0433`.
[INFO] [stdout] 
[INFO] [stderr] error: could not compile `loonfs-client` (lib test) due to 26 previous errors
[INFO] running `Command { std: "docker" "inspect" "55d907988492a7da8a0c95f54f358c45d15f9ae534f3cd3181e0f37b556c3234", kill_on_drop: false }`
[INFO] running `Command { std: "docker" "rm" "-f" "55d907988492a7da8a0c95f54f358c45d15f9ae534f3cd3181e0f37b556c3234", kill_on_drop: false }`
[INFO] [stdout] 55d907988492a7da8a0c95f54f358c45d15f9ae534f3cd3181e0f37b556c3234
