[INFO] fetching crate loonfs-cli 0.4.0...
[INFO] checking loonfs-cli-0.4.0 against 3154cc1a3e6424e44f438a95007d043ed5ceaaf6+rustflags=-Znext-solver=coherence for pr-133502-30
[INFO] extracting crate loonfs-cli 0.4.0 into /workspace/builds/worker-2-tc1/source
[INFO] started tweaking crates.io crate loonfs-cli 0.4.0
[INFO] removed 0 missing tests
[INFO] finished tweaking crates.io crate loonfs-cli 0.4.0
[INFO] tweaked toml for crates.io crate loonfs-cli 0.4.0 written to /workspace/builds/worker-2-tc1/source/Cargo.toml
[INFO] validating manifest of crates.io crate loonfs-cli 0.4.0 on toolchain 3154cc1a3e6424e44f438a95007d043ed5ceaaf6
[INFO] running `Command { std: CARGO_HOME="/workspace/cargo-home" RUSTUP_HOME="/workspace/rustup-home" "/workspace/cargo-home/bin/cargo" "+3154cc1a3e6424e44f438a95007d043ed5ceaaf6" "metadata" "--manifest-path" "Cargo.toml" "--no-deps", kill_on_drop: false }`
[INFO] crate crates.io crate loonfs-cli 0.4.0 already has a lockfile, it will not be regenerated
[INFO] running `Command { std: CARGO_HOME="/workspace/cargo-home" RUSTUP_HOME="/workspace/rustup-home" "/workspace/cargo-home/bin/cargo" "+3154cc1a3e6424e44f438a95007d043ed5ceaaf6" "fetch" "--manifest-path" "Cargo.toml", kill_on_drop: false }`
[INFO] [stderr] warning: `package.homepage` is redundant with `package.repository`
[INFO] [stderr]    --> Cargo.toml:117:12
[INFO] [stderr]     |
[INFO] [stderr] 117 | homepage = "https://github.com/loonfs/loonfs"
[INFO] [stderr]     |            ^^^^^^^^^^^^^^^^^^^^^^^^^^^^^^^^^^
[INFO] [stderr] ...
[INFO] [stderr] 122 | repository = "https://github.com/loonfs/loonfs"
[INFO] [stderr]     |              ----------------------------------
[INFO] [stderr]     |
[INFO] [stderr]     = note: `cargo::redundant_homepage` is set to `warn` by default
[INFO] [stderr] help: consider removing `package.homepage`
[INFO] [stderr] warning: `loonfs-cli` (manifest) generated 1 warning
[INFO] [stderr]     Blocking waiting for file lock on package cache
[INFO] [stderr]     Updating crates.io index
[INFO] [stderr]     Blocking waiting for file lock on package cache
[INFO] [stderr]  Downloading crates ...
[INFO] [stderr]   Downloaded httpdate v1.0.3
[INFO] [stderr]   Downloaded serde_path_to_error v0.1.20
[INFO] [stderr]   Downloaded shell-words v1.1.1
[INFO] [stderr]   Downloaded clap_lex v1.1.0
[INFO] [stderr]   Downloaded anstyle-wincon v3.0.11
[INFO] [stderr]   Downloaded hostname v0.4.2
[INFO] [stderr]   Downloaded axum-core v0.5.6
[INFO] [stderr]   Downloaded once_cell_polyfill v1.70.2
[INFO] [stderr]   Downloaded dialoguer v0.11.0
[INFO] [stderr]   Downloaded thread_local v1.1.9
[INFO] [stderr]   Downloaded fuzzy-matcher v0.3.7
[INFO] [stderr]   Downloaded matchit v0.8.4
[INFO] [stderr]   Downloaded wasm-streams v0.4.2
[INFO] [stderr]   Downloaded console v0.16.3
[INFO] [stderr]   Downloaded clap_derive v4.6.0
[INFO] [stderr]   Downloaded loonfs-http v0.4.0
[INFO] [stderr]   Downloaded console v0.15.11
[INFO] [stderr]   Downloaded clap_complete v4.6.9
[INFO] [stderr]   Downloaded similar v2.7.0
[INFO] [stderr]   Downloaded clap v4.6.0
[INFO] [stderr]   Downloaded axum v0.8.9
[INFO] [stderr]   Downloaded encode_unicode v1.0.0
[INFO] [stderr]   Downloaded loonfs-client v0.4.0
[INFO] [stderr]   Downloaded loonfs-grep v0.4.0
[INFO] [stderr]   Downloaded insta v1.47.2
[INFO] [stderr]   Downloaded clap_builder v4.6.0
[INFO] [stderr]   Downloaded reqwest v0.12.28
[INFO] [stderr]   Downloaded unicode-width v0.2.2
[INFO] running `Command { std: "docker" "create" "-v" "/var/lib/crater-agent-workspace/builds/worker-2-tc1/source:/opt/rustwide/workdir:ro,Z" "-v" "/var/lib/crater-agent-workspace/builds/worker-2-tc1/target:/opt/rustwide/target:rw,Z" "-v" "/var/lib/crater-agent-workspace/cargo-home:/opt/rustwide/cargo-home:ro,Z" "-v" "/var/lib/crater-agent-workspace/rustup-home:/opt/rustwide/rustup-home:ro,Z" "-m" "1610612736" "--network" "none" "ghcr.io/rust-lang/crates-build-env/linux@sha256:77db811e55d90add9212f6832c23229e3de5f1c1f9905e8cb07319ea15df73ac" "sleep" "infinity", kill_on_drop: false }`
[INFO] [stdout] bf12eb32ae94314356fcd3d6067424cd223c52a1464e507c84de8622e75b4a32
[INFO] running `Command { std: "docker" "start" "bf12eb32ae94314356fcd3d6067424cd223c52a1464e507c84de8622e75b4a32", kill_on_drop: false }`
[INFO] running `Command { std: "docker" "inspect" "bf12eb32ae94314356fcd3d6067424cd223c52a1464e507c84de8622e75b4a32", kill_on_drop: false }`
[INFO] running `Command { std: "docker" "exec" "-e" "SOURCE_DIR=/opt/rustwide/workdir" "-e" "CARGO_HOME=/opt/rustwide/cargo-home" "-e" "RUSTUP_HOME=/opt/rustwide/rustup-home" "-e" "CARGO_TARGET_DIR=/opt/rustwide/target" "-w" "/opt/rustwide/workdir" "--user" "0:0" "bf12eb32ae94314356fcd3d6067424cd223c52a1464e507c84de8622e75b4a32" "/opt/rustwide/cargo-home/bin/cargo" "+3154cc1a3e6424e44f438a95007d043ed5ceaaf6" "metadata" "--no-deps" "--format-version=1", kill_on_drop: false }`
[INFO] running `Command { std: "docker" "inspect" "bf12eb32ae94314356fcd3d6067424cd223c52a1464e507c84de8622e75b4a32", kill_on_drop: false }`
[INFO] running `Command { std: "docker" "exec" "-e" "SOURCE_DIR=/opt/rustwide/workdir" "-e" "CARGO_HOME=/opt/rustwide/cargo-home" "-e" "RUSTUP_HOME=/opt/rustwide/rustup-home" "-e" "CARGO_TARGET_DIR=/opt/rustwide/target" "-e" "CARGO_INCREMENTAL=0" "-e" "RUST_BACKTRACE=full" "-e" "RUSTFLAGS=--cap-lints=forbid -Znext-solver=coherence" "-e" "RUSTDOCFLAGS=--cap-lints=forbid" "-w" "/opt/rustwide/workdir" "--user" "0:0" "bf12eb32ae94314356fcd3d6067424cd223c52a1464e507c84de8622e75b4a32" "/opt/rustwide/cargo-home/bin/cargo" "+3154cc1a3e6424e44f438a95007d043ed5ceaaf6" "check" "--frozen" "--all" "--all-targets" "--message-format=json", kill_on_drop: false }`
[INFO] [stderr] warning: `package.homepage` is redundant with `package.repository`
[INFO] [stderr]    --> Cargo.toml:117:12
[INFO] [stderr]     |
[INFO] [stderr] 117 | homepage = "https://github.com/loonfs/loonfs"
[INFO] [stderr]     |            ^^^^^^^^^^^^^^^^^^^^^^^^^^^^^^^^^^
[INFO] [stderr] ...
[INFO] [stderr] 122 | repository = "https://github.com/loonfs/loonfs"
[INFO] [stderr]     |              ----------------------------------
[INFO] [stderr]     |
[INFO] [stderr]     = note: `cargo::redundant_homepage` is set to `warn` by default
[INFO] [stderr] help: consider removing `package.homepage`
[INFO] [stderr] warning: `loonfs-cli` (manifest) generated 1 warning
[INFO] [stderr]    Compiling proc-macro2 v1.0.106
[INFO] [stderr]    Compiling unicode-ident v1.0.24
[INFO] [stderr]    Compiling quote v1.0.45
[INFO] [stderr]    Compiling libc v0.2.183
[INFO] [stderr]    Compiling serde_core v1.0.228
[INFO] [stderr]    Compiling serde v1.0.228
[INFO] [stderr]     Checking pin-project-lite v0.2.17
[INFO] [stderr]     Checking cfg-if v1.0.4
[INFO] [stderr]     Checking futures-core v0.3.32
[INFO] [stderr]     Checking itoa v1.0.17
[INFO] [stderr]    Compiling find-msvc-tools v0.1.9
[INFO] [stderr]    Compiling shlex v1.3.0
[INFO] [stderr]     Checking once_cell v1.21.4
[INFO] [stderr]     Checking memchr v2.8.0
[INFO] [stderr]     Checking futures-sink v0.3.32
[INFO] [stderr]    Compiling pkg-config v0.3.32
[INFO] [stderr]     Checking slab v0.4.12
[INFO] [stderr]     Checking log v0.4.29
[INFO] [stderr]     Checking fnv v1.0.7
[INFO] [stderr]     Checking futures-io v0.3.32
[INFO] [stderr]     Checking zeroize v1.8.2
[INFO] [stderr]     Checking futures-task v0.3.32
[INFO] [stderr]     Checking smallvec v1.15.1
[INFO] [stderr]    Compiling fs_extra v1.3.0
[INFO] [stderr]     Checking futures-channel v0.3.32
[INFO] [stderr]    Compiling autocfg v1.5.0
[INFO] [stderr]    Compiling dunce v1.0.5
[INFO] [stderr]     Checking subtle v2.6.1
[INFO] [stderr]     Checking tracing-core v0.1.36
[INFO] [stderr]     Checking ryu v1.0.23
[INFO] [stderr]     Checking typenum v1.20.1
[INFO] [stderr]     Checking stable_deref_trait v1.2.1
[INFO] [stderr]     Checking percent-encoding v2.3.2
[INFO] [stderr]    Compiling aws-lc-rs v1.18.0
[INFO] [stderr]     Checking equivalent v1.0.2
[INFO] [stderr]     Checking either v1.15.0
[INFO] [stderr]     Checking hashbrown v0.16.1
[INFO] [stderr]    Compiling version_check v0.9.5
[INFO] [stderr]     Checking rustls-pki-types v1.14.0
[INFO] [stderr]     Checking vsimd v0.8.0
[INFO] [stderr]     Checking tower-service v0.3.3
[INFO] [stderr]     Checking num-conv v0.2.2
[INFO] [stderr]     Checking powerfmt v0.2.0
[INFO] [stderr]     Checking untrusted v0.9.0
[INFO] [stderr]     Checking time-core v0.1.9
[INFO] [stderr]     Checking outref v0.5.2
[INFO] [stderr]    Compiling httparse v1.10.1
[INFO] [stderr]     Checking writeable v0.6.2
[INFO] [stderr]     Checking deranged v0.5.8
[INFO] [stderr]    Compiling rustls v0.23.45
[INFO] [stderr]     Checking pin-utils v0.1.0
[INFO] [stderr]    Compiling num-traits v0.2.19
[INFO] [stderr]     Checking try-lock v0.2.5
[INFO] [stderr]    Compiling generic-array v0.14.7
[INFO] [stderr]     Checking atomic-waker v1.1.2
[INFO] [stderr]     Checking base64-simd v0.8.0
[INFO] [stderr]     Checking want v0.3.1
[INFO] [stderr]     Checking sync_wrapper v1.0.2
[INFO] [stderr]     Checking base64 v0.22.1
[INFO] [stderr]     Checking tower-layer v0.3.3
[INFO] [stderr]     Checking litemap v0.8.1
[INFO] [stderr]     Checking httpdate v1.0.3
[INFO] [stderr]     Checking form_urlencoded v1.2.2
[INFO] [stderr]    Compiling semver v1.0.27
[INFO] [stderr]     Checking openssl-probe v0.2.1
[INFO] [stderr]     Checking ipnet v2.12.0
[INFO] [stderr]    Compiling syn v2.0.117
[INFO] [stderr]    Compiling icu_properties_data v2.1.2
[INFO] [stderr]     Checking rustls-native-certs v0.8.4
[INFO] [stderr]    Compiling icu_normalizer_data v2.1.1
[INFO] [stderr]     Checking utf16_iter v1.0.5
[INFO] [stderr]     Checking utf8_iter v1.0.4
[INFO] [stderr]     Checking write16 v1.0.0
[INFO] [stderr]     Checking bitflags v2.11.0
[INFO] [stderr]     Checking fastrand v2.3.0
[INFO] [stderr]     Checking cpufeatures v0.2.17
[INFO] [stderr]     Checking rand_core v0.10.1
[INFO] [stderr]    Compiling rustc_version v0.4.1
[INFO] [stderr]    Compiling zerocopy v0.8.42
[INFO] [stderr]    Compiling getrandom v0.4.2
[INFO] [stderr]    Compiling zmij v1.0.21
[INFO] [stderr]    Compiling serde_json v1.0.149
[INFO] [stderr]    Compiling rustix v1.1.4
[INFO] [stderr]     Checking indexmap v2.13.0
[INFO] [stderr]     Checking hex v0.4.3
[INFO] [stderr]     Checking crc-catalog v2.5.0
[INFO] [stderr]     Checking linux-raw-sys v0.12.1
[INFO] [stderr]    Compiling icu_casemap_data v2.1.1
[INFO] [stderr]     Checking crc v3.4.0
[INFO] [stderr]     Checking uuid v1.24.1
[INFO] [stderr]    Compiling aws-types v1.3.7
[INFO] [stderr]     Checking hybrid-array v0.4.15
[INFO] [stderr]    Compiling jobserver v0.1.34
[INFO] [stderr]    Compiling thiserror v2.0.18
[INFO] [stderr]    Compiling zstd-safe v7.2.4
[INFO] [stderr]     Checking errno v0.3.14
[INFO] [stderr]     Checking socket2 v0.6.3
[INFO] [stderr]     Checking mio v1.1.1
[INFO] [stderr]     Checking signal-hook-registry v1.4.8
[INFO] [stderr]     Checking getrandom v0.2.17
[INFO] [stderr]    Compiling crc32c v0.6.8
[INFO] [stderr]     Checking urlencoding v2.1.3
[INFO] [stderr]    Compiling rustversion v1.0.22
[INFO] [stderr]     Checking num-integer v0.1.46
[INFO] [stderr]    Compiling parking_lot_core v0.9.12
[INFO] [stderr]     Checking regex-lite v0.1.9
[INFO] [stderr]     Checking ciborium-io v0.2.2
[INFO] [stderr]    Compiling getrandom v0.3.4
[INFO] [stderr]    Compiling cc v1.2.56
[INFO] [stderr]     Checking scopeguard v1.2.0
[INFO] [stderr]     Checking xmlparser v0.13.6
[INFO] [stderr]     Checking cpufeatures v0.3.0
[INFO] [stderr]     Checking lock_api v0.4.14
[INFO] [stderr]     Checking chacha20 v0.10.2
[INFO] [stderr]     Checking crc64fast-nvme v1.2.1
[INFO] [stderr]     Checking xxhash-rust v0.8.16
[INFO] [stderr]     Checking base64 v0.23.1
[INFO] [stderr]     Checking spin v0.10.1
[INFO] [stderr]     Checking crypto-common v0.1.7
[INFO] [stderr]     Checking block-buffer v0.10.4
[INFO] [stderr]     Checking iana-time-zone v0.1.65
[INFO] [stderr]     Checking parking_lot v0.12.5
[INFO] [stderr]     Checking itertools v0.15.0
[INFO] [stderr]     Checking humantime v2.3.0
[INFO] [stderr]     Checking aws-smithy-xml v0.60.10
[INFO] [stderr]     Checking digest v0.10.7
[INFO] [stderr]     Checking rand v0.10.2
[INFO] [stderr]     Checking utf8parse v0.2.2
[INFO] [stderr]     Checking crypto-common v0.2.2
[INFO] [stderr]     Checking block-buffer v0.12.1
[INFO] [stderr]     Checking anstyle-parse v1.0.0
[INFO] [stderr]     Checking time v0.3.55
[INFO] [stderr]     Checking aho-corasick v1.1.4
[INFO] [stderr]     Checking is_terminal_polyfill v1.70.2
[INFO] [stderr]     Checking anstyle v1.0.14
[INFO] [stderr]     Checking regex-syntax v0.8.11
[INFO] [stderr]     Checking anstyle-query v1.1.5
[INFO] [stderr]     Checking colorchoice v1.0.5
[INFO] [stderr]     Checking sha2 v0.10.9
[INFO] [stderr]     Checking hmac v0.12.1
[INFO] [stderr]     Checking crc-fast v1.8.2
[INFO] [stderr]     Checking clap_lex v1.1.0
[INFO] [stderr]     Checking toml_write v0.1.2
[INFO] [stderr]    Compiling thiserror v1.0.69
[INFO] [stderr]     Checking strsim v0.11.1
[INFO] [stderr]    Compiling heck v0.5.0
[INFO] [stderr]     Checking winnow v0.7.15
[INFO] [stderr]     Checking anstream v1.0.0
[INFO] [stderr]     Checking mime v0.3.17
[INFO] [stderr]     Checking thread_local v1.1.9
[INFO] [stderr]     Checking unicode-width v0.2.2
[INFO] [stderr]     Checking matchit v0.8.4
[INFO] [stderr]     Checking clap_builder v4.6.0
[INFO] [stderr]     Checking fuzzy-matcher v0.3.7
[INFO] [stderr]     Checking console v0.15.11
[INFO] [stderr]     Checking digest v0.11.3
[INFO] [stderr]     Checking shell-words v1.1.1
[INFO] [stderr]     Checking md-5 v0.11.0
[INFO] [stderr]     Checking hostname v0.4.2
[INFO] [stderr]     Checking console v0.16.3
[INFO] [stderr]     Checking same-file v1.0.6
[INFO] [stderr]     Checking similar v2.7.0
[INFO] [stderr]    Compiling cmake v0.1.58
[INFO] [stderr]     Checking walkdir v2.5.0
[INFO] [stderr]     Checking serde_bytes v0.11.19
[INFO] [stderr]     Checking serde_path_to_error v0.1.20
[INFO] [stderr]    Compiling aws-lc-sys v0.44.0
[INFO] [stderr]    Compiling ring v0.17.14
[INFO] [stderr]    Compiling zstd-sys v2.0.16+zstd.1.5.7
[INFO] [stderr]     Checking fs4 v0.13.1
[INFO] [stderr]     Checking tempfile v3.27.0
[INFO] [stderr]     Checking regex-automata v0.4.14
[INFO] [stderr]     Checking regex v1.13.0
[INFO] [stderr]    Compiling synstructure v0.13.2
[INFO] [stderr]    Compiling serde_derive v1.0.228
[INFO] [stderr]    Compiling tokio-macros v2.6.1
[INFO] [stderr]    Compiling futures-macro v0.3.32
[INFO] [stderr]    Compiling tracing-attributes v0.1.31
[INFO] [stderr]    Compiling zerofrom-derive v0.1.6
[INFO] [stderr]    Compiling yoke-derive v0.8.1
[INFO] [stderr]    Compiling zerovec-derive v0.11.2
[INFO] [stderr]    Compiling displaydoc v0.2.5
[INFO] [stderr]    Compiling zerocopy-derive v0.8.42
[INFO] [stderr]    Compiling thiserror-impl v2.0.18
[INFO] [stderr]    Compiling async-trait v0.1.89
[INFO] [stderr]    Compiling clap_derive v4.6.0
[INFO] [stderr]    Compiling thiserror-impl v1.0.69
[INFO] [stderr]     Checking futures-util v0.3.32
[INFO] [stderr]     Checking zstd v0.13.3
[INFO] [stderr]     Checking zerofrom v0.1.6
[INFO] [stderr]     Checking yoke v0.8.1
[INFO] [stderr]     Checking tracing v0.1.44
[INFO] [stderr]     Checking zerovec v0.11.5
[INFO] [stderr]     Checking zerotrie v0.2.3
[INFO] [stderr]     Checking dialoguer v0.11.0
[INFO] [stderr]     Checking clap v4.6.0
[INFO] [stderr]     Checking clap_complete v4.6.9
[INFO] [stderr]     Checking tinystr v0.8.2
[INFO] [stderr]     Checking potential_utf v0.1.4
[INFO] [stderr]     Checking icu_collections v2.1.1
[INFO] [stderr]     Checking icu_locale_core v2.1.1
[INFO] [stderr]     Checking bytes v1.11.1
[INFO] [stderr]     Checking serde_urlencoded v0.7.1
[INFO] [stderr]     Checking chrono v0.4.45
[INFO] [stderr]     Checking quick-xml v0.41.0
[INFO] [stderr]     Checking toml_datetime v0.6.11
[INFO] [stderr]     Checking serde_spanned v0.6.9
[INFO] [stderr]     Checking insta v1.47.2
[INFO] [stderr]     Checking toml_edit v0.22.27
[INFO] [stderr]     Checking icu_provider v2.1.1
[INFO] [stderr]     Checking http v1.4.0
[INFO] [stderr]     Checking tokio v1.50.0
[INFO] [stderr]     Checking http v0.2.12
[INFO] [stderr]     Checking bytes-utils v0.1.4
[INFO] [stderr]     Checking futures-executor v0.3.32
[INFO] [stderr]     Checking futures v0.3.32
[INFO] [stderr]     Checking icu_properties v2.1.2
[INFO] [stderr]     Checking icu_normalizer v2.1.1
[INFO] [stderr]     Checking http-body v0.4.6
[INFO] [stderr]     Checking http-body v1.0.1
[INFO] [stderr]     Checking http-body-util v0.1.3
[INFO] [stderr]     Checking aws-smithy-types v1.3.2
[INFO] [stderr]     Checking axum-core v0.5.6
[INFO] [stderr]     Checking idna_adapter v1.2.1
[INFO] [stderr]     Checking icu_casemap v2.1.1
[INFO] [stderr]     Checking idna v1.1.0
[INFO] [stderr]     Checking toml v0.8.23
[INFO] [stderr]     Checking aws-smithy-json v0.61.4
[INFO] [stderr]     Checking aws-smithy-query v0.60.7
[INFO] [stderr]     Checking url v2.5.8
[INFO] [stderr]     Checking half v2.7.1
[INFO] [stderr]     Checking ciborium-ll v0.2.2
[INFO] [stderr]     Checking ciborium v0.2.2
[INFO] [stderr]     Checking loonfs-api v0.4.0
[INFO] [stderr]     Checking rustls-webpki v0.103.15
[INFO] [stderr]     Checking tokio-util v0.7.18
[INFO] [stderr]     Checking tower v0.5.3
[INFO] [stderr]     Checking aws-smithy-async v1.2.5
[INFO] [stderr]     Checking aws-smithy-runtime-api v1.8.1
[INFO] [stderr]     Checking tower-http v0.6.11
[INFO] [stderr]     Checking h2 v0.4.16
[INFO] [stderr]     Checking aws-smithy-http v0.62.1
[INFO] [stderr]     Checking aws-credential-types v1.2.3
[INFO] [stderr]     Checking aws-smithy-observability v0.1.3
[INFO] [stderr]     Checking aws-sigv4 v1.3.3
[INFO] [stderr]     Checking tokio-rustls v0.26.4
[INFO] [stderr]     Checking rustls-platform-verifier v0.7.0
[INFO] [stderr]     Checking hyper v1.9.0
[INFO] [stderr]     Checking hyper-util v0.1.20
[INFO] [stderr]     Checking hyper-rustls v0.27.9
[INFO] [stderr]     Checking axum v0.8.9
[INFO] [stderr]     Checking aws-smithy-http-client v1.0.1
[INFO] [stderr]     Checking reqwest v0.13.5
[INFO] [stderr]     Checking reqwest v0.12.28
[INFO] [stderr]     Checking aws-smithy-runtime v1.8.3
[INFO] [stderr]     Checking object_store v0.14.2
[INFO] [stderr]     Checking loonfs-client v0.4.0
[INFO] [stderr]     Checking aws-runtime v1.5.8
[INFO] [stderr]     Checking aws-sdk-sso v1.74.0
[INFO] [stderr]     Checking aws-sdk-sts v1.76.0
[INFO] [stderr]     Checking aws-sdk-ssooidc v1.75.0
[INFO] [stderr]     Checking aws-config v1.8.1
[INFO] [stderr]     Checking loonfs-objectstore v0.4.0
[INFO] [stderr]     Checking loonfs-core v0.4.0
[INFO] [stderr]     Checking loonfs v0.4.0
[INFO] [stderr]     Checking loonfs-grep v0.4.0
[INFO] [stderr]     Checking loonfs-http v0.4.0
[INFO] [stderr]     Checking loonfs-cli v0.4.0 (/opt/rustwide/workdir)
[INFO] [stdout] error[E0433]: cannot find module or crate `loonfs_test_support` in this scope
[INFO] [stdout]    --> src/commands/inspection.rs:607:9
[INFO] [stdout]     |
[INFO] [stdout] 607 |     use loonfs_test_support::stores::{
[INFO] [stdout]     |         ^^^^^^^^^^^^^^^^^^^ use of unresolved module or unlinked crate `loonfs_test_support`
[INFO] [stdout]     |
[INFO] [stdout]     = help: if you wanted to use a crate named `loonfs_test_support`, use `cargo add loonfs_test_support` to add it to your `Cargo.toml`
[INFO] [stdout] 
[INFO] [stdout] 
[INFO] [stdout] error[E0433]: cannot find module or crate `loonfs_test_support` in this scope
[INFO] [stdout]    --> src/commands/recursive.rs:577:9
[INFO] [stdout]     |
[INFO] [stdout] 577 |     use loonfs_test_support::stores::BufferWatchStore;
[INFO] [stdout]     |         ^^^^^^^^^^^^^^^^^^^ use of unresolved module or unlinked crate `loonfs_test_support`
[INFO] [stdout]     |
[INFO] [stdout]     = help: if you wanted to use a crate named `loonfs_test_support`, use `cargo add loonfs_test_support` to add it to your `Cargo.toml`
[INFO] [stdout] 
[INFO] [stdout] 
[INFO] [stdout] error[E0433]: cannot find module or crate `loonfs_test_support` in this scope
[INFO] [stdout]    --> src/uploads.rs:513:13
[INFO] [stdout]     |
[INFO] [stdout] 513 |         use loonfs_test_support::stores::{KeyPredicate, RecordingStore};
[INFO] [stdout]     |             ^^^^^^^^^^^^^^^^^^^ use of unresolved module or unlinked crate `loonfs_test_support`
[INFO] [stdout]     |
[INFO] [stdout]     = help: if you wanted to use a crate named `loonfs_test_support`, use `cargo add loonfs_test_support` to add it to your `Cargo.toml`
[INFO] [stdout] 
[INFO] [stdout] 
[INFO] [stdout] error[E0432]: unresolved import `loonfs_test_support`
[INFO] [stdout]    --> src/config.rs:774:9
[INFO] [stdout]     |
[INFO] [stdout] 774 |     use loonfs_test_support::EnvGuard;
[INFO] [stdout]     |         ^^^^^^^^^^^^^^^^^^^ use of unresolved module or unlinked crate `loonfs_test_support`
[INFO] [stdout]     |
[INFO] [stdout]     = help: if you wanted to use a crate named `loonfs_test_support`, use `cargo add loonfs_test_support` to add it to your `Cargo.toml`
[INFO] [stdout] 
[INFO] [stdout] 
[INFO] [stdout] error[E0433]: cannot find module or crate `loonfs_test_support` in this scope
[INFO] [stdout]    --> src/uploads.rs:622:35
[INFO] [stdout]     |
[INFO] [stdout] 622 |                 content_ref: Some(loonfs_test_support::ids::content_ref(b"data")),
[INFO] [stdout]     |                                   ^^^^^^^^^^^^^^^^^^^ use of unresolved module or unlinked crate `loonfs_test_support`
[INFO] [stdout]     |
[INFO] [stdout]     = help: if you wanted to use a crate named `loonfs_test_support`, use `cargo add loonfs_test_support` to add it to your `Cargo.toml`
[INFO] [stdout] 
[INFO] [stdout] 
[INFO] [stdout] error[E0433]: cannot find module or crate `loonfs_test_support` in this scope
[INFO] [stdout]   --> src/backend/maintenance_tests.rs:76:41
[INFO] [stdout]    |
[INFO] [stdout] 76 |             CreateNamespaceOptions::new(loonfs_test_support::test_actor()),
[INFO] [stdout]    |                                         ^^^^^^^^^^^^^^^^^^^ use of unresolved module or unlinked crate `loonfs_test_support`
[INFO] [stdout]    |
[INFO] [stdout]    = help: if you wanted to use a crate named `loonfs_test_support`, use `cargo add loonfs_test_support` to add it to your `Cargo.toml`
[INFO] [stdout] 
[INFO] [stdout] 
[INFO] [stdout] error[E0433]: cannot find module or crate `loonfs_test_support` in this scope
[INFO] [stdout]    --> src/commands/recursive.rs:626:28
[INFO] [stdout]     |
[INFO] [stdout] 626 |             actor_id: Some(loonfs_test_support::test_actor()),
[INFO] [stdout]     |                            ^^^^^^^^^^^^^^^^^^^ use of unresolved module or unlinked crate `loonfs_test_support`
[INFO] [stdout]     |
[INFO] [stdout]     = help: if you wanted to use a crate named `loonfs_test_support`, use `cargo add loonfs_test_support` to add it to your `Cargo.toml`
[INFO] [stdout] 
[INFO] [stdout] 
[INFO] [stdout] error[E0433]: cannot find module or crate `loonfs_test_support` in this scope
[INFO] [stdout]    --> src/commands/recursive.rs:634:18
[INFO] [stdout]     |
[INFO] [stdout] 634 |                 &loonfs_test_support::test_actor(),
[INFO] [stdout]     |                  ^^^^^^^^^^^^^^^^^^^ use of unresolved module or unlinked crate `loonfs_test_support`
[INFO] [stdout]     |
[INFO] [stdout]     = help: if you wanted to use a crate named `loonfs_test_support`, use `cargo add loonfs_test_support` to add it to your `Cargo.toml`
[INFO] [stdout] 
[INFO] [stdout] 
[INFO] [stdout] error[E0433]: cannot find module or crate `loonfs_test_support` in this scope
[INFO] [stdout]   --> src/backend/host_tests.rs:29:21
[INFO] [stdout]    |
[INFO] [stdout] 29 |         let actor = loonfs_test_support::test_actor();
[INFO] [stdout]    |                     ^^^^^^^^^^^^^^^^^^^ use of unresolved module or unlinked crate `loonfs_test_support`
[INFO] [stdout]    |
[INFO] [stdout]    = help: if you wanted to use a crate named `loonfs_test_support`, use `cargo add loonfs_test_support` to add it to your `Cargo.toml`
[INFO] [stdout] 
[INFO] [stdout] 
[INFO] [stdout] error[E0433]: cannot find module or crate `loonfs_test_support` in this scope
[INFO] [stdout]   --> src/backend/maintenance_tests.rs:21:17
[INFO] [stdout]    |
[INFO] [stdout] 21 |     let actor = loonfs_test_support::test_actor();
[INFO] [stdout]    |                 ^^^^^^^^^^^^^^^^^^^ use of unresolved module or unlinked crate `loonfs_test_support`
[INFO] [stdout]    |
[INFO] [stdout]    = help: if you wanted to use a crate named `loonfs_test_support`, use `cargo add loonfs_test_support` to add it to your `Cargo.toml`
[INFO] [stdout] 
[INFO] [stdout] 
[INFO] [stdout] error[E0433]: cannot find module or crate `loonfs_test_support` in this scope
[INFO] [stdout]    --> src/uploads.rs:593:29
[INFO] [stdout]     |
[INFO] [stdout] 593 |         PutFileOptions::new(loonfs_test_support::test_actor())
[INFO] [stdout]     |                             ^^^^^^^^^^^^^^^^^^^ use of unresolved module or unlinked crate `loonfs_test_support`
[INFO] [stdout]     |
[INFO] [stdout]     = help: if you wanted to use a crate named `loonfs_test_support`, use `cargo add loonfs_test_support` to add it to your `Cargo.toml`
[INFO] [stdout] 
[INFO] [stdout] 
[INFO] [stdout] Some errors have detailed explanations: E0432, E0433.
[INFO] [stdout] 
[INFO] [stdout] For more information about an error, try `rustc --explain E0432`.
[INFO] [stdout] 
[INFO] [stderr] error: could not compile `loonfs-cli` (lib test) due to 11 previous errors
[INFO] [stderr] warning: build failed, waiting for other jobs to finish...
[INFO] running `Command { std: "docker" "inspect" "bf12eb32ae94314356fcd3d6067424cd223c52a1464e507c84de8622e75b4a32", kill_on_drop: false }`
[INFO] running `Command { std: "docker" "rm" "-f" "bf12eb32ae94314356fcd3d6067424cd223c52a1464e507c84de8622e75b4a32", kill_on_drop: false }`
[INFO] [stdout] bf12eb32ae94314356fcd3d6067424cd223c52a1464e507c84de8622e75b4a32
