[INFO] fetching crate lonis-derive 0.2.0...
[INFO] checking lonis-derive-0.2.0 against 3154cc1a3e6424e44f438a95007d043ed5ceaaf6 for pr-133502-30
[INFO] extracting crate lonis-derive 0.2.0 into /workspace/builds/worker-7-tc2/source
[INFO] started tweaking crates.io crate lonis-derive 0.2.0
[INFO] removed 0 missing tests
[INFO] finished tweaking crates.io crate lonis-derive 0.2.0
[INFO] tweaked toml for crates.io crate lonis-derive 0.2.0 written to /workspace/builds/worker-7-tc2/source/Cargo.toml
[INFO] validating manifest of crates.io crate lonis-derive 0.2.0 on toolchain 3154cc1a3e6424e44f438a95007d043ed5ceaaf6
[INFO] running `Command { std: CARGO_HOME="/workspace/cargo-home" RUSTUP_HOME="/workspace/rustup-home" "/workspace/cargo-home/bin/cargo" "+3154cc1a3e6424e44f438a95007d043ed5ceaaf6" "metadata" "--manifest-path" "Cargo.toml" "--no-deps", kill_on_drop: false }`
[INFO] crate crates.io crate lonis-derive 0.2.0 already has a lockfile, it will not be regenerated
[INFO] running `Command { std: CARGO_HOME="/workspace/cargo-home" RUSTUP_HOME="/workspace/rustup-home" "/workspace/cargo-home/bin/cargo" "+3154cc1a3e6424e44f438a95007d043ed5ceaaf6" "fetch" "--manifest-path" "Cargo.toml", kill_on_drop: false }`
[INFO] running `Command { std: "docker" "create" "-v" "/var/lib/crater-agent-workspace/builds/worker-7-tc2/source:/opt/rustwide/workdir:ro,Z" "-v" "/var/lib/crater-agent-workspace/builds/worker-7-tc2/target:/opt/rustwide/target:rw,Z" "-v" "/var/lib/crater-agent-workspace/cargo-home:/opt/rustwide/cargo-home:ro,Z" "-v" "/var/lib/crater-agent-workspace/rustup-home:/opt/rustwide/rustup-home:ro,Z" "-m" "1610612736" "--network" "none" "ghcr.io/rust-lang/crates-build-env/linux@sha256:77db811e55d90add9212f6832c23229e3de5f1c1f9905e8cb07319ea15df73ac" "sleep" "infinity", kill_on_drop: false }`
[INFO] [stdout] 19194240d771bb456be4e53efd3359c2ca454f8f5e3c32efb0ff89cf0901efb9
[INFO] running `Command { std: "docker" "start" "19194240d771bb456be4e53efd3359c2ca454f8f5e3c32efb0ff89cf0901efb9", kill_on_drop: false }`
[INFO] running `Command { std: "docker" "inspect" "19194240d771bb456be4e53efd3359c2ca454f8f5e3c32efb0ff89cf0901efb9", kill_on_drop: false }`
[INFO] running `Command { std: "docker" "exec" "-e" "SOURCE_DIR=/opt/rustwide/workdir" "-e" "CARGO_HOME=/opt/rustwide/cargo-home" "-e" "RUSTUP_HOME=/opt/rustwide/rustup-home" "-e" "CARGO_TARGET_DIR=/opt/rustwide/target" "-w" "/opt/rustwide/workdir" "--user" "0:0" "19194240d771bb456be4e53efd3359c2ca454f8f5e3c32efb0ff89cf0901efb9" "/opt/rustwide/cargo-home/bin/cargo" "+3154cc1a3e6424e44f438a95007d043ed5ceaaf6" "metadata" "--no-deps" "--format-version=1", kill_on_drop: false }`
[INFO] running `Command { std: "docker" "inspect" "19194240d771bb456be4e53efd3359c2ca454f8f5e3c32efb0ff89cf0901efb9", kill_on_drop: false }`
[INFO] running `Command { std: "docker" "exec" "-e" "SOURCE_DIR=/opt/rustwide/workdir" "-e" "CARGO_HOME=/opt/rustwide/cargo-home" "-e" "RUSTUP_HOME=/opt/rustwide/rustup-home" "-e" "CARGO_TARGET_DIR=/opt/rustwide/target" "-e" "CARGO_INCREMENTAL=0" "-e" "RUST_BACKTRACE=full" "-e" "RUSTFLAGS=--cap-lints=forbid" "-e" "RUSTDOCFLAGS=--cap-lints=forbid" "-w" "/opt/rustwide/workdir" "--user" "0:0" "19194240d771bb456be4e53efd3359c2ca454f8f5e3c32efb0ff89cf0901efb9" "/opt/rustwide/cargo-home/bin/cargo" "+3154cc1a3e6424e44f438a95007d043ed5ceaaf6" "check" "--frozen" "--all" "--all-targets" "--message-format=json", kill_on_drop: false }`
[INFO] [stderr]    Compiling proc-macro2 v1.0.107
[INFO] [stderr]    Compiling serde_core v1.0.229
[INFO] [stderr]     Checking unicode-ident v1.0.24
[INFO] [stderr]    Compiling serde v1.0.229
[INFO] [stderr]    Compiling quote v1.0.47
[INFO] [stderr]     Checking syn v2.0.119
[INFO] [stderr]    Compiling syn v3.0.3
[INFO] [stderr]     Checking lonis-derive v0.2.0 (/opt/rustwide/workdir)
[INFO] [stderr]     Checking serde_json v1.0.151
[INFO] [stderr]    Compiling serde_derive v1.0.229
[INFO] [stdout] error[E0433]: cannot find module or crate `lonis_schema` in this scope
[INFO] [stdout]  --> tests/payload.rs:8:5
[INFO] [stdout]   |
[INFO] [stdout] 8 | use lonis_schema::block::kinds::BlockKind;
[INFO] [stdout]   |     ^^^^^^^^^^^^ use of unresolved module or unlinked crate `lonis_schema`
[INFO] [stdout]   |
[INFO] [stdout]   = help: if you wanted to use a crate named `lonis_schema`, use `cargo add lonis_schema` to add it to your `Cargo.toml`
[INFO] [stdout] 
[INFO] [stdout] 
[INFO] [stdout] error[E0432]: unresolved import `lonis_schema`
[INFO] [stdout]  --> tests/payload.rs:9:5
[INFO] [stdout]   |
[INFO] [stdout] 9 | use lonis_schema::{Attribution, Block, BlockPayload, SeedBlock};
[INFO] [stdout]   |     ^^^^^^^^^^^^ use of unresolved module or unlinked crate `lonis_schema`
[INFO] [stdout]   |
[INFO] [stdout]   = help: if you wanted to use a crate named `lonis_schema`, use `cargo add lonis_schema` to add it to your `Cargo.toml`
[INFO] [stdout] 
[INFO] [stdout] 
[INFO] [stdout] error[E0433]: cannot find module or crate `lonis_schema` in this scope
[INFO] [stdout]   --> tests/payload.rs:11:35
[INFO] [stdout]    |
[INFO] [stdout] 11 | #[derive(Debug, Clone, PartialEq, lonis_schema::BlockPayload)]
[INFO] [stdout]    |                                   ^^^^^^^^^^^^ use of unresolved module or unlinked crate `lonis_schema`
[INFO] [stdout] 
[INFO] [stdout] 
[INFO] [stdout] error[E0433]: cannot find module or crate `lonis_schema` in this scope
[INFO] [stdout]    --> tests/payload.rs:109:35
[INFO] [stdout]     |
[INFO] [stdout] 109 | #[derive(Debug, Clone, PartialEq, lonis_schema::BlockPayload)]
[INFO] [stdout]     |                                   ^^^^^^^^^^^^ use of unresolved module or unlinked crate `lonis_schema`
[INFO] [stdout] 
[INFO] [stdout] 
[INFO] [stdout] error[E0433]: cannot find module or crate `lonis_schema` in this scope
[INFO] [stdout]    --> tests/payload.rs:128:35
[INFO] [stdout]     |
[INFO] [stdout] 128 | #[derive(Debug, Clone, PartialEq, lonis_schema::BlockPayload)]
[INFO] [stdout]     |                                   ^^^^^^^^^^^^ use of unresolved module or unlinked crate `lonis_schema`
[INFO] [stdout] 
[INFO] [stdout] 
[INFO] [stdout] error[E0432]: unresolved import `lonis_schema`
[INFO] [stdout]  --> tests/derive.rs:7:5
[INFO] [stdout]   |
[INFO] [stdout] 7 | use lonis_schema::{Capabilities, LonisCapabilities, OutputMode, SchemaVersion};
[INFO] [stdout]   |     ^^^^^^^^^^^^ use of unresolved module or unlinked crate `lonis_schema`
[INFO] [stdout]   |
[INFO] [stdout]   = help: if you wanted to use a crate named `lonis_schema`, use `cargo add lonis_schema` to add it to your `Cargo.toml`
[INFO] [stdout] 
[INFO] [stdout] 
[INFO] [stdout] error: cannot find attribute `lonis_payload` in this scope
[INFO] [stdout]   --> tests/payload.rs:12:3
[INFO] [stdout]    |
[INFO] [stdout] 12 | #[lonis_payload(namespace = "karpal")]
[INFO] [stdout]    |   ^^^^^^^^^^^^^
[INFO] [stdout]    |
[INFO] [stdout] help: `lonis_payload` is an attribute that can be used by the derive macro `BlockPayload`, you might be missing a `derive` attribute
[INFO] [stdout]    |
[INFO] [stdout] 13 + #[derive(BlockPayload)]
[INFO] [stdout] 14 | enum KarpalPayload {
[INFO] [stdout]    |
[INFO] [stdout] 
[INFO] [stdout] 
[INFO] [stdout] error: cannot find attribute `lonis_payload` in this scope
[INFO] [stdout]    --> tests/payload.rs:129:3
[INFO] [stdout]     |
[INFO] [stdout] 129 | #[lonis_payload(namespace = "karpal", render_fn = "render_karpal")]
[INFO] [stdout]     |   ^^^^^^^^^^^^^
[INFO] [stdout]     |
[INFO] [stdout] help: `lonis_payload` is an attribute that can be used by the derive macro `BlockPayload`, you might be missing a `derive` attribute
[INFO] [stdout]     |
[INFO] [stdout] 130 + #[derive(BlockPayload)]
[INFO] [stdout] 131 | enum RenderedPayload {
[INFO] [stdout]     |
[INFO] [stdout] 
[INFO] [stdout] 
[INFO] [stdout] error: cannot find attribute `lonis` in this scope
[INFO] [stdout]   --> tests/derive.rs:10:3
[INFO] [stdout]    |
[INFO] [stdout] 10 | #[lonis(tool_id = "amari:discovery:search")]
[INFO] [stdout]    |   ^^^^^
[INFO] [stdout]    |
[INFO] [stdout] help: `lonis` is an attribute that can be used by the derive macro `LonisCapabilities`, you might be missing a `derive` attribute
[INFO] [stdout]    |
[INFO] [stdout] 11 + #[derive(LonisCapabilities)]
[INFO] [stdout] 12 | struct SearchTool;
[INFO] [stdout]    |
[INFO] [stdout] 
[INFO] [stdout] 
[INFO] [stdout] error[E0599]: no method named `kind_name` found for enum `KarpalPayload` in the current scope
[INFO] [stdout]   --> tests/payload.rs:22:23
[INFO] [stdout]    |
[INFO] [stdout] 13 | enum KarpalPayload {
[INFO] [stdout]    | ------------------ method `kind_name` not found for this enum
[INFO] [stdout] ...
[INFO] [stdout] 22 |     assert_eq!(search.kind_name(), "karpal.search");
[INFO] [stdout]    |                       ^^^^^^^^^ method not found in `KarpalPayload`
[INFO] [stdout] 
[INFO] [stdout] 
[INFO] [stdout] error[E0599]: no method named `kind_name` found for enum `KarpalPayload` in the current scope
[INFO] [stdout]   --> tests/payload.rs:27:10
[INFO] [stdout]    |
[INFO] [stdout] 13 | enum KarpalPayload {
[INFO] [stdout]    | ------------------ method `kind_name` not found for this enum
[INFO] [stdout] ...
[INFO] [stdout] 24 |         KarpalPayload::Capability {
[INFO] [stdout] 25 |             record: String::new()
[INFO] [stdout] 26 |         }
[INFO] [stdout] 27 |         .kind_name(),
[INFO] [stdout]    |          ^^^^^^^^^ method not found in `KarpalPayload`
[INFO] [stdout] 
[INFO] [stdout] 
[INFO] [stdout] error[E0599]: no method named `tool_id` found for struct `SearchTool` in the current scope
[INFO] [stdout]   --> tests/derive.rs:15:27
[INFO] [stdout]    |
[INFO] [stdout] 11 | struct SearchTool;
[INFO] [stdout]    | ----------------- method `tool_id` not found for this struct
[INFO] [stdout] ...
[INFO] [stdout] 15 |     assert_eq!(SearchTool.tool_id().as_str(), "amari:discovery:search");
[INFO] [stdout]    |                           ^^^^^^^ method not found in `SearchTool`
[INFO] [stdout] 
[INFO] [stdout] 
[INFO] [stdout] error[E0599]: no method named `kind_name` found for enum `KarpalPayload` in the current scope
[INFO] [stdout]   --> tests/payload.rs:30:37
[INFO] [stdout]    |
[INFO] [stdout] 13 | enum KarpalPayload {
[INFO] [stdout]    | ------------------ method `kind_name` not found for this enum
[INFO] [stdout] ...
[INFO] [stdout] 30 |     assert_eq!(KarpalPayload::Ready.kind_name(), "karpal.ready");
[INFO] [stdout]    |                                     ^^^^^^^^^ method not found in `KarpalPayload`
[INFO] [stdout] 
[INFO] [stdout] 
[INFO] [stdout] error[E0599]: no method named `schema_id` found for enum `KarpalPayload` in the current scope
[INFO] [stdout]   --> tests/payload.rs:36:23
[INFO] [stdout]    |
[INFO] [stdout] 13 | enum KarpalPayload {
[INFO] [stdout]    | ------------------ method `schema_id` not found for this enum
[INFO] [stdout] ...
[INFO] [stdout] 36 |     assert_eq!(search.schema_id(), "lonis.block/karpal.search/v1");
[INFO] [stdout]    |                       ^^^^^^^^^ method not found in `KarpalPayload`
[INFO] [stdout] 
[INFO] [stdout] 
[INFO] [stdout] error[E0599]: no method named `output_formats` found for struct `SearchTool` in the current scope
[INFO] [stdout]   --> tests/derive.rs:20:30
[INFO] [stdout]    |
[INFO] [stdout] 11 | struct SearchTool;
[INFO] [stdout]    | ----------------- method `output_formats` not found for this struct
[INFO] [stdout] ...
[INFO] [stdout] 20 |     let formats = SearchTool.output_formats();
[INFO] [stdout]    |                              ^^^^^^^^^^^^^^ method not found in `SearchTool`
[INFO] [stdout] 
[INFO] [stdout] 
[INFO] [stdout] error[E0599]: no method named `schema_version` found for struct `SearchTool` in the current scope
[INFO] [stdout]   --> tests/derive.rs:29:27
[INFO] [stdout]    |
[INFO] [stdout] 11 | struct SearchTool;
[INFO] [stdout]    | ----------------- method `schema_version` not found for this struct
[INFO] [stdout] ...
[INFO] [stdout] 29 |     assert_eq!(SearchTool.schema_version(), SchemaVersion::default());
[INFO] [stdout]    |                           ^^^^^^^^^^^^^^ method not found in `SearchTool`
[INFO] [stdout] 
[INFO] [stdout] 
[INFO] [stdout] error[E0277]: the trait bound `KarpalPayload: serde::Serialize` is not satisfied
[INFO] [stdout]    --> tests/payload.rs:45:31
[INFO] [stdout]     |
[INFO] [stdout]  45 |         serde_json::to_value(&payload).unwrap(),
[INFO] [stdout]     |         --------------------  ^^^^^^^ unsatisfied trait bound
[INFO] [stdout]     |         |
[INFO] [stdout]     |         required by a bound introduced by this call
[INFO] [stdout]     |
[INFO] [stdout] help: the trait `serde::Serialize` is not implemented for `KarpalPayload`
[INFO] [stdout]    --> tests/payload.rs:13:1
[INFO] [stdout]     |
[INFO] [stdout]  13 | enum KarpalPayload {
[INFO] [stdout]     | ^^^^^^^^^^^^^^^^^^
[INFO] [stdout]     = note: for local types consider adding `#[derive(serde::Serialize)]` to your `KarpalPayload` type
[INFO] [stdout]     = note: for types from other crates check whether the crate offers a `serde` feature flag
[INFO] [stdout]     = help: the following other types implement trait `serde::Serialize`:
[INFO] [stdout]               &'a T
[INFO] [stdout]               &'a mut T
[INFO] [stdout]               ()
[INFO] [stdout]               (T,)
[INFO] [stdout]               (T0, T1)
[INFO] [stdout]               (T0, T1, T2)
[INFO] [stdout]               (T0, T1, T2, T3)
[INFO] [stdout]               (T0, T1, T2, T3, T4)
[INFO] [stdout]             and 129 others
[INFO] [stdout]     = note: required for `&KarpalPayload` to implement `serde::Serialize`
[INFO] [stdout] note: required by a bound in `to_value`
[INFO] [stdout]    --> /opt/rustwide/cargo-home/registry/src/index.crates.io-1949cf8c6b5b557f/serde_json-1.0.151/src/value/mod.rs:997:8
[INFO] [stdout]     |
[INFO] [stdout] 995 | pub fn to_value<T>(value: T) -> Result<Value, Error>
[INFO] [stdout] 996 | where
[INFO] [stdout] 997 |     T: Serialize,
[INFO] [stdout]     |        ^^^^^^^^^ required by this bound in `to_value`
[INFO] [stdout] 
[INFO] [stdout] 
[INFO] [stdout] error[E0277]: the trait bound `KarpalPayload: serde::Serialize` is not satisfied
[INFO] [stdout]    --> tests/payload.rs:50:31
[INFO] [stdout]     |
[INFO] [stdout]  50 |         serde_json::to_value(&KarpalPayload::Ready).unwrap(),
[INFO] [stdout]     |         --------------------  ^^^^^^^^^^^^^^^^^^^^ unsatisfied trait bound
[INFO] [stdout]     |         |
[INFO] [stdout]     |         required by a bound introduced by this call
[INFO] [stdout]     |
[INFO] [stdout] help: the trait `serde::Serialize` is not implemented for `KarpalPayload`
[INFO] [stdout]    --> tests/payload.rs:13:1
[INFO] [stdout]     |
[INFO] [stdout]  13 | enum KarpalPayload {
[INFO] [stdout]     | ^^^^^^^^^^^^^^^^^^
[INFO] [stdout]     = note: for local types consider adding `#[derive(serde::Serialize)]` to your `KarpalPayload` type
[INFO] [stdout]     = note: for types from other crates check whether the crate offers a `serde` feature flag
[INFO] [stdout]     = help: the following other types implement trait `serde::Serialize`:
[INFO] [stdout]               &'a T
[INFO] [stdout]               &'a mut T
[INFO] [stdout]               ()
[INFO] [stdout]               (T,)
[INFO] [stdout]               (T0, T1)
[INFO] [stdout]               (T0, T1, T2)
[INFO] [stdout]               (T0, T1, T2, T3)
[INFO] [stdout]               (T0, T1, T2, T3, T4)
[INFO] [stdout]             and 129 others
[INFO] [stdout]     = note: required for `&KarpalPayload` to implement `serde::Serialize`
[INFO] [stdout] note: required by a bound in `to_value`
[INFO] [stdout]    --> /opt/rustwide/cargo-home/registry/src/index.crates.io-1949cf8c6b5b557f/serde_json-1.0.151/src/value/mod.rs:997:8
[INFO] [stdout]     |
[INFO] [stdout] 995 | pub fn to_value<T>(value: T) -> Result<Value, Error>
[INFO] [stdout] 996 | where
[INFO] [stdout] 997 |     T: Serialize,
[INFO] [stdout]     |        ^^^^^^^^^ required by this bound in `to_value`
[INFO] [stdout] 
[INFO] [stdout] 
[INFO] [stdout] error[E0599]: no method named `exit_code_map` found for struct `SearchTool` in the current scope
[INFO] [stdout]   --> tests/derive.rs:34:26
[INFO] [stdout]    |
[INFO] [stdout] 11 | struct SearchTool;
[INFO] [stdout]    | ----------------- method `exit_code_map` not found for this struct
[INFO] [stdout] ...
[INFO] [stdout] 34 |     let map = SearchTool.exit_code_map();
[INFO] [stdout]    |                          ^^^^^^^^^^^^^ method not found in `SearchTool`
[INFO] [stdout] 
[INFO] [stdout] 
[INFO] [stdout] error[E0277]: the trait bound `KarpalPayload: serde::Serialize` is not satisfied
[INFO] [stdout]     --> tests/payload.rs:66:42
[INFO] [stdout]      |
[INFO] [stdout]   66 |         let wire = serde_json::to_string(&payload).unwrap();
[INFO] [stdout]      |                    --------------------- ^^^^^^^^ unsatisfied trait bound
[INFO] [stdout]      |                    |
[INFO] [stdout]      |                    required by a bound introduced by this call
[INFO] [stdout]      |
[INFO] [stdout] help: the trait `serde::Serialize` is not implemented for `KarpalPayload`
[INFO] [stdout]     --> tests/payload.rs:13:1
[INFO] [stdout]      |
[INFO] [stdout]   13 | enum KarpalPayload {
[INFO] [stdout]      | ^^^^^^^^^^^^^^^^^^
[INFO] [stdout]      = note: for local types consider adding `#[derive(serde::Serialize)]` to your `KarpalPayload` type
[INFO] [stdout]      = note: for types from other crates check whether the crate offers a `serde` feature flag
[INFO] [stdout]      = help: the following other types implement trait `serde::Serialize`:
[INFO] [stdout]                &'a T
[INFO] [stdout]                &'a mut T
[INFO] [stdout]                ()
[INFO] [stdout]                (T,)
[INFO] [stdout]                (T0, T1)
[INFO] [stdout]                (T0, T1, T2)
[INFO] [stdout]                (T0, T1, T2, T3)
[INFO] [stdout]                (T0, T1, T2, T3, T4)
[INFO] [stdout]              and 129 others
[INFO] [stdout] note: required by a bound in `serde_json::to_string`
[INFO] [stdout]     --> /opt/rustwide/cargo-home/registry/src/index.crates.io-1949cf8c6b5b557f/serde_json-1.0.151/src/ser.rs:2247:17
[INFO] [stdout]      |
[INFO] [stdout] 2245 | pub fn to_string<T>(value: &T) -> Result<String>
[INFO] [stdout] 2246 | where
[INFO] [stdout] 2247 |     T: ?Sized + Serialize,
[INFO] [stdout]      |                 ^^^^^^^^^ required by this bound in `to_string`
[INFO] [stdout] 
[INFO] [stdout] 
[INFO] [stdout] error[E0599]: no method named `tool_version` found for struct `SearchTool` in the current scope
[INFO] [stdout]   --> tests/derive.rs:43:27
[INFO] [stdout]    |
[INFO] [stdout] 11 | struct SearchTool;
[INFO] [stdout]    | ----------------- method `tool_version` not found for this struct
[INFO] [stdout] ...
[INFO] [stdout] 43 |     assert_eq!(SearchTool.tool_version(), env!("CARGO_PKG_VERSION"));
[INFO] [stdout]    |                           ^^^^^^^^^^^^ method not found in `SearchTool`
[INFO] [stdout] 
[INFO] [stdout] 
[INFO] [stdout] error[E0277]: the trait bound `KarpalPayload: serde::Deserialize<'de>` is not satisfied
[INFO] [stdout]     --> tests/payload.rs:67:35
[INFO] [stdout]      |
[INFO] [stdout]   67 |         let back: KarpalPayload = serde_json::from_str(&wire).unwrap();
[INFO] [stdout]      |                                   ^^^^^^^^^^^^^^^^^^^^^^^^^^^ unsatisfied trait bound
[INFO] [stdout]      |
[INFO] [stdout] help: the trait `serde::Deserialize<'_>` is not implemented for `KarpalPayload`
[INFO] [stdout]     --> tests/payload.rs:13:1
[INFO] [stdout]      |
[INFO] [stdout]   13 | enum KarpalPayload {
[INFO] [stdout]      | ^^^^^^^^^^^^^^^^^^
[INFO] [stdout]      = note: for local types consider adding `#[derive(serde::Deserialize)]` to your `KarpalPayload` type
[INFO] [stdout]      = note: for types from other crates check whether the crate offers a `serde` feature flag
[INFO] [stdout]      = help: the following other types implement trait `serde::Deserialize<'de>`:
[INFO] [stdout]                &'a Path
[INFO] [stdout]                &'a [u8]
[INFO] [stdout]                &'a str
[INFO] [stdout]                ()
[INFO] [stdout]                (T,)
[INFO] [stdout]                (T0, T1)
[INFO] [stdout]                (T0, T1, T2)
[INFO] [stdout]                (T0, T1, T2, T3)
[INFO] [stdout]              and 141 others
[INFO] [stdout] note: required by a bound in `serde_json::from_str`
[INFO] [stdout]     --> /opt/rustwide/cargo-home/registry/src/index.crates.io-1949cf8c6b5b557f/serde_json-1.0.151/src/de.rs:2711:8
[INFO] [stdout]      |
[INFO] [stdout] 2709 | pub fn from_str<'a, T>(s: &'a str) -> Result<T>
[INFO] [stdout] 2710 | where
[INFO] [stdout] 2711 |     T: de::Deserialize<'a>,
[INFO] [stdout]      |        ^^^^^^^^^^^^^^^^^^^ required by this bound in `from_str`
[INFO] [stdout] 
[INFO] [stdout] 
[INFO] [stdout] Some errors have detailed explanations: E0432, E0599.
[INFO] [stdout] 
[INFO] [stdout] For more information about an error, try `rustc --explain E0432`.
[INFO] [stdout] 
[INFO] [stdout] error[E0277]: the trait bound `KarpalPayload: serde::de::DeserializeOwned` is not satisfied
[INFO] [stdout]     --> tests/payload.rs:75:38
[INFO] [stdout]      |
[INFO] [stdout]   75 |     assert!(serde_json::from_value::<KarpalPayload>(wire).is_err());
[INFO] [stdout]      |                                      ^^^^^^^^^^^^^ unsatisfied trait bound
[INFO] [stdout]      |
[INFO] [stdout] help: the trait `for<'de> serde::Deserialize<'de>` is not implemented for `KarpalPayload`
[INFO] [stdout]     --> tests/payload.rs:13:1
[INFO] [stdout]      |
[INFO] [stdout]   13 | enum KarpalPayload {
[INFO] [stdout]      | ^^^^^^^^^^^^^^^^^^
[INFO] [stdout]      = help: the following other types implement trait `serde::Deserialize<'de>`:
[INFO] [stdout]                &'a Path
[INFO] [stdout]                &'a [u8]
[INFO] [stdout]                &'a str
[INFO] [stdout]                ()
[INFO] [stdout]                (T,)
[INFO] [stdout]                (T0, T1)
[INFO] [stdout]                (T0, T1, T2)
[INFO] [stdout]                (T0, T1, T2, T3)
[INFO] [stdout]              and 141 others
[INFO] [stdout]      = note: required for `KarpalPayload` to implement `serde::de::DeserializeOwned`
[INFO] [stdout] note: required by a bound in `from_value`
[INFO] [stdout]     --> /opt/rustwide/cargo-home/registry/src/index.crates.io-1949cf8c6b5b557f/serde_json-1.0.151/src/value/mod.rs:1039:8
[INFO] [stdout]      |
[INFO] [stdout] 1037 | pub fn from_value<T>(value: Value) -> Result<T, Error>
[INFO] [stdout] 1038 | where
[INFO] [stdout] 1039 |     T: DeserializeOwned,
[INFO] [stdout]      |        ^^^^^^^^^^^^^^^^ required by this bound in `from_value`
[INFO] [stdout] 
[INFO] [stdout] 
[INFO] [stderr] error: could not compile `lonis-derive` (test "derive") due to 7 previous errors
[INFO] [stderr] warning: build failed, waiting for other jobs to finish...
[INFO] [stdout] error[E0599]: no method named `render_human` found for enum `KarpalPayload` in the current scope
[INFO] [stdout]    --> tests/payload.rs:102:28
[INFO] [stdout]     |
[INFO] [stdout]  13 | enum KarpalPayload {
[INFO] [stdout]     | ------------------ method `render_human` not found for this enum
[INFO] [stdout] ...
[INFO] [stdout] 102 |     let rendered = payload.render_human();
[INFO] [stdout]     |                            ^^^^^^^^^^^^ method not found in `KarpalPayload`
[INFO] [stdout] 
[INFO] [stdout] 
[INFO] [stdout] error[E0599]: no method named `kind_name` found for enum `BarePayload` in the current scope
[INFO] [stdout]    --> tests/payload.rs:117:24
[INFO] [stdout]     |
[INFO] [stdout] 110 | enum BarePayload {
[INFO] [stdout]     | ---------------- method `kind_name` not found for this enum
[INFO] [stdout] ...
[INFO] [stdout] 117 |     assert_eq!(payload.kind_name(), "fetch");
[INFO] [stdout]     |                        ^^^^^^^^^ method not found in `BarePayload`
[INFO] [stdout] 
[INFO] [stdout] 
[INFO] [stdout] error[E0599]: no method named `schema_id` found for enum `BarePayload` in the current scope
[INFO] [stdout]    --> tests/payload.rs:118:24
[INFO] [stdout]     |
[INFO] [stdout] 110 | enum BarePayload {
[INFO] [stdout]     | ---------------- method `schema_id` not found for this enum
[INFO] [stdout] ...
[INFO] [stdout] 118 |     assert_eq!(payload.schema_id(), "lonis.block/fetch/v1");
[INFO] [stdout]     |                        ^^^^^^^^^ method not found in `BarePayload`
[INFO] [stdout] 
[INFO] [stdout] 
[INFO] [stdout] error[E0277]: the trait bound `BarePayload: serde::Serialize` is not satisfied
[INFO] [stdout]    --> tests/payload.rs:119:38
[INFO] [stdout]     |
[INFO] [stdout] 119 |     let wire = serde_json::to_value(&payload).unwrap();
[INFO] [stdout]     |                --------------------  ^^^^^^^ unsatisfied trait bound
[INFO] [stdout]     |                |
[INFO] [stdout]     |                required by a bound introduced by this call
[INFO] [stdout]     |
[INFO] [stdout] help: the trait `serde::Serialize` is not implemented for `BarePayload`
[INFO] [stdout]    --> tests/payload.rs:110:1
[INFO] [stdout]     |
[INFO] [stdout] 110 | enum BarePayload {
[INFO] [stdout]     | ^^^^^^^^^^^^^^^^
[INFO] [stdout]     = note: for local types consider adding `#[derive(serde::Serialize)]` to your `BarePayload` type
[INFO] [stdout]     = note: for types from other crates check whether the crate offers a `serde` feature flag
[INFO] [stdout]     = help: the following other types implement trait `serde::Serialize`:
[INFO] [stdout]               &'a T
[INFO] [stdout]               &'a mut T
[INFO] [stdout]               ()
[INFO] [stdout]               (T,)
[INFO] [stdout]               (T0, T1)
[INFO] [stdout]               (T0, T1, T2)
[INFO] [stdout]               (T0, T1, T2, T3)
[INFO] [stdout]               (T0, T1, T2, T3, T4)
[INFO] [stdout]             and 129 others
[INFO] [stdout]     = note: required for `&BarePayload` to implement `serde::Serialize`
[INFO] [stdout] note: required by a bound in `to_value`
[INFO] [stdout]    --> /opt/rustwide/cargo-home/registry/src/index.crates.io-1949cf8c6b5b557f/serde_json-1.0.151/src/value/mod.rs:997:8
[INFO] [stdout]     |
[INFO] [stdout] 995 | pub fn to_value<T>(value: T) -> Result<Value, Error>
[INFO] [stdout] 996 | where
[INFO] [stdout] 997 |     T: Serialize,
[INFO] [stdout]     |        ^^^^^^^^^ required by this bound in `to_value`
[INFO] [stdout] 
[INFO] [stdout] 
[INFO] [stdout] error[E0277]: the trait bound `BarePayload: serde::de::DeserializeOwned` is not satisfied
[INFO] [stdout]     --> tests/payload.rs:121:29
[INFO] [stdout]      |
[INFO] [stdout]  121 |     let back: BarePayload = serde_json::from_value(wire).unwrap();
[INFO] [stdout]      |                             ^^^^^^^^^^^^^^^^^^^^^^^^^^^^ unsatisfied trait bound
[INFO] [stdout]      |
[INFO] [stdout] help: the trait `for<'de> serde::Deserialize<'de>` is not implemented for `BarePayload`
[INFO] [stdout]     --> tests/payload.rs:110:1
[INFO] [stdout]      |
[INFO] [stdout]  110 | enum BarePayload {
[INFO] [stdout]      | ^^^^^^^^^^^^^^^^
[INFO] [stdout]      = help: the following other types implement trait `serde::Deserialize<'de>`:
[INFO] [stdout]                &'a Path
[INFO] [stdout]                &'a [u8]
[INFO] [stdout]                &'a str
[INFO] [stdout]                ()
[INFO] [stdout]                (T,)
[INFO] [stdout]                (T0, T1)
[INFO] [stdout]                (T0, T1, T2)
[INFO] [stdout]                (T0, T1, T2, T3)
[INFO] [stdout]              and 141 others
[INFO] [stdout]      = note: required for `BarePayload` to implement `serde::de::DeserializeOwned`
[INFO] [stdout] note: required by a bound in `from_value`
[INFO] [stdout]     --> /opt/rustwide/cargo-home/registry/src/index.crates.io-1949cf8c6b5b557f/serde_json-1.0.151/src/value/mod.rs:1039:8
[INFO] [stdout]      |
[INFO] [stdout] 1037 | pub fn from_value<T>(value: Value) -> Result<T, Error>
[INFO] [stdout] 1038 | where
[INFO] [stdout] 1039 |     T: DeserializeOwned,
[INFO] [stdout]      |        ^^^^^^^^^^^^^^^^ required by this bound in `from_value`
[INFO] [stdout] 
[INFO] [stdout] 
[INFO] [stdout] error[E0599]: no method named `render_human` found for enum `RenderedPayload` in the current scope
[INFO] [stdout]    --> tests/payload.rs:151:17
[INFO] [stdout]     |
[INFO] [stdout] 130 | enum RenderedPayload {
[INFO] [stdout]     | -------------------- method `render_human` not found for this enum
[INFO] [stdout] ...
[INFO] [stdout] 151 |         payload.render_human(),
[INFO] [stdout]     |                 ^^^^^^^^^^^^ method not found in `RenderedPayload`
[INFO] [stdout] 
[INFO] [stdout] 
[INFO] [stdout] error[E0599]: no method named `render_human` found for enum `RenderedPayload` in the current scope
[INFO] [stdout]    --> tests/payload.rs:154:39
[INFO] [stdout]     |
[INFO] [stdout] 130 | enum RenderedPayload {
[INFO] [stdout]     | -------------------- method `render_human` not found for this enum
[INFO] [stdout] ...
[INFO] [stdout] 154 |     assert_eq!(RenderedPayload::Ready.render_human(), "karpal: ready");
[INFO] [stdout]     |                                       ^^^^^^^^^^^^ method not found in `RenderedPayload`
[INFO] [stdout] 
[INFO] [stdout] 
[INFO] [stdout] error[E0599]: no method named `kind_name` found for enum `RenderedPayload` in the current scope
[INFO] [stdout]    --> tests/payload.rs:163:24
[INFO] [stdout]     |
[INFO] [stdout] 130 | enum RenderedPayload {
[INFO] [stdout]     | -------------------- method `kind_name` not found for this enum
[INFO] [stdout] ...
[INFO] [stdout] 163 |     assert_eq!(payload.kind_name(), "karpal.search");
[INFO] [stdout]     |                        ^^^^^^^^^ method not found in `RenderedPayload`
[INFO] [stdout] 
[INFO] [stdout] 
[INFO] [stdout] error[E0277]: the trait bound `RenderedPayload: serde::Serialize` is not satisfied
[INFO] [stdout]    --> tests/payload.rs:164:38
[INFO] [stdout]     |
[INFO] [stdout] 164 |     let wire = serde_json::to_value(&payload).unwrap();
[INFO] [stdout]     |                --------------------  ^^^^^^^ unsatisfied trait bound
[INFO] [stdout]     |                |
[INFO] [stdout]     |                required by a bound introduced by this call
[INFO] [stdout]     |
[INFO] [stdout] help: the trait `serde::Serialize` is not implemented for `RenderedPayload`
[INFO] [stdout]    --> tests/payload.rs:130:1
[INFO] [stdout]     |
[INFO] [stdout] 130 | enum RenderedPayload {
[INFO] [stdout]     | ^^^^^^^^^^^^^^^^^^^^
[INFO] [stdout]     = note: for local types consider adding `#[derive(serde::Serialize)]` to your `RenderedPayload` type
[INFO] [stdout]     = note: for types from other crates check whether the crate offers a `serde` feature flag
[INFO] [stdout]     = help: the following other types implement trait `serde::Serialize`:
[INFO] [stdout]               &'a T
[INFO] [stdout]               &'a mut T
[INFO] [stdout]               ()
[INFO] [stdout]               (T,)
[INFO] [stdout]               (T0, T1)
[INFO] [stdout]               (T0, T1, T2)
[INFO] [stdout]               (T0, T1, T2, T3)
[INFO] [stdout]               (T0, T1, T2, T3, T4)
[INFO] [stdout]             and 129 others
[INFO] [stdout]     = note: required for `&RenderedPayload` to implement `serde::Serialize`
[INFO] [stdout] note: required by a bound in `to_value`
[INFO] [stdout]    --> /opt/rustwide/cargo-home/registry/src/index.crates.io-1949cf8c6b5b557f/serde_json-1.0.151/src/value/mod.rs:997:8
[INFO] [stdout]     |
[INFO] [stdout] 995 | pub fn to_value<T>(value: T) -> Result<Value, Error>
[INFO] [stdout] 996 | where
[INFO] [stdout] 997 |     T: Serialize,
[INFO] [stdout]     |        ^^^^^^^^^ required by this bound in `to_value`
[INFO] [stdout] 
[INFO] [stdout] 
[INFO] [stdout] error[E0277]: the trait bound `RenderedPayload: serde::de::DeserializeOwned` is not satisfied
[INFO] [stdout]     --> tests/payload.rs:166:33
[INFO] [stdout]      |
[INFO] [stdout]  166 |     let back: RenderedPayload = serde_json::from_value(wire).unwrap();
[INFO] [stdout]      |                                 ^^^^^^^^^^^^^^^^^^^^^^^^^^^^ unsatisfied trait bound
[INFO] [stdout]      |
[INFO] [stdout] help: the trait `for<'de> serde::Deserialize<'de>` is not implemented for `RenderedPayload`
[INFO] [stdout]     --> tests/payload.rs:130:1
[INFO] [stdout]      |
[INFO] [stdout]  130 | enum RenderedPayload {
[INFO] [stdout]      | ^^^^^^^^^^^^^^^^^^^^
[INFO] [stdout]      = help: the following other types implement trait `serde::Deserialize<'de>`:
[INFO] [stdout]                &'a Path
[INFO] [stdout]                &'a [u8]
[INFO] [stdout]                &'a str
[INFO] [stdout]                ()
[INFO] [stdout]                (T,)
[INFO] [stdout]                (T0, T1)
[INFO] [stdout]                (T0, T1, T2)
[INFO] [stdout]                (T0, T1, T2, T3)
[INFO] [stdout]              and 141 others
[INFO] [stdout]      = note: required for `RenderedPayload` to implement `serde::de::DeserializeOwned`
[INFO] [stdout] note: required by a bound in `from_value`
[INFO] [stdout]     --> /opt/rustwide/cargo-home/registry/src/index.crates.io-1949cf8c6b5b557f/serde_json-1.0.151/src/value/mod.rs:1039:8
[INFO] [stdout]      |
[INFO] [stdout] 1037 | pub fn from_value<T>(value: Value) -> Result<T, Error>
[INFO] [stdout] 1038 | where
[INFO] [stdout] 1039 |     T: DeserializeOwned,
[INFO] [stdout]      |        ^^^^^^^^^^^^^^^^ required by this bound in `from_value`
[INFO] [stdout] 
[INFO] [stdout] 
[INFO] [stdout] Some errors have detailed explanations: E0277, E0432, E0433, E0599.
[INFO] [stdout] 
[INFO] [stdout] For more information about an error, try `rustc --explain E0277`.
[INFO] [stdout] 
[INFO] [stderr] error: could not compile `lonis-derive` (test "payload") due to 26 previous errors
[INFO] running `Command { std: "docker" "inspect" "19194240d771bb456be4e53efd3359c2ca454f8f5e3c32efb0ff89cf0901efb9", kill_on_drop: false }`
[INFO] running `Command { std: "docker" "rm" "-f" "19194240d771bb456be4e53efd3359c2ca454f8f5e3c32efb0ff89cf0901efb9", kill_on_drop: false }`
[INFO] [stdout] 19194240d771bb456be4e53efd3359c2ca454f8f5e3c32efb0ff89cf0901efb9
