[INFO] fetching crate libdeno 0.3.2...
[INFO] checking libdeno-0.3.2 against 3154cc1a3e6424e44f438a95007d043ed5ceaaf6+rustflags=-Znext-solver=coherence for pr-133502-30
[INFO] extracting crate libdeno 0.3.2 into /workspace/builds/worker-4-tc1/source
[INFO] removed /workspace/builds/worker-4-tc1/source/.cargo/config.toml
[INFO] started tweaking crates.io crate libdeno 0.3.2
[INFO] removed 0 missing examples
[INFO] removed 0 missing tests
[INFO] finished tweaking crates.io crate libdeno 0.3.2
[INFO] tweaked toml for crates.io crate libdeno 0.3.2 written to /workspace/builds/worker-4-tc1/source/Cargo.toml
[INFO] validating manifest of crates.io crate libdeno 0.3.2 on toolchain 3154cc1a3e6424e44f438a95007d043ed5ceaaf6
[INFO] running `Command { std: CARGO_HOME="/workspace/cargo-home" RUSTUP_HOME="/workspace/rustup-home" "/workspace/cargo-home/bin/cargo" "+3154cc1a3e6424e44f438a95007d043ed5ceaaf6" "metadata" "--manifest-path" "Cargo.toml" "--no-deps", kill_on_drop: false }`
[INFO] crate crates.io crate libdeno 0.3.2 already has a lockfile, it will not be regenerated
[INFO] running `Command { std: CARGO_HOME="/workspace/cargo-home" RUSTUP_HOME="/workspace/rustup-home" "/workspace/cargo-home/bin/cargo" "+3154cc1a3e6424e44f438a95007d043ed5ceaaf6" "fetch" "--manifest-path" "Cargo.toml", kill_on_drop: false }`
[INFO] [stderr]     Updating crates.io index
[INFO] [stderr]  Downloading crates ...
[INFO] [stderr]   Downloaded sys_traits_macros v0.1.0
[INFO] [stderr]   Downloaded junction v1.2.0
[INFO] [stderr]   Downloaded sys_traits v0.1.28
[INFO] [stderr]   Downloaded lazy-regex v3.6.1
[INFO] [stderr]   Downloaded lazy-regex-proc_macros v3.6.1
[INFO] [stderr]   Downloaded node_resolver v0.95.0
[INFO] [stderr]   Downloaded deno_semver v0.10.1
[INFO] [stderr]   Downloaded path-clean v0.1.0
[INFO] [stderr]   Downloaded hipstr v0.6.0
[INFO] [stderr]   Downloaded boxed_error v0.2.3
[INFO] [stderr]   Downloaded deno_media_type v0.4.0
[INFO] [stderr]   Downloaded swc_atoms v9.0.0
[INFO] [stderr]   Downloaded swc_macros_common v1.0.1
[INFO] [stderr]   Downloaded deno_error v0.7.1
[INFO] [stderr]   Downloaded capacity_builder v0.5.0
[INFO] [stderr]   Downloaded swc_visit v2.0.1
[INFO] [stderr]   Downloaded bytes-str v0.2.8
[INFO] [stderr]   Downloaded text_lines v0.6.0
[INFO] [stderr]   Downloaded swc_eq_ignore_macros v1.0.1
[INFO] [stderr]   Downloaded deno_error_macro v0.7.1
[INFO] [stderr]   Downloaded capacity_builder_macros v0.3.0
[INFO] [stderr]   Downloaded debugid v0.8.0
[INFO] [stderr]   Downloaded deno_maybe_sync v0.44.0
[INFO] [stderr]   Downloaded string_enum v1.0.2
[INFO] [stderr]   Downloaded par-core v2.0.0
[INFO] [stderr]   Downloaded wasm_dep_analyzer v0.4.0
[INFO] [stderr]   Downloaded swc_ts_fast_strip v36.0.0
[INFO] [stderr]   Downloaded from_variant v3.0.0
[INFO] [stderr]   Downloaded better_scoped_tls v1.0.1
[INFO] [stderr]   Downloaded ast_node v5.0.0
[INFO] [stderr]   Downloaded is-macro v0.3.7
[INFO] [stderr]   Downloaded swc_config_macro v1.0.1
[INFO] [stderr]   Downloaded ecow v0.2.6
[INFO] [stderr]   Downloaded deno_package_json v0.59.0
[INFO] [stderr]   Downloaded swc_allocator v4.0.1
[INFO] [stderr]   Downloaded swc_ecma_transforms_classes v30.0.0
[INFO] [stderr]   Downloaded deno_terminal v0.2.3
[INFO] [stderr]   Downloaded deno_unsync v0.4.4
[INFO] [stderr]   Downloaded swc_config v3.1.2
[INFO] [stderr]   Downloaded endian-type v0.1.2
[INFO] [stderr]   Downloaded deno_path_util v0.6.4
[INFO] [stderr]   Downloaded swc_ecma_utils v24.0.0
[INFO] [stderr]   Downloaded swc_ecma_transforms_typescript v33.0.0
[INFO] [stderr]   Downloaded swc_ecma_codegen_macros v2.0.2
[INFO] [stderr]   Downloaded swc_ecma_transforms_macros v1.0.1
[INFO] [stderr]   Downloaded sacabase v2.0.0
[INFO] [stderr]   Downloaded suffix_array v0.5.0
[INFO] [stderr]   Downloaded swc_ecma_ast v18.0.0
[INFO] [stderr]   Downloaded swc_ecma_loader v17.0.0
[INFO] [stderr]   Downloaded hstr v3.0.6
[INFO] [stderr]   Downloaded swc_ecma_transforms_proposal v30.0.0
[INFO] [stderr]   Downloaded tokio-metrics v0.3.1
[INFO] [stderr]   Downloaded qbsdiff v1.4.4
[INFO] [stderr]   Downloaded cdivsufsort v2.0.0
[INFO] [stderr]   Downloaded monch v0.6.0
[INFO] [stderr]   Downloaded swc_sourcemap v9.3.4
[INFO] [stderr]   Downloaded ryu-js v1.0.3
[INFO] [stderr]   Downloaded swc_ecma_transforms_react v33.0.0
[INFO] [stderr]   Downloaded swc_ecma_codegen v20.0.2
[INFO] [stderr]   Downloaded deno_ast v0.53.3
[INFO] [stderr]   Downloaded swc_common v17.0.1
[INFO] [stderr]   Downloaded swc_ecma_transforms_base v30.0.1
[INFO] [stderr]   Downloaded dprint-swc-ext v0.26.0
[INFO] [stderr]   Downloaded swc_ecma_lexer v26.0.0
[INFO] [stderr]   Downloaded swc_ecma_parser v27.0.7
[INFO] [stderr]   Downloaded rustyline v17.0.0
[INFO] [stderr]   Downloaded deno_runtime v0.265.0
[INFO] [stderr]   Downloaded swc_ecma_visit v18.0.1
[INFO] [stderr]   Downloaded radix_trie v0.2.1
[INFO] [stderr]   Downloaded deno_webstorage v0.252.0
[INFO] [stderr]   Downloaded aes v0.8.3
[INFO] [stderr]   Downloaded serde_v8 v0.319.0
[INFO] [stderr]   Downloaded deno_v8 v0.2.0
[INFO] [stderr]   Downloaded sourcemap v9.3.2
[INFO] [stderr]   Downloaded deno_core v0.410.0
[INFO] [stderr]   Downloaded deno_graph v0.110.1
[INFO] [stderr]   Downloaded v8x v149.4.0-rc.4
[INFO] [stderr]   Downloaded deno_ops v0.286.0
[INFO] [stderr]   Downloaded syn-match v0.3.1
[INFO] [stderr]   Downloaded stringcase v0.4.0
[INFO] [stderr]   Downloaded cooked-waker v5.0.0
[INFO] [stderr]   Downloaded deno_websocket v0.262.0
[INFO] [stderr]   Downloaded deno_tls v0.244.0
[INFO] [stderr]   Downloaded rustls-tokio-stream v0.8.0
[INFO] [stderr]   Downloaded derive-io v0.4.1
[INFO] [stderr]   Downloaded derive-io-macros v0.4.1
[INFO] [stderr]   Downloaded deno_native_certs v0.3.1
[INFO] [stderr]   Downloaded deno_permissions v0.116.0
[INFO] [stderr]   Downloaded deno_net v0.249.0
[INFO] [stderr]   Downloaded fqdn v0.5.2
[INFO] [stderr]   Downloaded tokio-vsock v0.7.2
[INFO] [stderr]   Downloaded x509-parser v0.15.1
[INFO] [stderr]   Downloaded web-transport-proto v0.2.8
[INFO] [stderr]   Downloaded vsock v0.5.4
[INFO] [stderr]   Downloaded deno_tunnel v0.8.1
[INFO] [stderr]   Downloaded deno_signals v0.48.0
[INFO] [stderr]   Downloaded deno_features v0.54.0
[INFO] [stderr]   Downloaded error_reporter v1.0.0
[INFO] [stderr]   Downloaded deno_fs v0.167.0
[INFO] [stderr]   Downloaded deno_webidl v0.257.0
[INFO] [stderr]   Downloaded deno_webgpu v0.224.0
[INFO] [stderr]   Downloaded deno_fetch v0.281.0
[INFO] [stderr]   Downloaded deno_io v0.167.0
[INFO] [stderr]   Downloaded deno_subprocess_windows v0.52.0
[INFO] [stderr]   Downloaded wgpu-types v29.0.1
[INFO] [stderr]   Downloaded wgpu-core v29.0.1
[INFO] [stderr]   Downloaded deno_image v0.33.0
[INFO] [stderr]   Downloaded lcms2 v6.1.1
[INFO] [stderr]   Downloaded lcms2-sys v4.0.7
[INFO] [stderr]   Downloaded deno_web v0.288.0
[INFO] [stderr]   Downloaded deno_telemetry v0.79.0
[INFO] [stderr]   Downloaded const-hex v1.19.1
[INFO] [stderr]   Downloaded deno_resolver v0.88.0
[INFO] [stderr]   Downloaded yaml_parser v0.2.1
[INFO] [stderr]   Downloaded rowan v0.15.19
[INFO] [stderr]   Downloaded jsonc-parser v0.32.4
[INFO] [stderr]   Downloaded import_map v0.25.0
[INFO] [stderr]   Downloaded imara-diff v0.2.0
[INFO] [stderr]   Downloaded deno_npmrc v0.18.0
[INFO] [stderr]   Downloaded deno_npm v0.69.0
[INFO] [stderr]   Downloaded deno_lockfile v0.59.0
[INFO] [stderr]   Downloaded deno_config v0.107.0
[INFO] [stderr]   Downloaded deno_cache_dir v0.49.0
[INFO] [stderr]   Downloaded deno_process v0.72.0
[INFO] [stderr]   Downloaded deno_os v0.74.0
[INFO] [stderr]   Downloaded netif v0.1.6
[INFO] [stderr]   Downloaded deno_node_sqlite v0.27.0
[INFO] [stderr]   Downloaded deno_node_crypto v0.27.0
[INFO] [stderr]   Downloaded p12 v0.6.3
[INFO] [stderr]   Downloaded md4 v0.10.2
[INFO] [stderr]   Downloaded p224 v0.13.2
[INFO] [stderr]   Downloaded rc2 v0.8.1
[INFO] [stderr]   Downloaded des v0.8.1
[INFO] [stderr]   Downloaded ed448-goldilocks v0.14.0-pre.15
[INFO] [stderr]   Downloaded shake v0.1.0
[INFO] [stderr]   Downloaded hash2curve v0.14.0
[INFO] [stderr]   Downloaded ed448 v0.5.0
[INFO] [stderr]   Downloaded deno_crypto_provider v0.51.0
[INFO] [stderr]   Downloaded aead-gcm-stream v0.4.0
[INFO] [stderr]   Downloaded zstd v0.13.2
[INFO] [stderr]   Downloaded tokio-eld v0.3.0
[INFO] [stderr]   Downloaded node_shim v0.32.0
[INFO] [stderr]   Downloaded hdrhistogram v7.6.0
[INFO] [stderr]   Downloaded deno_dotenv v0.26.0
[INFO] [stderr]   Downloaded deno_napi v0.188.0
[INFO] [stderr]   Downloaded napi_sym v0.187.0
[INFO] [stderr]   Downloaded wtf8 v0.1.0
[INFO] [stderr]   Downloaded denokv_proto v0.14.0
[INFO] [stderr]   Downloaded deno_whoami v0.1.0
[INFO] [stderr]   Downloaded deno_inspector_server v0.31.0
[INFO] [stderr]   Downloaded libuv-sys-lite v1.48.3
[INFO] [stderr]   Downloaded denort_helper v0.55.0
[INFO] [stderr]   Downloaded deno_kv v0.165.0
[INFO] [stderr]   Downloaded denokv_sqlite v0.14.0
[INFO] [stderr]   Downloaded v8_valueserializer v0.1.2
[INFO] [stderr]   Downloaded deno_node v0.195.0
[INFO] [stderr]   Downloaded libnghttp2 v1.68.0
[INFO] [stderr]   Downloaded denokv_remote v0.14.0
[INFO] [stderr]   Downloaded libffi v5.1.0
[INFO] [stderr]   Downloaded cranelift-native v0.117.2
[INFO] [stderr]   Downloaded deno_http v0.255.0
[INFO] [stderr]   Downloaded deno_http_h1 v0.8.0
[INFO] [stderr]   Downloaded deno_ffi v0.244.0
[INFO] [stderr]   Downloaded dlopen2 v0.6.1
[INFO] [stderr]   Downloaded cranelift-control v0.117.2
[INFO] [stderr]   Downloaded cranelift-isle v0.117.2
[INFO] [stderr]   Downloaded cranelift-bitset v0.117.2
[INFO] [stderr]   Downloaded cranelift-codegen-meta v0.117.2
[INFO] [stderr]   Downloaded cranelift-assembler-x64 v0.117.2
[INFO] [stderr]   Downloaded cranelift-codegen-shared v0.117.2
[INFO] [stderr]   Downloaded cranelift-entity v0.117.2
[INFO] [stderr]   Downloaded cranelift-assembler-x64-meta v0.117.2
[INFO] [stderr]   Downloaded cranelift v0.117.2
[INFO] [stderr]   Downloaded ocb3 v0.1.0
[INFO] [stderr]   Downloaded aes-kw v0.2.1
[INFO] [stderr]   Downloaded deno_cron v0.137.0
[INFO] [stderr]   Downloaded deno_bundle_runtime v0.44.0
[INFO] [stderr]   Downloaded libdeflater v1.25.2
[INFO] [stderr]   Downloaded cranelift-codegen v0.117.2
[INFO] [stderr]   Downloaded cranelift-bforest v0.117.2
[INFO] [stderr]   Downloaded cranelift-module v0.117.2
[INFO] [stderr]   Downloaded argon2 v0.6.0-rc.8
[INFO] [stderr]   Downloaded deno_cache v0.190.0
[INFO] [stderr]   Downloaded cranelift-frontend v0.117.2
[INFO] [stderr]   Downloaded blake2 v0.11.0-rc.6
[INFO] [stderr]   Downloaded deno_npm_cache v0.76.0
[INFO] [stderr]   Downloaded deno_canvas v0.119.0
[INFO] [stderr]   Downloaded deno_crypto v0.271.0
[INFO] [stderr]   Downloaded libdeflate-sys v1.25.2
[INFO] [stderr]   Downloaded deno_npm_installer v0.52.0
[INFO] [stderr]   Downloaded libffi-sys v4.2.0
[INFO] [stderr]   Downloaded fips203 v0.4.3
[INFO] [stderr]   Downloaded fips205 v0.4.1
[INFO] [stderr]   Downloaded v8 v150.4.0
[INFO] running `Command { std: "docker" "create" "-v" "/var/lib/crater-agent-workspace/builds/worker-4-tc1/source:/opt/rustwide/workdir:ro,Z" "-v" "/var/lib/crater-agent-workspace/builds/worker-4-tc1/target:/opt/rustwide/target:rw,Z" "-v" "/var/lib/crater-agent-workspace/cargo-home:/opt/rustwide/cargo-home:ro,Z" "-v" "/var/lib/crater-agent-workspace/rustup-home:/opt/rustwide/rustup-home:ro,Z" "-m" "1610612736" "--network" "none" "ghcr.io/rust-lang/crates-build-env/linux@sha256:77db811e55d90add9212f6832c23229e3de5f1c1f9905e8cb07319ea15df73ac" "sleep" "infinity", kill_on_drop: false }`
[INFO] [stdout] b605503978004b2d26e5d5402484daabeb774aabf94903a735b0dfbea5c91b3c
[INFO] running `Command { std: "docker" "start" "b605503978004b2d26e5d5402484daabeb774aabf94903a735b0dfbea5c91b3c", kill_on_drop: false }`
[INFO] running `Command { std: "docker" "inspect" "b605503978004b2d26e5d5402484daabeb774aabf94903a735b0dfbea5c91b3c", kill_on_drop: false }`
[INFO] running `Command { std: "docker" "exec" "-e" "SOURCE_DIR=/opt/rustwide/workdir" "-e" "CARGO_HOME=/opt/rustwide/cargo-home" "-e" "RUSTUP_HOME=/opt/rustwide/rustup-home" "-e" "CARGO_TARGET_DIR=/opt/rustwide/target" "-w" "/opt/rustwide/workdir" "--user" "0:0" "b605503978004b2d26e5d5402484daabeb774aabf94903a735b0dfbea5c91b3c" "/opt/rustwide/cargo-home/bin/cargo" "+3154cc1a3e6424e44f438a95007d043ed5ceaaf6" "metadata" "--no-deps" "--format-version=1", kill_on_drop: false }`
[INFO] running `Command { std: "docker" "inspect" "b605503978004b2d26e5d5402484daabeb774aabf94903a735b0dfbea5c91b3c", kill_on_drop: false }`
[INFO] running `Command { std: "docker" "exec" "-e" "SOURCE_DIR=/opt/rustwide/workdir" "-e" "CARGO_HOME=/opt/rustwide/cargo-home" "-e" "RUSTUP_HOME=/opt/rustwide/rustup-home" "-e" "CARGO_TARGET_DIR=/opt/rustwide/target" "-e" "CARGO_INCREMENTAL=0" "-e" "RUST_BACKTRACE=full" "-e" "RUSTFLAGS=--cap-lints=forbid -Znext-solver=coherence" "-e" "RUSTDOCFLAGS=--cap-lints=forbid" "-w" "/opt/rustwide/workdir" "--user" "0:0" "b605503978004b2d26e5d5402484daabeb774aabf94903a735b0dfbea5c91b3c" "/opt/rustwide/cargo-home/bin/cargo" "+3154cc1a3e6424e44f438a95007d043ed5ceaaf6" "check" "--frozen" "--all" "--all-targets" "--message-format=json", kill_on_drop: false }`
[INFO] [stderr]    Compiling libc v0.2.189
[INFO] [stderr]    Compiling serde_core v1.0.229
[INFO] [stderr]    Compiling portable-atomic v1.14.0
[INFO] [stderr]    Compiling log v0.4.33
[INFO] [stderr]    Compiling syn v3.0.3
[INFO] [stderr]    Compiling zeroize_derive v1.5.0
[INFO] [stderr]    Compiling zerocopy-derive v0.8.56
[INFO] [stderr]    Compiling serde_json v1.0.151
[INFO] [stderr]    Compiling hashbrown v0.17.1
[INFO] [stderr]    Compiling either v1.17.0
[INFO] [stderr]     Checking stable_deref_trait v1.2.1
[INFO] [stderr]    Compiling deno_error_macro v0.7.1
[INFO] [stderr]     Checking zeroize v1.9.0
[INFO] [stderr]     Checking zerofrom v0.1.8
[INFO] [stderr]     Checking yoke v0.8.3
[INFO] [stderr]    Compiling nom v7.1.3
[INFO] [stderr]     Checking zerovec v0.11.6
[INFO] [stderr]     Checking indexmap v2.14.0
[INFO] [stderr]    Compiling zerocopy v0.8.56
[INFO] [stderr]     Checking once_cell v1.21.4
[INFO] [stderr]    Compiling jobserver v0.1.35
[INFO] [stderr]    Compiling getrandom v0.2.17
[INFO] [stderr]    Compiling critical-section v1.2.0
[INFO] [stderr]    Compiling cc v1.4.2
[INFO] [stderr]    Compiling rand_core v0.6.4
[INFO] [stderr]     Checking subtle v2.6.1
[INFO] [stderr]     Checking potential_utf v0.1.5
[INFO] [stderr]    Compiling writeable v0.6.3
[INFO] [stderr]    Compiling bitflags v2.13.1
[INFO] [stderr]    Compiling num-traits v0.2.19
[INFO] [stderr]    Compiling litemap v0.8.2
[INFO] [stderr]     Checking scopeguard v1.2.0
[INFO] [stderr]    Compiling cexpr v0.6.0
[INFO] [stderr]     Checking lock_api v0.4.14
[INFO] [stderr]    Compiling clang-sys v1.9.1
[INFO] [stderr]    Compiling prettyplease v0.2.37
[INFO] [stderr]    Compiling itertools v0.13.0
[INFO] [stderr]    Compiling sys_traits_macros v0.1.0
[INFO] [stderr]    Compiling capacity_builder_macros v0.3.0
[INFO] [stderr]     Checking mio v1.2.2
[INFO] [stderr]    Compiling errno v0.3.14
[INFO] [stderr]    Compiling signal-hook-registry v1.4.8
[INFO] [stderr]    Compiling socket2 v0.6.5
[INFO] [stderr]     Checking generic-array v0.14.7
[INFO] [stderr]    Compiling boxed_error v0.2.3
[INFO] [stderr]    Compiling bindgen v0.72.1
[INFO] [stderr]    Compiling serde_derive v1.0.229
[INFO] [stderr]    Compiling displaydoc v0.2.7
[INFO] [stderr]    Compiling tokio-macros v2.7.2
[INFO] [stderr]    Compiling thiserror-impl v2.0.20
[INFO] [stderr]    Compiling ppv-lite86 v0.2.21
[INFO] [stderr]     Checking getrandom v0.4.3
[INFO] [stderr]    Compiling rand_chacha v0.3.1
[INFO] [stderr]     Checking crypto-common v0.1.7
[INFO] [stderr]     Checking tinystr v0.8.3
[INFO] [stderr]     Checking icu_locale_core v2.2.0
[INFO] [stderr]     Checking zerotrie v0.2.4
[INFO] [stderr]     Checking icu_collections v2.2.0
[INFO] [stderr]    Compiling thiserror v2.0.20
[INFO] [stderr]    Compiling rand v0.8.5
[INFO] [stderr]     Checking icu_provider v2.2.0
[INFO] [stderr]     Checking icu_properties v2.2.0
[INFO] [stderr]    Compiling rustix v0.38.44
[INFO] [stderr]    Compiling fslock v0.2.1
[INFO] [stderr]    Compiling pin-project-internal v1.1.13
[INFO] [stderr]    Compiling futures-core v0.3.33
[INFO] [stderr]    Compiling serde v1.0.229
[INFO] [stderr]    Compiling smallvec v1.15.2
[INFO] [stderr]    Compiling strum_macros v0.27.2
[INFO] [stderr]    Compiling syn-match v0.3.1
[INFO] [stderr]    Compiling parking_lot_core v0.9.12
[INFO] [stderr]    Compiling icu_normalizer v2.2.0
[INFO] [stderr]     Checking parking_lot v0.12.5
[INFO] [stderr]     Checking tokio v1.53.1
[INFO] [stderr]    Compiling idna_adapter v1.2.2
[INFO] [stderr]    Compiling diplomat_core v0.16.0
[INFO] [stderr]    Compiling idna v1.1.0
[INFO] [stderr]    Compiling which v6.0.3
[INFO] [stderr]     Checking url v2.5.8
[INFO] [stderr]    Compiling futures-sink v0.3.33
[INFO] [stderr]    Compiling stringcase v0.4.0
[INFO] [stderr]    Compiling slab v0.4.12
[INFO] [stderr]     Checking futures-util v0.3.33
[INFO] [stderr]    Compiling futures-channel v0.3.33
[INFO] [stderr]    Compiling num-integer v0.1.46
[INFO] [stderr]    Compiling cmake v0.1.58
[INFO] [stderr]    Compiling strum v0.27.2
[INFO] [stderr]    Compiling deno_ops v0.286.0
[INFO] [stderr]    Compiling async-trait v0.1.92
[INFO] [stderr]    Compiling futures-task v0.3.33
[INFO] [stderr]    Compiling futures-io v0.3.33
[INFO] [stderr]    Compiling v8 v150.4.0
[INFO] [stderr]     Checking uuid v1.24.0
[INFO] [stderr]    Compiling diplomat v0.16.0
[INFO] [stderr]     Checking block-buffer v0.10.4
[INFO] [stderr]     Checking allocator-api2 v0.2.21
[INFO] [stderr]    Compiling const-oid v0.9.6
[INFO] [stderr]     Checking digest v0.10.7
[INFO] [stderr]     Checking num-bigint v0.4.8
[INFO] [stderr]     Checking data-encoding v2.11.1
[INFO] [stderr]    Compiling aws-lc-sys v0.44.0
[INFO] [stderr]     Checking outref v0.5.2
[INFO] [stderr]     Checking vsimd v0.8.0
[INFO] [stderr]     Checking deno_error v0.7.1
[INFO] [stderr]     Checking debugid v0.8.0
[INFO] [stderr]     Checking base64-simd v0.8.0
[INFO] [stderr]    Compiling swc_macros_common v1.0.1
[INFO] [stderr]     Checking if_chain v1.0.3
[INFO] [stderr]     Checking unicode-id-start v1.4.0
[INFO] [stderr]    Compiling tap v1.0.1
[INFO] [stderr]    Compiling wyz v0.5.1
[INFO] [stderr]    Compiling radium v0.7.0
[INFO] [stderr]    Compiling funty v2.0.0
[INFO] [stderr]    Compiling aws-lc-rs v1.18.0
[INFO] [stderr]     Checking tracing-core v0.1.36
[INFO] [stderr]    Compiling der_derive v0.7.3
[INFO] [stderr]    Compiling phf_shared v0.11.3
[INFO] [stderr]    Compiling bitvec v1.1.1
[INFO] [stderr]     Checking tracing v0.1.44
[INFO] [stderr]    Compiling phf_generator v0.11.3
[INFO] [stderr]    Compiling crossbeam-epoch v0.9.20
[INFO] [stderr]    Compiling phf_macros v0.11.3
[INFO] [stderr]     Checking futures-executor v0.3.33
[INFO] [stderr]    Compiling nix v0.30.1
[INFO] [stderr]    Compiling from_variant v3.0.0
[INFO] [stderr]    Compiling ast_node v5.0.0
[INFO] [stderr]     Checking sys_traits v0.1.28
[INFO] [stderr]    Compiling swc_eq_ignore_macros v1.0.1
[INFO] [stderr]     Checking serde_bytes v0.11.19
[INFO] [stderr]     Checking sptr v0.3.2
[INFO] [stderr]     Checking ecow v0.2.6
[INFO] [stderr]     Checking hipstr v0.6.0
[INFO] [stderr]     Checking deno_path_util v0.6.4
[INFO] [stderr]     Checking ahash v0.8.12
[INFO] [stderr]     Checking capacity_builder v0.5.0
[INFO] [stderr]     Checking hashbrown v0.14.5
[INFO] [stderr]     Checking futures v0.3.33
[INFO] [stderr]    Compiling core_maths v0.1.1
[INFO] [stderr]    Compiling string_enum v1.0.2
[INFO] [stderr]    Compiling calendrical_calculations v0.2.4
[INFO] [stderr]    Compiling bytemuck_derive v1.12.0
[INFO] [stderr]    Compiling is-macro v0.3.7
[INFO] [stderr]    Compiling icu_locale_data v2.2.0
[INFO] [stderr]    Compiling resb v0.1.2
[INFO] [stderr]    Compiling icu_locale v2.2.0
[INFO] [stderr]    Compiling zoneinfo64 v0.3.0
[INFO] [stderr]    Compiling block-padding v0.3.3
[INFO] [stderr]    Compiling icu_calendar_data v2.2.0
[INFO] [stderr]    Compiling inout v0.1.4
[INFO] [stderr]    Compiling psm v0.1.32
[INFO] [stderr]    Compiling ixdtf v0.6.5
[INFO] [stderr]    Compiling timezone_provider v0.2.6
[INFO] [stderr]    Compiling cipher v0.4.4
[INFO] [stderr]     Checking deno_unsync v0.4.4
[INFO] [stderr]    Compiling diplomat-runtime v0.16.0
[INFO] [stderr]    Compiling stacker v0.1.25
[INFO] [stderr]    Compiling smartstring v1.0.1
[INFO] [stderr]    Compiling icu_calendar v2.2.1
[INFO] [stderr]     Checking wasm_dep_analyzer v0.4.0
[INFO] [stderr]     Checking sha2 v0.10.9
[INFO] [stderr]    Compiling pin-project v1.1.13
[INFO] [stderr]    Compiling bit-vec v0.8.0
[INFO] [stderr]    Compiling sourcemap v9.3.2
[INFO] [stderr]    Compiling bit-set v0.8.0
[INFO] [stderr]    Compiling bincode v1.3.3
[INFO] [stderr]    Compiling az v1.3.0
[INFO] [stderr]    Compiling inventory v0.3.24
[INFO] [stderr]    Compiling cooked-waker v5.0.0
[INFO] [stderr]     Checking chrono v0.4.45
[INFO] [stderr]    Compiling temporal_rs v0.2.6
[INFO] [stderr]    Compiling syn v1.0.109
[INFO] [stderr]    Compiling memoffset v0.9.1
[INFO] [stderr]     Checking temporal_capi v0.2.6
[INFO] [stderr]    Compiling nix v0.31.3
[INFO] [stderr]    Compiling hmac v0.12.1
[INFO] [stderr]    Compiling rustls-pki-types v1.15.1
[INFO] [stderr]    Compiling base64ct v1.8.3
[INFO] [stderr]    Compiling aes v0.8.3
[INFO] [stderr]    Compiling crossbeam-utils v0.8.22
[INFO] [stderr]    Compiling derive-io-macros v0.4.1
[INFO] [stderr]    Compiling pem-rfc7468 v0.7.0
[INFO] [stderr]     Checking triomphe v0.1.16
[INFO] [stderr]     Checking bytes-str v0.2.8
[INFO] [stderr]    Compiling der v0.7.10
[INFO] [stderr]    Compiling pbkdf2 v0.12.2
[INFO] [stderr]     Checking hstr v3.0.6
[INFO] [stderr]    Compiling cbc v0.1.2
[INFO] [stderr]    Compiling salsa20 v0.10.2
[INFO] [stderr]    Compiling enum-as-inner v0.6.1
[INFO] [stderr]     Checking deno_terminal v0.2.3
[INFO] [stderr]    Compiling scrypt v0.11.0
[INFO] [stderr]     Checking better_scoped_tls v1.0.1
[INFO] [stderr]     Checking swc_atoms v9.0.0
[INFO] [stderr]     Checking swc_sourcemap v9.3.4
[INFO] [stderr]     Checking swc_visit v2.0.1
[INFO] [stderr]    Compiling quinn-udp v0.5.15
[INFO] [stderr]    Compiling itertools v0.14.0
[INFO] [stderr]    Compiling untrusted v0.7.1
[INFO] [stderr]    Compiling deno_features v0.54.0
[INFO] [stderr]    Compiling spki v0.7.3
[INFO] [stderr]     Checking swc_common v17.0.1
[INFO] [stderr]    Compiling pkcs5 v0.7.1
[INFO] [stderr]     Checking phf v0.11.3
[INFO] [stderr]    Compiling synstructure v0.12.6
[INFO] [stderr]    Compiling swc_config_macro v1.0.1
[INFO] [stderr]    Compiling ring v0.17.14
[INFO] [stderr]    Compiling prost-derive v0.14.4
[INFO] [stderr]    Compiling ipnet v2.12.1
[INFO] [stderr]    Compiling rustc-hash v1.1.0
[INFO] [stderr]    Compiling scoped-tls v1.0.1
[INFO] [stderr]    Compiling pkcs8 v0.10.2
[INFO] [stderr]    Compiling asn1-rs-derive v0.4.0
[INFO] [stderr]    Compiling asn1-rs-impl v0.1.0
[INFO] [stderr]    Compiling quinn v0.11.11
[INFO] [stderr]    Compiling cranelift-assembler-x64-meta v0.117.2
[INFO] [stderr]    Compiling cranelift-assembler-x64 v0.117.2
[INFO] [stderr]     Checking swc_ecma_ast v18.0.0
[INFO] [stderr]    Compiling hybrid-array v0.4.14
[INFO] [stderr]    Compiling fqdn v0.5.2
[INFO] [stderr]    Compiling which v8.0.5
[INFO] [stderr]    Compiling rustls v0.23.40
[INFO] [stderr]     Checking deno_permissions v0.116.0
[INFO] [stderr]    Compiling curve25519-dalek v4.1.3
[INFO] [stderr]    Compiling libsqlite3-sys v0.38.2
[INFO] [stderr]     Checking bytemuck v1.25.2
[INFO] [stderr]    Compiling getrandom v0.3.4
[INFO] [stderr]    Compiling naga v29.0.4
[INFO] [stderr]    Compiling heapless v0.8.0
[INFO] [stderr]    Compiling num-bigint-dig v0.8.6
[INFO] [stderr]    Compiling ctutils v0.4.2
[INFO] [stderr]    Compiling tinyvec v1.12.0
[INFO] [stderr]    Compiling rand_core v0.9.5
[INFO] [stderr]    Compiling tokio-util v0.7.19
[INFO] [stderr]    Compiling dashmap v5.5.3
[INFO] [stderr]    Compiling swc_ecma_codegen_macros v2.0.2
[INFO] [stderr]     Checking sha1 v0.10.7
[INFO] [stderr]    Compiling curve25519-dalek-derive v0.1.1
[INFO] [stderr]    Compiling fastrand v2.5.0
[INFO] [stderr]    Compiling cranelift-isle v0.117.2
[INFO] [stderr]     Checking deno_maybe_sync v0.44.0
[INFO] [stderr]    Compiling rand_chacha v0.9.0
[INFO] [stderr]    Compiling crossbeam-deque v0.8.7
[INFO] [stderr]    Compiling http-body v1.1.0
[INFO] [stderr]    Compiling httparse v1.10.1
[INFO] [stderr]    Compiling signature v2.2.0
[INFO] [stderr]     Checking bumpalo v3.20.3
[INFO] [stderr]    Compiling wayland-sys v0.31.11
[INFO] [stderr]    Compiling spin v0.9.9
[INFO] [stderr]    Compiling try-lock v0.2.5
[INFO] [stderr]    Compiling cranelift-codegen-shared v0.117.2
[INFO] [stderr]    Compiling atomic-waker v1.1.2
[INFO] [stderr]    Compiling base16ct v0.2.0
[INFO] [stderr]    Compiling cranelift-codegen-meta v0.117.2
[INFO] [stderr]    Compiling h2 v0.4.16
[INFO] [stderr]    Compiling serdect v0.2.0
[INFO] [stderr]    Compiling want v0.3.1
[INFO] [stderr]    Compiling lazy_static v1.5.0
[INFO] [stderr]    Compiling target-lexicon v0.13.5
[INFO] [stderr]    Compiling rand v0.9.5
[INFO] [stderr]     Checking swc_ecma_parser v27.0.7
[INFO] [stderr]    Compiling crypto-common v0.2.2
[INFO] [stderr]    Compiling zstd-sys v2.0.16+zstd.1.5.7
[INFO] [stderr]    Compiling ff v0.13.1
[INFO] [stderr]    Compiling httpdate v1.0.3
[INFO] [stderr]     Checking ryu-js v1.0.3
[INFO] [stderr]    Compiling tower-service v0.3.3
[INFO] [stderr]    Compiling hyper v1.11.0
[INFO] [stderr]    Compiling group v0.13.0
[INFO] [stderr]    Compiling cranelift-codegen v0.117.2
[INFO] [stderr]     Checking swc_ecma_visit v18.0.1
[INFO] [stderr]    Compiling sec1 v0.7.3
[INFO] [stderr]    Compiling block-buffer v0.12.1
[INFO] [stderr]    Compiling crossbeam-channel v0.5.16
[INFO] [stderr]    Compiling hkdf v0.12.4
[INFO] [stderr]    Compiling aws-lc-sys v0.40.0
[INFO] [stderr]    Compiling lcms2-sys v4.0.7
[INFO] [stderr]    Compiling crypto-bigint v0.5.5
[INFO] [stderr]    Compiling wgpu-hal v29.0.4
[INFO] [stderr]     Checking par-core v2.0.0
[INFO] [stderr]    Compiling lazy-regex-proc_macros v3.6.1
[INFO] [stderr]     Checking num_cpus v1.17.0
[INFO] [stderr]     Checking data-url v0.3.1
[INFO] [stderr]    Compiling deno_npm v0.69.0
[INFO] [stderr]    Compiling time v0.3.55
[INFO] [stderr]    Compiling elliptic-curve v0.13.8
[INFO] [stderr]    Compiling der v0.8.1
[INFO] [stderr]     Checking swc_ecma_utils v24.0.0
[INFO] [stderr]    Compiling digest v0.11.3
[INFO] [stderr]    Compiling hyper-util v0.1.20
[INFO] [stderr]    Compiling rustls-pemfile v2.2.0
[INFO] [stderr]    Compiling rfc6979 v0.4.0
[INFO] [stderr]    Compiling swc_ecma_transforms_macros v1.0.1
[INFO] [stderr]    Compiling foreign-types-macros v0.2.4
[INFO] [stderr]    Compiling rusticata-macros v4.1.0
[INFO] [stderr]    Compiling async-stream-impl v0.3.6
[INFO] [stderr]     Checking monch v0.6.0
[INFO] [stderr]    Compiling bindgen v0.71.1
[INFO] [stderr]    Compiling openssl-probe v0.1.6
[INFO] [stderr]     Checking rustix v1.1.4
[INFO] [stderr]    Compiling rustls-native-certs v0.7.3
[INFO] [stderr] error: failed to run custom build command for `v8 v150.4.0`
[INFO] [stderr] note: To improve backtraces for build dependencies, set the CARGO_PROFILE_DEV_BUILD_OVERRIDE_DEBUG=true environment variable to enable debug information generation.
[INFO] [stderr] 
[INFO] [stderr] Caused by:
[INFO] [stderr]   process didn't exit successfully: `/opt/rustwide/target/debug/build/v8/4e83102d173578d9/out/build_script_build` (exit status: 101)
[INFO] [stderr]   --- stdout
[INFO] [stderr]   cargo:rerun-if-changed=.gn
[INFO] [stderr]   cargo:rerun-if-changed=BUILD.gn
[INFO] [stderr]   cargo:rerun-if-changed=src/binding.cc
[INFO] [stderr]   cargo:rerun-if-env-changed=CCACHE
[INFO] [stderr]   cargo:rerun-if-env-changed=CLANG_BASE_PATH
[INFO] [stderr]   cargo:rerun-if-env-changed=CXXSTDLIB
[INFO] [stderr]   cargo:rerun-if-env-changed=DENO_TRYBUILD
[INFO] [stderr]   cargo:rerun-if-env-changed=DOCS_RS
[INFO] [stderr]   cargo:rerun-if-env-changed=GN
[INFO] [stderr]   cargo:rerun-if-env-changed=GN_ARGS
[INFO] [stderr]   cargo:rerun-if-env-changed=HOST
[INFO] [stderr]   cargo:rerun-if-env-changed=NINJA
[INFO] [stderr]   cargo:rerun-if-env-changed=OUT_DIR
[INFO] [stderr]   cargo:rerun-if-env-changed=RUSTY_V8_ARCHIVE
[INFO] [stderr]   cargo:rerun-if-env-changed=RUSTY_V8_MIRROR
[INFO] [stderr]   cargo:rerun-if-env-changed=RUSTY_V8_SRC_BINDING_PATH
[INFO] [stderr]   cargo:rerun-if-env-changed=SCCACHE
[INFO] [stderr]   cargo:rerun-if-env-changed=V8_FORCE_DEBUG
[INFO] [stderr]   cargo:rerun-if-env-changed=V8_FROM_SOURCE
[INFO] [stderr]   cargo:rerun-if-env-changed=PYTHON
[INFO] [stderr]   cargo:rerun-if-env-changed=DISABLE_CLANG
[INFO] [stderr]   cargo:rerun-if-env-changed=EXTRA_GN_ARGS
[INFO] [stderr]   cargo:rerun-if-env-changed=PRINT_GN_ARGS
[INFO] [stderr]   cargo:rerun-if-env-changed=CARGO_ENCODED_RUSTFLAGS
[INFO] [stderr]   cargo:rustc-link-lib=static=rusty_v8
[INFO] [stderr]   lockfile: "/opt/rustwide/target/debug/build/v8/v8.fslock"
[INFO] [stderr]   cargo:rustc-env=RUSTY_V8_SRC_BINDING_PATH=/opt/rustwide/cargo-home/registry/src/index.crates.io-1949cf8c6b5b557f/v8-150.4.0/gen/src_binding_simdutf_release_x86_64-unknown-linux-gnu.rs
[INFO] [stderr]   static lib URL: https://github.com/denoland/rusty_v8/releases/download/v150.4.0/librusty_v8_simdutf_release_x86_64-unknown-linux-gnu.a.gz
[INFO] [stderr]   cargo:rustc-link-search=/opt/rustwide/target/debug/build/gn_out/obj
[INFO] [stderr]   Looking for download in '"/opt/rustwide/cargo-home/.rusty_v8/https___github_com_denoland_rusty_v8_releases_download_v150_4_0_librusty_v8_simdutf_release_x86_64_unknown_linux_gnu_a_gz"'
[INFO] [stderr]   Deleting old tmpfile /opt/rustwide/target/debug/build/gn_out/obj/librusty_v8.tmp
[INFO] [stderr]   Downloading https://github.com/denoland/rusty_v8/releases/download/v150.4.0/librusty_v8_simdutf_release_x86_64-unknown-linux-gnu.a.gz
[INFO] [stderr]   Trying with Python...
[INFO] [stderr]   Downloading https://github.com/denoland/rusty_v8/releases/download/v150.4.0/librusty_v8_simdutf_release_x86_64-unknown-linux-gnu.a.gz...
[INFO] [stderr]   <urlopen error [Errno -3] Temporary failure in name resolution>
[INFO] [stderr]   Retrying in 5 s ...
[INFO] [stderr]   Downloading https://github.com/denoland/rusty_v8/releases/download/v150.4.0/librusty_v8_simdutf_release_x86_64-unknown-linux-gnu.a.gz...
[INFO] [stderr]   <urlopen error [Errno -3] Temporary failure in name resolution>
[INFO] [stderr]   Retrying in 10 s ...
[INFO] [stderr]   Downloading https://github.com/denoland/rusty_v8/releases/download/v150.4.0/librusty_v8_simdutf_release_x86_64-unknown-linux-gnu.a.gz...
[INFO] [stderr]   <urlopen error [Errno -3] Temporary failure in name resolution>
[INFO] [stderr]   Retrying in 20 s ...
[INFO] [stderr]   Downloading https://github.com/denoland/rusty_v8/releases/download/v150.4.0/librusty_v8_simdutf_release_x86_64-unknown-linux-gnu.a.gz...
[INFO] [stderr]   <urlopen error [Errno -3] Temporary failure in name resolution>
[INFO] [stderr]   Python downloader failed, trying with curl.
[INFO] [stderr] 
[INFO] [stderr]   --- stderr
[INFO] [stderr]   Traceback (most recent call last):
[INFO] [stderr]     File "/usr/lib/python3.14/urllib/request.py", line 1321, in do_open
[INFO] [stderr]       h.request(req.get_method(), req.selector, req.data, headers,
[INFO] [stderr]       ~~~~~~~~~^^^^^^^^^^^^^^^^^^^^^^^^^^^^^^^^^^^^^^^^^^^^^^^^^^^
[INFO] [stderr]                 encode_chunked=req.has_header('Transfer-encoding'))
[INFO] [stderr]                 ^^^^^^^^^^^^^^^^^^^^^^^^^^^^^^^^^^^^^^^^^^^^^^^^^^^
[INFO] [stderr]     File "/usr/lib/python3.14/http/client.py", line 1367, in request
[INFO] [stderr]       self._send_request(method, url, body, headers, encode_chunked)
[INFO] [stderr]       ~~~~~~~~~~~~~~~~~~^^^^^^^^^^^^^^^^^^^^^^^^^^^^^^^^^^^^^^^^^^^^
[INFO] [stderr]     File "/usr/lib/python3.14/http/client.py", line 1413, in _send_request
[INFO] [stderr]       self.endheaders(body, encode_chunked=encode_chunked)
[INFO] [stderr]       ~~~~~~~~~~~~~~~^^^^^^^^^^^^^^^^^^^^^^^^^^^^^^^^^^^^^
[INFO] [stderr]     File "/usr/lib/python3.14/http/client.py", line 1362, in endheaders
[INFO] [stderr]       self._send_output(message_body, encode_chunked=encode_chunked)
[INFO] [stderr]       ~~~~~~~~~~~~~~~~~^^^^^^^^^^^^^^^^^^^^^^^^^^^^^^^^^^^^^^^^^^^^^
[INFO] [stderr]     File "/usr/lib/python3.14/http/client.py", line 1122, in _send_output
[INFO] [stderr]       self.send(msg)
[INFO] [stderr]       ~~~~~~~~~^^^^^
[INFO] [stderr]     File "/usr/lib/python3.14/http/client.py", line 1066, in send
[INFO] [stderr]       self.connect()
[INFO] [stderr]       ~~~~~~~~~~~~^^
[INFO] [stderr]     File "/usr/lib/python3.14/http/client.py", line 1501, in connect
[INFO] [stderr]       super().connect()
[INFO] [stderr]       ~~~~~~~~~~~~~~~^^
[INFO] [stderr]     File "/usr/lib/python3.14/http/client.py", line 1032, in connect
[INFO] [stderr]       self.sock = self._create_connection(
[INFO] [stderr]                   ~~~~~~~~~~~~~~~~~~~~~~~^
[INFO] [stderr]           (self.host,self.port), self.timeout, self.source_address)
[INFO] [stderr]           ^^^^^^^^^^^^^^^^^^^^^^^^^^^^^^^^^^^^^^^^^^^^^^^^^^^^^^^^^
[INFO] [stderr]     File "/usr/lib/python3.14/socket.py", line 846, in create_connection
[INFO] [stderr]       for res in getaddrinfo(host, port, 0, SOCK_STREAM):
[INFO] [stderr]                  ~~~~~~~~~~~^^^^^^^^^^^^^^^^^^^^^^^^^^^^
[INFO] [stderr]     File "/usr/lib/python3.14/socket.py", line 983, in getaddrinfo
[INFO] [stderr]       for res in _socket.getaddrinfo(host, port, family, type, proto, flags):
[INFO] [stderr]                  ~~~~~~~~~~~~~~~~~~~^^^^^^^^^^^^^^^^^^^^^^^^^^^^^^^^^^^^^^^^
[INFO] [stderr]   socket.gaierror: [Errno -3] Temporary failure in name resolution
[INFO] [stderr] 
[INFO] [stderr]   During handling of the above exception, another exception occurred:
[INFO] [stderr] 
[INFO] [stderr]   Traceback (most recent call last):
[INFO] [stderr]     File "/opt/rustwide/cargo-home/registry/src/index.crates.io-1949cf8c6b5b557f/v8-150.4.0/./tools/download_file.py", line 63, in <module>
[INFO] [stderr]       sys.exit(main())
[INFO] [stderr]                ~~~~^^
[INFO] [stderr]     File "/opt/rustwide/cargo-home/registry/src/index.crates.io-1949cf8c6b5b557f/v8-150.4.0/./tools/download_file.py", line 58, in main
[INFO] [stderr]       DownloadUrl(args.url, f)
[INFO] [stderr]       ~~~~~~~~~~~^^^^^^^^^^^^^
[INFO] [stderr]     File "/opt/rustwide/cargo-home/registry/src/index.crates.io-1949cf8c6b5b557f/v8-150.4.0/./tools/download_file.py", line 44, in DownloadUrl
[INFO] [stderr]       raise e
[INFO] [stderr]     File "/opt/rustwide/cargo-home/registry/src/index.crates.io-1949cf8c6b5b557f/v8-150.4.0/./tools/download_file.py", line 28, in DownloadUrl
[INFO] [stderr]       response = urlopen(url)
[INFO] [stderr]     File "/usr/lib/python3.14/urllib/request.py", line 187, in urlopen
[INFO] [stderr]       return opener.open(url, data, timeout)
[INFO] [stderr]              ~~~~~~~~~~~^^^^^^^^^^^^^^^^^^^^
[INFO] [stderr]     File "/usr/lib/python3.14/urllib/request.py", line 487, in open
[INFO] [stderr]       response = self._open(req, data)
[INFO] [stderr]     File "/usr/lib/python3.14/urllib/request.py", line 504, in _open
[INFO] [stderr]       result = self._call_chain(self.handle_open, protocol, protocol +
[INFO] [stderr]                                 '_open', req)
[INFO] [stderr]     File "/usr/lib/python3.14/urllib/request.py", line 464, in _call_chain
[INFO] [stderr]       result = func(*args)
[INFO] [stderr]     File "/usr/lib/python3.14/urllib/request.py", line 1369, in https_open
[INFO] [stderr]       return self.do_open(http.client.HTTPSConnection, req,
[INFO] [stderr]              ~~~~~~~~~~~~^^^^^^^^^^^^^^^^^^^^^^^^^^^^^^^^^^
[INFO] [stderr]                           context=self._context)
[INFO] [stderr]                           ^^^^^^^^^^^^^^^^^^^^^^
[INFO] [stderr]     File "/usr/lib/python3.14/urllib/request.py", line 1324, in do_open
[INFO] [stderr]       raise URLError(err)
[INFO] [stderr]   urllib.error.URLError: <urlopen error [Errno -3] Temporary failure in name resolution>
[INFO] [stderr] 
[INFO] [stderr]   thread 'main' (1289) panicked at /opt/rustwide/cargo-home/registry/src/index.crates.io-1949cf8c6b5b557f/v8-150.4.0/build.rs:852:5:
[INFO] [stderr]   Failed to download V8 prebuilt archive from https://github.com/denoland/rusty_v8/releases/download/v150.4.0/librusty_v8_simdutf_release_x86_64-unknown-linux-gnu.a.gz
[INFO] [stderr]   This is usually because no prebuilt archive is published for your target, in which case you should compile V8 from source by setting V8_FROM_SOURCE=1. It can also indicate a network connectivity problem.
[INFO] [stderr]   stack backtrace:
[INFO] [stderr]      0:     0x6066576bdaf1 - std[3164a59e47d3bde]::backtrace_rs::backtrace::libunwind::trace
[INFO] [stderr]                                  at /rustc/3154cc1a3e6424e44f438a95007d043ed5ceaaf6/library/std/src/../../backtrace/src/backtrace/libunwind.rs:117:9
[INFO] [stderr]      1:     0x6066576bdaf1 - std[3164a59e47d3bde]::backtrace_rs::backtrace::trace_unsynchronized::<std[3164a59e47d3bde]::sys::backtrace::_print_fmt::{closure#1}>
[INFO] [stderr]                                  at /rustc/3154cc1a3e6424e44f438a95007d043ed5ceaaf6/library/std/src/../../backtrace/src/backtrace/mod.rs:66:14
[INFO] [stderr]      2:     0x6066576bdaf1 - std[3164a59e47d3bde]::sys::backtrace::_print_fmt
[INFO] [stderr]                                  at /rustc/3154cc1a3e6424e44f438a95007d043ed5ceaaf6/library/std/src/sys/backtrace.rs:74:9
[INFO] [stderr]      3:     0x6066576bdaf1 - <<std[3164a59e47d3bde]::sys::backtrace::BacktraceLock>::print::DisplayBacktrace as core[934024a1e6126fb4]::fmt::Display>::fmt
[INFO] [stderr]                                  at /rustc/3154cc1a3e6424e44f438a95007d043ed5ceaaf6/library/std/src/sys/backtrace.rs:44:26
[INFO] [stderr]      4:     0x6066576d452a - <core[934024a1e6126fb4]::fmt::rt::Argument>::fmt
[INFO] [stderr]                                  at /rustc/3154cc1a3e6424e44f438a95007d043ed5ceaaf6/library/core/src/fmt/rt.rs:152:76
[INFO] [stderr]      5:     0x6066576d452a - core[934024a1e6126fb4]::fmt::write
[INFO] [stderr]      6:     0x6066576c2e4c - core[934024a1e6126fb4]::io::write::default_write_fmt::<std[3164a59e47d3bde]::sys::stdio::unix::Stderr>
[INFO] [stderr]                                  at /rustc/3154cc1a3e6424e44f438a95007d043ed5ceaaf6/library/core/src/io/write.rs:402:11
[INFO] [stderr]      7:     0x6066576c2e4c - <std[3164a59e47d3bde]::sys::stdio::unix::Stderr as core[934024a1e6126fb4]::io::write::Write>::write_fmt
[INFO] [stderr]                                  at /rustc/3154cc1a3e6424e44f438a95007d043ed5ceaaf6/library/core/src/io/write.rs:335:13
[INFO] [stderr]      8:     0x606657697d46 - <std[3164a59e47d3bde]::sys::backtrace::BacktraceLock>::print
[INFO] [stderr]                                  at /rustc/3154cc1a3e6424e44f438a95007d043ed5ceaaf6/library/std/src/sys/backtrace.rs:47:9
[INFO] [stderr]      9:     0x606657697d46 - std[3164a59e47d3bde]::panicking::default_hook::{closure#0}
[INFO] [stderr]                                  at /rustc/3154cc1a3e6424e44f438a95007d043ed5ceaaf6/library/std/src/panicking.rs:289:27
[INFO] [stderr]     10:     0x6066576b5021 - std[3164a59e47d3bde]::panicking::default_hook
[INFO] [stderr]                                  at /rustc/3154cc1a3e6424e44f438a95007d043ed5ceaaf6/library/std/src/panicking.rs:316:9
[INFO] [stderr]     11:     0x6066576b534b - std[3164a59e47d3bde]::panicking::panic_with_hook
[INFO] [stderr]                                  at /rustc/3154cc1a3e6424e44f438a95007d043ed5ceaaf6/library/std/src/panicking.rs:811:13
[INFO] [stderr]     12:     0x606657697df2 - std[3164a59e47d3bde]::panicking::panic_handler::{closure#0}
[INFO] [stderr]                                  at /rustc/3154cc1a3e6424e44f438a95007d043ed5ceaaf6/library/std/src/panicking.rs:685:13
[INFO] [stderr]     13:     0x606657690459 - std[3164a59e47d3bde]::sys::backtrace::__rust_end_short_backtrace::<std[3164a59e47d3bde]::panicking::panic_handler::{closure#0}, !>
[INFO] [stderr]                                  at /rustc/3154cc1a3e6424e44f438a95007d043ed5ceaaf6/library/std/src/sys/backtrace.rs:182:18
[INFO] [stderr]     14:     0x606657698b7d - __rustc[2e7b49d4226056d3]::rust_begin_unwind
[INFO] [stderr]                                  at /rustc/3154cc1a3e6424e44f438a95007d043ed5ceaaf6/library/std/src/panicking.rs:676:5
[INFO] [stderr]     15:     0x6066576d4dcc - core[934024a1e6126fb4]::panicking::panic_fmt
[INFO] [stderr]                                  at /rustc/3154cc1a3e6424e44f438a95007d043ed5ceaaf6/library/core/src/panicking.rs:80:14
[INFO] [stderr]     16:     0x6066570062b2 - build_script_build[f67607188b9f5eca]::download_file
[INFO] [stderr]     17:     0x60665700b272 - build_script_build[f67607188b9f5eca]::download_static_lib_binaries
[INFO] [stderr]     18:     0x60665700cba3 - build_script_build[f67607188b9f5eca]::main
[INFO] [stderr]     19:     0x606657019203 - <fn() as core[934024a1e6126fb4]::ops::function::FnOnce<()>>::call_once
[INFO] [stderr]     20:     0x60665701bfce - std[3164a59e47d3bde]::sys::backtrace::__rust_begin_short_backtrace::<fn(), ()>
[INFO] [stderr]     21:     0x606657015d49 - std[3164a59e47d3bde]::rt::lang_start::<()>::{closure#0}
[INFO] [stderr]     22:     0x6066576b4158 - <&dyn core[934024a1e6126fb4]::ops::function::Fn<(), Output = i32> + core[934024a1e6126fb4]::marker::Sync + core[934024a1e6126fb4]::panic::unwind_safe::RefUnwindSafe as core[934024a1e6126fb4]::ops::function::FnOnce<()>>::call_once
[INFO] [stderr]                                  at /rustc/3154cc1a3e6424e44f438a95007d043ed5ceaaf6/library/core/src/ops/function.rs:287:21
[INFO] [stderr]     23:     0x6066576b4158 - std[3164a59e47d3bde]::panicking::catch_unwind::do_call::<&dyn core[934024a1e6126fb4]::ops::function::Fn<(), Output = i32> + core[934024a1e6126fb4]::marker::Sync + core[934024a1e6126fb4]::panic::unwind_safe::RefUnwindSafe, i32>
[INFO] [stderr]                                  at /rustc/3154cc1a3e6424e44f438a95007d043ed5ceaaf6/library/std/src/panicking.rs:573:43
[INFO] [stderr]     24:     0x6066576b4158 - std[3164a59e47d3bde]::panicking::catch_unwind::<i32, &dyn core[934024a1e6126fb4]::ops::function::Fn<(), Output = i32> + core[934024a1e6126fb4]::marker::Sync + core[934024a1e6126fb4]::panic::unwind_safe::RefUnwindSafe>
[INFO] [stderr]                                  at /rustc/3154cc1a3e6424e44f438a95007d043ed5ceaaf6/library/std/src/panicking.rs:541:19
[INFO] [stderr]     25:     0x6066576b4158 - std[3164a59e47d3bde]::panic::catch_unwind::<&dyn core[934024a1e6126fb4]::ops::function::Fn<(), Output = i32> + core[934024a1e6126fb4]::marker::Sync + core[934024a1e6126fb4]::panic::unwind_safe::RefUnwindSafe, i32>
[INFO] [stderr]                                  at /rustc/3154cc1a3e6424e44f438a95007d043ed5ceaaf6/library/std/src/panic.rs:359:14
[INFO] [stderr]     26:     0x6066576b4158 - std[3164a59e47d3bde]::rt::lang_start_internal::{closure#0}
[INFO] [stderr]                                  at /rustc/3154cc1a3e6424e44f438a95007d043ed5ceaaf6/library/std/src/rt.rs:175:24
[INFO] [stderr]     27:     0x6066576b4158 - std[3164a59e47d3bde]::panicking::catch_unwind::do_call::<std[3164a59e47d3bde]::rt::lang_start_internal::{closure#0}, isize>
[INFO] [stderr]                                  at /rustc/3154cc1a3e6424e44f438a95007d043ed5ceaaf6/library/std/src/panicking.rs:573:43
[INFO] [stderr]     28:     0x6066576b4158 - std[3164a59e47d3bde]::panicking::catch_unwind::<isize, std[3164a59e47d3bde]::rt::lang_start_internal::{closure#0}>
[INFO] [stderr]                                  at /rustc/3154cc1a3e6424e44f438a95007d043ed5ceaaf6/library/std/src/panicking.rs:541:19
[INFO] [stderr]     29:     0x6066576b4158 - std[3164a59e47d3bde]::panic::catch_unwind::<std[3164a59e47d3bde]::rt::lang_start_internal::{closure#0}, isize>
[INFO] [stderr]                                  at /rustc/3154cc1a3e6424e44f438a95007d043ed5ceaaf6/library/std/src/panic.rs:359:14
[INFO] [stderr]     30:     0x6066576b4158 - std[3164a59e47d3bde]::rt::lang_start_internal
[INFO] [stderr]                                  at /rustc/3154cc1a3e6424e44f438a95007d043ed5ceaaf6/library/std/src/rt.rs:171:5
[INFO] [stderr]     31:     0x606657014831 - std[3164a59e47d3bde]::rt::lang_start::<()>
[INFO] [stderr]     32:     0x6066570121d5 - main
[INFO] [stderr]     33:     0x7e9ce5b2f601 - <unknown>
[INFO] [stderr]     34:     0x7e9ce5b2f718 - __libc_start_main
[INFO] [stderr]     35:     0x606657000165 - _start
[INFO] [stderr]     36:                0x0 - <unknown>
[INFO] [stderr] warning: build failed, waiting for other jobs to finish...
[INFO] running `Command { std: "docker" "inspect" "b605503978004b2d26e5d5402484daabeb774aabf94903a735b0dfbea5c91b3c", kill_on_drop: false }`
[INFO] running `Command { std: "docker" "rm" "-f" "b605503978004b2d26e5d5402484daabeb774aabf94903a735b0dfbea5c91b3c", kill_on_drop: false }`
[INFO] [stdout] b605503978004b2d26e5d5402484daabeb774aabf94903a735b0dfbea5c91b3c
