[INFO] fetching crate leviath-telemetry 0.6.4...
[INFO] checking leviath-telemetry-0.6.4 against 3154cc1a3e6424e44f438a95007d043ed5ceaaf6 for pr-133502-30
[INFO] extracting crate leviath-telemetry 0.6.4 into /workspace/builds/worker-5-tc2/source
[INFO] started tweaking crates.io crate leviath-telemetry 0.6.4
[INFO] finished tweaking crates.io crate leviath-telemetry 0.6.4
[INFO] tweaked toml for crates.io crate leviath-telemetry 0.6.4 written to /workspace/builds/worker-5-tc2/source/Cargo.toml
[INFO] validating manifest of crates.io crate leviath-telemetry 0.6.4 on toolchain 3154cc1a3e6424e44f438a95007d043ed5ceaaf6
[INFO] running `Command { std: CARGO_HOME="/workspace/cargo-home" RUSTUP_HOME="/workspace/rustup-home" "/workspace/cargo-home/bin/cargo" "+3154cc1a3e6424e44f438a95007d043ed5ceaaf6" "metadata" "--manifest-path" "Cargo.toml" "--no-deps", kill_on_drop: false }`
[INFO] crate crates.io crate leviath-telemetry 0.6.4 already has a lockfile, it will not be regenerated
[INFO] running `Command { std: CARGO_HOME="/workspace/cargo-home" RUSTUP_HOME="/workspace/rustup-home" "/workspace/cargo-home/bin/cargo" "+3154cc1a3e6424e44f438a95007d043ed5ceaaf6" "fetch" "--manifest-path" "Cargo.toml", kill_on_drop: false }`
[INFO] running `Command { std: "docker" "create" "-v" "/var/lib/crater-agent-workspace/builds/worker-5-tc2/source:/opt/rustwide/workdir:ro,Z" "-v" "/var/lib/crater-agent-workspace/builds/worker-5-tc2/target:/opt/rustwide/target:rw,Z" "-v" "/var/lib/crater-agent-workspace/cargo-home:/opt/rustwide/cargo-home:ro,Z" "-v" "/var/lib/crater-agent-workspace/rustup-home:/opt/rustwide/rustup-home:ro,Z" "-m" "1610612736" "--network" "none" "ghcr.io/rust-lang/crates-build-env/linux@sha256:77db811e55d90add9212f6832c23229e3de5f1c1f9905e8cb07319ea15df73ac" "sleep" "infinity", kill_on_drop: false }`
[INFO] [stdout] a379794683ffa219460b6ccdf9a38394329b58cffede7cc049087b1c97182e21
[INFO] running `Command { std: "docker" "start" "a379794683ffa219460b6ccdf9a38394329b58cffede7cc049087b1c97182e21", kill_on_drop: false }`
[INFO] running `Command { std: "docker" "inspect" "a379794683ffa219460b6ccdf9a38394329b58cffede7cc049087b1c97182e21", kill_on_drop: false }`
[INFO] running `Command { std: "docker" "exec" "-e" "SOURCE_DIR=/opt/rustwide/workdir" "-e" "CARGO_HOME=/opt/rustwide/cargo-home" "-e" "RUSTUP_HOME=/opt/rustwide/rustup-home" "-e" "CARGO_TARGET_DIR=/opt/rustwide/target" "-w" "/opt/rustwide/workdir" "--user" "0:0" "a379794683ffa219460b6ccdf9a38394329b58cffede7cc049087b1c97182e21" "/opt/rustwide/cargo-home/bin/cargo" "+3154cc1a3e6424e44f438a95007d043ed5ceaaf6" "metadata" "--no-deps" "--format-version=1", kill_on_drop: false }`
[INFO] running `Command { std: "docker" "inspect" "a379794683ffa219460b6ccdf9a38394329b58cffede7cc049087b1c97182e21", kill_on_drop: false }`
[INFO] running `Command { std: "docker" "exec" "-e" "SOURCE_DIR=/opt/rustwide/workdir" "-e" "CARGO_HOME=/opt/rustwide/cargo-home" "-e" "RUSTUP_HOME=/opt/rustwide/rustup-home" "-e" "CARGO_TARGET_DIR=/opt/rustwide/target" "-e" "CARGO_INCREMENTAL=0" "-e" "RUST_BACKTRACE=full" "-e" "RUSTFLAGS=--cap-lints=forbid" "-e" "RUSTDOCFLAGS=--cap-lints=forbid" "-w" "/opt/rustwide/workdir" "--user" "0:0" "a379794683ffa219460b6ccdf9a38394329b58cffede7cc049087b1c97182e21" "/opt/rustwide/cargo-home/bin/cargo" "+3154cc1a3e6424e44f438a95007d043ed5ceaaf6" "check" "--frozen" "--all" "--all-targets" "--message-format=json", kill_on_drop: false }`
[INFO] [stderr]    Compiling aws-lc-rs v1.18.1
[INFO] [stderr]     Checking futures-io v0.3.34
[INFO] [stderr]     Checking http v1.5.0
[INFO] [stderr]    Compiling syn v3.0.3
[INFO] [stderr]    Compiling syn v2.0.119
[INFO] [stderr]    Compiling jobserver v0.1.35
[INFO] [stderr]     Checking parking_lot_core v0.9.12
[INFO] [stderr]     Checking mio v1.2.2
[INFO] [stderr]     Checking zerocopy v0.8.55
[INFO] [stderr]     Checking getrandom v0.3.4
[INFO] [stderr]     Checking typenum v1.20.1
[INFO] [stderr]    Compiling either v1.17.0
[INFO] [stderr]     Checking base64 v0.23.1
[INFO] [stderr]     Checking const-oid v0.10.2
[INFO] [stderr]     Checking indexmap v2.14.0
[INFO] [stderr]     Checking dirs-sys v0.5.0
[INFO] [stderr]     Checking rand_core v0.9.5
[INFO] [stderr]     Checking matchers v0.2.0
[INFO] [stderr]     Checking tracing-log v0.2.0
[INFO] [stderr]     Checking thread_local v1.1.10
[INFO] [stderr]     Checking nu-ansi-term v0.50.3
[INFO] [stderr]    Compiling cc v1.4.0
[INFO] [stderr]     Checking chrono v0.4.45
[INFO] [stderr]     Checking dirs v7.0.0
[INFO] [stderr]     Checking parking_lot v0.12.5
[INFO] [stderr]     Checking regex v1.13.1
[INFO] [stderr]    Compiling itertools v0.14.0
[INFO] [stderr]     Checking glob v0.3.4
[INFO] [stderr]     Checking temp-env v0.3.6
[INFO] [stderr]     Checking http-body v1.1.0
[INFO] [stderr]     Checking http-body-util v0.1.4
[INFO] [stderr]     Checking toml v1.1.6+spec-1.1.0
[INFO] [stderr]    Compiling cmake v0.1.58
[INFO] [stderr]    Compiling aws-lc-sys v0.45.0
[INFO] [stderr]     Checking hybrid-array v0.4.13
[INFO] [stderr]     Checking block-buffer v0.12.1
[INFO] [stderr]     Checking crypto-common v0.2.2
[INFO] [stderr]     Checking digest v0.11.3
[INFO] [stderr]     Checking sha2 v0.11.0
[INFO] [stderr]    Compiling displaydoc v0.2.7
[INFO] [stderr]    Compiling tokio-macros v2.7.2
[INFO] [stderr]    Compiling futures-macro v0.3.34
[INFO] [stderr]    Compiling thiserror-impl v2.0.20
[INFO] [stderr]    Compiling async-trait v0.1.92
[INFO] [stderr]    Compiling serde_derive v1.0.229
[INFO] [stderr]     Checking tokio v1.53.1
[INFO] [stderr]     Checking futures-util v0.3.34
[INFO] [stderr]     Checking thiserror v2.0.20
[INFO] [stderr]     Checking ppv-lite86 v0.2.21
[INFO] [stderr]    Compiling synstructure v0.13.2
[INFO] [stderr]     Checking rand_chacha v0.9.0
[INFO] [stderr]     Checking rand v0.9.5
[INFO] [stderr]    Compiling zerofrom-derive v0.1.7
[INFO] [stderr]    Compiling yoke-derive v0.8.2
[INFO] [stderr]    Compiling zerovec-derive v0.11.3
[INFO] [stderr]    Compiling tracing-attributes v0.1.31
[INFO] [stderr]    Compiling prost-derive v0.14.4
[INFO] [stderr]     Checking serde v1.0.229
[INFO] [stderr]     Checking zerofrom v0.1.8
[INFO] [stderr]     Checking futures-executor v0.3.33
[INFO] [stderr]     Checking yoke v0.8.3
[INFO] [stderr]     Checking zerovec v0.11.6
[INFO] [stderr]     Checking zerotrie v0.2.4
[INFO] [stderr]     Checking tracing v0.1.44
[INFO] [stderr]     Checking opentelemetry v0.33.0
[INFO] [stderr]     Checking tracing-subscriber v0.3.23
[INFO] [stderr]     Checking leviath-core v0.6.4
[INFO] [stderr]     Checking prost v0.14.4
[INFO] [stderr]     Checking tinystr v0.8.3
[INFO] [stderr]     Checking potential_utf v0.1.5
[INFO] [stderr]     Checking icu_collections v2.2.0
[INFO] [stderr]     Checking icu_locale_core v2.2.0
[INFO] [stderr]     Checking hyper v1.11.0
[INFO] [stderr]     Checking tower v0.5.3
[INFO] [stderr]     Checking opentelemetry_sdk v0.33.0
[INFO] [stderr]     Checking opentelemetry-appender-tracing v0.33.0
[INFO] [stderr]     Checking icu_provider v2.2.0
[INFO] [stderr]     Checking icu_normalizer v2.2.0
[INFO] [stderr]     Checking icu_properties v2.2.0
[INFO] [stderr]     Checking hyper-util v0.1.20
[INFO] [stderr]     Checking opentelemetry-proto v0.33.0
[INFO] [stderr]     Checking idna_adapter v1.2.2
[INFO] [stderr]     Checking idna v1.1.0
[INFO] [stderr]     Checking url v2.5.8
[INFO] [stderr]     Checking tower-http v0.6.11
[INFO] [stderr]    Compiling rustls v0.23.45
[INFO] [stderr]     Checking rustls-webpki v0.103.15
[INFO] [stderr]     Checking tokio-rustls v0.26.5
[INFO] [stderr]     Checking rustls-platform-verifier v0.6.2
[INFO] [stderr]     Checking hyper-rustls v0.27.9
[INFO] [stderr]     Checking reqwest v0.13.5
[INFO] [stderr]     Checking opentelemetry-http v0.33.0
[INFO] [stderr]     Checking opentelemetry-otlp v0.33.0
[INFO] [stderr]     Checking leviath-telemetry v0.6.4 (/opt/rustwide/workdir)
[INFO] [stdout] error[E0433]: cannot find module or crate `leviath_testkit` in this scope
[INFO] [stdout]    --> src/log_sink.rs:322:22
[INFO] [stdout]     |
[INFO] [stdout] 322 |         let _guard = leviath_testkit::tracing_guard();
[INFO] [stdout]     |                      ^^^^^^^^^^^^^^^ use of unresolved module or unlinked crate `leviath_testkit`
[INFO] [stdout]     |
[INFO] [stdout]     = help: if you wanted to use a crate named `leviath_testkit`, use `cargo add leviath_testkit` to add it to your `Cargo.toml`
[INFO] [stdout] 
[INFO] [stdout] 
[INFO] [stdout] error[E0433]: cannot find module or crate `leviath_testkit` in this scope
[INFO] [stdout]    --> src/log_sink.rs:358:22
[INFO] [stdout]     |
[INFO] [stdout] 358 |         let _guard = leviath_testkit::tracing_guard();
[INFO] [stdout]     |                      ^^^^^^^^^^^^^^^ use of unresolved module or unlinked crate `leviath_testkit`
[INFO] [stdout]     |
[INFO] [stdout]     = help: if you wanted to use a crate named `leviath_testkit`, use `cargo add leviath_testkit` to add it to your `Cargo.toml`
[INFO] [stdout] 
[INFO] [stdout] 
[INFO] [stdout] error[E0433]: cannot find module or crate `leviath_testkit` in this scope
[INFO] [stdout]    --> src/log_sink.rs:391:22
[INFO] [stdout]     |
[INFO] [stdout] 391 |         let _guard = leviath_testkit::tracing_guard();
[INFO] [stdout]     |                      ^^^^^^^^^^^^^^^ use of unresolved module or unlinked crate `leviath_testkit`
[INFO] [stdout]     |
[INFO] [stdout]     = help: if you wanted to use a crate named `leviath_testkit`, use `cargo add leviath_testkit` to add it to your `Cargo.toml`
[INFO] [stdout] 
[INFO] [stdout] 
[INFO] [stdout] error[E0433]: cannot find module or crate `leviath_testkit` in this scope
[INFO] [stdout]    --> src/log_sink.rs:397:22
[INFO] [stdout]     |
[INFO] [stdout] 397 |         let _guard = leviath_testkit::tracing_guard();
[INFO] [stdout]     |                      ^^^^^^^^^^^^^^^ use of unresolved module or unlinked crate `leviath_testkit`
[INFO] [stdout]     |
[INFO] [stdout]     = help: if you wanted to use a crate named `leviath_testkit`, use `cargo add leviath_testkit` to add it to your `Cargo.toml`
[INFO] [stdout] 
[INFO] [stdout] 
[INFO] [stdout] For more information about this error, try `rustc --explain E0433`.
[INFO] [stdout] 
[INFO] [stderr] error: could not compile `leviath-telemetry` (lib test) due to 4 previous errors
[INFO] running `Command { std: "docker" "inspect" "a379794683ffa219460b6ccdf9a38394329b58cffede7cc049087b1c97182e21", kill_on_drop: false }`
[INFO] running `Command { std: "docker" "rm" "-f" "a379794683ffa219460b6ccdf9a38394329b58cffede7cc049087b1c97182e21", kill_on_drop: false }`
[INFO] [stdout] a379794683ffa219460b6ccdf9a38394329b58cffede7cc049087b1c97182e21
