[INFO] fetching crate leviath-runtime 0.6.4...
[INFO] checking leviath-runtime-0.6.4 against 3154cc1a3e6424e44f438a95007d043ed5ceaaf6+rustflags=-Znext-solver=coherence for pr-133502-30
[INFO] extracting crate leviath-runtime 0.6.4 into /workspace/builds/worker-4-tc1/source
[INFO] started tweaking crates.io crate leviath-runtime 0.6.4
[INFO] removed 0 missing tests
[INFO] finished tweaking crates.io crate leviath-runtime 0.6.4
[INFO] tweaked toml for crates.io crate leviath-runtime 0.6.4 written to /workspace/builds/worker-4-tc1/source/Cargo.toml
[INFO] validating manifest of crates.io crate leviath-runtime 0.6.4 on toolchain 3154cc1a3e6424e44f438a95007d043ed5ceaaf6
[INFO] running `Command { std: CARGO_HOME="/workspace/cargo-home" RUSTUP_HOME="/workspace/rustup-home" "/workspace/cargo-home/bin/cargo" "+3154cc1a3e6424e44f438a95007d043ed5ceaaf6" "metadata" "--manifest-path" "Cargo.toml" "--no-deps", kill_on_drop: false }`
[INFO] crate crates.io crate leviath-runtime 0.6.4 already has a lockfile, it will not be regenerated
[INFO] running `Command { std: CARGO_HOME="/workspace/cargo-home" RUSTUP_HOME="/workspace/rustup-home" "/workspace/cargo-home/bin/cargo" "+3154cc1a3e6424e44f438a95007d043ed5ceaaf6" "fetch" "--manifest-path" "Cargo.toml", kill_on_drop: false }`
[INFO] [stderr]     Updating crates.io index
[INFO] [stderr]  Downloading crates ...
[INFO] [stderr]   Downloaded temp-env v0.3.6
[INFO] [stderr]   Downloaded leviath-sys v0.6.4
[INFO] [stderr]   Downloaded saphyr-parser v0.1.0
[INFO] [stderr]   Downloaded keyring-core v1.0.0
[INFO] [stderr]   Downloaded no-std-compat v0.4.1
[INFO] [stderr]   Downloaded leviath-tools v0.6.4
[INFO] [stderr]   Downloaded apple-native-keyring-store v1.0.1
[INFO] [stderr]   Downloaded zbus-secret-service-keyring-store v1.0.0
[INFO] [stderr]   Downloaded windows-native-keyring-store v1.1.0
[INFO] [stderr]   Downloaded secret-service v5.1.0
[INFO] [stderr]   Downloaded fs4 v1.1.0
[INFO] [stderr]   Downloaded keyring v4.2.0
[INFO] [stderr]   Downloaded leviath-scripting v0.6.4
[INFO] [stderr]   Downloaded fancy-regex v0.17.0
[INFO] [stderr]   Downloaded leviath-core v0.6.4
[INFO] [stderr]   Downloaded leviath-providers v0.6.4
[INFO] [stderr]   Downloaded tiktoken-rs v0.12.0
[INFO] [stderr]   Downloaded async-compression v0.4.25
[INFO] [stderr]   Downloaded leviath-net v0.6.4
[INFO] [stderr]   Downloaded referencing v0.56.0
[INFO] [stderr]   Downloaded jsonschema v0.56.0
[INFO] [stderr]   Downloaded jsonschema-value v0.56.0
[INFO] [stderr]   Downloaded jsonschema-regex v0.56.0
[INFO] [stderr]   Downloaded fancy-regex v0.19.0
[INFO] [stderr]   Downloaded web-task v1.1.3
[INFO] [stderr]   Downloaded bevy_tasks v0.19.1
[INFO] [stderr]   Downloaded variadics_please v1.1.0
[INFO] [stderr]   Downloaded bevy_platform v0.19.1
[INFO] [stderr]   Downloaded bevy_utils v0.19.1
[INFO] [stderr]   Downloaded bevy_reflect v0.19.1
[INFO] [stderr]   Downloaded bevy_macro_utils v0.19.1
[INFO] [stderr]   Downloaded bevy_reflect_derive v0.19.1
[INFO] [stderr]   Downloaded bevy_ptr v0.19.1
[INFO] [stderr]   Downloaded bevy_ecs_macros v0.19.1
[INFO] [stderr]   Downloaded bevy_ecs v0.19.1
[INFO] [stderr]   Downloaded bevy_ecs_macro_logic v0.19.1
[INFO] [stderr]   Downloaded glam v0.32.1
[INFO] running `Command { std: "docker" "create" "-v" "/var/lib/crater-agent-workspace/builds/worker-4-tc1/source:/opt/rustwide/workdir:ro,Z" "-v" "/var/lib/crater-agent-workspace/builds/worker-4-tc1/target:/opt/rustwide/target:rw,Z" "-v" "/var/lib/crater-agent-workspace/cargo-home:/opt/rustwide/cargo-home:ro,Z" "-v" "/var/lib/crater-agent-workspace/rustup-home:/opt/rustwide/rustup-home:ro,Z" "-m" "1610612736" "--network" "none" "ghcr.io/rust-lang/crates-build-env/linux@sha256:77db811e55d90add9212f6832c23229e3de5f1c1f9905e8cb07319ea15df73ac" "sleep" "infinity", kill_on_drop: false }`
[INFO] [stdout] 83ba3ccd1056e4650424aeda7c6582aa28e96abdbf1ab0e1f45df51705192e68
[INFO] running `Command { std: "docker" "start" "83ba3ccd1056e4650424aeda7c6582aa28e96abdbf1ab0e1f45df51705192e68", kill_on_drop: false }`
[INFO] running `Command { std: "docker" "inspect" "83ba3ccd1056e4650424aeda7c6582aa28e96abdbf1ab0e1f45df51705192e68", kill_on_drop: false }`
[INFO] running `Command { std: "docker" "exec" "-e" "SOURCE_DIR=/opt/rustwide/workdir" "-e" "CARGO_HOME=/opt/rustwide/cargo-home" "-e" "RUSTUP_HOME=/opt/rustwide/rustup-home" "-e" "CARGO_TARGET_DIR=/opt/rustwide/target" "-w" "/opt/rustwide/workdir" "--user" "0:0" "83ba3ccd1056e4650424aeda7c6582aa28e96abdbf1ab0e1f45df51705192e68" "/opt/rustwide/cargo-home/bin/cargo" "+3154cc1a3e6424e44f438a95007d043ed5ceaaf6" "metadata" "--no-deps" "--format-version=1", kill_on_drop: false }`
[INFO] running `Command { std: "docker" "inspect" "83ba3ccd1056e4650424aeda7c6582aa28e96abdbf1ab0e1f45df51705192e68", kill_on_drop: false }`
[INFO] running `Command { std: "docker" "exec" "-e" "SOURCE_DIR=/opt/rustwide/workdir" "-e" "CARGO_HOME=/opt/rustwide/cargo-home" "-e" "RUSTUP_HOME=/opt/rustwide/rustup-home" "-e" "CARGO_TARGET_DIR=/opt/rustwide/target" "-e" "CARGO_INCREMENTAL=0" "-e" "RUST_BACKTRACE=full" "-e" "RUSTFLAGS=--cap-lints=forbid -Znext-solver=coherence" "-e" "RUSTDOCFLAGS=--cap-lints=forbid" "-w" "/opt/rustwide/workdir" "--user" "0:0" "83ba3ccd1056e4650424aeda7c6582aa28e96abdbf1ab0e1f45df51705192e68" "/opt/rustwide/cargo-home/bin/cargo" "+3154cc1a3e6424e44f438a95007d043ed5ceaaf6" "check" "--frozen" "--all" "--all-targets" "--message-format=json", kill_on_drop: false }`
[INFO] [stderr]    Compiling proc-macro2 v1.0.107
[INFO] [stderr]    Compiling serde_core v1.0.229
[INFO] [stderr]    Compiling serde v1.0.229
[INFO] [stderr]    Compiling portable-atomic v1.14.0
[INFO] [stderr]     Checking futures-io v0.3.34
[INFO] [stderr]    Compiling quote v1.0.47
[INFO] [stderr]     Checking typenum v1.20.1
[INFO] [stderr]    Compiling winnow v1.0.4
[INFO] [stderr]    Compiling num-traits v0.2.19
[INFO] [stderr]    Compiling cc v1.4.0
[INFO] [stderr]     Checking foldhash v0.2.0
[INFO] [stderr]    Compiling crossbeam-utils v0.8.22
[INFO] [stderr]     Checking event-listener v5.4.2
[INFO] [stderr]    Compiling rustix v1.1.4
[INFO] [stderr]     Checking linux-raw-sys v0.12.1
[INFO] [stderr]     Checking hashbrown v0.17.1
[INFO] [stderr]     Checking futures-lite v2.6.1
[INFO] [stderr]     Checking event-listener-strategy v0.5.4
[INFO] [stderr]    Compiling crunchy v0.2.4
[INFO] [stderr]    Compiling tiny-keccak v2.0.2
[INFO] [stderr]     Checking concurrent-queue v2.5.0
[INFO] [stderr]    Compiling toml_parser v1.1.3+spec-1.1.0
[INFO] [stderr]    Compiling getrandom v0.3.4
[INFO] [stderr]    Compiling aws-lc-rs v1.18.1
[INFO] [stderr]     Checking async-channel v2.5.0
[INFO] [stderr]     Checking indexmap v2.14.0
[INFO] [stderr]     Checking aho-corasick v1.1.4
[INFO] [stderr]     Checking once_cell v1.21.4
[INFO] [stderr]    Compiling async-io v2.6.0
[INFO] [stderr]    Compiling syn v3.0.3
[INFO] [stderr]    Compiling syn v2.0.119
[INFO] [stderr]    Compiling toml_edit v0.25.15+spec-1.1.0
[INFO] [stderr]     Checking tracing-core v0.1.36
[INFO] [stderr]    Compiling serde_json v1.0.151
[INFO] [stderr]     Checking num-integer v0.1.46
[INFO] [stderr]    Compiling cfg-if v1.0.4
[INFO] [stderr]    Compiling getrandom v0.2.17
[INFO] [stderr]     Checking num-complex v0.4.6
[INFO] [stderr]     Checking generic-array v0.14.7
[INFO] [stderr]     Checking num-bigint v0.4.8
[INFO] [stderr]     Checking num-iter v0.1.46
[INFO] [stderr]    Compiling endi v1.1.1
[INFO] [stderr]     Checking log v0.4.33
[INFO] [stderr]     Checking crypto-common v0.1.7
[INFO] [stderr]     Checking block-padding v0.3.3
[INFO] [stderr]     Checking block-buffer v0.10.4
[INFO] [stderr]    Compiling target-features v0.1.6
[INFO] [stderr]    Compiling zerocopy v0.8.55
[INFO] [stderr]     Checking digest v0.10.7
[INFO] [stderr]    Compiling const-random-macro v0.1.16
[INFO] [stderr]     Checking regex-automata v0.4.16
[INFO] [stderr]    Compiling cmake v0.1.58
[INFO] [stderr]    Compiling proc-macro-crate v3.5.0
[INFO] [stderr]     Checking inout v0.1.4
[INFO] [stderr]     Checking async-executor v1.14.0
[INFO] [stderr]    Compiling ahash v0.8.12
[INFO] [stderr]    Compiling zstd-safe v7.2.4
[INFO] [stderr]     Checking alloc-no-stdlib v2.0.4
[INFO] [stderr]    Compiling crc32fast v1.5.2
[INFO] [stderr]     Checking alloc-stdlib v0.2.4
[INFO] [stderr]     Checking cipher v0.4.4
[INFO] [stderr]     Checking const-random v0.1.18
[INFO] [stderr]     Checking hybrid-array v0.4.13
[INFO] [stderr]     Checking async-lock v3.4.2
[INFO] [stderr]     Checking piper v0.2.5
[INFO] [stderr]     Checking simd-adler32 v0.3.10
[INFO] [stderr]     Checking brotli-decompressor v5.0.3
[INFO] [stderr]     Checking hmac v0.12.1
[INFO] [stderr]     Checking blocking v1.6.2
[INFO] [stderr]     Checking form_urlencoded v1.2.2
[INFO] [stderr]     Checking miniz_oxide v0.9.1
[INFO] [stderr]     Checking async-broadcast v0.7.2
[INFO] [stderr]     Checking ordered-stream v0.2.0
[INFO] [stderr]     Checking num-rational v0.4.2
[INFO] [stderr]    Compiling aws-lc-sys v0.45.0
[INFO] [stderr]    Compiling zstd-sys v2.0.16+zstd.1.5.7
[INFO] [stderr]    Compiling unicase v2.9.0
[INFO] [stderr]     Checking cpufeatures v0.3.0
[INFO] [stderr]     Checking flate2 v1.1.10
[INFO] [stderr]     Checking bit-set v0.8.0
[INFO] [stderr]     Checking hkdf v0.12.4
[INFO] [stderr]    Compiling mime_guess v2.0.5
[INFO] [stderr]     Checking aes v0.8.4
[INFO] [stderr]     Checking crypto-common v0.2.2
[INFO] [stderr]     Checking block-buffer v0.12.1
[INFO] [stderr]     Checking num v0.4.3
[INFO] [stderr]     Checking cbc v0.1.2
[INFO] [stderr]    Compiling encoding_rs v0.8.41
[INFO] [stderr]     Checking sha2 v0.10.9
[INFO] [stderr]    Compiling smartstring v1.0.1
[INFO] [stderr]     Checking ipnet v2.12.0
[INFO] [stderr]     Checking const-oid v0.10.2
[INFO] [stderr]     Checking base64 v0.23.1
[INFO] [stderr]     Checking dirs-sys v0.5.0
[INFO] [stderr]     Checking brotli v8.0.4
[INFO] [stderr]    Compiling nix v0.31.3
[INFO] [stderr]     Checking digest v0.11.3
[INFO] [stderr]     Checking http-body-util v0.1.4
[INFO] [stderr]     Checking keyring-core v1.0.0
[INFO] [stderr]     Checking spin v0.10.1
[INFO] [stderr]    Compiling getrandom v0.4.3
[INFO] [stderr]     Checking core_detect v1.0.0
[INFO] [stderr]    Compiling multiversion_no_op v1.0.0
[INFO] [stderr]     Checking uuid v1.24.0
[INFO] [stderr]     Checking hashbrown v0.16.1
[INFO] [stderr]     Checking serde_spanned v1.1.1
[INFO] [stderr]     Checking toml_datetime v1.1.1+spec-1.1.0
[INFO] [stderr]     Checking rand_core v0.10.1
[INFO] [stderr]     Checking simdutf8 v0.1.5
[INFO] [stderr]     Checking chrono v0.4.45
[INFO] [stderr]     Checking sha2 v0.11.0
[INFO] [stderr]     Checking toml v1.1.6+spec-1.1.0
[INFO] [stderr]     Checking dirs v7.0.0
[INFO] [stderr]     Checking thin-vec v0.2.19
[INFO] [stderr]     Checking borrow-or-share v0.2.4
[INFO] [stderr]     Checking regex v1.13.1
[INFO] [stderr]    Compiling unicode-general-category v1.1.0
[INFO] [stderr]     Checking fancy-regex v0.17.0
[INFO] [stderr]     Checking bstr v1.13.0
[INFO] [stderr]     Checking chacha20 v0.10.2
[INFO] [stderr]     Checking fraction v0.17.0
[INFO] [stderr]     Checking thread_local v1.1.10
[INFO] [stderr]     Checking disqualified v1.0.0
[INFO] [stderr]     Checking outref v0.5.2
[INFO] [stderr]     Checking micromap v0.3.0
[INFO] [stderr]     Checking vsimd v0.8.0
[INFO] [stderr]     Checking num-cmp v0.1.0
[INFO] [stderr]     Checking bytecount v0.6.9
[INFO] [stderr]     Checking rand v0.10.3
[INFO] [stderr]     Checking tiktoken-rs v0.12.0
[INFO] [stderr]     Checking erased-serde v0.4.10
[INFO] [stderr]     Checking fancy-regex v0.19.0
[INFO] [stderr]     Checking jsonschema-regex v0.56.0
[INFO] [stderr]     Checking crossbeam-queue v0.3.13
[INFO] [stderr]     Checking uuid-simd v0.8.0
[INFO] [stderr]     Checking bevy_ptr v0.19.1
[INFO] [stderr]     Checking downcast-rs v2.0.2
[INFO] [stderr]     Checking data-encoding v2.11.0
[INFO] [stderr]     Checking arraydeque v0.5.1
[INFO] [stderr]     Checking csv v1.4.0
[INFO] [stderr]     Checking quick-xml v0.42.0
[INFO] [stderr]     Checking fixedbitset v0.5.7
[INFO] [stderr]     Checking nonmax v0.5.5
[INFO] [stderr]     Checking polling v3.11.0
[INFO] [stderr]     Checking tempfile v3.27.0
[INFO] [stderr]     Checking fs4 v1.1.0
[INFO] [stderr]    Compiling serde_derive v1.0.229
[INFO] [stderr]    Compiling futures-macro v0.3.34
[INFO] [stderr]    Compiling tokio-macros v2.7.2
[INFO] [stderr]    Compiling displaydoc v0.2.7
[INFO] [stderr]    Compiling thiserror-impl v2.0.20
[INFO] [stderr]    Compiling synstructure v0.13.2
[INFO] [stderr]     Checking async-signal v0.2.14
[INFO] [stderr]    Compiling async-trait v0.1.92
[INFO] [stderr]    Compiling serde_repr v0.1.21
[INFO] [stderr]     Checking async-process v2.5.0
[INFO] [stderr]    Compiling bevy_macro_utils v0.19.1
[INFO] [stderr]    Compiling ref-cast-impl v1.0.26
[INFO] [stderr]     Checking futures-util v0.3.34
[INFO] [stderr]     Checking thiserror v2.0.20
[INFO] [stderr]     Checking saphyr-parser v0.1.0
[INFO] [stderr]    Compiling bevy_ecs_macro_logic v0.19.1
[INFO] [stderr]     Checking ref-cast v1.0.26
[INFO] [stderr]    Compiling zerofrom-derive v0.1.7
[INFO] [stderr]    Compiling yoke-derive v0.8.2
[INFO] [stderr]    Compiling zerovec-derive v0.11.3
[INFO] [stderr]    Compiling tracing-attributes v0.1.31
[INFO] [stderr]    Compiling enumflags2_derive v0.7.12
[INFO] [stderr]    Compiling async-recursion v1.1.1
[INFO] [stderr]    Compiling multiversion-macros v0.8.0
[INFO] [stderr]    Compiling derive_more-impl v2.1.1
[INFO] [stderr]    Compiling rhai_codegen v3.2.0
[INFO] [stderr]    Compiling strum_macros v0.28.0
[INFO] [stderr]    Compiling assert_type_match v0.1.1
[INFO] [stderr]    Compiling variadics_please v1.1.0
[INFO] [stderr]    Compiling bevy_reflect_derive v0.19.1
[INFO] [stderr]    Compiling bevy_ecs_macros v0.19.1
[INFO] [stderr]     Checking multiversion v0.8.0
[INFO] [stderr]     Checking zerofrom v0.1.8
[INFO] [stderr]     Checking tracing v0.1.44
[INFO] [stderr]     Checking yoke v0.8.3
[INFO] [stderr]     Checking zerovec v0.11.6
[INFO] [stderr]     Checking zerotrie v0.2.4
[INFO] [stderr]     Checking tinystr v0.8.3
[INFO] [stderr]     Checking potential_utf v0.1.5
[INFO] [stderr]     Checking zstd v0.13.3
[INFO] [stderr]     Checking icu_collections v2.2.0
[INFO] [stderr]     Checking strum v0.28.0
[INFO] [stderr]     Checking icu_locale_core v2.2.0
[INFO] [stderr]     Checking smallvec v1.15.2
[INFO] [stderr]     Checking zvariant_utils v3.5.0
[INFO] [stderr]     Checking enumflags2 v0.7.12
[INFO] [stderr]     Checking parking_lot_core v0.9.12
[INFO] [stderr]     Checking serde_urlencoded v0.7.1
[INFO] [stderr]     Checking bevy_platform v0.19.1
[INFO] [stderr]     Checking leviath-core v0.6.4
[INFO] [stderr]     Checking parking_lot v0.12.5
[INFO] [stderr]     Checking fluent-uri v0.4.1
[INFO] [stderr]     Checking bevy_utils v0.19.1
[INFO] [stderr]     Checking email_address v0.2.9
[INFO] [stderr]     Checking rhai v1.26.1
[INFO] [stderr]     Checking jsonschema-value v0.56.0
[INFO] [stderr]     Checking futures-executor v0.3.33
[INFO] [stderr]     Checking tokio v1.53.1
[INFO] [stderr]     Checking futures v0.3.33
[INFO] [stderr]     Checking temp-env v0.3.6
[INFO] [stderr]    Compiling zvariant_derive v5.13.1
[INFO] [stderr]     Checking derive_more v2.1.1
[INFO] [stderr]     Checking referencing v0.56.0
[INFO] [stderr]     Checking icu_provider v2.2.0
[INFO] [stderr]     Checking bevy_tasks v0.19.1
[INFO] [stderr]     Checking bevy_reflect v0.19.1
[INFO] [stderr]     Checking icu_properties v2.2.0
[INFO] [stderr]     Checking icu_normalizer v2.2.0
[INFO] [stderr]     Checking jsonschema v0.56.0
[INFO] [stderr]    Compiling zvariant v5.13.1
[INFO] [stderr]     Checking idna_adapter v1.2.2
[INFO] [stderr]     Checking idna v1.1.0
[INFO] [stderr]     Checking url v2.5.8
[INFO] [stderr]     Checking zbus_names v4.3.4
[INFO] [stderr]    Compiling zbus_macros v5.18.0
[INFO] [stderr]     Checking tokio-util v0.7.19
[INFO] [stderr]     Checking tower v0.5.3
[INFO] [stderr]     Checking async-compression v0.4.25
[INFO] [stderr]     Checking bevy_ecs v0.19.1
[INFO] [stderr]     Checking h2 v0.4.16
[INFO] [stderr]     Checking tower-http v0.6.11
[INFO] [stderr]     Checking tokio-stream v0.1.19
[INFO] [stderr]     Checking zbus v5.18.0
[INFO] [stderr]    Compiling rustls v0.23.45
[INFO] [stderr]     Checking hyper v1.11.0
[INFO] [stderr]     Checking hyper-util v0.1.20
[INFO] [stderr]     Checking rustls-webpki v0.103.15
[INFO] [stderr]     Checking secret-service v5.1.0
[INFO] [stderr]     Checking zbus-secret-service-keyring-store v1.0.0
[INFO] [stderr]     Checking keyring v4.2.0
[INFO] [stderr]     Checking leviath-sys v0.6.4
[INFO] [stderr]     Checking leviath-scripting v0.6.4
[INFO] [stderr]     Checking tokio-rustls v0.26.5
[INFO] [stderr]     Checking rustls-platform-verifier v0.6.2
[INFO] [stderr]     Checking hyper-rustls v0.27.9
[INFO] [stderr]     Checking reqwest v0.13.5
[INFO] [stderr]     Checking leviath-net v0.6.4
[INFO] [stderr]     Checking leviath-providers v0.6.4
[INFO] [stderr]     Checking leviath-tools v0.6.4
[INFO] [stderr]     Checking leviath-runtime v0.6.4 (/opt/rustwide/workdir)
[INFO] [stdout] error[E0432]: unresolved import `leviath_testkit`
[INFO] [stdout]  --> src/test_support.rs:5:16
[INFO] [stdout]   |
[INFO] [stdout] 5 | pub(crate) use leviath_testkit::{PANIC_HOOK_LOCK, with_silenced_panics, with_tracing};
[INFO] [stdout]   |                ^^^^^^^^^^^^^^^ use of unresolved module or unlinked crate `leviath_testkit`
[INFO] [stdout]   |
[INFO] [stdout]   = help: if you wanted to use a crate named `leviath_testkit`, use `cargo add leviath_testkit` to add it to your `Cargo.toml`
[INFO] [stdout] 
[INFO] [stdout] 
[INFO] [stdout] error[E0433]: cannot find module or crate `leviath_testkit` in this scope
[INFO] [stdout]    --> src/host/../host_tests.rs:821:5
[INFO] [stdout]     |
[INFO] [stdout] 821 |     leviath_testkit::wait_until(context, || done(&host.world_mut().lane_snapshot())).await;
[INFO] [stdout]     |     ^^^^^^^^^^^^^^^ use of unresolved module or unlinked crate `leviath_testkit`
[INFO] [stdout]     |
[INFO] [stdout]     = help: if you wanted to use a crate named `leviath_testkit`, use `cargo add leviath_testkit` to add it to your `Cargo.toml`
[INFO] [stdout] 
[INFO] [stdout] 
[INFO] [stdout] error[E0433]: cannot find module or crate `leviath_testkit` in this scope
[INFO] [stdout]    --> src/interaction_hub_tests.rs:162:5
[INFO] [stdout]     |
[INFO] [stdout] 162 |     leviath_testkit::wait_until("the prompt was raised", || !hub.pending().is_empty()).await;
[INFO] [stdout]     |     ^^^^^^^^^^^^^^^ use of unresolved module or unlinked crate `leviath_testkit`
[INFO] [stdout]     |
[INFO] [stdout]     = help: if you wanted to use a crate named `leviath_testkit`, use `cargo add leviath_testkit` to add it to your `Cargo.toml`
[INFO] [stdout] 
[INFO] [stdout] 
[INFO] [stdout] error[E0433]: cannot find module or crate `leviath_testkit` in this scope
[INFO] [stdout]     --> src/embed/world.rs:1450:9
[INFO] [stdout]      |
[INFO] [stdout] 1450 |         leviath_testkit::wait_until("the serve loop shut down", || world.control.is_closed()).await;
[INFO] [stdout]      |         ^^^^^^^^^^^^^^^ use of unresolved module or unlinked crate `leviath_testkit`
[INFO] [stdout]      |
[INFO] [stdout]      = help: if you wanted to use a crate named `leviath_testkit`, use `cargo add leviath_testkit` to add it to your `Cargo.toml`
[INFO] [stdout] 
[INFO] [stdout] 
[INFO] [stdout] error[E0433]: cannot find module or crate `leviath_testkit` in this scope
[INFO] [stdout]    --> src/host/../host_tests.rs:631:5
[INFO] [stdout]     |
[INFO] [stdout] 631 |     leviath_testkit::with_tracing(|| async {
[INFO] [stdout]     |     ^^^^^^^^^^^^^^^ use of unresolved module or unlinked crate `leviath_testkit`
[INFO] [stdout]     |
[INFO] [stdout]     = help: if you wanted to use a crate named `leviath_testkit`, use `cargo add leviath_testkit` to add it to your `Cargo.toml`
[INFO] [stdout] 
[INFO] [stdout] 
[INFO] [stdout] error[E0433]: cannot find module or crate `leviath_testkit` in this scope
[INFO] [stdout]    --> src/host/../host_tests.rs:657:5
[INFO] [stdout]     |
[INFO] [stdout] 657 |     leviath_testkit::with_tracing(|| async {
[INFO] [stdout]     |     ^^^^^^^^^^^^^^^ use of unresolved module or unlinked crate `leviath_testkit`
[INFO] [stdout]     |
[INFO] [stdout]     = help: if you wanted to use a crate named `leviath_testkit`, use `cargo add leviath_testkit` to add it to your `Cargo.toml`
[INFO] [stdout] 
[INFO] [stdout] 
[INFO] [stdout] error[E0433]: cannot find module or crate `leviath_testkit` in this scope
[INFO] [stdout]    --> src/host/../host_tests.rs:687:5
[INFO] [stdout]     |
[INFO] [stdout] 687 |     leviath_testkit::with_tracing(|| async {
[INFO] [stdout]     |     ^^^^^^^^^^^^^^^ use of unresolved module or unlinked crate `leviath_testkit`
[INFO] [stdout]     |
[INFO] [stdout]     = help: if you wanted to use a crate named `leviath_testkit`, use `cargo add leviath_testkit` to add it to your `Cargo.toml`
[INFO] [stdout] 
[INFO] [stdout] 
[INFO] [stdout] error[E0433]: cannot find module or crate `leviath_testkit` in this scope
[INFO] [stdout]    --> src/host/../host_tests.rs:870:5
[INFO] [stdout]     |
[INFO] [stdout] 870 |     leviath_testkit::with_tracing(|| async {
[INFO] [stdout]     |     ^^^^^^^^^^^^^^^ use of unresolved module or unlinked crate `leviath_testkit`
[INFO] [stdout]     |
[INFO] [stdout]     = help: if you wanted to use a crate named `leviath_testkit`, use `cargo add leviath_testkit` to add it to your `Cargo.toml`
[INFO] [stdout] 
[INFO] [stdout] 
[INFO] [stdout] error[E0433]: cannot find module or crate `leviath_testkit` in this scope
[INFO] [stdout]    --> src/host/../host_tests.rs:901:5
[INFO] [stdout]     |
[INFO] [stdout] 901 |     leviath_testkit::with_tracing(|| async {
[INFO] [stdout]     |     ^^^^^^^^^^^^^^^ use of unresolved module or unlinked crate `leviath_testkit`
[INFO] [stdout]     |
[INFO] [stdout]     = help: if you wanted to use a crate named `leviath_testkit`, use `cargo add leviath_testkit` to add it to your `Cargo.toml`
[INFO] [stdout] 
[INFO] [stdout] 
[INFO] [stdout] error[E0433]: cannot find module or crate `leviath_testkit` in this scope
[INFO] [stdout]    --> src/host/../host_tests.rs:936:5
[INFO] [stdout]     |
[INFO] [stdout] 936 |     leviath_testkit::with_tracing(|| async {
[INFO] [stdout]     |     ^^^^^^^^^^^^^^^ use of unresolved module or unlinked crate `leviath_testkit`
[INFO] [stdout]     |
[INFO] [stdout]     = help: if you wanted to use a crate named `leviath_testkit`, use `cargo add leviath_testkit` to add it to your `Cargo.toml`
[INFO] [stdout] 
[INFO] [stdout] 
[INFO] [stdout] error[E0433]: cannot find module or crate `leviath_testkit` in this scope
[INFO] [stdout]    --> src/host/../host_tests.rs:967:5
[INFO] [stdout]     |
[INFO] [stdout] 967 |     leviath_testkit::with_tracing(|| async {
[INFO] [stdout]     |     ^^^^^^^^^^^^^^^ use of unresolved module or unlinked crate `leviath_testkit`
[INFO] [stdout]     |
[INFO] [stdout]     = help: if you wanted to use a crate named `leviath_testkit`, use `cargo add leviath_testkit` to add it to your `Cargo.toml`
[INFO] [stdout] 
[INFO] [stdout] 
[INFO] [stdout] error[E0433]: cannot find module or crate `leviath_testkit` in this scope
[INFO] [stdout]    --> src/host/../host_tests.rs:992:5
[INFO] [stdout]     |
[INFO] [stdout] 992 |     leviath_testkit::with_tracing(|| async {
[INFO] [stdout]     |     ^^^^^^^^^^^^^^^ use of unresolved module or unlinked crate `leviath_testkit`
[INFO] [stdout]     |
[INFO] [stdout]     = help: if you wanted to use a crate named `leviath_testkit`, use `cargo add leviath_testkit` to add it to your `Cargo.toml`
[INFO] [stdout] 
[INFO] [stdout] 
[INFO] [stdout] error[E0433]: cannot find module or crate `leviath_testkit` in this scope
[INFO] [stdout]    --> src/inference_pool.rs:815:9
[INFO] [stdout]     |
[INFO] [stdout] 815 |         leviath_testkit::with_tracing(|| async {
[INFO] [stdout]     |         ^^^^^^^^^^^^^^^ use of unresolved module or unlinked crate `leviath_testkit`
[INFO] [stdout]     |
[INFO] [stdout]     = help: if you wanted to use a crate named `leviath_testkit`, use `cargo add leviath_testkit` to add it to your `Cargo.toml`
[INFO] [stdout] 
[INFO] [stdout] 
[INFO] [stdout] error[E0433]: cannot find module or crate `leviath_testkit` in this scope
[INFO] [stdout]      --> src/pipeline/tests.rs:19325:18
[INFO] [stdout]       |
[INFO] [stdout] 19325 |     let _guard = leviath_testkit::tracing_guard();
[INFO] [stdout]       |                  ^^^^^^^^^^^^^^^ use of unresolved module or unlinked crate `leviath_testkit`
[INFO] [stdout]       |
[INFO] [stdout]       = help: if you wanted to use a crate named `leviath_testkit`, use `cargo add leviath_testkit` to add it to your `Cargo.toml`
[INFO] [stdout] 
[INFO] [stdout] 
[INFO] [stdout] error[E0433]: cannot find module or crate `leviath_testkit` in this scope
[INFO] [stdout]    --> src/provider_creds.rs:969:13
[INFO] [stdout]     |
[INFO] [stdout] 969 |             leviath_testkit::spawn_mock_recorder(200, "OK", listing.to_vec()).await;
[INFO] [stdout]     |             ^^^^^^^^^^^^^^^ use of unresolved module or unlinked crate `leviath_testkit`
[INFO] [stdout]     |
[INFO] [stdout]     = help: if you wanted to use a crate named `leviath_testkit`, use `cargo add leviath_testkit` to add it to your `Cargo.toml`
[INFO] [stdout] 
[INFO] [stdout] 
[INFO] [stdout] error[E0433]: cannot find module or crate `leviath_testkit` in this scope
[INFO] [stdout]    --> src/provider_creds.rs:971:13
[INFO] [stdout]     |
[INFO] [stdout] 971 |             leviath_testkit::spawn_mock_recorder(200, "OK", listing.to_vec()).await;
[INFO] [stdout]     |             ^^^^^^^^^^^^^^^ use of unresolved module or unlinked crate `leviath_testkit`
[INFO] [stdout]     |
[INFO] [stdout]     = help: if you wanted to use a crate named `leviath_testkit`, use `cargo add leviath_testkit` to add it to your `Cargo.toml`
[INFO] [stdout] 
[INFO] [stdout] 
[INFO] [stdout] warning: use of deprecated method `std::sync::atomic::Atomic::<usize>::fetch_update`: renamed to `try_update` for consistency
[INFO] [stdout]     --> src/title.rs:1225:18
[INFO] [stdout]      |
[INFO] [stdout] 1225 |                 .fetch_update(
[INFO] [stdout]      |                  ^^^^^^^^^^^^
[INFO] [stdout]      |
[INFO] [stdout]      = note: `#[warn(deprecated)]` on by default
[INFO] [stdout] help: replace the use of the deprecated method
[INFO] [stdout]      |
[INFO] [stdout] 1225 -                 .fetch_update(
[INFO] [stdout] 1225 +                 .try_update(
[INFO] [stdout]      |
[INFO] [stdout] 
[INFO] [stdout] 
[INFO] [stdout] Some errors have detailed explanations: E0432, E0433.
[INFO] [stdout] 
[INFO] [stdout] For more information about an error, try `rustc --explain E0432`.
[INFO] [stdout] 
[INFO] [stderr] error: could not compile `leviath-runtime` (lib test) due to 16 previous errors; 1 warning emitted
[INFO] running `Command { std: "docker" "inspect" "83ba3ccd1056e4650424aeda7c6582aa28e96abdbf1ab0e1f45df51705192e68", kill_on_drop: false }`
[INFO] running `Command { std: "docker" "rm" "-f" "83ba3ccd1056e4650424aeda7c6582aa28e96abdbf1ab0e1f45df51705192e68", kill_on_drop: false }`
[INFO] [stdout] 83ba3ccd1056e4650424aeda7c6582aa28e96abdbf1ab0e1f45df51705192e68
