[INFO] fetching crate leveldb-rs-binding 2.2.1...
[INFO] checking leveldb-rs-binding-2.2.1 against 3154cc1a3e6424e44f438a95007d043ed5ceaaf6+rustflags=-Znext-solver=coherence for pr-133502-30
[INFO] extracting crate leveldb-rs-binding 2.2.1 into /workspace/builds/worker-1-tc1/source
[INFO] started tweaking crates.io crate leveldb-rs-binding 2.2.1
[INFO] removed 0 missing tests
[INFO] finished tweaking crates.io crate leveldb-rs-binding 2.2.1
[INFO] tweaked toml for crates.io crate leveldb-rs-binding 2.2.1 written to /workspace/builds/worker-1-tc1/source/Cargo.toml
[INFO] validating manifest of crates.io crate leveldb-rs-binding 2.2.1 on toolchain 3154cc1a3e6424e44f438a95007d043ed5ceaaf6
[INFO] running `Command { std: CARGO_HOME="/workspace/cargo-home" RUSTUP_HOME="/workspace/rustup-home" "/workspace/cargo-home/bin/cargo" "+3154cc1a3e6424e44f438a95007d043ed5ceaaf6" "metadata" "--manifest-path" "Cargo.toml" "--no-deps", kill_on_drop: false }`
[INFO] crate crates.io crate leveldb-rs-binding 2.2.1 already has a lockfile, it will not be regenerated
[INFO] running `Command { std: CARGO_HOME="/workspace/cargo-home" RUSTUP_HOME="/workspace/rustup-home" "/workspace/cargo-home/bin/cargo" "+3154cc1a3e6424e44f438a95007d043ed5ceaaf6" "fetch" "--manifest-path" "Cargo.toml", kill_on_drop: false }`
[INFO] running `Command { std: "docker" "create" "-v" "/var/lib/crater-agent-workspace/builds/worker-1-tc1/source:/opt/rustwide/workdir:ro,Z" "-v" "/var/lib/crater-agent-workspace/builds/worker-1-tc1/target:/opt/rustwide/target:rw,Z" "-v" "/var/lib/crater-agent-workspace/cargo-home:/opt/rustwide/cargo-home:ro,Z" "-v" "/var/lib/crater-agent-workspace/rustup-home:/opt/rustwide/rustup-home:ro,Z" "-m" "1610612736" "--network" "none" "ghcr.io/rust-lang/crates-build-env/linux@sha256:77db811e55d90add9212f6832c23229e3de5f1c1f9905e8cb07319ea15df73ac" "sleep" "infinity", kill_on_drop: false }`
[INFO] [stdout] 201deab9c9e81a2bb6d26c108f34ebea1c7147de0f5fe2d2ad053cd78ea37dd2
[INFO] running `Command { std: "docker" "start" "201deab9c9e81a2bb6d26c108f34ebea1c7147de0f5fe2d2ad053cd78ea37dd2", kill_on_drop: false }`
[INFO] running `Command { std: "docker" "inspect" "201deab9c9e81a2bb6d26c108f34ebea1c7147de0f5fe2d2ad053cd78ea37dd2", kill_on_drop: false }`
[INFO] running `Command { std: "docker" "exec" "-e" "SOURCE_DIR=/opt/rustwide/workdir" "-e" "CARGO_HOME=/opt/rustwide/cargo-home" "-e" "RUSTUP_HOME=/opt/rustwide/rustup-home" "-e" "CARGO_TARGET_DIR=/opt/rustwide/target" "-w" "/opt/rustwide/workdir" "--user" "0:0" "201deab9c9e81a2bb6d26c108f34ebea1c7147de0f5fe2d2ad053cd78ea37dd2" "/opt/rustwide/cargo-home/bin/cargo" "+3154cc1a3e6424e44f438a95007d043ed5ceaaf6" "metadata" "--no-deps" "--format-version=1", kill_on_drop: false }`
[INFO] running `Command { std: "docker" "inspect" "201deab9c9e81a2bb6d26c108f34ebea1c7147de0f5fe2d2ad053cd78ea37dd2", kill_on_drop: false }`
[INFO] running `Command { std: "docker" "exec" "-e" "SOURCE_DIR=/opt/rustwide/workdir" "-e" "CARGO_HOME=/opt/rustwide/cargo-home" "-e" "RUSTUP_HOME=/opt/rustwide/rustup-home" "-e" "CARGO_TARGET_DIR=/opt/rustwide/target" "-e" "CARGO_INCREMENTAL=0" "-e" "RUST_BACKTRACE=full" "-e" "RUSTFLAGS=--cap-lints=forbid -Znext-solver=coherence" "-e" "RUSTDOCFLAGS=--cap-lints=forbid" "-w" "/opt/rustwide/workdir" "--user" "0:0" "201deab9c9e81a2bb6d26c108f34ebea1c7147de0f5fe2d2ad053cd78ea37dd2" "/opt/rustwide/cargo-home/bin/cargo" "+3154cc1a3e6424e44f438a95007d043ed5ceaaf6" "check" "--frozen" "--all" "--all-targets" "--message-format=json", kill_on_drop: false }`
[INFO] [stderr]     Checking leveldb-rs-binding v2.2.1 (/opt/rustwide/workdir)
[INFO] [stdout] error[E0433]: cannot find module or crate `leveldb` in this scope
[INFO] [stdout]  --> tests/slice.rs:1:5
[INFO] [stdout]   |
[INFO] [stdout] 1 | use leveldb::database::Slice;
[INFO] [stdout]   |     ^^^^^^^ use of unresolved module or unlinked crate `leveldb`
[INFO] [stdout]   |
[INFO] [stdout]   = help: if you wanted to use a crate named `leveldb`, use `cargo add leveldb` to add it to your `Cargo.toml`
[INFO] [stdout] 
[INFO] [stdout] 
[INFO] [stdout] error[E0433]: cannot find module or crate `leveldb` in this scope
[INFO] [stdout]  --> tests/slice.rs:2:5
[INFO] [stdout]   |
[INFO] [stdout] 2 | use leveldb::database::bytes::Bytes;
[INFO] [stdout]   |     ^^^^^^^ use of unresolved module or unlinked crate `leveldb`
[INFO] [stdout]   |
[INFO] [stdout]   = help: if you wanted to use a crate named `leveldb`, use `cargo add leveldb` to add it to your `Cargo.toml`
[INFO] [stdout] 
[INFO] [stdout] 
[INFO] [stdout] error[E0433]: cannot find module or crate `leveldb` in this scope
[INFO] [stdout]  --> tests/utils.rs:1:5
[INFO] [stdout]   |
[INFO] [stdout] 1 | use leveldb::database::Database;
[INFO] [stdout]   |     ^^^^^^^ use of unresolved module or unlinked crate `leveldb`
[INFO] [stdout]   |
[INFO] [stdout]   = help: if you wanted to use a crate named `leveldb`, use `cargo add leveldb` to add it to your `Cargo.toml`
[INFO] [stdout] 
[INFO] [stdout] 
[INFO] [stdout] error[E0433]: cannot find module or crate `leveldb` in this scope
[INFO] [stdout]  --> tests/utils.rs:2:5
[INFO] [stdout]   |
[INFO] [stdout] 2 | use leveldb::database::Slice;
[INFO] [stdout]   |     ^^^^^^^ use of unresolved module or unlinked crate `leveldb`
[INFO] [stdout]   |
[INFO] [stdout]   = help: if you wanted to use a crate named `leveldb`, use `cargo add leveldb` to add it to your `Cargo.toml`
[INFO] [stdout] 
[INFO] [stdout] 
[INFO] [stdout] error[E0433]: cannot find module or crate `leveldb` in this scope
[INFO] [stdout]  --> tests/utils.rs:3:5
[INFO] [stdout]   |
[INFO] [stdout] 3 | use leveldb::database::kv::KV;
[INFO] [stdout]   |     ^^^^^^^ use of unresolved module or unlinked crate `leveldb`
[INFO] [stdout]   |
[INFO] [stdout]   = help: if you wanted to use a crate named `leveldb`, use `cargo add leveldb` to add it to your `Cargo.toml`
[INFO] [stdout] 
[INFO] [stdout] 
[INFO] [stdout] error[E0433]: cannot find module or crate `leveldb` in this scope
[INFO] [stdout]  --> tests/utils.rs:4:5
[INFO] [stdout]   |
[INFO] [stdout] 4 | use leveldb::options::{Options, WriteOptions};
[INFO] [stdout]   |     ^^^^^^^ use of unresolved module or unlinked crate `leveldb`
[INFO] [stdout]   |
[INFO] [stdout]   = help: if you wanted to use a crate named `leveldb`, use `cargo add leveldb` to add it to your `Cargo.toml`
[INFO] [stdout] 
[INFO] [stdout] 
[INFO] [stdout] error[E0432]: unresolved import `tempdir`
[INFO] [stdout]  --> tests/utils.rs:6:5
[INFO] [stdout]   |
[INFO] [stdout] 6 | use tempdir::TempDir;
[INFO] [stdout]   |     ^^^^^^^ use of unresolved module or unlinked crate `tempdir`
[INFO] [stdout]   |
[INFO] [stdout]   = help: if you wanted to use a crate named `tempdir`, use `cargo add tempdir` to add it to your `Cargo.toml`
[INFO] [stdout] 
[INFO] [stdout] 
[INFO] [stdout] error[E0433]: cannot find module or crate `leveldb` in this scope
[INFO] [stdout]  --> tests/comparator.rs:4:9
[INFO] [stdout]   |
[INFO] [stdout] 4 |     use leveldb::comparator::{Comparator, OrdComparator};
[INFO] [stdout]   |         ^^^^^^^ use of unresolved module or unlinked crate `leveldb`
[INFO] [stdout]   |
[INFO] [stdout]   = help: if you wanted to use a crate named `leveldb`, use `cargo add leveldb` to add it to your `Cargo.toml`
[INFO] [stdout] 
[INFO] [stdout] 
[INFO] [stdout] error[E0433]: cannot find module or crate `leveldb` in this scope
[INFO] [stdout]  --> tests/cache.rs:2:5
[INFO] [stdout]   |
[INFO] [stdout] 2 | use leveldb::database::Database;
[INFO] [stdout]   |     ^^^^^^^ use of unresolved module or unlinked crate `leveldb`
[INFO] [stdout]   |
[INFO] [stdout]   = help: if you wanted to use a crate named `leveldb`, use `cargo add leveldb` to add it to your `Cargo.toml`
[INFO] [stdout] 
[INFO] [stdout] 
[INFO] [stdout] error[E0433]: cannot find module or crate `leveldb` in this scope
[INFO] [stdout]  --> tests/comparator.rs:5:9
[INFO] [stdout]   |
[INFO] [stdout] 5 |     use leveldb::database::Database;
[INFO] [stdout]   |         ^^^^^^^ use of unresolved module or unlinked crate `leveldb`
[INFO] [stdout]   |
[INFO] [stdout]   = help: if you wanted to use a crate named `leveldb`, use `cargo add leveldb` to add it to your `Cargo.toml`
[INFO] [stdout] 
[INFO] [stdout] 
[INFO] [stdout] error[E0433]: cannot find module or crate `leveldb` in this scope
[INFO] [stdout]  --> tests/comparator.rs:6:9
[INFO] [stdout]   |
[INFO] [stdout] 6 |     use leveldb::database::Slice;
[INFO] [stdout]   |         ^^^^^^^ use of unresolved module or unlinked crate `leveldb`
[INFO] [stdout]   |
[INFO] [stdout]   = help: if you wanted to use a crate named `leveldb`, use `cargo add leveldb` to add it to your `Cargo.toml`
[INFO] [stdout] 
[INFO] [stdout] 
[INFO] [stdout] error[E0433]: cannot find module or crate `leveldb` in this scope
[INFO] [stdout]  --> tests/cache.rs:3:5
[INFO] [stdout]   |
[INFO] [stdout] 3 | use leveldb::database::cache::Cache;
[INFO] [stdout]   |     ^^^^^^^ use of unresolved module or unlinked crate `leveldb`
[INFO] [stdout]   |
[INFO] [stdout]   = help: if you wanted to use a crate named `leveldb`, use `cargo add leveldb` to add it to your `Cargo.toml`
[INFO] [stdout] 
[INFO] [stdout] 
[INFO] [stdout] error[E0433]: cannot find module or crate `leveldb` in this scope
[INFO] [stdout]  --> tests/comparator.rs:7:9
[INFO] [stdout]   |
[INFO] [stdout] 7 |     use leveldb::iterator::{EntryIterator, Iterable};
[INFO] [stdout]   |         ^^^^^^^ use of unresolved module or unlinked crate `leveldb`
[INFO] [stdout]   |
[INFO] [stdout]   = help: if you wanted to use a crate named `leveldb`, use `cargo add leveldb` to add it to your `Cargo.toml`
[INFO] [stdout] 
[INFO] [stdout] 
[INFO] [stdout] error[E0433]: cannot find module or crate `leveldb` in this scope
[INFO] [stdout]  --> tests/cache.rs:4:5
[INFO] [stdout]   |
[INFO] [stdout] 4 | use leveldb::options::Options;
[INFO] [stdout]   |     ^^^^^^^ use of unresolved module or unlinked crate `leveldb`
[INFO] [stdout]   |
[INFO] [stdout]   = help: if you wanted to use a crate named `leveldb`, use `cargo add leveldb` to add it to your `Cargo.toml`
[INFO] [stdout] 
[INFO] [stdout] 
[INFO] [stdout] error[E0432]: unresolved import `crate::utils`
[INFO] [stdout]  --> tests/cache.rs:1:12
[INFO] [stdout]   |
[INFO] [stdout] 1 | use crate::utils::tmpdir;
[INFO] [stdout]   |            ^^^^^ could not find `utils` in the crate root
[INFO] [stdout] 
[INFO] [stdout] 
[INFO] [stdout] error[E0433]: cannot find module or crate `leveldb` in this scope
[INFO] [stdout]  --> tests/comparator.rs:8:9
[INFO] [stdout]   |
[INFO] [stdout] 8 |     use leveldb::options::{Options, ReadOptions};
[INFO] [stdout]   |         ^^^^^^^ use of unresolved module or unlinked crate `leveldb`
[INFO] [stdout]   |
[INFO] [stdout]   = help: if you wanted to use a crate named `leveldb`, use `cargo add leveldb` to add it to your `Cargo.toml`
[INFO] [stdout] 
[INFO] [stdout] 
[INFO] [stdout] Some errors have detailed explanations: E0432, E0433.
[INFO] [stdout] 
[INFO] [stdout] error[E0432]: unresolved import `crate::utils`
[INFO] [stdout]  --> tests/comparator.rs:3:16
[INFO] [stdout]   |
[INFO] [stdout] 3 |     use crate::utils::{db_put_simple, tmpdir};
[INFO] [stdout]   |                ^^^^^ could not find `utils` in the crate root
[INFO] [stdout] 
[INFO] [stdout] 
[INFO] [stdout] For more information about an error, try `rustc --explain E0432`.
[INFO] [stdout] 
[INFO] [stdout] error[E0432]: unresolved import `libc`
[INFO] [stdout]  --> tests/comparator.rs:9:9
[INFO] [stdout]   |
[INFO] [stdout] 9 |     use libc::c_char;
[INFO] [stdout]   |         ^^^^ use of unresolved module or unlinked crate `libc`
[INFO] [stdout]   |
[INFO] [stdout]   = help: if you wanted to use a crate named `libc`, use `cargo add libc` to add it to your `Cargo.toml`
[INFO] [stdout] 
[INFO] [stdout] 
[INFO] [stdout] warning: unexpected `cfg` condition value: `experimental-extension`
[INFO] [stdout]  --> tests/cache.rs:6:7
[INFO] [stdout]   |
[INFO] [stdout] 6 | #[cfg(feature = "experimental-extension")]
[INFO] [stdout]   |       ^^^^^^^^^^^^^^^^^^^^^^^^^^^^^^^^^^ help: remove the condition
[INFO] [stdout]   |
[INFO] [stdout]   = note: no expected values for `feature`
[INFO] [stdout]   = help: consider adding `experimental-extension` as a feature in `Cargo.toml`
[INFO] [stdout]   = note: see <https://doc.rust-lang.org/nightly/rustc/check-cfg/cargo-specifics.html> for more information about checking conditional configuration
[INFO] [stdout]   = note: `#[warn(unexpected_cfgs)]` on by default
[INFO] [stdout] 
[INFO] [stdout] 
[INFO] [stdout] warning: unexpected `cfg` condition value: `experimental-extension`
[INFO] [stdout]   --> tests/cache.rs:31:7
[INFO] [stdout]    |
[INFO] [stdout] 31 | #[cfg(feature = "experimental-extension")]
[INFO] [stdout]    |       ^^^^^^^^^^^^^^^^^^^^^^^^^^^^^^^^^^ help: remove the condition
[INFO] [stdout]    |
[INFO] [stdout]    = note: no expected values for `feature`
[INFO] [stdout]    = help: consider adding `experimental-extension` as a feature in `Cargo.toml`
[INFO] [stdout]    = note: see <https://doc.rust-lang.org/nightly/rustc/check-cfg/cargo-specifics.html> for more information about checking conditional configuration
[INFO] [stdout] 
[INFO] [stdout] 
[INFO] [stdout] warning: unexpected `cfg` condition value: `experimental-extension`
[INFO] [stdout]   --> tests/cache.rs:46:7
[INFO] [stdout]    |
[INFO] [stdout] 46 | #[cfg(feature = "experimental-extension")]
[INFO] [stdout]    |       ^^^^^^^^^^^^^^^^^^^^^^^^^^^^^^^^^^ help: remove the condition
[INFO] [stdout]    |
[INFO] [stdout]    = note: no expected values for `feature`
[INFO] [stdout]    = help: consider adding `experimental-extension` as a feature in `Cargo.toml`
[INFO] [stdout]    = note: see <https://doc.rust-lang.org/nightly/rustc/check-cfg/cargo-specifics.html> for more information about checking conditional configuration
[INFO] [stdout] 
[INFO] [stdout] 
[INFO] [stdout] error[E0433]: cannot find module or crate `leveldb` in this scope
[INFO] [stdout]  --> tests/writebatch.rs:2:5
[INFO] [stdout]   |
[INFO] [stdout] 2 | use leveldb::database::Slice;
[INFO] [stdout]   |     ^^^^^^^ use of unresolved module or unlinked crate `leveldb`
[INFO] [stdout]   |
[INFO] [stdout]   = help: if you wanted to use a crate named `leveldb`, use `cargo add leveldb` to add it to your `Cargo.toml`
[INFO] [stdout] 
[INFO] [stdout] 
[INFO] [stdout] error[E0433]: cannot find module or crate `leveldb` in this scope
[INFO] [stdout]  --> tests/writebatch.rs:3:5
[INFO] [stdout]   |
[INFO] [stdout] 3 | use leveldb::database::batch::{Batch, Writebatch, WritebatchIterator};
[INFO] [stdout]   |     ^^^^^^^ use of unresolved module or unlinked crate `leveldb`
[INFO] [stdout]   |
[INFO] [stdout]   = help: if you wanted to use a crate named `leveldb`, use `cargo add leveldb` to add it to your `Cargo.toml`
[INFO] [stdout] 
[INFO] [stdout] 
[INFO] [stdout] error[E0433]: cannot find module or crate `leveldb` in this scope
[INFO] [stdout]  --> tests/writebatch.rs:4:5
[INFO] [stdout]   |
[INFO] [stdout] 4 | use leveldb::database::kv::KV;
[INFO] [stdout]   |     ^^^^^^^ use of unresolved module or unlinked crate `leveldb`
[INFO] [stdout]   |
[INFO] [stdout]   = help: if you wanted to use a crate named `leveldb`, use `cargo add leveldb` to add it to your `Cargo.toml`
[INFO] [stdout] 
[INFO] [stdout] 
[INFO] [stdout] error[E0433]: cannot find module or crate `leveldb` in this scope
[INFO] [stdout]  --> tests/writebatch.rs:5:5
[INFO] [stdout]   |
[INFO] [stdout] 5 | use leveldb::options::{ReadOptions, WriteOptions};
[INFO] [stdout]   |     ^^^^^^^ use of unresolved module or unlinked crate `leveldb`
[INFO] [stdout]   |
[INFO] [stdout]   = help: if you wanted to use a crate named `leveldb`, use `cargo add leveldb` to add it to your `Cargo.toml`
[INFO] [stdout] 
[INFO] [stdout] 
[INFO] [stdout] error[E0432]: unresolved import `crate::utils`
[INFO] [stdout]  --> tests/writebatch.rs:1:12
[INFO] [stdout]   |
[INFO] [stdout] 1 | use crate::utils::{db_put_simple, open_database, tmpdir};
[INFO] [stdout]   |            ^^^^^ could not find `utils` in the crate root
[INFO] [stdout] 
[INFO] [stdout] 
[INFO] [stdout] error[E0433]: cannot find module or crate `leveldb` in this scope
[INFO] [stdout]  --> tests/compaction.rs:4:9
[INFO] [stdout]   |
[INFO] [stdout] 4 |     use leveldb::compaction::Compaction;
[INFO] [stdout]   |         ^^^^^^^ use of unresolved module or unlinked crate `leveldb`
[INFO] [stdout]   |
[INFO] [stdout]   = help: if you wanted to use a crate named `leveldb`, use `cargo add leveldb` to add it to your `Cargo.toml`
[INFO] [stdout] 
[INFO] [stdout] 
[INFO] [stdout] error[E0433]: cannot find module or crate `leveldb` in this scope
[INFO] [stdout]  --> tests/compaction.rs:5:9
[INFO] [stdout]   |
[INFO] [stdout] 5 |     use leveldb::database::Slice;
[INFO] [stdout]   |         ^^^^^^^ use of unresolved module or unlinked crate `leveldb`
[INFO] [stdout]   |
[INFO] [stdout]   = help: if you wanted to use a crate named `leveldb`, use `cargo add leveldb` to add it to your `Cargo.toml`
[INFO] [stdout] 
[INFO] [stdout] 
[INFO] [stdout] error[E0432]: unresolved import `crate::utils`
[INFO] [stdout]  --> tests/compaction.rs:3:16
[INFO] [stdout]   |
[INFO] [stdout] 3 |     use crate::utils::{db_put_simple, open_database, tmpdir};
[INFO] [stdout]   |                ^^^^^ could not find `utils` in the crate root
[INFO] [stdout] 
[INFO] [stdout] 
[INFO] [stdout] error[E0433]: cannot find module or crate `leveldb` in this scope
[INFO] [stdout]  --> tests/binary.rs:2:5
[INFO] [stdout]   |
[INFO] [stdout] 2 | use leveldb::database::Slice;
[INFO] [stdout]   |     ^^^^^^^ use of unresolved module or unlinked crate `leveldb`
[INFO] [stdout]   |
[INFO] [stdout]   = help: if you wanted to use a crate named `leveldb`, use `cargo add leveldb` to add it to your `Cargo.toml`
[INFO] [stdout] 
[INFO] [stdout] 
[INFO] [stdout] error[E0433]: cannot find module or crate `leveldb` in this scope
[INFO] [stdout]  --> tests/binary.rs:3:5
[INFO] [stdout]   |
[INFO] [stdout] 3 | use leveldb::database::kv::KV;
[INFO] [stdout]   |     ^^^^^^^ use of unresolved module or unlinked crate `leveldb`
[INFO] [stdout]   |
[INFO] [stdout]   = help: if you wanted to use a crate named `leveldb`, use `cargo add leveldb` to add it to your `Cargo.toml`
[INFO] [stdout] 
[INFO] [stdout] 
[INFO] [stdout] error[E0433]: cannot find module or crate `leveldb` in this scope
[INFO] [stdout]  --> tests/binary.rs:4:5
[INFO] [stdout]   |
[INFO] [stdout] 4 | use leveldb::options::{ReadOptions, WriteOptions};
[INFO] [stdout]   |     ^^^^^^^ use of unresolved module or unlinked crate `leveldb`
[INFO] [stdout]   |
[INFO] [stdout]   = help: if you wanted to use a crate named `leveldb`, use `cargo add leveldb` to add it to your `Cargo.toml`
[INFO] [stdout] 
[INFO] [stdout] 
[INFO] [stdout] error[E0433]: cannot find module or crate `leveldb` in this scope
[INFO] [stdout]  --> tests/database.rs:2:5
[INFO] [stdout]   |
[INFO] [stdout] 2 | use leveldb::database::Database;
[INFO] [stdout]   |     ^^^^^^^ use of unresolved module or unlinked crate `leveldb`
[INFO] [stdout]   |
[INFO] [stdout]   = help: if you wanted to use a crate named `leveldb`, use `cargo add leveldb` to add it to your `Cargo.toml`
[INFO] [stdout] 
[INFO] [stdout] 
[INFO] [stdout] error[E0433]: cannot find module or crate `leveldb` in this scope
[INFO] [stdout]  --> tests/database.rs:3:5
[INFO] [stdout]   |
[INFO] [stdout] 3 | use leveldb::options::Options;
[INFO] [stdout]   |     ^^^^^^^ use of unresolved module or unlinked crate `leveldb`
[INFO] [stdout]   |
[INFO] [stdout]   = help: if you wanted to use a crate named `leveldb`, use `cargo add leveldb` to add it to your `Cargo.toml`
[INFO] [stdout] 
[INFO] [stdout] 
[INFO] [stdout] error[E0432]: unresolved import `crate::utils`
[INFO] [stdout]  --> tests/database.rs:1:12
[INFO] [stdout]   |
[INFO] [stdout] 1 | use crate::utils::tmpdir;
[INFO] [stdout]   |            ^^^^^ could not find `utils` in the crate root
[INFO] [stdout] 
[INFO] [stdout] 
[INFO] [stdout] error[E0433]: cannot find `leveldb` in the crate root
[INFO] [stdout]  --> tests/options.rs:1:12
[INFO] [stdout]   |
[INFO] [stdout] 1 | use crate::leveldb::compaction::Compaction;
[INFO] [stdout]   |            ^^^^^^^ could not find `leveldb` in the crate root
[INFO] [stdout] 
[INFO] [stdout] 
[INFO] [stdout] error[E0432]: unresolved import `crate::utils`
[INFO] [stdout]  --> tests/binary.rs:1:12
[INFO] [stdout]   |
[INFO] [stdout] 1 | use crate::utils::{db_put_simple, open_database, tmpdir};
[INFO] [stdout]   |            ^^^^^ could not find `utils` in the crate root
[INFO] [stdout] 
[INFO] [stdout] 
[INFO] [stdout] error[E0433]: cannot find module or crate `leveldb` in this scope
[INFO] [stdout]  --> tests/concurrent_access.rs:2:5
[INFO] [stdout]   |
[INFO] [stdout] 2 | use leveldb::database::kv::KV;
[INFO] [stdout]   |     ^^^^^^^ use of unresolved module or unlinked crate `leveldb`
[INFO] [stdout]   |
[INFO] [stdout]   = help: if you wanted to use a crate named `leveldb`, use `cargo add leveldb` to add it to your `Cargo.toml`
[INFO] [stdout] 
[INFO] [stdout] 
[INFO] [stdout] Some errors have detailed explanations: E0432, E0433.
[INFO] [stdout] 
[INFO] [stdout] Some errors have detailed explanations: E0432, E0433.
[INFO] [stdout] 
[INFO] [stdout] For more information about an error, try `rustc --explain E0432`.
[INFO] [stdout] 
[INFO] [stdout] For more information about an error, try `rustc --explain E0432`.
[INFO] [stdout] 
[INFO] [stdout] error[E0433]: cannot find module or crate `leveldb` in this scope
[INFO] [stdout]  --> tests/concurrent_access.rs:3:5
[INFO] [stdout]   |
[INFO] [stdout] 3 | use leveldb::database::slice::Slice;
[INFO] [stdout]   |     ^^^^^^^ use of unresolved module or unlinked crate `leveldb`
[INFO] [stdout]   |
[INFO] [stdout]   = help: if you wanted to use a crate named `leveldb`, use `cargo add leveldb` to add it to your `Cargo.toml`
[INFO] [stdout] 
[INFO] [stdout] 
[INFO] [stdout] error[E0433]: cannot find module or crate `leveldb` in this scope
[INFO] [stdout]  --> tests/concurrent_access.rs:4:5
[INFO] [stdout]   |
[INFO] [stdout] 4 | use leveldb::options::{Options, WriteOptions};
[INFO] [stdout]   |     ^^^^^^^ use of unresolved module or unlinked crate `leveldb`
[INFO] [stdout]   |
[INFO] [stdout]   = help: if you wanted to use a crate named `leveldb`, use `cargo add leveldb` to add it to your `Cargo.toml`
[INFO] [stdout] 
[INFO] [stdout] 
[INFO] [stdout] error[E0432]: unresolved import `crate::utils`
[INFO] [stdout]  --> tests/concurrent_access.rs:1:12
[INFO] [stdout]   |
[INFO] [stdout] 1 | use crate::utils::{open_database, tmpdir};
[INFO] [stdout]   |            ^^^^^ could not find `utils` in the crate root
[INFO] [stdout] 
[INFO] [stdout] 
[INFO] [stdout] error[E0433]: cannot find module or crate `leveldb` in this scope
[INFO] [stdout]  --> tests/management.rs:2:5
[INFO] [stdout]   |
[INFO] [stdout] 2 | use leveldb::management::*;
[INFO] [stdout]   |     ^^^^^^^ use of unresolved module or unlinked crate `leveldb`
[INFO] [stdout]   |
[INFO] [stdout]   = help: if you wanted to use a crate named `leveldb`, use `cargo add leveldb` to add it to your `Cargo.toml`
[INFO] [stdout] 
[INFO] [stdout] 
[INFO] [stdout] error[E0433]: cannot find module or crate `leveldb` in this scope
[INFO] [stdout]  --> tests/management.rs:3:5
[INFO] [stdout]   |
[INFO] [stdout] 3 | use leveldb::options::*;
[INFO] [stdout]   |     ^^^^^^^ use of unresolved module or unlinked crate `leveldb`
[INFO] [stdout]   |
[INFO] [stdout]   = help: if you wanted to use a crate named `leveldb`, use `cargo add leveldb` to add it to your `Cargo.toml`
[INFO] [stdout] 
[INFO] [stdout] 
[INFO] [stdout] error[E0432]: unresolved import `crate::utils`
[INFO] [stdout]  --> tests/management.rs:1:12
[INFO] [stdout]   |
[INFO] [stdout] 1 | use crate::utils::{open_database, tmpdir};
[INFO] [stdout]   |            ^^^^^ could not find `utils` in the crate root
[INFO] [stdout] 
[INFO] [stdout] 
[INFO] [stdout] error[E0433]: cannot find module or crate `leveldb` in this scope
[INFO] [stdout]  --> tests/snapshots.rs:2:5
[INFO] [stdout]   |
[INFO] [stdout] 2 | use leveldb::database::slice::Slice;
[INFO] [stdout]   |     ^^^^^^^ use of unresolved module or unlinked crate `leveldb`
[INFO] [stdout]   |
[INFO] [stdout]   = help: if you wanted to use a crate named `leveldb`, use `cargo add leveldb` to add it to your `Cargo.toml`
[INFO] [stdout] 
[INFO] [stdout] 
[INFO] [stdout] error[E0433]: cannot find module or crate `leveldb` in this scope
[INFO] [stdout]  --> tests/snapshots.rs:3:5
[INFO] [stdout]   |
[INFO] [stdout] 3 | use leveldb::iterator::{Iterable, KeyIterator};
[INFO] [stdout]   |     ^^^^^^^ use of unresolved module or unlinked crate `leveldb`
[INFO] [stdout]   |
[INFO] [stdout]   = help: if you wanted to use a crate named `leveldb`, use `cargo add leveldb` to add it to your `Cargo.toml`
[INFO] [stdout] 
[INFO] [stdout] 
[INFO] [stdout] error[E0433]: cannot find module or crate `leveldb` in this scope
[INFO] [stdout]  --> tests/snapshots.rs:4:5
[INFO] [stdout]   |
[INFO] [stdout] 4 | use leveldb::options::ReadOptions;
[INFO] [stdout]   |     ^^^^^^^ use of unresolved module or unlinked crate `leveldb`
[INFO] [stdout]   |
[INFO] [stdout]   = help: if you wanted to use a crate named `leveldb`, use `cargo add leveldb` to add it to your `Cargo.toml`
[INFO] [stdout] 
[INFO] [stdout] 
[INFO] [stdout] error[E0433]: cannot find module or crate `leveldb` in this scope
[INFO] [stdout]  --> tests/options.rs:3:5
[INFO] [stdout]   |
[INFO] [stdout] 3 | use leveldb::comparator::OrdComparator;
[INFO] [stdout]   |     ^^^^^^^ use of unresolved module or unlinked crate `leveldb`
[INFO] [stdout]   |
[INFO] [stdout]   = help: if you wanted to use a crate named `leveldb`, use `cargo add leveldb` to add it to your `Cargo.toml`
[INFO] [stdout] 
[INFO] [stdout] 
[INFO] [stdout] error[E0433]: cannot find module or crate `leveldb` in this scope
[INFO] [stdout]  --> tests/filter_policy.rs:2:5
[INFO] [stdout]   |
[INFO] [stdout] 2 | use leveldb::database::filter_policy::FilterPolicy;
[INFO] [stdout]   |     ^^^^^^^ use of unresolved module or unlinked crate `leveldb`
[INFO] [stdout]   |
[INFO] [stdout]   = help: if you wanted to use a crate named `leveldb`, use `cargo add leveldb` to add it to your `Cargo.toml`
[INFO] [stdout] 
[INFO] [stdout] 
[INFO] [stdout] error[E0433]: cannot find module or crate `leveldb` in this scope
[INFO] [stdout]  --> tests/snapshots.rs:5:5
[INFO] [stdout]   |
[INFO] [stdout] 5 | use leveldb::snapshots::Snapshots;
[INFO] [stdout]   |     ^^^^^^^ use of unresolved module or unlinked crate `leveldb`
[INFO] [stdout]   |
[INFO] [stdout]   = help: if you wanted to use a crate named `leveldb`, use `cargo add leveldb` to add it to your `Cargo.toml`
[INFO] [stdout] 
[INFO] [stdout] 
[INFO] [stdout] error[E0433]: cannot find module or crate `leveldb` in this scope
[INFO] [stdout]  --> tests/filter_policy.rs:3:5
[INFO] [stdout]   |
[INFO] [stdout] 3 | use leveldb::database::kv::KV;
[INFO] [stdout]   |     ^^^^^^^ use of unresolved module or unlinked crate `leveldb`
[INFO] [stdout]   |
[INFO] [stdout]   = help: if you wanted to use a crate named `leveldb`, use `cargo add leveldb` to add it to your `Cargo.toml`
[INFO] [stdout] 
[INFO] [stdout] 
[INFO] [stdout] error[E0433]: cannot find module or crate `leveldb` in this scope
[INFO] [stdout]  --> tests/filter_policy.rs:4:5
[INFO] [stdout]   |
[INFO] [stdout] 4 | use leveldb::database::slice::Slice;
[INFO] [stdout]   |     ^^^^^^^ use of unresolved module or unlinked crate `leveldb`
[INFO] [stdout]   |
[INFO] [stdout]   = help: if you wanted to use a crate named `leveldb`, use `cargo add leveldb` to add it to your `Cargo.toml`
[INFO] [stdout] 
[INFO] [stdout] 
[INFO] [stdout] error[E0432]: unresolved import `crate::utils`
[INFO] [stdout]  --> tests/snapshots.rs:1:12
[INFO] [stdout]   |
[INFO] [stdout] 1 | use crate::utils::{db_put_simple, open_database, tmpdir};
[INFO] [stdout]   |            ^^^^^ could not find `utils` in the crate root
[INFO] [stdout] 
[INFO] [stdout] 
[INFO] [stdout] error[E0433]: cannot find module or crate `leveldb` in this scope
[INFO] [stdout]  --> tests/filter_policy.rs:5:5
[INFO] [stdout]   |
[INFO] [stdout] 5 | use leveldb::options::{Options, ReadOptions};
[INFO] [stdout]   |     ^^^^^^^ use of unresolved module or unlinked crate `leveldb`
[INFO] [stdout]   |
[INFO] [stdout]   = help: if you wanted to use a crate named `leveldb`, use `cargo add leveldb` to add it to your `Cargo.toml`
[INFO] [stdout] 
[INFO] [stdout] 
[INFO] [stdout] error[E0432]: unresolved import `crate::utils`
[INFO] [stdout]  --> tests/filter_policy.rs:1:12
[INFO] [stdout]   |
[INFO] [stdout] 1 | use crate::utils::{db_put_simple, tmpdir};
[INFO] [stdout]   |            ^^^^^ could not find `utils` in the crate root
[INFO] [stdout] 
[INFO] [stdout] 
[INFO] [stderr] error: could not compile `leveldb-rs-binding` (test "utils") due to 5 previous errors
[INFO] [stdout] error[E0433]: cannot find module or crate `leveldb` in this scope
[INFO] [stdout]  --> tests/options.rs:4:5
[INFO] [stdout]   |
[INFO] [stdout] 4 | use leveldb::database::Database;
[INFO] [stdout]   |     ^^^^^^^ use of unresolved module or unlinked crate `leveldb`
[INFO] [stdout]   |
[INFO] [stdout]   = help: if you wanted to use a crate named `leveldb`, use `cargo add leveldb` to add it to your `Cargo.toml`
[INFO] [stdout] 
[INFO] [stdout] 
[INFO] [stderr] warning: build failed, waiting for other jobs to finish...
[INFO] [stdout] error[E0433]: cannot find module or crate `leveldb` in this scope
[INFO] [stdout]  --> tests/options.rs:5:5
[INFO] [stdout]   |
[INFO] [stdout] 5 | use leveldb::iterator::{EntryIterator, Iterable};
[INFO] [stdout]   |     ^^^^^^^ use of unresolved module or unlinked crate `leveldb`
[INFO] [stdout]   |
[INFO] [stdout]   = help: if you wanted to use a crate named `leveldb`, use `cargo add leveldb` to add it to your `Cargo.toml`
[INFO] [stdout] 
[INFO] [stdout] 
[INFO] [stdout] For more information about this error, try `rustc --explain E0433`.
[INFO] [stdout] 
[INFO] [stdout] error[E0433]: cannot find module or crate `leveldb` in this scope
[INFO] [stdout]  --> tests/options.rs:6:5
[INFO] [stdout]   |
[INFO] [stdout] 6 | use leveldb::options::{Compression, Options, ReadOptions};
[INFO] [stdout]   |     ^^^^^^^ use of unresolved module or unlinked crate `leveldb`
[INFO] [stdout]   |
[INFO] [stdout]   = help: if you wanted to use a crate named `leveldb`, use `cargo add leveldb` to add it to your `Cargo.toml`
[INFO] [stdout] 
[INFO] [stdout] 
[INFO] [stdout] error[E0432]: unresolved import `crate::utils`
[INFO] [stdout]  --> tests/options.rs:2:12
[INFO] [stdout]   |
[INFO] [stdout] 2 | use crate::utils::{db_put_simple, tmpdir};
[INFO] [stdout]   |            ^^^^^ could not find `utils` in the crate root
[INFO] [stdout] 
[INFO] [stdout] 
[INFO] [stdout] error[E0433]: cannot find module or crate `leveldb` in this scope
[INFO] [stdout]  --> tests/statistics.rs:2:5
[INFO] [stdout]   |
[INFO] [stdout] 2 | use leveldb::database::Database;
[INFO] [stdout]   |     ^^^^^^^ use of unresolved module or unlinked crate `leveldb`
[INFO] [stdout]   |
[INFO] [stdout]   = help: if you wanted to use a crate named `leveldb`, use `cargo add leveldb` to add it to your `Cargo.toml`
[INFO] [stdout] 
[INFO] [stdout] 
[INFO] [stdout] error[E0433]: cannot find module or crate `leveldb` in this scope
[INFO] [stdout]  --> tests/statistics.rs:3:5
[INFO] [stdout]   |
[INFO] [stdout] 3 | use leveldb::database::compaction::Compaction;
[INFO] [stdout]   |     ^^^^^^^ use of unresolved module or unlinked crate `leveldb`
[INFO] [stdout]   |
[INFO] [stdout]   = help: if you wanted to use a crate named `leveldb`, use `cargo add leveldb` to add it to your `Cargo.toml`
[INFO] [stdout] 
[INFO] [stdout] 
[INFO] [stdout] error[E0433]: cannot find module or crate `leveldb` in this scope
[INFO] [stdout]  --> tests/statistics.rs:4:5
[INFO] [stdout]   |
[INFO] [stdout] 4 | use leveldb::database::slice::Slice;
[INFO] [stdout]   |     ^^^^^^^ use of unresolved module or unlinked crate `leveldb`
[INFO] [stdout]   |
[INFO] [stdout]   = help: if you wanted to use a crate named `leveldb`, use `cargo add leveldb` to add it to your `Cargo.toml`
[INFO] [stdout] 
[INFO] [stdout] 
[INFO] [stdout] error[E0433]: cannot find module or crate `leveldb` in this scope
[INFO] [stdout]  --> tests/statistics.rs:5:5
[INFO] [stdout]   |
[INFO] [stdout] 5 | use leveldb::database::statistics::{KeyRange, Statistics};
[INFO] [stdout]   |     ^^^^^^^ use of unresolved module or unlinked crate `leveldb`
[INFO] [stdout]   |
[INFO] [stdout]   = help: if you wanted to use a crate named `leveldb`, use `cargo add leveldb` to add it to your `Cargo.toml`
[INFO] [stdout] 
[INFO] [stdout] 
[INFO] [stdout] error[E0432]: unresolved import `crate::utils`
[INFO] [stdout]  --> tests/statistics.rs:1:12
[INFO] [stdout]   |
[INFO] [stdout] 1 | use crate::utils::{db_put_simple, open_database, tmpdir};
[INFO] [stdout]   |            ^^^^^ could not find `utils` in the crate root
[INFO] [stdout] 
[INFO] [stdout] 
[INFO] [stdout] error[E0463]: can't find crate for `leveldb`
[INFO] [stdout]  --> tests/tests.rs:1:1
[INFO] [stdout]   |
[INFO] [stdout] 1 | extern crate leveldb;
[INFO] [stdout]   | ^^^^^^^^^^^^^^^^^^^^^ can't find crate
[INFO] [stdout] 
[INFO] [stdout] 
[INFO] [stdout] warning: unexpected `cfg` condition value: `experimental-extension`
[INFO] [stdout]  --> tests/options.rs:8:7
[INFO] [stdout]   |
[INFO] [stdout] 8 | #[cfg(feature = "experimental-extension")]
[INFO] [stdout]   |       ^^^^^^^^^^^^^^^^^^^^^^^^^^^^^^^^^^ help: remove the condition
[INFO] [stdout]   |
[INFO] [stdout]   = note: no expected values for `feature`
[INFO] [stdout]   = help: consider adding `experimental-extension` as a feature in `Cargo.toml`
[INFO] [stdout]   = note: see <https://doc.rust-lang.org/nightly/rustc/check-cfg/cargo-specifics.html> for more information about checking conditional configuration
[INFO] [stdout]   = note: `#[warn(unexpected_cfgs)]` on by default
[INFO] [stdout] 
[INFO] [stdout] 
[INFO] [stdout] warning: unexpected `cfg` condition value: `experimental-extension`
[INFO] [stdout]   --> tests/options.rs:10:7
[INFO] [stdout]    |
[INFO] [stdout] 10 | #[cfg(feature = "experimental-extension")]
[INFO] [stdout]    |       ^^^^^^^^^^^^^^^^^^^^^^^^^^^^^^^^^^ help: remove the condition
[INFO] [stdout]    |
[INFO] [stdout]    = note: no expected values for `feature`
[INFO] [stdout]    = help: consider adding `experimental-extension` as a feature in `Cargo.toml`
[INFO] [stdout]    = note: see <https://doc.rust-lang.org/nightly/rustc/check-cfg/cargo-specifics.html> for more information about checking conditional configuration
[INFO] [stdout] 
[INFO] [stdout] 
[INFO] [stdout] warning: unexpected `cfg` condition value: `experimental-extension`
[INFO] [stdout]   --> tests/options.rs:12:7
[INFO] [stdout]    |
[INFO] [stdout] 12 | #[cfg(feature = "experimental-extension")]
[INFO] [stdout]    |       ^^^^^^^^^^^^^^^^^^^^^^^^^^^^^^^^^^ help: remove the condition
[INFO] [stdout]    |
[INFO] [stdout]    = note: no expected values for `feature`
[INFO] [stdout]    = help: consider adding `experimental-extension` as a feature in `Cargo.toml`
[INFO] [stdout]    = note: see <https://doc.rust-lang.org/nightly/rustc/check-cfg/cargo-specifics.html> for more information about checking conditional configuration
[INFO] [stdout] 
[INFO] [stdout] 
[INFO] [stderr] error: could not compile `leveldb-rs-binding` (test "comparator") due to 7 previous errors
[INFO] [stdout] Some errors have detailed explanations: E0432, E0433.
[INFO] [stdout] 
[INFO] [stdout] warning: unexpected `cfg` condition value: `experimental-extension`
[INFO] [stdout]   --> tests/options.rs:55:7
[INFO] [stdout]    |
[INFO] [stdout] 55 | #[cfg(feature = "experimental-extension")]
[INFO] [stdout]    |       ^^^^^^^^^^^^^^^^^^^^^^^^^^^^^^^^^^ help: remove the condition
[INFO] [stdout]    |
[INFO] [stdout]    = note: no expected values for `feature`
[INFO] [stdout]    = help: consider adding `experimental-extension` as a feature in `Cargo.toml`
[INFO] [stdout]    = note: see <https://doc.rust-lang.org/nightly/rustc/check-cfg/cargo-specifics.html> for more information about checking conditional configuration
[INFO] [stdout] 
[INFO] [stdout] 
[INFO] [stdout] Some errors have detailed explanations: E0432, E0433.
[INFO] [stdout] 
[INFO] [stdout] For more information about an error, try `rustc --explain E0432`.
[INFO] [stdout] 
[INFO] [stdout] error[E0463]: can't find crate for `tempdir`
[INFO] [stdout]  --> tests/tests.rs:3:1
[INFO] [stdout]   |
[INFO] [stdout] 3 | extern crate tempdir;
[INFO] [stdout]   | ^^^^^^^^^^^^^^^^^^^^^ can't find crate
[INFO] [stdout] 
[INFO] [stdout] 
[INFO] [stdout] warning: unexpected `cfg` condition value: `experimental-extension`
[INFO] [stdout]    --> tests/options.rs:144:11
[INFO] [stdout]     |
[INFO] [stdout] 144 |     #[cfg(feature = "experimental-extension")]
[INFO] [stdout]     |           ^^^^^^^^^^^^^^^^^^^^^^^^^^^^^^^^^^ help: remove the condition
[INFO] [stdout]     |
[INFO] [stdout]     = note: no expected values for `feature`
[INFO] [stdout]     = help: consider adding `experimental-extension` as a feature in `Cargo.toml`
[INFO] [stdout]     = note: see <https://doc.rust-lang.org/nightly/rustc/check-cfg/cargo-specifics.html> for more information about checking conditional configuration
[INFO] [stdout] 
[INFO] [stdout] 
[INFO] [stdout] For more information about an error, try `rustc --explain E0432`.
[INFO] [stdout] 
[INFO] [stdout] error[E0433]: cannot find module or crate `leveldb` in this scope
[INFO] [stdout]   --> tests/filter_policy.rs:55:18
[INFO] [stdout]    |
[INFO] [stdout] 55 |         let db = leveldb::database::Database::open(path, opts).unwrap();
[INFO] [stdout]    |                  ^^^^^^^ use of unresolved module or unlinked crate `leveldb`
[INFO] [stdout]    |
[INFO] [stdout]    = help: if you wanted to use a crate named `leveldb`, use `cargo add leveldb` to add it to your `Cargo.toml`
[INFO] [stdout] 
[INFO] [stdout] 
[INFO] [stdout] Some errors have detailed explanations: E0432, E0433.
[INFO] [stdout] 
[INFO] [stdout] For more information about an error, try `rustc --explain E0432`.
[INFO] [stdout] 
[INFO] [stderr] error: could not compile `leveldb-rs-binding` (test "slice") due to 2 previous errors
[INFO] [stdout] error[E0433]: cannot find module or crate `leveldb` in this scope
[INFO] [stdout]  --> tests/iterator.rs:2:5
[INFO] [stdout]   |
[INFO] [stdout] 2 | use leveldb::database::slice::Slice;
[INFO] [stdout]   |     ^^^^^^^ use of unresolved module or unlinked crate `leveldb`
[INFO] [stdout]   |
[INFO] [stdout]   = help: if you wanted to use a crate named `leveldb`, use `cargo add leveldb` to add it to your `Cargo.toml`
[INFO] [stdout] 
[INFO] [stdout] 
[INFO] [stdout] Some errors have detailed explanations: E0432, E0433.
[INFO] [stdout] 
[INFO] [stdout] error[E0433]: cannot find module or crate `leveldb` in this scope
[INFO] [stdout]  --> tests/iterator.rs:3:5
[INFO] [stdout]   |
[INFO] [stdout] 3 | use leveldb::iterator::{
[INFO] [stdout]   |     ^^^^^^^ use of unresolved module or unlinked crate `leveldb`
[INFO] [stdout]   |
[INFO] [stdout]   = help: if you wanted to use a crate named `leveldb`, use `cargo add leveldb` to add it to your `Cargo.toml`
[INFO] [stdout] 
[INFO] [stdout] 
[INFO] [stdout] For more information about an error, try `rustc --explain E0432`.
[INFO] [stdout] 
[INFO] [stdout] error[E0433]: cannot find module or crate `leveldb` in this scope
[INFO] [stdout]  --> tests/iterator.rs:7:5
[INFO] [stdout]   |
[INFO] [stdout] 7 | use leveldb::options::ReadOptions;
[INFO] [stdout]   |     ^^^^^^^ use of unresolved module or unlinked crate `leveldb`
[INFO] [stdout]   |
[INFO] [stdout]   = help: if you wanted to use a crate named `leveldb`, use `cargo add leveldb` to add it to your `Cargo.toml`
[INFO] [stdout] 
[INFO] [stdout] 
[INFO] [stdout] error[E0432]: unresolved import `crate::utils`
[INFO] [stdout]  --> tests/iterator.rs:1:12
[INFO] [stdout]   |
[INFO] [stdout] 1 | use crate::utils::{db_put_simple, open_database, tmpdir};
[INFO] [stdout]   |            ^^^^^ could not find `utils` in the crate root
[INFO] [stdout] 
[INFO] [stdout] 
[INFO] [stderr] error: could not compile `leveldb-rs-binding` (test "writebatch") due to 5 previous errors
[INFO] [stdout] Some errors have detailed explanations: E0432, E0433.
[INFO] [stdout] 
[INFO] [stdout] For more information about an error, try `rustc --explain E0432`.
[INFO] [stdout] 
[INFO] [stderr] error: could not compile `leveldb-rs-binding` (test "cache") due to 4 previous errors; 3 warnings emitted
[INFO] [stderr] error: could not compile `leveldb-rs-binding` (test "compaction") due to 3 previous errors
[INFO] [stdout] error[E0433]: cannot find module or crate `leveldb` in this scope
[INFO] [stdout]   --> tests/filter_policy.rs:68:18
[INFO] [stdout]    |
[INFO] [stdout] 68 |         let db = leveldb::database::Database::open(path, opts).unwrap();
[INFO] [stdout]    |                  ^^^^^^^ use of unresolved module or unlinked crate `leveldb`
[INFO] [stdout]    |
[INFO] [stdout]    = help: if you wanted to use a crate named `leveldb`, use `cargo add leveldb` to add it to your `Cargo.toml`
[INFO] [stdout] 
[INFO] [stdout] 
[INFO] [stderr] error: could not compile `leveldb-rs-binding` (test "binary") due to 4 previous errors
[INFO] [stdout] Some errors have detailed explanations: E0432, E0433.
[INFO] [stdout] 
[INFO] [stdout] For more information about an error, try `rustc --explain E0432`.
[INFO] [stdout] 
[INFO] [stderr] error: could not compile `leveldb-rs-binding` (test "database") due to 3 previous errors
[INFO] [stdout] Some errors have detailed explanations: E0432, E0433.
[INFO] [stdout] 
[INFO] [stdout] For more information about an error, try `rustc --explain E0432`.
[INFO] [stdout] 
[INFO] [stderr] error: could not compile `leveldb-rs-binding` (test "concurrent_access") due to 4 previous errors
[INFO] [stdout] Some errors have detailed explanations: E0432, E0433.
[INFO] [stdout] 
[INFO] [stdout] For more information about an error, try `rustc --explain E0432`.
[INFO] [stdout] 
[INFO] [stderr] error: could not compile `leveldb-rs-binding` (test "snapshots") due to 5 previous errors
[INFO] [stderr] error: could not compile `leveldb-rs-binding` (test "filter_policy") due to 7 previous errors
[INFO] [stderr] error: could not compile `leveldb-rs-binding` (test "options") due to 6 previous errors; 5 warnings emitted
[INFO] [stdout] Some errors have detailed explanations: E0432, E0433.
[INFO] [stdout] 
[INFO] [stdout] For more information about an error, try `rustc --explain E0432`.
[INFO] [stdout] 
[INFO] [stdout] error[E0433]: cannot find type `Options` in this scope
[INFO] [stdout]   --> tests/management.rs:10:19
[INFO] [stdout]    |
[INFO] [stdout] 10 |     let options = Options::new();
[INFO] [stdout]    |                   ^^^^^^^ use of undeclared type `Options`
[INFO] [stdout]    |
[INFO] [stdout] help: an enum with a similar name exists
[INFO] [stdout]    |
[INFO] [stdout] 10 -     let options = Options::new();
[INFO] [stdout] 10 +     let options = Option::new();
[INFO] [stdout]    |
[INFO] [stdout] 
[INFO] [stdout] 
[INFO] [stdout] error[E0425]: cannot find function `destroy` in this scope
[INFO] [stdout]   --> tests/management.rs:11:15
[INFO] [stdout]    |
[INFO] [stdout] 11 |     let res = destroy(tmp.path(), options);
[INFO] [stdout]    |               ^^^^^^^ not found in this scope
[INFO] [stdout] 
[INFO] [stdout] 
[INFO] [stdout] error[E0433]: cannot find type `Options` in this scope
[INFO] [stdout]   --> tests/management.rs:20:19
[INFO] [stdout]    |
[INFO] [stdout] 20 |     let options = Options::new();
[INFO] [stdout]    |                   ^^^^^^^ use of undeclared type `Options`
[INFO] [stdout]    |
[INFO] [stdout] help: an enum with a similar name exists
[INFO] [stdout]    |
[INFO] [stdout] 20 -     let options = Options::new();
[INFO] [stdout] 20 +     let options = Option::new();
[INFO] [stdout]    |
[INFO] [stdout] 
[INFO] [stdout] 
[INFO] [stdout] error[E0425]: cannot find function `repair` in this scope
[INFO] [stdout]   --> tests/management.rs:21:15
[INFO] [stdout]    |
[INFO] [stdout] 21 |     let res = repair(tmp.path(), options);
[INFO] [stdout]    |               ^^^^^^ not found in this scope
[INFO] [stdout] 
[INFO] [stdout] 
[INFO] [stdout] Some errors have detailed explanations: E0425, E0432, E0433.
[INFO] [stdout] 
[INFO] [stdout] For more information about an error, try `rustc --explain E0425`.
[INFO] [stdout] 
[INFO] [stderr] error: could not compile `leveldb-rs-binding` (test "statistics") due to 5 previous errors
[INFO] [stdout] For more information about this error, try `rustc --explain E0463`.
[INFO] [stdout] 
[INFO] [stderr] error: could not compile `leveldb-rs-binding` (test "management") due to 7 previous errors
[INFO] [stderr] error: could not compile `leveldb-rs-binding` (test "tests") due to 2 previous errors
[INFO] [stdout] Some errors have detailed explanations: E0432, E0433.
[INFO] [stdout] 
[INFO] [stdout] For more information about an error, try `rustc --explain E0432`.
[INFO] [stdout] 
[INFO] [stderr] error: could not compile `leveldb-rs-binding` (test "iterator") due to 4 previous errors
[INFO] running `Command { std: "docker" "inspect" "201deab9c9e81a2bb6d26c108f34ebea1c7147de0f5fe2d2ad053cd78ea37dd2", kill_on_drop: false }`
[INFO] running `Command { std: "docker" "rm" "-f" "201deab9c9e81a2bb6d26c108f34ebea1c7147de0f5fe2d2ad053cd78ea37dd2", kill_on_drop: false }`
[INFO] [stdout] 201deab9c9e81a2bb6d26c108f34ebea1c7147de0f5fe2d2ad053cd78ea37dd2
