[INFO] fetching crate ldeflate 0.1.2...
[INFO] checking ldeflate-0.1.2 against 3154cc1a3e6424e44f438a95007d043ed5ceaaf6 for pr-133502-30
[INFO] extracting crate ldeflate 0.1.2 into /workspace/builds/worker-7-tc2/source
[INFO] started tweaking crates.io crate ldeflate 0.1.2
[INFO] removed 0 missing examples
[INFO] removed 0 missing tests
[INFO] finished tweaking crates.io crate ldeflate 0.1.2
[INFO] tweaked toml for crates.io crate ldeflate 0.1.2 written to /workspace/builds/worker-7-tc2/source/Cargo.toml
[INFO] validating manifest of crates.io crate ldeflate 0.1.2 on toolchain 3154cc1a3e6424e44f438a95007d043ed5ceaaf6
[INFO] running `Command { std: CARGO_HOME="/workspace/cargo-home" RUSTUP_HOME="/workspace/rustup-home" "/workspace/cargo-home/bin/cargo" "+3154cc1a3e6424e44f438a95007d043ed5ceaaf6" "metadata" "--manifest-path" "Cargo.toml" "--no-deps", kill_on_drop: false }`
[INFO] crate crates.io crate ldeflate 0.1.2 already has a lockfile, it will not be regenerated
[INFO] running `Command { std: CARGO_HOME="/workspace/cargo-home" RUSTUP_HOME="/workspace/rustup-home" "/workspace/cargo-home/bin/cargo" "+3154cc1a3e6424e44f438a95007d043ed5ceaaf6" "fetch" "--manifest-path" "Cargo.toml", kill_on_drop: false }`
[INFO] running `Command { std: "docker" "create" "-v" "/var/lib/crater-agent-workspace/builds/worker-7-tc2/source:/opt/rustwide/workdir:ro,Z" "-v" "/var/lib/crater-agent-workspace/builds/worker-7-tc2/target:/opt/rustwide/target:rw,Z" "-v" "/var/lib/crater-agent-workspace/cargo-home:/opt/rustwide/cargo-home:ro,Z" "-v" "/var/lib/crater-agent-workspace/rustup-home:/opt/rustwide/rustup-home:ro,Z" "-m" "1610612736" "--network" "none" "ghcr.io/rust-lang/crates-build-env/linux@sha256:77db811e55d90add9212f6832c23229e3de5f1c1f9905e8cb07319ea15df73ac" "sleep" "infinity", kill_on_drop: false }`
[INFO] [stdout] 76829e8836cdec4fe31b03ad491ff7e4358f09123497b3947bde567583d988f9
[INFO] running `Command { std: "docker" "start" "76829e8836cdec4fe31b03ad491ff7e4358f09123497b3947bde567583d988f9", kill_on_drop: false }`
[INFO] running `Command { std: "docker" "inspect" "76829e8836cdec4fe31b03ad491ff7e4358f09123497b3947bde567583d988f9", kill_on_drop: false }`
[INFO] running `Command { std: "docker" "exec" "-e" "SOURCE_DIR=/opt/rustwide/workdir" "-e" "CARGO_HOME=/opt/rustwide/cargo-home" "-e" "RUSTUP_HOME=/opt/rustwide/rustup-home" "-e" "CARGO_TARGET_DIR=/opt/rustwide/target" "-w" "/opt/rustwide/workdir" "--user" "0:0" "76829e8836cdec4fe31b03ad491ff7e4358f09123497b3947bde567583d988f9" "/opt/rustwide/cargo-home/bin/cargo" "+3154cc1a3e6424e44f438a95007d043ed5ceaaf6" "metadata" "--no-deps" "--format-version=1", kill_on_drop: false }`
[INFO] running `Command { std: "docker" "inspect" "76829e8836cdec4fe31b03ad491ff7e4358f09123497b3947bde567583d988f9", kill_on_drop: false }`
[INFO] running `Command { std: "docker" "exec" "-e" "SOURCE_DIR=/opt/rustwide/workdir" "-e" "CARGO_HOME=/opt/rustwide/cargo-home" "-e" "RUSTUP_HOME=/opt/rustwide/rustup-home" "-e" "CARGO_TARGET_DIR=/opt/rustwide/target" "-e" "CARGO_INCREMENTAL=0" "-e" "RUST_BACKTRACE=full" "-e" "RUSTFLAGS=--cap-lints=forbid" "-e" "RUSTDOCFLAGS=--cap-lints=forbid" "-w" "/opt/rustwide/workdir" "--user" "0:0" "76829e8836cdec4fe31b03ad491ff7e4358f09123497b3947bde567583d988f9" "/opt/rustwide/cargo-home/bin/cargo" "+3154cc1a3e6424e44f438a95007d043ed5ceaaf6" "check" "--frozen" "--all" "--all-targets" "--message-format=json", kill_on_drop: false }`
[INFO] [stderr]    Compiling syn v2.0.118
[INFO] [stderr]     Checking zlib-rs v0.6.4
[INFO] [stderr]     Checking futures-channel v0.3.32
[INFO] [stderr]     Checking digest v0.10.7
[INFO] [stderr]     Checking sha1 v0.10.6
[INFO] [stderr]     Checking flate2 v1.1.9
[INFO] [stderr]    Compiling futures-macro v0.3.32
[INFO] [stderr]     Checking futures-util v0.3.32
[INFO] [stderr]     Checking futures-executor v0.3.32
[INFO] [stderr]     Checking futures v0.3.32
[INFO] [stderr]     Checking rotaryengine v0.1.12
[INFO] [stderr]     Checking ldeflate v0.1.2 (/opt/rustwide/workdir)
[INFO] [stdout] error[E0433]: cannot find module or crate `linflate` in this scope
[INFO] [stdout]    --> src/precompressed.rs:447:43
[INFO] [stdout]     |
[INFO] [stdout] 447 |             let mut out = vec![0u8; len + linflate::OVERWRITE_HEADROOM];
[INFO] [stdout]     |                                           ^^^^^^^^ use of unresolved module or unlinked crate `linflate`
[INFO] [stdout]     |
[INFO] [stdout]     = help: if you wanted to use a crate named `linflate`, use `cargo add linflate` to add it to your `Cargo.toml`
[INFO] [stdout] 
[INFO] [stdout] 
[INFO] [stdout] error[E0433]: cannot find module or crate `linflate` in this scope
[INFO] [stdout]    --> src/precompressed.rs:448:21
[INFO] [stdout]     |
[INFO] [stdout] 448 |             let n = linflate::inflate_segment(&body, &mut out)
[INFO] [stdout]     |                     ^^^^^^^^ use of unresolved module or unlinked crate `linflate`
[INFO] [stdout]     |
[INFO] [stdout]     = help: if you wanted to use a crate named `linflate`, use `cargo add linflate` to add it to your `Cargo.toml`
[INFO] [stdout] 
[INFO] [stdout] 
[INFO] [stdout] error[E0433]: cannot find module or crate `linflate` in this scope
[INFO] [stdout]    --> src/unit.rs:771:57
[INFO] [stdout]     |
[INFO] [stdout] 771 |                     let mut buf = vec![0u8; src.len() + linflate::OVERWRITE_HEADROOM];
[INFO] [stdout]     |                                                         ^^^^^^^^ use of unresolved module or unlinked crate `linflate`
[INFO] [stdout]     |
[INFO] [stdout]     = help: if you wanted to use a crate named `linflate`, use `cargo add linflate` to add it to your `Cargo.toml`
[INFO] [stdout] 
[INFO] [stdout] 
[INFO] [stdout] error[E0433]: cannot find module or crate `linflate` in this scope
[INFO] [stdout]    --> src/unit.rs:772:33
[INFO] [stdout]     |
[INFO] [stdout] 772 |                     let wrote = linflate::inflate_into(raw, &mut buf).unwrap();
[INFO] [stdout]     |                                 ^^^^^^^^ use of unresolved module or unlinked crate `linflate`
[INFO] [stdout]     |
[INFO] [stdout]     = help: if you wanted to use a crate named `linflate`, use `cargo add linflate` to add it to your `Cargo.toml`
[INFO] [stdout] 
[INFO] [stdout] 
[INFO] [stdout] For more information about this error, try `rustc --explain E0433`.
[INFO] [stdout] 
[INFO] [stderr] error: could not compile `ldeflate` (lib test) due to 4 previous errors
[INFO] [stderr] warning: build failed, waiting for other jobs to finish...
[INFO] [stdout] error[E0433]: cannot find module or crate `linflate` in this scope
[INFO] [stdout]    --> tests/precompressed_skip.rs:129:23
[INFO] [stdout]     |
[INFO] [stdout] 129 |             let out = linflate::inflate_to_vec(&stream[2..], src.len())
[INFO] [stdout]     |                       ^^^^^^^^ use of unresolved module or unlinked crate `linflate`
[INFO] [stdout]     |
[INFO] [stdout] help: there is a crate or module with a similar name
[INFO] [stdout]     |
[INFO] [stdout] 129 -             let out = linflate::inflate_to_vec(&stream[2..], src.len())
[INFO] [stdout] 129 +             let out = ldeflate::inflate_to_vec(&stream[2..], src.len())
[INFO] [stdout]     |
[INFO] [stdout] 
[INFO] [stdout] 
[INFO] [stdout] error[E0433]: cannot find module or crate `linflate` in this scope
[INFO] [stdout]    --> tests/precompressed_skip.rs:155:9
[INFO] [stdout]     |
[INFO] [stdout] 155 |         linflate::inflate_to_vec(&out[0][2..], src.len()).unwrap(),
[INFO] [stdout]     |         ^^^^^^^^ use of unresolved module or unlinked crate `linflate`
[INFO] [stdout]     |
[INFO] [stdout] help: there is a crate or module with a similar name
[INFO] [stdout]     |
[INFO] [stdout] 155 -         linflate::inflate_to_vec(&out[0][2..], src.len()).unwrap(),
[INFO] [stdout] 155 +         ldeflate::inflate_to_vec(&out[0][2..], src.len()).unwrap(),
[INFO] [stdout]     |
[INFO] [stdout] 
[INFO] [stdout] 
[INFO] [stdout] error[E0433]: cannot find module or crate `linflate` in this scope
[INFO] [stdout]    --> tests/precompressed_skip.rs:284:9
[INFO] [stdout]     |
[INFO] [stdout] 284 |         linflate::inflate_to_vec(&z[0][2..], src.len()).unwrap(),
[INFO] [stdout]     |         ^^^^^^^^ use of unresolved module or unlinked crate `linflate`
[INFO] [stdout]     |
[INFO] [stdout] help: there is a crate or module with a similar name
[INFO] [stdout]     |
[INFO] [stdout] 284 -         linflate::inflate_to_vec(&z[0][2..], src.len()).unwrap(),
[INFO] [stdout] 284 +         ldeflate::inflate_to_vec(&z[0][2..], src.len()).unwrap(),
[INFO] [stdout]     |
[INFO] [stdout] 
[INFO] [stdout] 
[INFO] [stdout] For more information about this error, try `rustc --explain E0433`.
[INFO] [stdout] 
[INFO] [stderr] error: could not compile `ldeflate` (test "precompressed_skip") due to 3 previous errors
[INFO] running `Command { std: "docker" "inspect" "76829e8836cdec4fe31b03ad491ff7e4358f09123497b3947bde567583d988f9", kill_on_drop: false }`
[INFO] running `Command { std: "docker" "rm" "-f" "76829e8836cdec4fe31b03ad491ff7e4358f09123497b3947bde567583d988f9", kill_on_drop: false }`
[INFO] [stdout] 76829e8836cdec4fe31b03ad491ff7e4358f09123497b3947bde567583d988f9
