[INFO] fetching crate lava-arch 0.2.2...
[INFO] checking lava-arch-0.2.2 against 3154cc1a3e6424e44f438a95007d043ed5ceaaf6 for pr-133502-30
[INFO] extracting crate lava-arch 0.2.2 into /workspace/builds/worker-7-tc2/source
[INFO] started tweaking crates.io crate lava-arch 0.2.2
[INFO] finished tweaking crates.io crate lava-arch 0.2.2
[INFO] tweaked toml for crates.io crate lava-arch 0.2.2 written to /workspace/builds/worker-7-tc2/source/Cargo.toml
[INFO] validating manifest of crates.io crate lava-arch 0.2.2 on toolchain 3154cc1a3e6424e44f438a95007d043ed5ceaaf6
[INFO] running `Command { std: CARGO_HOME="/workspace/cargo-home" RUSTUP_HOME="/workspace/rustup-home" "/workspace/cargo-home/bin/cargo" "+3154cc1a3e6424e44f438a95007d043ed5ceaaf6" "metadata" "--manifest-path" "Cargo.toml" "--no-deps", kill_on_drop: false }`
[INFO] crate crates.io crate lava-arch 0.2.2 already has a lockfile, it will not be regenerated
[INFO] running `Command { std: CARGO_HOME="/workspace/cargo-home" RUSTUP_HOME="/workspace/rustup-home" "/workspace/cargo-home/bin/cargo" "+3154cc1a3e6424e44f438a95007d043ed5ceaaf6" "fetch" "--manifest-path" "Cargo.toml", kill_on_drop: false }`
[INFO] [stderr]     Blocking waiting for file lock on package cache
[INFO] running `Command { std: "docker" "create" "-v" "/var/lib/crater-agent-workspace/builds/worker-7-tc2/source:/opt/rustwide/workdir:ro,Z" "-v" "/var/lib/crater-agent-workspace/builds/worker-7-tc2/target:/opt/rustwide/target:rw,Z" "-v" "/var/lib/crater-agent-workspace/cargo-home:/opt/rustwide/cargo-home:ro,Z" "-v" "/var/lib/crater-agent-workspace/rustup-home:/opt/rustwide/rustup-home:ro,Z" "-m" "1610612736" "--network" "none" "ghcr.io/rust-lang/crates-build-env/linux@sha256:77db811e55d90add9212f6832c23229e3de5f1c1f9905e8cb07319ea15df73ac" "sleep" "infinity", kill_on_drop: false }`
[INFO] [stdout] 62f47076f682f10a1cbfaf19aa5ba2f8e4e244ec548a25efe177a7d7e7a32a26
[INFO] running `Command { std: "docker" "start" "62f47076f682f10a1cbfaf19aa5ba2f8e4e244ec548a25efe177a7d7e7a32a26", kill_on_drop: false }`
[INFO] running `Command { std: "docker" "inspect" "62f47076f682f10a1cbfaf19aa5ba2f8e4e244ec548a25efe177a7d7e7a32a26", kill_on_drop: false }`
[INFO] running `Command { std: "docker" "exec" "-e" "SOURCE_DIR=/opt/rustwide/workdir" "-e" "CARGO_HOME=/opt/rustwide/cargo-home" "-e" "RUSTUP_HOME=/opt/rustwide/rustup-home" "-e" "CARGO_TARGET_DIR=/opt/rustwide/target" "-w" "/opt/rustwide/workdir" "--user" "0:0" "62f47076f682f10a1cbfaf19aa5ba2f8e4e244ec548a25efe177a7d7e7a32a26" "/opt/rustwide/cargo-home/bin/cargo" "+3154cc1a3e6424e44f438a95007d043ed5ceaaf6" "metadata" "--no-deps" "--format-version=1", kill_on_drop: false }`
[INFO] running `Command { std: "docker" "inspect" "62f47076f682f10a1cbfaf19aa5ba2f8e4e244ec548a25efe177a7d7e7a32a26", kill_on_drop: false }`
[INFO] running `Command { std: "docker" "exec" "-e" "SOURCE_DIR=/opt/rustwide/workdir" "-e" "CARGO_HOME=/opt/rustwide/cargo-home" "-e" "RUSTUP_HOME=/opt/rustwide/rustup-home" "-e" "CARGO_TARGET_DIR=/opt/rustwide/target" "-e" "CARGO_INCREMENTAL=0" "-e" "RUST_BACKTRACE=full" "-e" "RUSTFLAGS=--cap-lints=forbid" "-e" "RUSTDOCFLAGS=--cap-lints=forbid" "-w" "/opt/rustwide/workdir" "--user" "0:0" "62f47076f682f10a1cbfaf19aa5ba2f8e4e244ec548a25efe177a7d7e7a32a26" "/opt/rustwide/cargo-home/bin/cargo" "+3154cc1a3e6424e44f438a95007d043ed5ceaaf6" "check" "--frozen" "--all" "--all-targets" "--message-format=json", kill_on_drop: false }`
[INFO] [stderr]    Compiling syn v3.0.3
[INFO] [stderr]     Checking indexmap v2.14.0
[INFO] [stderr]     Checking serde_json v1.0.151
[INFO] [stderr]    Compiling serde_derive v1.0.229
[INFO] [stderr]    Compiling thiserror-impl v2.0.20
[INFO] [stderr]     Checking thiserror v2.0.20
[INFO] [stderr]     Checking serde v1.0.229
[INFO] [stderr]     Checking serde_yaml v0.9.34+deprecated
[INFO] [stderr]     Checking lava-core v0.2.2
[INFO] [stderr]     Checking lava-arch v0.2.2 (/opt/rustwide/workdir)
[INFO] [stdout] error[E0425]: cannot find type `Import` in crate `lava_core`
[INFO] [stdout]   --> src/lib.rs:54:29
[INFO] [stdout]    |
[INFO] [stdout] 54 |     imports: Vec<lava_core::Import>,
[INFO] [stdout]    |                             ^^^^^^ not found in `lava_core`
[INFO] [stdout] 
[INFO] [stdout] 
[INFO] [stdout] error[E0422]: cannot find struct, variant or union type `Import` in crate `lava_core`
[INFO] [stdout]   --> src/lib.rs:83:38
[INFO] [stdout]    |
[INFO] [stdout] 83 |         self.imports.push(lava_core::Import { to: to.into(), id: id.into() });
[INFO] [stdout]    |                                      ^^^^^^ not found in `lava_core`
[INFO] [stdout] 
[INFO] [stdout] 
[INFO] [stdout] error[E0425]: cannot find type `Import` in crate `lava_core`
[INFO] [stdout]   --> src/lib.rs:54:29
[INFO] [stdout]    |
[INFO] [stdout] 54 |     imports: Vec<lava_core::Import>,
[INFO] [stdout]    |                             ^^^^^^ not found in `lava_core`
[INFO] [stdout] 
[INFO] [stdout] 
[INFO] [stdout] error[E0422]: cannot find struct, variant or union type `Import` in crate `lava_core`
[INFO] [stdout]   --> src/lib.rs:83:38
[INFO] [stdout]    |
[INFO] [stdout] 83 |         self.imports.push(lava_core::Import { to: to.into(), id: id.into() });
[INFO] [stdout]    |                                      ^^^^^^ not found in `lava_core`
[INFO] [stdout] 
[INFO] [stdout] 
[INFO] [stdout] error[E0560]: struct `Architecture` has no field named `imports`
[INFO] [stdout]    --> src/lib.rs:108:13
[INFO] [stdout]     |
[INFO] [stdout] 108 |             imports: self.imports,
[INFO] [stdout]     |             ^^^^^^^ `Architecture` does not have this field
[INFO] [stdout]     |
[INFO] [stdout]     = note: all struct fields are already assigned
[INFO] [stdout] 
[INFO] [stdout] 
[INFO] [stdout] error[E0560]: struct `Architecture` has no field named `imports`
[INFO] [stdout]    --> src/lib.rs:108:13
[INFO] [stdout]     |
[INFO] [stdout] 108 |             imports: self.imports,
[INFO] [stdout]     |             ^^^^^^^ `Architecture` does not have this field
[INFO] [stdout]     |
[INFO] [stdout]     = note: all struct fields are already assigned
[INFO] [stdout] 
[INFO] [stdout] 
[INFO] [stdout] Some errors have detailed explanations: E0422, E0425, E0560.
[INFO] [stdout] 
[INFO] [stdout] For more information about an error, try `rustc --explain E0422`.
[INFO] [stdout] 
[INFO] [stderr] error: could not compile `lava-arch` (lib test) due to 3 previous errors
[INFO] [stderr] warning: build failed, waiting for other jobs to finish...
[INFO] [stdout] Some errors have detailed explanations: E0422, E0425, E0560.
[INFO] [stdout] 
[INFO] [stdout] For more information about an error, try `rustc --explain E0422`.
[INFO] [stdout] 
[INFO] [stderr] error: could not compile `lava-arch` (lib) due to 3 previous errors
[INFO] running `Command { std: "docker" "inspect" "62f47076f682f10a1cbfaf19aa5ba2f8e4e244ec548a25efe177a7d7e7a32a26", kill_on_drop: false }`
[INFO] running `Command { std: "docker" "rm" "-f" "62f47076f682f10a1cbfaf19aa5ba2f8e4e244ec548a25efe177a7d7e7a32a26", kill_on_drop: false }`
[INFO] [stdout] 62f47076f682f10a1cbfaf19aa5ba2f8e4e244ec548a25efe177a7d7e7a32a26
