[INFO] fetching crate latticedb-core 0.3.4...
[INFO] checking latticedb-core-0.3.4 against 3154cc1a3e6424e44f438a95007d043ed5ceaaf6+rustflags=-Znext-solver=coherence for pr-133502-30
[INFO] extracting crate latticedb-core 0.3.4 into /workspace/builds/worker-4-tc1/source
[INFO] started tweaking crates.io crate latticedb-core 0.3.4
[INFO] removed 0 missing tests
[INFO] finished tweaking crates.io crate latticedb-core 0.3.4
[INFO] tweaked toml for crates.io crate latticedb-core 0.3.4 written to /workspace/builds/worker-4-tc1/source/Cargo.toml
[INFO] validating manifest of crates.io crate latticedb-core 0.3.4 on toolchain 3154cc1a3e6424e44f438a95007d043ed5ceaaf6
[INFO] running `Command { std: CARGO_HOME="/workspace/cargo-home" RUSTUP_HOME="/workspace/rustup-home" "/workspace/cargo-home/bin/cargo" "+3154cc1a3e6424e44f438a95007d043ed5ceaaf6" "metadata" "--manifest-path" "Cargo.toml" "--no-deps", kill_on_drop: false }`
[INFO] crate crates.io crate latticedb-core 0.3.4 already has a lockfile, it will not be regenerated
[INFO] running `Command { std: CARGO_HOME="/workspace/cargo-home" RUSTUP_HOME="/workspace/rustup-home" "/workspace/cargo-home/bin/cargo" "+3154cc1a3e6424e44f438a95007d043ed5ceaaf6" "fetch" "--manifest-path" "Cargo.toml", kill_on_drop: false }`
[INFO] [stderr]     Updating crates.io index
[INFO] [stderr]  Downloading crates ...
[INFO] [stderr]   Downloaded wasm-bindgen-test-shared v0.2.127
[INFO] [stderr]   Downloaded wasm-bindgen-test-macro v0.3.77
[INFO] [stderr]   Downloaded wasm-bindgen-test v0.3.77
[INFO] [stderr]   Downloaded minicov v0.3.9
[INFO] [stderr]   Downloaded pest_meta v2.9.0
[INFO] [stderr]   Downloaded pest_derive v2.9.0
[INFO] [stderr]   Downloaded pest_generator v2.9.0
[INFO] [stderr]   Downloaded pest v2.9.0
[INFO] running `Command { std: "docker" "create" "-v" "/var/lib/crater-agent-workspace/builds/worker-4-tc1/source:/opt/rustwide/workdir:ro,Z" "-v" "/var/lib/crater-agent-workspace/builds/worker-4-tc1/target:/opt/rustwide/target:rw,Z" "-v" "/var/lib/crater-agent-workspace/cargo-home:/opt/rustwide/cargo-home:ro,Z" "-v" "/var/lib/crater-agent-workspace/rustup-home:/opt/rustwide/rustup-home:ro,Z" "-m" "1610612736" "--network" "none" "ghcr.io/rust-lang/crates-build-env/linux@sha256:77db811e55d90add9212f6832c23229e3de5f1c1f9905e8cb07319ea15df73ac" "sleep" "infinity", kill_on_drop: false }`
[INFO] [stdout] 304ce09a05b4f79d7f86d88accb6e9fcb565d7528226e613273e6bb833d6aa5b
[INFO] running `Command { std: "docker" "start" "304ce09a05b4f79d7f86d88accb6e9fcb565d7528226e613273e6bb833d6aa5b", kill_on_drop: false }`
[INFO] running `Command { std: "docker" "inspect" "304ce09a05b4f79d7f86d88accb6e9fcb565d7528226e613273e6bb833d6aa5b", kill_on_drop: false }`
[INFO] running `Command { std: "docker" "exec" "-e" "SOURCE_DIR=/opt/rustwide/workdir" "-e" "CARGO_HOME=/opt/rustwide/cargo-home" "-e" "RUSTUP_HOME=/opt/rustwide/rustup-home" "-e" "CARGO_TARGET_DIR=/opt/rustwide/target" "-w" "/opt/rustwide/workdir" "--user" "0:0" "304ce09a05b4f79d7f86d88accb6e9fcb565d7528226e613273e6bb833d6aa5b" "/opt/rustwide/cargo-home/bin/cargo" "+3154cc1a3e6424e44f438a95007d043ed5ceaaf6" "metadata" "--no-deps" "--format-version=1", kill_on_drop: false }`
[INFO] running `Command { std: "docker" "inspect" "304ce09a05b4f79d7f86d88accb6e9fcb565d7528226e613273e6bb833d6aa5b", kill_on_drop: false }`
[INFO] running `Command { std: "docker" "exec" "-e" "SOURCE_DIR=/opt/rustwide/workdir" "-e" "CARGO_HOME=/opt/rustwide/cargo-home" "-e" "RUSTUP_HOME=/opt/rustwide/rustup-home" "-e" "CARGO_TARGET_DIR=/opt/rustwide/target" "-e" "CARGO_INCREMENTAL=0" "-e" "RUST_BACKTRACE=full" "-e" "RUSTFLAGS=--cap-lints=forbid -Znext-solver=coherence" "-e" "RUSTDOCFLAGS=--cap-lints=forbid" "-w" "/opt/rustwide/workdir" "--user" "0:0" "304ce09a05b4f79d7f86d88accb6e9fcb565d7528226e613273e6bb833d6aa5b" "/opt/rustwide/cargo-home/bin/cargo" "+3154cc1a3e6424e44f438a95007d043ed5ceaaf6" "check" "--frozen" "--all" "--all-targets" "--message-format=json", kill_on_drop: false }`
[INFO] [stderr]    Compiling syn v3.0.3
[INFO] [stderr]    Compiling syn v2.0.119
[INFO] [stderr]    Compiling ucd-trie v0.1.7
[INFO] [stderr]     Checking simdutf8 v0.1.5
[INFO] [stderr]    Compiling crossbeam-utils v0.8.22
[INFO] [stderr]    Compiling crossbeam-epoch v0.9.20
[INFO] [stderr]    Compiling crossbeam-deque v0.8.7
[INFO] [stderr]    Compiling serde_json v1.0.151
[INFO] [stderr]     Checking zerocopy v0.8.56
[INFO] [stderr]     Checking getrandom v0.2.17
[INFO] [stderr]     Checking either v1.17.0
[INFO] [stderr]     Checking rustc-hash v2.1.3
[INFO] [stderr]     Checking twox-hash v2.1.3
[INFO] [stderr]     Checking bumpalo v3.20.3
[INFO] [stderr]     Checking pest v2.9.0
[INFO] [stderr]     Checking rand_core v0.6.4
[INFO] [stderr]     Checking rayon-core v1.13.0
[INFO] [stderr]     Checking rayon v1.12.0
[INFO] [stderr]    Compiling pest_meta v2.9.0
[INFO] [stderr]    Compiling serde_derive v1.0.229
[INFO] [stderr]    Compiling ptr_meta_derive v0.3.2
[INFO] [stderr]    Compiling bytecheck_derive v0.8.3
[INFO] [stderr]    Compiling tokio-macros v2.7.2
[INFO] [stderr]    Compiling rkyv_derive v0.8.18
[INFO] [stderr]    Compiling thiserror-impl v2.0.20
[INFO] [stderr]    Compiling async-trait v0.1.92
[INFO] [stderr]     Checking ptr_meta v0.3.2
[INFO] [stderr]     Checking rancor v0.1.3
[INFO] [stderr]     Checking tokio v1.53.1
[INFO] [stderr]     Checking bytecheck v0.8.3
[INFO] [stderr]     Checking rend v0.5.4
[INFO] [stderr]     Checking thiserror v2.0.20
[INFO] [stderr]    Compiling pest_generator v2.9.0
[INFO] [stderr]     Checking ppv-lite86 v0.2.21
[INFO] [stderr]    Compiling munge_macro v0.4.7
[INFO] [stderr]    Compiling tracing-attributes v0.1.31
[INFO] [stderr]     Checking rand_chacha v0.3.1
[INFO] [stderr]    Compiling pest_derive v2.9.0
[INFO] [stderr]     Checking rand v0.8.7
[INFO] [stderr]     Checking serde v1.0.229
[INFO] [stderr]     Checking munge v0.4.7
[INFO] [stderr]     Checking smallvec v1.15.2
[INFO] [stderr]     Checking parking_lot_core v0.9.12
[INFO] [stderr]     Checking tracing v0.1.44
[INFO] [stderr]     Checking parking_lot v0.12.5
[INFO] [stderr]     Checking rkyv v0.8.18
[INFO] [stderr]     Checking latticedb-core v0.3.4 (/opt/rustwide/workdir)
[INFO] [stdout] error[E0432]: unresolved import `lattice_test_harness`
[INFO] [stdout]  --> tests/acid_page_rotation.rs:9:5
[INFO] [stdout]   |
[INFO] [stdout] 9 | use lattice_test_harness::SharedState;
[INFO] [stdout]   |     ^^^^^^^^^^^^^^^^^^^^ use of unresolved module or unlinked crate `lattice_test_harness`
[INFO] [stdout]   |
[INFO] [stdout]   = help: if you wanted to use a crate named `lattice_test_harness`, use `cargo add lattice_test_harness` to add it to your `Cargo.toml`
[INFO] [stdout] 
[INFO] [stdout] 
[INFO] [stdout] For more information about this error, try `rustc --explain E0432`.
[INFO] [stdout] 
[INFO] [stderr] error: could not compile `latticedb-core` (test "acid_page_rotation") due to 1 previous error
[INFO] [stderr] warning: build failed, waiting for other jobs to finish...
[INFO] [stdout] error[E0432]: unresolved import `lattice_test_harness`
[INFO] [stdout]  --> tests/acid_stress_ordering.rs:8:5
[INFO] [stdout]   |
[INFO] [stdout] 8 | use lattice_test_harness::{make_point, open_engine, SharedState};
[INFO] [stdout]   |     ^^^^^^^^^^^^^^^^^^^^ use of unresolved module or unlinked crate `lattice_test_harness`
[INFO] [stdout]   |
[INFO] [stdout]   = help: if you wanted to use a crate named `lattice_test_harness`, use `cargo add lattice_test_harness` to add it to your `Cargo.toml`
[INFO] [stdout] 
[INFO] [stdout] 
[INFO] [stdout] error[E0432]: unresolved import `lattice_test_harness`
[INFO] [stdout]   --> tests/acid_engine_lifecycle.rs:10:5
[INFO] [stdout]    |
[INFO] [stdout] 10 | use lattice_test_harness::{make_config, make_point, open_engine, SharedState};
[INFO] [stdout]    |     ^^^^^^^^^^^^^^^^^^^^ use of unresolved module or unlinked crate `lattice_test_harness`
[INFO] [stdout]    |
[INFO] [stdout]    = help: if you wanted to use a crate named `lattice_test_harness`, use `cargo add lattice_test_harness` to add it to your `Cargo.toml`
[INFO] [stdout] 
[INFO] [stdout] 
[INFO] [stdout] error[E0432]: unresolved import `lattice_test_harness`
[INFO] [stdout]  --> tests/crash_recovery.rs:9:5
[INFO] [stdout]   |
[INFO] [stdout] 9 | use lattice_test_harness::SharedState;
[INFO] [stdout]   |     ^^^^^^^^^^^^^^^^^^^^ use of unresolved module or unlinked crate `lattice_test_harness`
[INFO] [stdout]   |
[INFO] [stdout]   = help: if you wanted to use a crate named `lattice_test_harness`, use `cargo add lattice_test_harness` to add it to your `Cargo.toml`
[INFO] [stdout] 
[INFO] [stdout] 
[INFO] [stdout] error[E0432]: unresolved import `lattice_test_harness`
[INFO] [stdout]  --> tests/acid_crash_scenarios.rs:9:5
[INFO] [stdout]   |
[INFO] [stdout] 9 | use lattice_test_harness::SharedState;
[INFO] [stdout]   |     ^^^^^^^^^^^^^^^^^^^^ use of unresolved module or unlinked crate `lattice_test_harness`
[INFO] [stdout]   |
[INFO] [stdout]   = help: if you wanted to use a crate named `lattice_test_harness`, use `cargo add lattice_test_harness` to add it to your `Cargo.toml`
[INFO] [stdout] 
[INFO] [stdout] 
[INFO] [stdout] error[E0432]: unresolved import `lattice_test_harness`
[INFO] [stdout]  --> tests/acid_io_failures.rs:9:5
[INFO] [stdout]   |
[INFO] [stdout] 9 | use lattice_test_harness::{FailingStorage, SharedState};
[INFO] [stdout]   |     ^^^^^^^^^^^^^^^^^^^^ use of unresolved module or unlinked crate `lattice_test_harness`
[INFO] [stdout]   |
[INFO] [stdout]   = help: if you wanted to use a crate named `lattice_test_harness`, use `cargo add lattice_test_harness` to add it to your `Cargo.toml`
[INFO] [stdout] 
[INFO] [stdout] 
[INFO] [stdout] For more information about this error, try `rustc --explain E0432`.
[INFO] [stdout] 
[INFO] [stdout] error[E0433]: cannot find module or crate `lattice_test_harness` in this scope
[INFO] [stdout]   --> tests/acid_engine_lifecycle.rs:18:9
[INFO] [stdout]    |
[INFO] [stdout] 18 |         lattice_test_harness::MockStorage,
[INFO] [stdout]    |         ^^^^^^^^^^^^^^^^^^^^ use of unresolved module or unlinked crate `lattice_test_harness`
[INFO] [stdout]    |
[INFO] [stdout]    = help: if you wanted to use a crate named `lattice_test_harness`, use `cargo add lattice_test_harness` to add it to your `Cargo.toml`
[INFO] [stdout] 
[INFO] [stdout] 
[INFO] [stdout] error[E0433]: cannot find module or crate `lattice_test_harness` in this scope
[INFO] [stdout]   --> tests/acid_engine_lifecycle.rs:19:9
[INFO] [stdout]    |
[INFO] [stdout] 19 |         lattice_test_harness::MockStorage,
[INFO] [stdout]    |         ^^^^^^^^^^^^^^^^^^^^ use of unresolved module or unlinked crate `lattice_test_harness`
[INFO] [stdout]    |
[INFO] [stdout]    = help: if you wanted to use a crate named `lattice_test_harness`, use `cargo add lattice_test_harness` to add it to your `Cargo.toml`
[INFO] [stdout] 
[INFO] [stdout] 
[INFO] [stdout] Some errors have detailed explanations: E0432, E0433.
[INFO] [stdout] 
[INFO] [stdout] For more information about an error, try `rustc --explain E0432`.
[INFO] [stdout] 
[INFO] [stdout] error[E0614]: type `u64` cannot be dereferenced
[INFO] [stdout]   --> tests/acid_crash_scenarios.rs:99:57
[INFO] [stdout]    |
[INFO] [stdout] 99 |                 WalEntry::Abort { aborted_lsn } => Some(*aborted_lsn),
[INFO] [stdout]    |                                                         ^^^^^^^^^^^^ can't be dereferenced
[INFO] [stdout] 
[INFO] [stdout] 
[INFO] [stderr] error: could not compile `latticedb-core` (test "acid_stress_ordering") due to 1 previous error
[INFO] [stderr] error: could not compile `latticedb-core` (test "acid_engine_lifecycle") due to 3 previous errors
[INFO] [stdout] Some errors have detailed explanations: E0432, E0614.
[INFO] [stdout] 
[INFO] [stdout] For more information about an error, try `rustc --explain E0432`.
[INFO] [stdout] 
[INFO] [stderr] error: could not compile `latticedb-core` (test "acid_crash_scenarios") due to 2 previous errors
[INFO] [stdout] error[E0614]: type `u64` cannot be dereferenced
[INFO] [stdout]    --> tests/crash_recovery.rs:163:57
[INFO] [stdout]     |
[INFO] [stdout] 163 |                 WalEntry::Abort { aborted_lsn } => Some(*aborted_lsn),
[INFO] [stdout]     |                                                         ^^^^^^^^^^^^ can't be dereferenced
[INFO] [stdout] 
[INFO] [stdout] 
[INFO] [stdout] For more information about this error, try `rustc --explain E0432`.
[INFO] [stdout] 
[INFO] [stdout] Some errors have detailed explanations: E0432, E0614.
[INFO] [stdout] 
[INFO] [stdout] For more information about an error, try `rustc --explain E0432`.
[INFO] [stdout] 
[INFO] [stderr] error: could not compile `latticedb-core` (test "acid_io_failures") due to 1 previous error
[INFO] [stderr] error: could not compile `latticedb-core` (test "crash_recovery") due to 2 previous errors
[INFO] running `Command { std: "docker" "inspect" "304ce09a05b4f79d7f86d88accb6e9fcb565d7528226e613273e6bb833d6aa5b", kill_on_drop: false }`
[INFO] running `Command { std: "docker" "rm" "-f" "304ce09a05b4f79d7f86d88accb6e9fcb565d7528226e613273e6bb833d6aa5b", kill_on_drop: false }`
[INFO] [stdout] 304ce09a05b4f79d7f86d88accb6e9fcb565d7528226e613273e6bb833d6aa5b
