[INFO] fetching crate larvae-lsp 0.9.0...
[INFO] checking larvae-lsp-0.9.0 against 3154cc1a3e6424e44f438a95007d043ed5ceaaf6+rustflags=-Znext-solver=coherence for pr-133502-30
[INFO] extracting crate larvae-lsp 0.9.0 into /workspace/builds/worker-1-tc1/source
[INFO] started tweaking crates.io crate larvae-lsp 0.9.0
[INFO] finished tweaking crates.io crate larvae-lsp 0.9.0
[INFO] tweaked toml for crates.io crate larvae-lsp 0.9.0 written to /workspace/builds/worker-1-tc1/source/Cargo.toml
[INFO] validating manifest of crates.io crate larvae-lsp 0.9.0 on toolchain 3154cc1a3e6424e44f438a95007d043ed5ceaaf6
[INFO] running `Command { std: CARGO_HOME="/workspace/cargo-home" RUSTUP_HOME="/workspace/rustup-home" "/workspace/cargo-home/bin/cargo" "+3154cc1a3e6424e44f438a95007d043ed5ceaaf6" "metadata" "--manifest-path" "Cargo.toml" "--no-deps", kill_on_drop: false }`
[INFO] crate crates.io crate larvae-lsp 0.9.0 already has a lockfile, it will not be regenerated
[INFO] running `Command { std: CARGO_HOME="/workspace/cargo-home" RUSTUP_HOME="/workspace/rustup-home" "/workspace/cargo-home/bin/cargo" "+3154cc1a3e6424e44f438a95007d043ed5ceaaf6" "fetch" "--manifest-path" "Cargo.toml", kill_on_drop: false }`
[INFO] [stderr] warning: `package.homepage` is redundant with `package.repository`
[INFO] [stderr]   --> Cargo.toml:53:12
[INFO] [stderr]    |
[INFO] [stderr] 53 | homepage = "https://github.com/larvae-luau/larvae"
[INFO] [stderr]    |            ^^^^^^^^^^^^^^^^^^^^^^^^^^^^^^^^^^^^^^^
[INFO] [stderr] ...
[INFO] [stderr] 59 | repository = "https://github.com/larvae-luau/larvae"
[INFO] [stderr]    |              ---------------------------------------
[INFO] [stderr]    |
[INFO] [stderr]    = note: `cargo::redundant_homepage` is set to `warn` by default
[INFO] [stderr] help: consider removing `package.homepage`
[INFO] [stderr] warning: `larvae-lsp` (manifest) generated 1 warning
[INFO] [stderr]     Updating crates.io index
[INFO] [stderr]  Downloading crates ...
[INFO] [stderr]   Downloaded xxhash-rust v0.8.18
[INFO] [stderr]   Downloaded typed-path v0.12.3
[INFO] [stderr]   Downloaded serde-value v0.7.0
[INFO] [stderr]   Downloaded file-id v0.2.3
[INFO] [stderr]   Downloaded terminal_size v0.4.4
[INFO] [stderr]   Downloaded self-replace v1.5.0
[INFO] [stderr]   Downloaded string-interner v0.19.0
[INFO] [stderr]   Downloaded zerovec-derive v0.11.4
[INFO] [stderr]   Downloaded notify-debouncer-full v0.7.0
[INFO] [stderr]   Downloaded notify-types v2.1.0
[INFO] [stderr]   Downloaded which v8.0.5
[INFO] [stderr]   Downloaded globset v0.4.19
[INFO] [stderr]   Downloaded wasmi_collections v2.0.0-beta.9
[INFO] [stderr]   Downloaded wasmi_ir v2.0.0-beta.9
[INFO] [stderr]   Downloaded notify v8.2.0
[INFO] [stderr]   Downloaded kqueue v1.2.0
[INFO] [stderr]   Downloaded mlua-sys v0.11.0
[INFO] [stderr]   Downloaded clap v4.6.4
[INFO] [stderr]   Downloaded clap_derive v4.6.4
[INFO] [stderr]   Downloaded wasmi_core v2.0.0-beta.9
[INFO] [stderr]   Downloaded icu_provider v2.3.0
[INFO] [stderr]   Downloaded ureq v2.12.1
[INFO] [stderr]   Downloaded zip v8.6.0
[INFO] [stderr]   Downloaded zerovec v0.11.7
[INFO] [stderr]   Downloaded eclipse_luau v0.1.1
[INFO] [stderr]   Downloaded zlib-rs v0.6.6
[INFO] [stderr]   Downloaded clap_builder v4.6.2
[INFO] [stderr]   Downloaded wasmparser v0.228.0
[INFO] [stderr]   Downloaded mlua v0.12.0
[INFO] [stderr]   Downloaded wasmi v2.0.0-beta.9
[INFO] [stderr]   Downloaded bstr v1.13.0
[INFO] [stderr]   Downloaded larvae v0.9.0
[INFO] [stderr]   Downloaded luau0-src v0.20.7+luau728
[INFO] [stderr]   Downloaded lua-src v550.1.1
[INFO] [stderr]   Downloaded luajit-src v210.7.2+b925b3e
[INFO] running `Command { std: "docker" "create" "-v" "/var/lib/crater-agent-workspace/builds/worker-1-tc1/source:/opt/rustwide/workdir:ro,Z" "-v" "/var/lib/crater-agent-workspace/builds/worker-1-tc1/target:/opt/rustwide/target:rw,Z" "-v" "/var/lib/crater-agent-workspace/cargo-home:/opt/rustwide/cargo-home:ro,Z" "-v" "/var/lib/crater-agent-workspace/rustup-home:/opt/rustwide/rustup-home:ro,Z" "-m" "1610612736" "--network" "none" "ghcr.io/rust-lang/crates-build-env/linux@sha256:77db811e55d90add9212f6832c23229e3de5f1c1f9905e8cb07319ea15df73ac" "sleep" "infinity", kill_on_drop: false }`
[INFO] [stdout] 634da82ab128e2123a50e05563621af4f6821d443cb51cf7660163456918100b
[INFO] running `Command { std: "docker" "start" "634da82ab128e2123a50e05563621af4f6821d443cb51cf7660163456918100b", kill_on_drop: false }`
[INFO] running `Command { std: "docker" "inspect" "634da82ab128e2123a50e05563621af4f6821d443cb51cf7660163456918100b", kill_on_drop: false }`
[INFO] running `Command { std: "docker" "exec" "-e" "SOURCE_DIR=/opt/rustwide/workdir" "-e" "CARGO_HOME=/opt/rustwide/cargo-home" "-e" "RUSTUP_HOME=/opt/rustwide/rustup-home" "-e" "CARGO_TARGET_DIR=/opt/rustwide/target" "-w" "/opt/rustwide/workdir" "--user" "0:0" "634da82ab128e2123a50e05563621af4f6821d443cb51cf7660163456918100b" "/opt/rustwide/cargo-home/bin/cargo" "+3154cc1a3e6424e44f438a95007d043ed5ceaaf6" "metadata" "--no-deps" "--format-version=1", kill_on_drop: false }`
[INFO] running `Command { std: "docker" "inspect" "634da82ab128e2123a50e05563621af4f6821d443cb51cf7660163456918100b", kill_on_drop: false }`
[INFO] running `Command { std: "docker" "exec" "-e" "SOURCE_DIR=/opt/rustwide/workdir" "-e" "CARGO_HOME=/opt/rustwide/cargo-home" "-e" "RUSTUP_HOME=/opt/rustwide/rustup-home" "-e" "CARGO_TARGET_DIR=/opt/rustwide/target" "-e" "CARGO_INCREMENTAL=0" "-e" "RUST_BACKTRACE=full" "-e" "RUSTFLAGS=--cap-lints=forbid -Znext-solver=coherence" "-e" "RUSTDOCFLAGS=--cap-lints=forbid" "-w" "/opt/rustwide/workdir" "--user" "0:0" "634da82ab128e2123a50e05563621af4f6821d443cb51cf7660163456918100b" "/opt/rustwide/cargo-home/bin/cargo" "+3154cc1a3e6424e44f438a95007d043ed5ceaaf6" "check" "--frozen" "--all" "--all-targets" "--message-format=json", kill_on_drop: false }`
[INFO] [stderr] warning: `package.homepage` is redundant with `package.repository`
[INFO] [stderr]   --> Cargo.toml:53:12
[INFO] [stderr]    |
[INFO] [stderr] 53 | homepage = "https://github.com/larvae-luau/larvae"
[INFO] [stderr]    |            ^^^^^^^^^^^^^^^^^^^^^^^^^^^^^^^^^^^^^^^
[INFO] [stderr] ...
[INFO] [stderr] 59 | repository = "https://github.com/larvae-luau/larvae"
[INFO] [stderr]    |              ---------------------------------------
[INFO] [stderr]    |
[INFO] [stderr]    = note: `cargo::redundant_homepage` is set to `warn` by default
[INFO] [stderr] help: consider removing `package.homepage`
[INFO] [stderr] warning: `larvae-lsp` (manifest) generated 1 warning
[INFO] [stderr]    Compiling serde_core v1.0.229
[INFO] [stderr]    Compiling syn v3.0.3
[INFO] [stderr]    Compiling syn v2.0.119
[INFO] [stderr]    Compiling jobserver v0.1.35
[INFO] [stderr]     Checking bitflags v2.13.1
[INFO] [stderr]    Compiling crc32fast v1.5.0
[INFO] [stderr]     Checking smallvec v1.15.2
[INFO] [stderr]    Compiling crossbeam-utils v0.8.22
[INFO] [stderr]     Checking zeroize v1.9.0
[INFO] [stderr]     Checking log v0.4.33
[INFO] [stderr]    Compiling cc v1.4.0
[INFO] [stderr]    Compiling serde v1.0.229
[INFO] [stderr]    Compiling crossbeam-epoch v0.9.20
[INFO] [stderr]    Compiling num-traits v0.2.19
[INFO] [stderr]     Checking rustls-pki-types v1.15.1
[INFO] [stderr]    Compiling which v8.0.5
[INFO] [stderr]     Checking typenum v1.20.1
[INFO] [stderr]    Compiling inotify-sys v0.1.8
[INFO] [stderr]    Compiling crossbeam-deque v0.8.7
[INFO] [stderr]    Compiling libm v0.2.16
[INFO] [stderr]    Compiling rustix v1.1.4
[INFO] [stderr]    Compiling pest v2.8.8
[INFO] [stderr]     Checking getrandom v0.2.17
[INFO] [stderr]    Compiling typeid v1.0.3
[INFO] [stderr]    Compiling pkg-config v0.3.33
[INFO] [stderr]     Checking hybrid-array v0.4.14
[INFO] [stderr]    Compiling rayon-core v1.13.0
[INFO] [stderr]    Compiling lua-src v550.1.1
[INFO] [stderr]    Compiling luajit-src v210.7.2+b925b3e
[INFO] [stderr]    Compiling luau0-src v0.20.7+luau728
[INFO] [stderr]     Checking indexmap v2.14.0
[INFO] [stderr]    Compiling ring v0.17.14
[INFO] [stderr]    Compiling mlua-sys v0.11.0
[INFO] [stderr]    Compiling synstructure v0.13.2
[INFO] [stderr]    Compiling pest_meta v2.8.8
[INFO] [stderr]     Checking aho-corasick v1.1.4
[INFO] [stderr]    Compiling rustls v0.23.43
[INFO] [stderr]    Compiling adler2 v2.0.1
[INFO] [stderr]    Compiling wasmparser v0.228.0
[INFO] [stderr]     Checking regex-syntax v0.8.11
[INFO] [stderr]    Compiling zerofrom-derive v0.1.7
[INFO] [stderr]    Compiling yoke-derive v0.8.2
[INFO] [stderr]    Compiling serde_json v1.0.151
[INFO] [stderr]     Checking percent-encoding v2.3.2
[INFO] [stderr]    Compiling simd-adler32 v0.3.10
[INFO] [stderr]    Compiling erased-serde v0.4.10
[INFO] [stderr]    Compiling wasmi_ir v2.0.0-beta.9
[INFO] [stderr]     Checking zerofrom v0.1.8
[INFO] [stderr]     Checking either v1.17.0
[INFO] [stderr]     Checking miniz_oxide v0.8.9
[INFO] [stderr]     Checking yoke v0.8.3
[INFO] [stderr]     Checking form_urlencoded v1.2.2
[INFO] [stderr]     Checking regex-automata v0.4.16
[INFO] [stderr]     Checking wasmi_core v2.0.0-beta.9
[INFO] [stderr]    Compiling pest_generator v2.8.8
[INFO] [stderr]     Checking lock_api v0.4.14
[INFO] [stderr]     Checking bstr v1.13.0
[INFO] [stderr]     Checking ordered-float v2.10.1
[INFO] [stderr]     Checking inotify v0.11.4
[INFO] [stderr]     Checking parking_lot_core v0.9.12
[INFO] [stderr]     Checking crypto-common v0.2.2
[INFO] [stderr]     Checking block-buffer v0.12.1
[INFO] [stderr]     Checking webpki-roots v1.0.9
[INFO] [stderr]     Checking mio v1.2.2
[INFO] [stderr]     Checking notify-types v2.1.0
[INFO] [stderr]    Compiling wasmi v2.0.0-beta.9
[INFO] [stderr]     Checking zlib-rs v0.6.6
[INFO] [stderr]     Checking option-ext v0.2.0
[INFO] [stderr]     Checking const-oid v0.10.2
[INFO] [stderr]     Checking winnow v1.0.4
[INFO] [stderr]    Compiling zerovec-derive v0.11.4
[INFO] [stderr]    Compiling displaydoc v0.2.7
[INFO] [stderr]    Compiling serde_derive v1.0.229
[INFO] [stderr]     Checking clap_builder v4.6.2
[INFO] [stderr]     Checking toml_parser v1.1.3+spec-1.1.0
[INFO] [stderr]     Checking zerotrie v0.2.5
[INFO] [stderr]     Checking digest v0.11.3
[INFO] [stderr]    Compiling clap_derive v4.6.4
[INFO] [stderr]     Checking zerovec v0.11.7
[INFO] [stderr]     Checking flate2 v1.1.9
[INFO] [stderr]     Checking rustls-webpki v0.103.13
[INFO] [stderr]     Checking tinystr v0.8.4
[INFO] [stderr]     Checking icu_locale_core v2.3.0
[INFO] [stderr]     Checking potential_utf v0.1.6
[INFO] [stderr]     Checking icu_collections v2.3.0
[INFO] [stderr]     Checking notify v8.2.0
[INFO] [stderr]     Checking dirs-sys v0.5.0
[INFO] [stderr]     Checking tempfile v3.27.0
[INFO] [stderr]     Checking rayon v1.12.0
[INFO] [stderr]     Checking webpki-roots v0.26.11
[INFO] [stderr]     Checking icu_provider v2.3.0
[INFO] [stderr]     Checking parking_lot v0.12.5
[INFO] [stderr]    Compiling pest_derive v2.8.8
[INFO] [stderr]     Checking icu_properties v2.3.0
[INFO] [stderr]     Checking icu_normalizer v2.3.0
[INFO] [stderr]     Checking toml_datetime v0.7.5+spec-1.1.0
[INFO] [stderr]     Checking serde_spanned v1.1.1
[INFO] [stderr]     Checking typed-path v0.12.3
[INFO] [stderr]     Checking spin v0.9.9
[INFO] [stderr]     Checking wasmi_collections v2.0.0-beta.9
[INFO] [stderr]     Checking serde-value v0.7.0
[INFO] [stderr]     Checking idna_adapter v1.2.2
[INFO] [stderr]     Checking idna v1.1.0
[INFO] [stderr]     Checking rustc-hash v2.1.3
[INFO] [stderr]     Checking file-id v0.2.3
[INFO] [stderr]     Checking toml v0.9.12+spec-1.1.0
[INFO] [stderr]     Checking notify-debouncer-full v0.7.0
[INFO] [stderr]     Checking json5 v0.4.1
[INFO] [stderr]     Checking zip v8.6.0
[INFO] [stderr]     Checking url v2.5.8
[INFO] [stderr]     Checking eclipse_luau v0.1.1
[INFO] [stderr]     Checking sha2 v0.11.0
[INFO] [stderr]     Checking clap v4.6.4
[INFO] [stderr]    Compiling larvae-lsp v0.9.0 (/opt/rustwide/workdir)
[INFO] [stderr]     Checking self-replace v1.5.0
[INFO] [stderr]     Checking dirs v6.0.0
[INFO] [stderr]     Checking globset v0.4.19
[INFO] [stderr]     Checking regex v1.13.1
[INFO] [stderr]     Checking terminal_size v0.4.4
[INFO] [stderr]     Checking xxhash-rust v0.8.18
[INFO] [stderr]     Checking semver v1.0.28
[INFO] [stderr]     Checking libloading v0.8.9
[INFO] [stderr]     Checking ureq v2.12.1
[INFO] [stderr] warning: mlua-sys@0.11.0: c++: fatal error: Killed signal terminated program cc1plus
[INFO] [stderr] warning: mlua-sys@0.11.0: compilation terminated.
[INFO] [stderr] warning: mlua-sys@0.11.0: ToolExecError: command did not execute successfully (status code exit status: 1): LC_ALL="C" "c++" "-O0" "-ffunction-sections" "-fdata-sections" "-fPIC" "-g" "-gdwarf-4" "-fno-omit-frame-pointer" "-m64" "-std=c++17" "-I" "/opt/rustwide/cargo-home/registry/src/index.crates.io-1949cf8c6b5b557f/luau0-src-0.20.7+luau728/luau/Common/include" "-I" "/opt/rustwide/cargo-home/registry/src/index.crates.io-1949cf8c6b5b557f/luau0-src-0.20.7+luau728/luau/Inliner/include" "-I" "/opt/rustwide/cargo-home/registry/src/index.crates.io-1949cf8c6b5b557f/luau0-src-0.20.7+luau728/luau/Bytecode/include" "-I" "/opt/rustwide/cargo-home/registry/src/index.crates.io-1949cf8c6b5b557f/luau0-src-0.20.7+luau728/luau/Bytecode/src" "-I" "/opt/rustwide/cargo-home/registry/src/index.crates.io-1949cf8c6b5b557f/luau0-src-0.20.7+luau728/luau/VM/include" "-I" "/opt/rustwide/cargo-home/registry/src/index.crates.io-1949cf8c6b5b557f/luau0-src-0.20.7+luau728/luau/VM/src" "-w" "-DLUAI_MAXCSTACK=1000000" "-DLUA_VECTOR_SIZE=3" "-DLUA_API=extern \"C\"" "-DLUAU_ENABLE_ASSERT" "-DLUAJITINLINER_API=extern \"C\"" "-o" "/opt/rustwide/target/debug/build/mlua-sys/ff44e70da4ef4837/out/luau-build/3db04c608ee9c70a-JitInliner.o" "-c" "/opt/rustwide/cargo-home/registry/src/index.crates.io-1949cf8c6b5b557f/luau0-src-0.20.7+luau728/luau/Inliner/src/JitInliner.cpp"
[INFO] [stderr] error: failed to run custom build command for `mlua-sys v0.11.0`
[INFO] [stderr] note: To improve backtraces for build dependencies, set the CARGO_PROFILE_DEV_BUILD_OVERRIDE_DEBUG=true environment variable to enable debug information generation.
[INFO] [stderr] 
[INFO] [stderr] Caused by:
[INFO] [stderr]   process didn't exit successfully: `/opt/rustwide/target/debug/build/mlua-sys/4f147454a0cd4dd1/out/build_script_main` (exit status: 1)
[INFO] [stderr]   --- stdout
[INFO] [stderr]   cargo:rerun-if-changed=build
[INFO] [stderr]   exit status: 0
[INFO] [stderr]   exit status: 0
[INFO] [stderr]   exit status: 0
[INFO] [stderr]   exit status: 0
[INFO] [stderr]   exit status: 0
[INFO] [stderr]   exit status: 0
[INFO] [stderr]   exit status: 0
[INFO] [stderr]   exit status: 0
[INFO] [stderr]   exit status: 0
[INFO] [stderr]   exit status: 0
[INFO] [stderr]   exit status: 0
[INFO] [stderr]   exit status: 0
[INFO] [stderr]   exit status: 0
[INFO] [stderr]   cargo:warning=c++: fatal error: Killed signal terminated program cc1plus
[INFO] [stderr]   cargo:warning=compilation terminated.
[INFO] [stderr]   exit status: 1
[INFO] [stderr]   cargo:warning=ToolExecError: command did not execute successfully (status code exit status: 1): LC_ALL="C" "c++" "-O0" "-ffunction-sections" "-fdata-sections" "-fPIC" "-g" "-gdwarf-4" "-fno-omit-frame-pointer" "-m64" "-std=c++17" "-I" "/opt/rustwide/cargo-home/registry/src/index.crates.io-1949cf8c6b5b557f/luau0-src-0.20.7+luau728/luau/Common/include" "-I" "/opt/rustwide/cargo-home/registry/src/index.crates.io-1949cf8c6b5b557f/luau0-src-0.20.7+luau728/luau/Inliner/include" "-I" "/opt/rustwide/cargo-home/registry/src/index.crates.io-1949cf8c6b5b557f/luau0-src-0.20.7+luau728/luau/Bytecode/include" "-I" "/opt/rustwide/cargo-home/registry/src/index.crates.io-1949cf8c6b5b557f/luau0-src-0.20.7+luau728/luau/Bytecode/src" "-I" "/opt/rustwide/cargo-home/registry/src/index.crates.io-1949cf8c6b5b557f/luau0-src-0.20.7+luau728/luau/VM/include" "-I" "/opt/rustwide/cargo-home/registry/src/index.crates.io-1949cf8c6b5b557f/luau0-src-0.20.7+luau728/luau/VM/src" "-w" "-DLUAI_MAXCSTACK=1000000" "-DLUA_VECTOR_SIZE=3" "-DLUA_API=extern \"C\"" "-DLUAU_ENABLE_ASSERT" "-DLUAJITINLINER_API=extern \"C\"" "-o" "/opt/rustwide/target/debug/build/mlua-sys/ff44e70da4ef4837/out/luau-build/3db04c608ee9c70a-JitInliner.o" "-c" "/opt/rustwide/cargo-home/registry/src/index.crates.io-1949cf8c6b5b557f/luau0-src-0.20.7+luau728/luau/Inliner/src/JitInliner.cpp"
[INFO] [stderr]   exit status: 0
[INFO] [stderr] 
[INFO] [stderr]   --- stderr
[INFO] [stderr] 
[INFO] [stderr] 
[INFO] [stderr]   error occurred in cc-rs: command did not execute successfully (status code exit status: 1): LC_ALL="C" "c++" "-O0" "-ffunction-sections" "-fdata-sections" "-fPIC" "-g" "-gdwarf-4" "-fno-omit-frame-pointer" "-m64" "-std=c++17" "-I" "/opt/rustwide/cargo-home/registry/src/index.crates.io-1949cf8c6b5b557f/luau0-src-0.20.7+luau728/luau/Common/include" "-I" "/opt/rustwide/cargo-home/registry/src/index.crates.io-1949cf8c6b5b557f/luau0-src-0.20.7+luau728/luau/Inliner/include" "-I" "/opt/rustwide/cargo-home/registry/src/index.crates.io-1949cf8c6b5b557f/luau0-src-0.20.7+luau728/luau/Bytecode/include" "-I" "/opt/rustwide/cargo-home/registry/src/index.crates.io-1949cf8c6b5b557f/luau0-src-0.20.7+luau728/luau/Bytecode/src" "-I" "/opt/rustwide/cargo-home/registry/src/index.crates.io-1949cf8c6b5b557f/luau0-src-0.20.7+luau728/luau/VM/include" "-I" "/opt/rustwide/cargo-home/registry/src/index.crates.io-1949cf8c6b5b557f/luau0-src-0.20.7+luau728/luau/VM/src" "-w" "-DLUAI_MAXCSTACK=1000000" "-DLUA_VECTOR_SIZE=3" "-DLUA_API=extern \"C\"" "-DLUAU_ENABLE_ASSERT" "-DLUAJITINLINER_API=extern \"C\"" "-o" "/opt/rustwide/target/debug/build/mlua-sys/ff44e70da4ef4837/out/luau-build/3db04c608ee9c70a-JitInliner.o" "-c" "/opt/rustwide/cargo-home/registry/src/index.crates.io-1949cf8c6b5b557f/luau0-src-0.20.7+luau728/luau/Inliner/src/JitInliner.cpp"
[INFO] [stderr] 
[INFO] [stderr] 
[INFO] [stderr] warning: build failed, waiting for other jobs to finish...
[ERROR] error running command: no output for 300 seconds
[INFO] running `Command { std: "docker" "inspect" "634da82ab128e2123a50e05563621af4f6821d443cb51cf7660163456918100b", kill_on_drop: false }`
[INFO] running `Command { std: "docker" "rm" "-f" "634da82ab128e2123a50e05563621af4f6821d443cb51cf7660163456918100b", kill_on_drop: false }`
[INFO] [stdout] 634da82ab128e2123a50e05563621af4f6821d443cb51cf7660163456918100b
