[INFO] fetching crate lanekeep-rules 0.12.0...
[INFO] checking lanekeep-rules-0.12.0 against 3154cc1a3e6424e44f438a95007d043ed5ceaaf6+rustflags=-Znext-solver=coherence for pr-133502-30
[INFO] extracting crate lanekeep-rules 0.12.0 into /workspace/builds/worker-7-tc1/source
[INFO] started tweaking crates.io crate lanekeep-rules 0.12.0
[INFO] removed 0 missing tests
[INFO] finished tweaking crates.io crate lanekeep-rules 0.12.0
[INFO] tweaked toml for crates.io crate lanekeep-rules 0.12.0 written to /workspace/builds/worker-7-tc1/source/Cargo.toml
[INFO] validating manifest of crates.io crate lanekeep-rules 0.12.0 on toolchain 3154cc1a3e6424e44f438a95007d043ed5ceaaf6
[INFO] running `Command { std: CARGO_HOME="/workspace/cargo-home" RUSTUP_HOME="/workspace/rustup-home" "/workspace/cargo-home/bin/cargo" "+3154cc1a3e6424e44f438a95007d043ed5ceaaf6" "metadata" "--manifest-path" "Cargo.toml" "--no-deps", kill_on_drop: false }`
[INFO] crate crates.io crate lanekeep-rules 0.12.0 already has a lockfile, it will not be regenerated
[INFO] running `Command { std: CARGO_HOME="/workspace/cargo-home" RUSTUP_HOME="/workspace/rustup-home" "/workspace/cargo-home/bin/cargo" "+3154cc1a3e6424e44f438a95007d043ed5ceaaf6" "fetch" "--manifest-path" "Cargo.toml", kill_on_drop: false }`
[INFO] [stderr] warning: `package.homepage` is redundant with `package.repository`
[INFO] [stderr]   --> Cargo.toml:76:12
[INFO] [stderr]    |
[INFO] [stderr] 76 | homepage = "https://github.com/fmsouza/lanekeep"
[INFO] [stderr]    |            ^^^^^^^^^^^^^^^^^^^^^^^^^^^^^^^^^^^^^
[INFO] [stderr] ...
[INFO] [stderr] 82 | repository = "https://github.com/fmsouza/lanekeep"
[INFO] [stderr]    |              -------------------------------------
[INFO] [stderr]    |
[INFO] [stderr]    = note: `cargo::redundant_homepage` is set to `warn` by default
[INFO] [stderr] help: consider removing `package.homepage`
[INFO] [stderr] warning: `lanekeep-rules` (manifest) generated 1 warning
[INFO] [stderr]     Updating crates.io index
[INFO] [stderr]  Downloading crates ...
[INFO] [stderr]   Downloaded wasmtime-internal-versioned-export-macros v47.0.4
[INFO] [stderr]   Downloaded lanekeep-wasm v0.12.0
[INFO] [stderr]   Downloaded tree-sitter-language v0.1.8
[INFO] [stderr]   Downloaded cranelift-srcgen v0.134.4
[INFO] [stderr]   Downloaded wasmtime-internal-jit-icache-coherence v47.0.4
[INFO] [stderr]   Downloaded lanekeep-nodes v0.12.0
[INFO] [stderr]   Downloaded memfd v0.6.6
[INFO] [stderr]   Downloaded lanekeep-lang-go v0.12.0
[INFO] [stderr]   Downloaded lanekeep-languages v0.12.0
[INFO] [stderr]   Downloaded lanekeep-lang-python v0.12.0
[INFO] [stderr]   Downloaded cranelift-codegen-shared v0.134.4
[INFO] [stderr]   Downloaded wasmtime-internal-jit-debug v47.0.4
[INFO] [stderr]   Downloaded wasmtime-internal-component-util v47.0.4
[INFO] [stderr]   Downloaded pulley-macros v47.0.4
[INFO] [stderr]   Downloaded cranelift-bitset v0.134.4
[INFO] [stderr]   Downloaded cranelift-native v0.134.4
[INFO] [stderr]   Downloaded cranelift-control v0.134.4
[INFO] [stderr]   Downloaded relative-path v2.0.1
[INFO] [stderr]   Downloaded cranelift-entity v0.134.4
[INFO] [stderr]   Downloaded globset v0.4.20
[INFO] [stderr]   Downloaded lanekeep-lang-rust v0.12.0
[INFO] [stderr]   Downloaded lanekeep-cache v0.12.0
[INFO] [stderr]   Downloaded wasmtime-internal-unwinder v47.0.4
[INFO] [stderr]   Downloaded cranelift-assembler-x64-meta v0.134.4
[INFO] [stderr]   Downloaded cranelift-assembler-x64 v0.134.4
[INFO] [stderr]   Downloaded mach2 v0.6.0
[INFO] [stderr]   Downloaded addr2line v0.26.1
[INFO] [stderr]   Downloaded lanekeep-query v0.12.0
[INFO] [stderr]   Downloaded lanekeep-lang v0.12.0
[INFO] [stderr]   Downloaded lanekeep-testkit v0.12.0
[INFO] [stderr]   Downloaded cranelift-bforest v0.134.4
[INFO] [stderr]   Downloaded wasmtime-internal-fiber v47.0.4
[INFO] [stderr]   Downloaded lanekeep-core v0.12.0
[INFO] [stderr]   Downloaded rquickjs v0.14.0
[INFO] [stderr]   Downloaded wasmtime-internal-core v47.0.4
[INFO] [stderr]   Downloaded wasmprinter v0.252.0
[INFO] [stderr]   Downloaded pulley-interpreter v47.0.4
[INFO] [stderr]   Downloaded cranelift-frontend v0.134.4
[INFO] [stderr]   Downloaded wasmtime-internal-wit-bindgen v47.0.4
[INFO] [stderr]   Downloaded ignore v0.4.33
[INFO] [stderr]   Downloaded lanekeep-js v0.12.0
[INFO] [stderr]   Downloaded cpp_demangle v0.5.1
[INFO] [stderr]   Downloaded cranelift-isle v0.134.4
[INFO] [stderr]   Downloaded cranelift-codegen-meta v0.134.4
[INFO] [stderr]   Downloaded wasm-encoder v0.252.0
[INFO] [stderr]   Downloaded lanekeep-config v0.12.0
[INFO] [stderr]   Downloaded tree-sitter-javascript v0.25.0
[INFO] [stderr]   Downloaded lanekeep-lang-js v0.12.0
[INFO] [stderr]   Downloaded rquickjs-core v0.14.0
[INFO] [stderr]   Downloaded regalloc2 v0.15.2
[INFO] [stderr]   Downloaded lanekeep-engine v0.12.0
[INFO] [stderr]   Downloaded wit-parser v0.252.0
[INFO] [stderr]   Downloaded lanekeep-types v0.12.0
[INFO] [stderr]   Downloaded tree-sitter v0.27.0
[INFO] [stderr]   Downloaded wasmtime-internal-cranelift v47.0.4
[INFO] [stderr]   Downloaded wasmparser v0.252.0
[INFO] [stderr]   Downloaded wasmtime-internal-component-macro v47.0.4
[INFO] [stderr]   Downloaded wasmtime-environ v47.0.4
[INFO] [stderr]   Downloaded gimli v0.33.0
[INFO] [stderr]   Downloaded wasmtime v47.0.4
[INFO] [stderr]   Downloaded cranelift-codegen v0.134.4
[INFO] [stderr]   Downloaded rquickjs-sys v0.14.0
[INFO] running `Command { std: "docker" "create" "-v" "/var/lib/crater-agent-workspace/builds/worker-7-tc1/source:/opt/rustwide/workdir:ro,Z" "-v" "/var/lib/crater-agent-workspace/builds/worker-7-tc1/target:/opt/rustwide/target:rw,Z" "-v" "/var/lib/crater-agent-workspace/cargo-home:/opt/rustwide/cargo-home:ro,Z" "-v" "/var/lib/crater-agent-workspace/rustup-home:/opt/rustwide/rustup-home:ro,Z" "-m" "1610612736" "--network" "none" "ghcr.io/rust-lang/crates-build-env/linux@sha256:77db811e55d90add9212f6832c23229e3de5f1c1f9905e8cb07319ea15df73ac" "sleep" "infinity", kill_on_drop: false }`
[INFO] [stdout] a98cf971eb9a90249971f36b6323585d2cc964c26605c82a7f81013407133f76
[INFO] running `Command { std: "docker" "start" "a98cf971eb9a90249971f36b6323585d2cc964c26605c82a7f81013407133f76", kill_on_drop: false }`
[INFO] running `Command { std: "docker" "inspect" "a98cf971eb9a90249971f36b6323585d2cc964c26605c82a7f81013407133f76", kill_on_drop: false }`
[INFO] running `Command { std: "docker" "exec" "-e" "SOURCE_DIR=/opt/rustwide/workdir" "-e" "CARGO_HOME=/opt/rustwide/cargo-home" "-e" "RUSTUP_HOME=/opt/rustwide/rustup-home" "-e" "CARGO_TARGET_DIR=/opt/rustwide/target" "-w" "/opt/rustwide/workdir" "--user" "0:0" "a98cf971eb9a90249971f36b6323585d2cc964c26605c82a7f81013407133f76" "/opt/rustwide/cargo-home/bin/cargo" "+3154cc1a3e6424e44f438a95007d043ed5ceaaf6" "metadata" "--no-deps" "--format-version=1", kill_on_drop: false }`
[INFO] running `Command { std: "docker" "inspect" "a98cf971eb9a90249971f36b6323585d2cc964c26605c82a7f81013407133f76", kill_on_drop: false }`
[INFO] running `Command { std: "docker" "exec" "-e" "SOURCE_DIR=/opt/rustwide/workdir" "-e" "CARGO_HOME=/opt/rustwide/cargo-home" "-e" "RUSTUP_HOME=/opt/rustwide/rustup-home" "-e" "CARGO_TARGET_DIR=/opt/rustwide/target" "-e" "CARGO_INCREMENTAL=0" "-e" "RUST_BACKTRACE=full" "-e" "RUSTFLAGS=--cap-lints=forbid -Znext-solver=coherence" "-e" "RUSTDOCFLAGS=--cap-lints=forbid" "-w" "/opt/rustwide/workdir" "--user" "0:0" "a98cf971eb9a90249971f36b6323585d2cc964c26605c82a7f81013407133f76" "/opt/rustwide/cargo-home/bin/cargo" "+3154cc1a3e6424e44f438a95007d043ed5ceaaf6" "check" "--frozen" "--all" "--all-targets" "--message-format=json", kill_on_drop: false }`
[INFO] [stderr] warning: `package.homepage` is redundant with `package.repository`
[INFO] [stderr]   --> Cargo.toml:76:12
[INFO] [stderr]    |
[INFO] [stderr] 76 | homepage = "https://github.com/fmsouza/lanekeep"
[INFO] [stderr]    |            ^^^^^^^^^^^^^^^^^^^^^^^^^^^^^^^^^^^^^
[INFO] [stderr] ...
[INFO] [stderr] 82 | repository = "https://github.com/fmsouza/lanekeep"
[INFO] [stderr]    |              -------------------------------------
[INFO] [stderr]    |
[INFO] [stderr]    = note: `cargo::redundant_homepage` is set to `warn` by default
[INFO] [stderr] help: consider removing `package.homepage`
[INFO] [stderr] warning: `lanekeep-rules` (manifest) generated 1 warning
[INFO] [stderr]    Compiling serde_core v1.0.229
[INFO] [stderr]    Compiling foldhash v0.2.0
[INFO] [stderr]    Compiling tree-sitter-language v0.1.8
[INFO] [stderr]    Compiling serde v1.0.229
[INFO] [stderr]    Compiling constant_time_eq v0.4.2
[INFO] [stderr]    Compiling arrayvec v0.7.8
[INFO] [stderr]    Compiling cpufeatures v0.3.1
[INFO] [stderr]    Compiling thiserror v2.0.21
[INFO] [stderr]    Compiling blake3 v1.8.7
[INFO] [stderr]     Checking aho-corasick v1.1.5
[INFO] [stderr]     Checking regex-syntax v0.8.11
[INFO] [stderr]    Compiling wasmtime-internal-core v47.0.4
[INFO] [stderr]    Compiling syn v3.0.5
[INFO] [stderr]    Compiling syn v2.0.119
[INFO] [stderr]    Compiling crossbeam-utils v0.8.23
[INFO] [stderr]    Compiling cranelift-srcgen v0.134.4
[INFO] [stderr]    Compiling hashbrown v0.17.1
[INFO] [stderr]    Compiling libm v0.2.16
[INFO] [stderr]    Compiling crossbeam-epoch v0.9.21
[INFO] [stderr]    Compiling crossbeam-deque v0.8.8
[INFO] [stderr]    Compiling cranelift-assembler-x64-meta v0.134.4
[INFO] [stderr]    Compiling cranelift-isle v0.134.4
[INFO] [stderr]     Checking crypto-common v0.1.7
[INFO] [stderr]    Compiling cranelift-codegen-shared v0.134.4
[INFO] [stderr]    Compiling target-lexicon v0.13.5
[INFO] [stderr]     Checking bstr v1.13.1
[INFO] [stderr]     Checking digest v0.10.7
[INFO] [stderr]     Checking fnv v1.0.7
[INFO] [stderr]     Checking bumpalo v3.20.3
[INFO] [stderr]     Checking sha2 v0.10.9
[INFO] [stderr]     Checking arbitrary v1.4.2
[INFO] [stderr]     Checking rustc-hash v2.1.3
[INFO] [stderr]    Compiling anyhow v1.0.104
[INFO] [stderr]    Compiling crc32fast v1.5.1
[INFO] [stderr]    Compiling object v0.39.1
[INFO] [stderr]    Compiling lanekeep-lang v0.12.0
[INFO] [stderr]     Checking leb128fmt v0.1.0
[INFO] [stderr]    Compiling semver v1.0.28
[INFO] [stderr]    Compiling rquickjs-sys v0.14.0
[INFO] [stderr]     Checking wasm-encoder v0.252.0
[INFO] [stderr]    Compiling wasmtime-internal-unwinder v47.0.4
[INFO] [stderr]    Compiling id-arena v2.3.0
[INFO] [stderr]     Checking wasmtime-internal-component-util v47.0.4
[INFO] [stderr]    Compiling rustix v1.1.4
[INFO] [stderr]    Compiling encoding_rs v0.8.41
[INFO] [stderr]    Compiling wasmtime-internal-cranelift v47.0.4
[INFO] [stderr]    Compiling wasmparser v0.252.0
[INFO] [stderr]     Checking cranelift-control v0.134.4
[INFO] [stderr]    Compiling wasmtime-internal-component-macro v47.0.4
[INFO] [stderr]     Checking itertools v0.14.0
[INFO] [stderr]    Compiling lanekeep-types v0.12.0
[INFO] [stderr]     Checking simdutf8 v0.1.5
[INFO] [stderr]     Checking regex-automata v0.4.18
[INFO] [stderr]     Checking relative-path v2.0.1
[INFO] [stderr]    Compiling multiversion_no_op v1.0.0
[INFO] [stderr]     Checking core_detect v1.0.0
[INFO] [stderr]    Compiling tree-sitter-javascript v0.25.0
[INFO] [stderr]    Compiling indexmap v2.14.2
[INFO] [stderr]    Compiling cranelift-bitset v0.134.4
[INFO] [stderr]    Compiling tree-sitter-python v0.25.0
[INFO] [stderr]    Compiling tree-sitter-rust v0.24.2
[INFO] [stderr]    Compiling tree-sitter-go v0.25.0
[INFO] [stderr]    Compiling tree-sitter-typescript v0.23.2
[INFO] [stderr]    Compiling cranelift-assembler-x64 v0.134.4
[INFO] [stderr]    Compiling lanekeep-lang-js v0.12.0
[INFO] [stderr]     Checking serde_json v1.0.151
[INFO] [stderr]    Compiling lanekeep-lang-python v0.12.0
[INFO] [stderr]    Compiling lanekeep-lang-rust v0.12.0
[INFO] [stderr]     Checking regex v1.13.1
[INFO] [stderr]     Checking globset v0.4.20
[INFO] [stderr]    Compiling lanekeep-lang-go v0.12.0
[INFO] [stderr]     Checking memfd v0.6.6
[INFO] [stderr]     Checking rayon-core v1.13.0
[INFO] [stderr]    Compiling lanekeep-rules v0.12.0 (/opt/rustwide/workdir)
[INFO] [stderr]     Checking ignore v0.4.33
[INFO] [stderr]    Compiling tree-sitter v0.27.0
[INFO] [stderr]     Checking rayon v1.12.0
[INFO] [stderr] warning: lanekeep-rules@0.12.0: `typescript-builtins.wasm` could not be built: error: required tool `npx` is not installed.
[INFO] [stderr] warning: lanekeep-rules@0.12.0: nothing shipped embeds it; the tests and benches that read it will fail until `just typescript-builtins` succeeds
[INFO] [stderr]     Checking gimli v0.33.0
[INFO] [stderr]    Compiling pulley-macros v47.0.4
[INFO] [stderr]    Compiling wasmtime-internal-versioned-export-macros v47.0.4
[INFO] [stderr]    Compiling wasmtime v47.0.4
[INFO] [stderr]    Compiling pulley-interpreter v47.0.4
[INFO] [stderr]    Compiling serde_derive v1.0.229
[INFO] [stderr]    Compiling thiserror-impl v2.0.21
[INFO] [stderr]    Compiling multiversion-macros v0.9.0
[INFO] [stderr]    Compiling async-trait v0.1.92
[INFO] [stderr]     Checking multiversion v0.9.0
[INFO] [stderr]     Checking cobs v0.3.0
[INFO] [stderr]    Compiling cranelift-codegen-meta v0.134.4
[INFO] [stderr]     Checking lanekeep-languages v0.12.0
[INFO] [stderr]     Checking rquickjs-core v0.14.0
[INFO] [stderr]     Checking smallvec v1.16.0
[INFO] [stderr]     Checking postcard v1.1.3
[INFO] [stderr]     Checking lanekeep-core v0.12.0
[INFO] [stderr]     Checking regalloc2 v0.15.2
[INFO] [stderr]     Checking wasmtime-internal-jit-icache-coherence v47.0.4
[INFO] [stderr]     Checking cranelift-entity v0.134.4
[INFO] [stderr]    Compiling wit-parser v0.252.0
[INFO] [stderr]    Compiling cranelift-codegen v0.134.4
[INFO] [stderr]     Checking cranelift-bforest v0.134.4
[INFO] [stderr]     Checking lanekeep-query v0.12.0
[INFO] [stderr]     Checking lanekeep-cache v0.12.0
[INFO] [stderr]     Checking lanekeep-nodes v0.12.0
[INFO] [stderr]     Checking rquickjs v0.14.0
[INFO] [stderr]     Checking lanekeep-js v0.12.0
[INFO] [stderr]    Compiling wasmtime-internal-wit-bindgen v47.0.4
[INFO] [stderr]     Checking wasmprinter v0.252.0
[INFO] [stderr]     Checking wasmtime-environ v47.0.4
[INFO] [stderr]     Checking cranelift-frontend v0.134.4
[INFO] [stderr]     Checking cranelift-native v0.134.4
[INFO] [stderr]     Checking lanekeep-wasm v0.12.0
[INFO] [stderr]     Checking lanekeep-config v0.12.0
[INFO] [stderr]     Checking lanekeep-engine v0.12.0
[INFO] [stderr]     Checking lanekeep-testkit v0.12.0
[INFO] [stdout] error: couldn't read `src/../../../packages/lanekeep/modules/paths.ts`: No such file or directory (os error 2)
[INFO] [stdout]    --> src/lib.rs:711:33
[INFO] [stdout]     |
[INFO] [stdout] 711 |         const PACKAGED: &[u8] = include_bytes!("../../../packages/lanekeep/modules/paths.ts");
[INFO] [stdout]     |                                 ^^^^^^^^^^^^^^^^^^^^^^^^^^^^^^^^^^^^^^^^^^^^^^^^^^^^^^^^^^^^^
[INFO] [stdout] 
[INFO] [stdout] 
[INFO] [stdout] error: couldn't read `src/../../../packages/lanekeep/modules/patterns.ts`: No such file or directory (os error 2)
[INFO] [stdout]    --> src/lib.rs:737:33
[INFO] [stdout]     |
[INFO] [stdout] 737 |         const PACKAGED: &[u8] = include_bytes!("../../../packages/lanekeep/modules/patterns.ts");
[INFO] [stdout]     |                                 ^^^^^^^^^^^^^^^^^^^^^^^^^^^^^^^^^^^^^^^^^^^^^^^^^^^^^^^^^^^^^^^^
[INFO] [stdout] 
[INFO] [stdout] 
[INFO] [stdout] error: couldn't read `tests/../components/typescript-builtins.wasm`: No such file or directory (os error 2)
[INFO] [stdout]   --> tests/source_maps.rs:64:36
[INFO] [stdout]    |
[INFO] [stdout] 64 | const TYPESCRIPT_BUILTINS: &[u8] = include_bytes!("../components/typescript-builtins.wasm");
[INFO] [stdout]    |                                    ^^^^^^^^^^^^^^^^^^^^^^^^^^^^^^^^^^^^^^^^^^^^^^^^^^^^^^^^
[INFO] [stdout] 
[INFO] [stdout] 
[INFO] [stdout] error: couldn't read `tests/../components/typescript-builtins.wasm.map`: No such file or directory (os error 2)
[INFO] [stdout]   --> tests/source_maps.rs:65:40
[INFO] [stdout]    |
[INFO] [stdout] 65 | const TYPESCRIPT_BUILTINS_MAP: &[u8] = include_bytes!("../components/typescript-builtins.wasm.map");
[INFO] [stdout]    |                                        ^^^^^^^^^^^^^^^^^^^^^^^^^^^^^^^^^^^^^^^^^^^^^^^^^^^^^^^^^^^^
[INFO] [stdout] 
[INFO] [stdout] 
[INFO] [stdout] error: couldn't read `tests/../../../scripts/calibration/no-secret-in-string.calib.ts`: No such file or directory (os error 2)
[INFO] [stdout]   --> tests/calibration_queries.rs:16:26
[INFO] [stdout]    |
[INFO] [stdout] 16 | const CALIB_RULE: &str = include_str!("../../../scripts/calibration/no-secret-in-string.calib.ts");
[INFO] [stdout]    |                          ^^^^^^^^^^^^^^^^^^^^^^^^^^^^^^^^^^^^^^^^^^^^^^^^^^^^^^^^^^^^^^^^^^^^^^^^^
[INFO] [stdout] 
[INFO] [stdout] 
[INFO] [stderr] warning: lanekeep-rules@0.12.0: `typescript-builtins.wasm` could not be built: error: required tool `npx` is not installed.
[INFO] [stderr] warning: lanekeep-rules@0.12.0: nothing shipped embeds it; the tests and benches that read it will fail until `just typescript-builtins` succeeds
[INFO] [stderr] error: could not compile `lanekeep-rules` (test "source_maps") due to 2 previous errors
[INFO] [stderr] warning: build failed, waiting for other jobs to finish...
[INFO] [stderr] warning: lanekeep-rules@0.12.0: `typescript-builtins.wasm` could not be built: error: required tool `npx` is not installed.
[INFO] [stderr] warning: lanekeep-rules@0.12.0: nothing shipped embeds it; the tests and benches that read it will fail until `just typescript-builtins` succeeds
[INFO] [stderr] error: could not compile `lanekeep-rules` (test "calibration_queries") due to 1 previous error
[INFO] [stderr] warning: lanekeep-rules@0.12.0: `typescript-builtins.wasm` could not be built: error: required tool `npx` is not installed.
[INFO] [stderr] warning: lanekeep-rules@0.12.0: nothing shipped embeds it; the tests and benches that read it will fail until `just typescript-builtins` succeeds
[INFO] [stderr] error: could not compile `lanekeep-rules` (lib test) due to 2 previous errors
[INFO] running `Command { std: "docker" "inspect" "a98cf971eb9a90249971f36b6323585d2cc964c26605c82a7f81013407133f76", kill_on_drop: false }`
[INFO] running `Command { std: "docker" "rm" "-f" "a98cf971eb9a90249971f36b6323585d2cc964c26605c82a7f81013407133f76", kill_on_drop: false }`
[INFO] [stdout] a98cf971eb9a90249971f36b6323585d2cc964c26605c82a7f81013407133f76
