[INFO] fetching crate lamo 0.2.4...
[INFO] checking lamo-0.2.4 against 3154cc1a3e6424e44f438a95007d043ed5ceaaf6 for pr-133502-30
[INFO] extracting crate lamo 0.2.4 into /workspace/builds/worker-3-tc2/source
[INFO] started tweaking crates.io crate lamo 0.2.4
[INFO] finished tweaking crates.io crate lamo 0.2.4
[INFO] tweaked toml for crates.io crate lamo 0.2.4 written to /workspace/builds/worker-3-tc2/source/Cargo.toml
[INFO] validating manifest of crates.io crate lamo 0.2.4 on toolchain 3154cc1a3e6424e44f438a95007d043ed5ceaaf6
[INFO] running `Command { std: CARGO_HOME="/workspace/cargo-home" RUSTUP_HOME="/workspace/rustup-home" "/workspace/cargo-home/bin/cargo" "+3154cc1a3e6424e44f438a95007d043ed5ceaaf6" "metadata" "--manifest-path" "Cargo.toml" "--no-deps", kill_on_drop: false }`
[INFO] running `Command { std: CARGO_HOME="/workspace/cargo-home" RUSTUP_HOME="/workspace/rustup-home" "/workspace/cargo-home/bin/cargo" "+3154cc1a3e6424e44f438a95007d043ed5ceaaf6" "generate-lockfile" "--manifest-path" "Cargo.toml", kill_on_drop: false }`
[INFO] [stderr]     Updating crates.io index
[INFO] [stderr]      Locking 501 packages to highest compatible versions
[INFO] [stderr]       Adding argon2 v0.5.3 (available: v0.6.0)
[INFO] [stderr]       Adding axum v0.7.9 (available: v0.8.9)
[INFO] [stderr]       Adding axum-extra v0.9.6 (available: v0.12.6)
[INFO] [stderr]       Adding axum-test v14.10.0 (available: v21.1.0)
[INFO] [stderr]       Adding bb8 v0.8.6 (available: v0.9.1)
[INFO] [stderr]       Adding bcrypt v0.15.1 (available: v0.19.3)
[INFO] [stderr]       Adding brotli-decompressor v6.0.1 (available: v6.1.0)
[INFO] [stderr]       Adding byte-unit v4.0.19 (available: v5.2.6)
[INFO] [stderr]       Adding cargo_metadata v0.18.1 (available: v0.23.1)
[INFO] [stderr]       Adding colored v2.2.0 (available: v3.1.1)
[INFO] [stderr]       Adding duct v0.13.7 (available: v1.1.2)
[INFO] [stderr]       Adding fs-err v2.11.0 (available: v3.3.2)
[INFO] [stderr]       Adding generic-array v0.14.7 (available: v0.14.9)
[INFO] [stderr]       Adding jsonwebtoken v9.3.1 (available: v11.1.0)
[INFO] [stderr]       Adding psm v0.1.24 (available: v0.1.32)
[INFO] [stderr]       Adding rand v0.8.8 (available: v0.10.3)
[INFO] [stderr]       Adding requestty v0.5.0 (available: v0.7.0)
[INFO] [stderr]       Adding rrgen v0.5.6 (available: v0.6.0)
[INFO] [stderr]       Adding rstest v0.18.2 (available: v0.27.0)
[INFO] [stderr]       Adding rusty-sidekiq v0.8.2 (available: v0.15.2)
[INFO] [stderr]       Adding sea-orm v0.12.15 (available: v2.0.4)
[INFO] [stderr]       Adding sea-orm-migration v0.12.15 (available: v2.0.4)
[INFO] [stderr]       Adding socketioxide v0.10.2 (available: v0.18.7)
[INFO] [stderr]       Adding tera v1.20.1 (available: v2.4.0)
[INFO] [stderr]       Adding thiserror v1.0.69 (available: v2.0.21)
[INFO] [stderr]       Adding tower v0.4.13 (available: v0.5.3)
[INFO] [stderr]       Adding tower-http v0.5.2 (available: v0.7.1)
[INFO] [stderr]       Adding validator v0.16.1 (available: v0.21.0)
[INFO] running `Command { std: CARGO_HOME="/workspace/cargo-home" RUSTUP_HOME="/workspace/rustup-home" "/workspace/cargo-home/bin/cargo" "+3154cc1a3e6424e44f438a95007d043ed5ceaaf6" "fetch" "--manifest-path" "Cargo.toml", kill_on_drop: false }`
[INFO] running `Command { std: "docker" "create" "-v" "/var/lib/crater-agent-workspace/builds/worker-3-tc2/source:/opt/rustwide/workdir:ro,Z" "-v" "/var/lib/crater-agent-workspace/builds/worker-3-tc2/target:/opt/rustwide/target:rw,Z" "-v" "/var/lib/crater-agent-workspace/cargo-home:/opt/rustwide/cargo-home:ro,Z" "-v" "/var/lib/crater-agent-workspace/rustup-home:/opt/rustwide/rustup-home:ro,Z" "-m" "1610612736" "--network" "none" "ghcr.io/rust-lang/crates-build-env/linux@sha256:77db811e55d90add9212f6832c23229e3de5f1c1f9905e8cb07319ea15df73ac" "sleep" "infinity", kill_on_drop: false }`
[INFO] [stdout] ce74314d1b614b65485d7f0e689dcf9bcbd8355248eb6f6196f74ab1d6af3f12
[INFO] running `Command { std: "docker" "start" "ce74314d1b614b65485d7f0e689dcf9bcbd8355248eb6f6196f74ab1d6af3f12", kill_on_drop: false }`
[INFO] running `Command { std: "docker" "inspect" "ce74314d1b614b65485d7f0e689dcf9bcbd8355248eb6f6196f74ab1d6af3f12", kill_on_drop: false }`
[INFO] running `Command { std: "docker" "exec" "-e" "SOURCE_DIR=/opt/rustwide/workdir" "-e" "CARGO_HOME=/opt/rustwide/cargo-home" "-e" "RUSTUP_HOME=/opt/rustwide/rustup-home" "-e" "CARGO_TARGET_DIR=/opt/rustwide/target" "-w" "/opt/rustwide/workdir" "--user" "0:0" "ce74314d1b614b65485d7f0e689dcf9bcbd8355248eb6f6196f74ab1d6af3f12" "/opt/rustwide/cargo-home/bin/cargo" "+3154cc1a3e6424e44f438a95007d043ed5ceaaf6" "metadata" "--no-deps" "--format-version=1", kill_on_drop: false }`
[INFO] running `Command { std: "docker" "inspect" "ce74314d1b614b65485d7f0e689dcf9bcbd8355248eb6f6196f74ab1d6af3f12", kill_on_drop: false }`
[INFO] running `Command { std: "docker" "exec" "-e" "SOURCE_DIR=/opt/rustwide/workdir" "-e" "CARGO_HOME=/opt/rustwide/cargo-home" "-e" "RUSTUP_HOME=/opt/rustwide/rustup-home" "-e" "CARGO_TARGET_DIR=/opt/rustwide/target" "-e" "CARGO_INCREMENTAL=0" "-e" "RUST_BACKTRACE=full" "-e" "RUSTFLAGS=--cap-lints=forbid" "-e" "RUSTDOCFLAGS=--cap-lints=forbid" "-w" "/opt/rustwide/workdir" "--user" "0:0" "ce74314d1b614b65485d7f0e689dcf9bcbd8355248eb6f6196f74ab1d6af3f12" "/opt/rustwide/cargo-home/bin/cargo" "+3154cc1a3e6424e44f438a95007d043ed5ceaaf6" "check" "--frozen" "--all" "--all-targets" "--message-format=json", kill_on_drop: false }`
[INFO] [stderr]    Compiling proc-macro2 v1.0.107
[INFO] [stderr]    Compiling libc v0.2.190
[INFO] [stderr]    Compiling find-msvc-tools v0.1.14
[INFO] [stderr]     Checking smallvec v1.16.3
[INFO] [stderr]     Checking futures-channel v0.3.34
[INFO] [stderr]    Compiling serde_json v1.0.152
[INFO] [stderr]    Compiling zerocopy v0.8.62
[INFO] [stderr]     Checking deranged v0.5.8
[INFO] [stderr]     Checking powerfmt v0.2.1
[INFO] [stderr]     Checking regex-automata v0.4.18
[INFO] [stderr]    Compiling syn v1.0.109
[INFO] [stderr]     Checking digest v0.10.7
[INFO] [stderr]    Compiling quote v1.0.47
[INFO] [stderr]     Checking num-integer v0.1.47
[INFO] [stderr]    Compiling syn v3.0.7
[INFO] [stderr]    Compiling syn v2.0.119
[INFO] [stderr]     Checking time v0.3.55
[INFO] [stderr]     Checking errno v0.3.14
[INFO] [stderr]    Compiling jobserver v0.1.35
[INFO] [stderr]     Checking signal-hook-registry v1.4.8
[INFO] [stderr]     Checking parking_lot_core v0.9.12
[INFO] [stderr]    Compiling cc v1.7.0
[INFO] [stderr]     Checking parking_lot v0.12.5
[INFO] [stderr]     Checking getrandom v0.2.17
[INFO] [stderr]     Checking mio v1.2.4
[INFO] [stderr]     Checking socket2 v0.6.5
[INFO] [stderr]     Checking getrandom v0.4.3
[INFO] [stderr]     Checking num-bigint v0.4.8
[INFO] [stderr]     Checking rand_core v0.6.4
[INFO] [stderr]    Compiling rust_decimal v1.43.0
[INFO] [stderr]    Compiling thiserror v2.0.21
[INFO] [stderr]     Checking getrandom v0.3.4
[INFO] [stderr]     Checking uuid v1.28.0
[INFO] [stderr]    Compiling ring v0.17.14
[INFO] [stderr]    Compiling psm v0.1.24
[INFO] [stderr]    Compiling stacker v0.1.25
[INFO] [stderr]     Checking bigdecimal v0.3.1
[INFO] [stderr]    Compiling siphasher v1.0.4
[INFO] [stderr]     Checking lazy_static v1.5.1
[INFO] [stderr]     Checking regex v1.13.1
[INFO] [stderr]     Checking tinyvec v1.13.3
[INFO] [stderr]    Compiling phf_shared v0.11.3
[INFO] [stderr]    Compiling rustls v0.21.12
[INFO] [stderr]    Compiling rand v0.8.8
[INFO] [stderr]     Checking sha2 v0.10.9
[INFO] [stderr]    Compiling zstd-sys v2.1.1+zstd.1.5.7
[INFO] [stderr]     Checking unicode-normalization v0.1.25
[INFO] [stderr]     Checking base64 v0.21.7
[INFO] [stderr]     Checking crc-catalog v2.5.0
[INFO] [stderr]     Checking unicode_categories v0.1.1
[INFO] [stderr]     Checking sqlformat v0.2.6
[INFO] [stderr]     Checking crc v3.4.0
[INFO] [stderr]     Checking rustls-pemfile v1.0.4
[INFO] [stderr]    Compiling libsqlite3-sys v0.27.0
[INFO] [stderr]    Compiling darling_core v0.20.11
[INFO] [stderr]    Compiling phf_generator v0.11.3
[INFO] [stderr]     Checking ppv-lite86 v0.2.21
[INFO] [stderr]     Checking ahash v0.8.12
[INFO] [stderr]     Checking hashbrown v0.14.5
[INFO] [stderr]     Checking rand_chacha v0.3.1
[INFO] [stderr]    Compiling synstructure v0.14.0
[INFO] [stderr]     Checking hashlink v0.8.4
[INFO] [stderr]    Compiling proc-macro-error-attr v1.0.4
[INFO] [stderr]    Compiling tracing-attributes v0.1.31
[INFO] [stderr]    Compiling thiserror-impl v1.0.69
[INFO] [stderr]     Checking futures-intrusive v0.5.0
[INFO] [stderr]     Checking crossbeam-queue v0.3.14
[INFO] [stderr]     Checking atoi v2.0.0
[INFO] [stderr]    Compiling serde_derive v1.0.229
[INFO] [stderr]    Compiling zerofrom-derive v0.1.8
[INFO] [stderr]    Compiling yoke-derive v0.8.4
[INFO] [stderr]    Compiling futures-macro v0.3.34
[INFO] [stderr]    Compiling tokio-macros v2.7.2
[INFO] [stderr]    Compiling zerovec-derive v0.11.6
[INFO] [stderr]     Checking tokio v1.53.2
[INFO] [stderr]     Checking zerofrom v0.1.8
[INFO] [stderr]     Checking futures-util v0.3.34
[INFO] [stderr]    Compiling displaydoc v0.2.7
[INFO] [stderr]     Checking yoke v0.8.3
[INFO] [stderr]     Checking tracing v0.1.44
[INFO] [stderr]     Checking zerovec v0.11.8
[INFO] [stderr]     Checking thiserror v1.0.69
[INFO] [stderr]    Compiling thiserror-impl v2.0.21
[INFO] [stderr]     Checking zerotrie v0.2.5
[INFO] [stderr]    Compiling async-trait v0.1.92
[INFO] [stderr]     Checking tinystr v0.8.4
[INFO] [stderr]     Checking icu_locale_core v2.3.0
[INFO] [stderr]     Checking potential_utf v0.1.6
[INFO] [stderr]     Checking icu_collections v2.3.0
[INFO] [stderr]     Checking rustls-webpki v0.101.7
[INFO] [stderr]     Checking sct v0.7.1
[INFO] [stderr]    Compiling darling_macro v0.20.11
[INFO] [stderr]     Checking serde v1.0.229
[INFO] [stderr]     Checking icu_provider v2.3.1
[INFO] [stderr]    Compiling darling v0.20.11
[INFO] [stderr]    Compiling crossbeam-epoch v0.9.21
[INFO] [stderr]     Checking byteorder v1.5.0
[INFO] [stderr]     Checking webpki-roots v0.25.4
[INFO] [stderr]     Checking icu_normalizer v2.3.0
[INFO] [stderr]     Checking icu_properties v2.3.0
[INFO] [stderr]    Compiling pest v2.9.3
[INFO] [stderr]     Checking chrono v0.4.45
[INFO] [stderr]     Checking either v1.19.0
[INFO] [stderr]     Checking futures-executor v0.3.34
[INFO] [stderr]    Compiling sea-query-derive v0.4.3
[INFO] [stderr]    Compiling inherent v1.0.14
[INFO] [stderr]    Compiling proc-macro-error v1.0.4
[INFO] [stderr]    Compiling phf_codegen v0.11.3
[INFO] [stderr]    Compiling phf v0.11.3
[INFO] [stderr]    Compiling derivative v2.2.0
[INFO] [stderr]    Compiling parse-zoneinfo v0.3.1
[INFO] [stderr]     Checking hmac v0.12.1
[INFO] [stderr]     Checking ordered-float v3.9.2
[INFO] [stderr]     Checking idna_adapter v1.2.2
[INFO] [stderr]     Checking idna v1.1.0
[INFO] [stderr]     Checking zeroize v1.9.1
[INFO] [stderr]     Checking unicode-properties v0.1.4
[INFO] [stderr]    Compiling crossbeam-deque v0.8.8
[INFO] [stderr]     Checking url v2.5.8
[INFO] [stderr]     Checking dotenvy v0.15.7
[INFO] [stderr]    Compiling crc32fast v1.5.2
[INFO] [stderr]    Compiling zstd-safe v8.1.0
[INFO] [stderr]    Compiling chrono-tz-build v0.3.0
[INFO] [stderr]     Checking stringprep v0.1.5
[INFO] [stderr]     Checking rustls-pki-types v1.15.1
[INFO] [stderr]    Compiling signal-hook v0.3.18
[INFO] [stderr]     Checking hkdf v0.12.4
[INFO] [stderr]    Compiling pest_meta v2.9.3
[INFO] [stderr]     Checking futures v0.3.34
[INFO] [stderr]     Checking flume v0.11.1
[INFO] [stderr]     Checking md-5 v0.10.6
[INFO] [stderr]     Checking thread_local v1.1.10
[INFO] [stderr]     Checking bstr v1.13.1
[INFO] [stderr]     Checking whoami v1.6.1
[INFO] [stderr]     Checking tokio-stream v0.1.19
[INFO] [stderr]    Compiling signal-hook v0.4.5
[INFO] [stderr]    Compiling rustix v1.1.5
[INFO] [stderr]     Checking home v0.5.12
[INFO] [stderr]     Checking simd-adler32 v0.3.10
[INFO] [stderr]     Checking globset v0.4.20
[INFO] [stderr]     Checking miniz_oxide v0.9.1
[INFO] [stderr]     Checking sea-query v0.30.7
[INFO] [stderr]     Checking sqlx-core v0.7.4
[INFO] [stderr]     Checking tokio-util v0.7.20
[INFO] [stderr]    Compiling pest_generator v2.9.3
[INFO] [stderr]    Compiling chrono-tz v0.9.0
[INFO] [stderr]     Checking tracing-serde v0.2.0
[INFO] [stderr]     Checking http-body-util v0.1.5
[INFO] [stderr]     Checking sharded-slab v0.1.7
[INFO] [stderr]    Compiling encoding_rs v0.8.42
[INFO] [stderr]    Compiling slog v2.8.2
[INFO] [stderr]     Checking matchers v0.2.0
[INFO] [stderr]     Checking mio v0.8.11
[INFO] [stderr]     Checking tracing-log v0.2.0
[INFO] [stderr]    Compiling rustls v0.23.45
[INFO] [stderr]     Checking clap_lex v1.1.1
[INFO] [stderr]    Compiling unicase v2.10.0
[INFO] [stderr]    Compiling pest_derive v2.9.3
[INFO] [stderr]     Checking clap_builder v4.6.7
[INFO] [stderr]    Compiling mime_guess v2.0.5
[INFO] [stderr]     Checking signal-hook-mio v0.2.5
[INFO] [stderr]     Checking hyper v1.12.0
[INFO] [stderr]     Checking tracing-subscriber v0.3.23
[INFO] [stderr]    Compiling clap_derive v4.6.7
[INFO] [stderr]     Checking zstd v0.14.2
[INFO] [stderr]     Checking flate2 v1.1.10
[INFO] [stderr]     Checking sqlx-postgres v0.7.4
[INFO] [stderr]     Checking brotli v9.0.0
[INFO] [stderr]     Checking ignore v0.4.33
[INFO] [stdout] error[E0277]: the trait bound `!: sqlx_core::io::Decode<'_>` is not satisfied
[INFO] [stdout]   --> /opt/rustwide/cargo-home/registry/src/index.crates.io-1949cf8c6b5b557f/sqlx-postgres-0.7.4/src/connection/executor.rs:66:13
[INFO] [stdout]    |
[INFO] [stdout] 66 |       let _ = conn
[INFO] [stdout]    |  _____________^
[INFO] [stdout] 67 | |         .stream
[INFO] [stdout] 68 | |         .recv_expect(MessageFormat::ParseComplete)
[INFO] [stdout]    | |__________________________________________________^ the trait `sqlx_core::io::Decode<'_>` is not implemented for `!`
[INFO] [stdout]    |
[INFO] [stdout]    = help: the following other types implement trait `sqlx_core::io::Decode<'de, Context>`:
[INFO] [stdout]              ()
[INFO] [stdout]              Authentication
[INFO] [stdout]              AuthenticationSaslContinue
[INFO] [stdout]              AuthenticationSaslFinal
[INFO] [stdout]              BackendKeyData
[INFO] [stdout]              CommandComplete
[INFO] [stdout]              CopyData<sqlx_core::bytes::Bytes>
[INFO] [stdout]              CopyDone
[INFO] [stdout]            and 10 others
[INFO] [stdout]    = note: this error might have been caused by changes to Rust's type-inference algorithm (see issue #148922 <https://github.com/rust-lang/rust/issues/148922> for more information)
[INFO] [stdout]    = help: you might have intended to use the type `()` here instead
[INFO] [stdout] note: required by a bound in `PgStream::recv_expect`
[INFO] [stdout]   --> /opt/rustwide/cargo-home/registry/src/index.crates.io-1949cf8c6b5b557f/sqlx-postgres-0.7.4/src/connection/stream.rs:68:45
[INFO] [stdout]    |
[INFO] [stdout] 41 | impl PgStream {
[INFO] [stdout] ...
[INFO] [stdout] 68 |     pub(crate) async fn recv_expect<'de, T: Decode<'de>>(
[INFO] [stdout]    |                                             ^^^^^^^^^^^ required by this bound in `PgStream::recv_expect`
[INFO] [stdout] 
[INFO] [stdout] 
[INFO] [stdout] error[E0277]: the trait bound `!: sqlx_core::io::Decode<'_>` is not satisfied
[INFO] [stdout]    --> /opt/rustwide/cargo-home/registry/src/index.crates.io-1949cf8c6b5b557f/sqlx-postgres-0.7.4/src/copy.rs:279:25
[INFO] [stdout]     |
[INFO] [stdout] 279 | /                         conn.stream
[INFO] [stdout] 280 | |                             .recv_expect(MessageFormat::ReadyForQuery)
[INFO] [stdout]     | |______________________________________________________________________^ the trait `sqlx_core::io::Decode<'_>` is not implemented for `!`
[INFO] [stdout]     |
[INFO] [stdout]     = help: the following other types implement trait `sqlx_core::io::Decode<'de, Context>`:
[INFO] [stdout]               ()
[INFO] [stdout]               Authentication
[INFO] [stdout]               AuthenticationSaslContinue
[INFO] [stdout]               AuthenticationSaslFinal
[INFO] [stdout]               BackendKeyData
[INFO] [stdout]               CommandComplete
[INFO] [stdout]               CopyData<sqlx_core::bytes::Bytes>
[INFO] [stdout]               CopyDone
[INFO] [stdout]             and 10 others
[INFO] [stdout]     = note: this error might have been caused by changes to Rust's type-inference algorithm (see issue #148922 <https://github.com/rust-lang/rust/issues/148922> for more information)
[INFO] [stdout]     = help: you might have intended to use the type `()` here instead
[INFO] [stdout] note: required by a bound in `PgStream::recv_expect`
[INFO] [stdout]    --> /opt/rustwide/cargo-home/registry/src/index.crates.io-1949cf8c6b5b557f/sqlx-postgres-0.7.4/src/connection/stream.rs:68:45
[INFO] [stdout]     |
[INFO] [stdout]  41 | impl PgStream {
[INFO] [stdout] ...
[INFO] [stdout]  68 |     pub(crate) async fn recv_expect<'de, T: Decode<'de>>(
[INFO] [stdout]     |                                             ^^^^^^^^^^^ required by this bound in `PgStream::recv_expect`
[INFO] [stdout] 
[INFO] [stdout] 
[INFO] [stderr]     Checking rustls-webpki v0.103.15
[INFO] [stdout] error[E0277]: the trait bound `!: sqlx_core::io::Decode<'_>` is not satisfied
[INFO] [stdout]    --> /opt/rustwide/cargo-home/registry/src/index.crates.io-1949cf8c6b5b557f/sqlx-postgres-0.7.4/src/copy.rs:313:9
[INFO] [stdout]     |
[INFO] [stdout] 313 | /         conn.stream
[INFO] [stdout] 314 | |             .recv_expect(MessageFormat::ReadyForQuery)
[INFO] [stdout]     | |______________________________________________________^ the trait `sqlx_core::io::Decode<'_>` is not implemented for `!`
[INFO] [stdout]     |
[INFO] [stdout]     = help: the following other types implement trait `sqlx_core::io::Decode<'de, Context>`:
[INFO] [stdout]               ()
[INFO] [stdout]               Authentication
[INFO] [stdout]               AuthenticationSaslContinue
[INFO] [stdout]               AuthenticationSaslFinal
[INFO] [stdout]               BackendKeyData
[INFO] [stdout]               CommandComplete
[INFO] [stdout]               CopyData<sqlx_core::bytes::Bytes>
[INFO] [stdout]               CopyDone
[INFO] [stdout]             and 10 others
[INFO] [stdout]     = note: this error might have been caused by changes to Rust's type-inference algorithm (see issue #148922 <https://github.com/rust-lang/rust/issues/148922> for more information)
[INFO] [stdout]     = help: you might have intended to use the type `()` here instead
[INFO] [stdout] note: required by a bound in `PgStream::recv_expect`
[INFO] [stdout]    --> /opt/rustwide/cargo-home/registry/src/index.crates.io-1949cf8c6b5b557f/sqlx-postgres-0.7.4/src/connection/stream.rs:68:45
[INFO] [stdout]     |
[INFO] [stdout]  41 | impl PgStream {
[INFO] [stdout] ...
[INFO] [stdout]  68 |     pub(crate) async fn recv_expect<'de, T: Decode<'de>>(
[INFO] [stdout]     |                                             ^^^^^^^^^^^ required by this bound in `PgStream::recv_expect`
[INFO] [stdout] 
[INFO] [stdout] 
[INFO] [stderr]    Compiling ouroboros_macro v0.17.2
[INFO] [stdout] error[E0277]: the trait bound `!: sqlx_core::io::Decode<'_>` is not satisfied
[INFO] [stdout]    --> /opt/rustwide/cargo-home/registry/src/index.crates.io-1949cf8c6b5b557f/sqlx-postgres-0.7.4/src/copy.rs:350:21
[INFO] [stdout]     |
[INFO] [stdout] 350 |                     conn.stream.recv_expect(MessageFormat::CommandComplete).await?;
[INFO] [stdout]     |                     ^^^^^^^^^^^^^^^^^^^^^^^^^^^^^^^^^^^^^^^^^^^^^^^^^^^^^^^ the trait `sqlx_core::io::Decode<'_>` is not implemented for `!`
[INFO] [stdout]     |
[INFO] [stdout]     = help: the following other types implement trait `sqlx_core::io::Decode<'de, Context>`:
[INFO] [stdout]               ()
[INFO] [stdout]               Authentication
[INFO] [stdout]               AuthenticationSaslContinue
[INFO] [stdout]               AuthenticationSaslFinal
[INFO] [stdout]               BackendKeyData
[INFO] [stdout]               CommandComplete
[INFO] [stdout]               CopyData<sqlx_core::bytes::Bytes>
[INFO] [stdout]               CopyDone
[INFO] [stdout]             and 10 others
[INFO] [stdout]     = note: this error might have been caused by changes to Rust's type-inference algorithm (see issue #148922 <https://github.com/rust-lang/rust/issues/148922> for more information)
[INFO] [stdout]     = help: you might have intended to use the type `()` here instead
[INFO] [stdout] note: required by a bound in `PgStream::recv_expect`
[INFO] [stdout]    --> /opt/rustwide/cargo-home/registry/src/index.crates.io-1949cf8c6b5b557f/sqlx-postgres-0.7.4/src/connection/stream.rs:68:45
[INFO] [stdout]     |
[INFO] [stdout]  41 | impl PgStream {
[INFO] [stdout] ...
[INFO] [stdout]  68 |     pub(crate) async fn recv_expect<'de, T: Decode<'de>>(
[INFO] [stdout]     |                                             ^^^^^^^^^^^ required by this bound in `PgStream::recv_expect`
[INFO] [stdout] 
[INFO] [stdout] 
[INFO] [stdout] error[E0277]: the trait bound `!: sqlx_core::io::Decode<'_>` is not satisfied
[INFO] [stdout]    --> /opt/rustwide/cargo-home/registry/src/index.crates.io-1949cf8c6b5b557f/sqlx-postgres-0.7.4/src/copy.rs:351:21
[INFO] [stdout]     |
[INFO] [stdout] 351 |                     conn.stream.recv_expect(MessageFormat::ReadyForQuery).await?;
[INFO] [stdout]     |                     ^^^^^^^^^^^^^^^^^^^^^^^^^^^^^^^^^^^^^^^^^^^^^^^^^^^^^ the trait `sqlx_core::io::Decode<'_>` is not implemented for `!`
[INFO] [stdout]     |
[INFO] [stdout]     = help: the following other types implement trait `sqlx_core::io::Decode<'de, Context>`:
[INFO] [stdout]               ()
[INFO] [stdout]               Authentication
[INFO] [stdout]               AuthenticationSaslContinue
[INFO] [stdout]               AuthenticationSaslFinal
[INFO] [stdout]               BackendKeyData
[INFO] [stdout]               CommandComplete
[INFO] [stdout]               CopyData<sqlx_core::bytes::Bytes>
[INFO] [stdout]               CopyDone
[INFO] [stdout]             and 10 others
[INFO] [stdout]     = note: this error might have been caused by changes to Rust's type-inference algorithm (see issue #148922 <https://github.com/rust-lang/rust/issues/148922> for more information)
[INFO] [stdout]     = help: you might have intended to use the type `()` here instead
[INFO] [stdout] note: required by a bound in `PgStream::recv_expect`
[INFO] [stdout]    --> /opt/rustwide/cargo-home/registry/src/index.crates.io-1949cf8c6b5b557f/sqlx-postgres-0.7.4/src/connection/stream.rs:68:45
[INFO] [stdout]     |
[INFO] [stdout]  41 | impl PgStream {
[INFO] [stdout] ...
[INFO] [stdout]  68 |     pub(crate) async fn recv_expect<'de, T: Decode<'de>>(
[INFO] [stdout]     |                                             ^^^^^^^^^^^ required by this bound in `PgStream::recv_expect`
[INFO] [stdout] 
[INFO] [stdout] 
[INFO] [stderr]     Checking erased-serde v0.3.31
[INFO] [stderr]    Compiling async-stream-impl v0.3.6
[INFO] [stderr]    Compiling sea-bae v0.2.2
[INFO] [stderr]    Compiling sea-schema-derive v0.2.0
[INFO] [stderr]     Checking os_pipe v1.2.3
[INFO] [stderr]    Compiling fs-err v2.11.0
[INFO] [stderr]    Compiling cookie v0.18.2
[INFO] [stderr]     Checking smawk v0.3.3
[INFO] [stderr]     Checking unicode-linebreak v0.1.5
[INFO] [stderr]     Checking unicode-width v0.1.14
[INFO] [stderr]     Checking compression-core v0.4.33
[INFO] [stderr]    Compiling multiversion_no_op v1.0.0
[INFO] [stderr]     Checking aliasable v0.1.3
[INFO] [stderr]     Checking deunicode v1.6.2
[INFO] [stderr]     Checking core_detect v1.0.0
[INFO] [stderr]     Checking simdutf8 v0.1.5
[INFO] [stderr]    Compiling camino v1.2.6
[INFO] [stderr]     Checking textwrap v0.15.2
[INFO] [stderr]     Checking slug v0.1.6
[INFO] [stderr]     Checking crossterm v0.25.0
[INFO] [stderr]     Checking sea-schema v0.14.2
[INFO] [stderr]     Checking sigchld v0.2.5
[INFO] [stderr]     Checking ouroboros v0.17.2
[INFO] [stdout] For more information about this error, try `rustc --explain E0277`.
[INFO] [stdout] 
[INFO] [stderr] error: could not compile `sqlx-postgres` (lib) due to 5 previous errors
[INFO] [stderr] warning: build failed, waiting for other jobs to finish...
[INFO] running `Command { std: "docker" "inspect" "ce74314d1b614b65485d7f0e689dcf9bcbd8355248eb6f6196f74ab1d6af3f12", kill_on_drop: false }`
[INFO] running `Command { std: "docker" "rm" "-f" "ce74314d1b614b65485d7f0e689dcf9bcbd8355248eb6f6196f74ab1d6af3f12", kill_on_drop: false }`
[INFO] [stdout] ce74314d1b614b65485d7f0e689dcf9bcbd8355248eb6f6196f74ab1d6af3f12
