[INFO] fetching crate laddu-likelihood 0.25.0...
[INFO] checking laddu-likelihood-0.25.0 against 3154cc1a3e6424e44f438a95007d043ed5ceaaf6 for pr-133502-30
[INFO] extracting crate laddu-likelihood 0.25.0 into /workspace/builds/worker-6-tc2/source
[INFO] started tweaking crates.io crate laddu-likelihood 0.25.0
[INFO] finished tweaking crates.io crate laddu-likelihood 0.25.0
[INFO] tweaked toml for crates.io crate laddu-likelihood 0.25.0 written to /workspace/builds/worker-6-tc2/source/Cargo.toml
[INFO] validating manifest of crates.io crate laddu-likelihood 0.25.0 on toolchain 3154cc1a3e6424e44f438a95007d043ed5ceaaf6
[INFO] running `Command { std: CARGO_HOME="/workspace/cargo-home" RUSTUP_HOME="/workspace/rustup-home" "/workspace/cargo-home/bin/cargo" "+3154cc1a3e6424e44f438a95007d043ed5ceaaf6" "metadata" "--manifest-path" "Cargo.toml" "--no-deps", kill_on_drop: false }`
[INFO] crate crates.io crate laddu-likelihood 0.25.0 already has a lockfile, it will not be regenerated
[INFO] running `Command { std: CARGO_HOME="/workspace/cargo-home" RUSTUP_HOME="/workspace/rustup-home" "/workspace/cargo-home/bin/cargo" "+3154cc1a3e6424e44f438a95007d043ed5ceaaf6" "fetch" "--manifest-path" "Cargo.toml", kill_on_drop: false }`
[INFO] [stderr] warning: `package.homepage` is redundant with `package.repository`
[INFO] [stderr]   --> Cargo.toml:60:12
[INFO] [stderr]    |
[INFO] [stderr] 60 | homepage = "https://github.com/denehoffman/laddu"
[INFO] [stderr]    |            ^^^^^^^^^^^^^^^^^^^^^^^^^^^^^^^^^^^^^^
[INFO] [stderr] ...
[INFO] [stderr] 64 | repository = "https://github.com/denehoffman/laddu"
[INFO] [stderr]    |              --------------------------------------
[INFO] [stderr]    |
[INFO] [stderr]    = note: `cargo::redundant_homepage` is set to `warn` by default
[INFO] [stderr] help: consider removing `package.homepage`
[INFO] [stderr] warning: `laddu-likelihood` (manifest) generated 1 warning
[INFO] running `Command { std: "docker" "create" "-v" "/var/lib/crater-agent-workspace/builds/worker-6-tc2/source:/opt/rustwide/workdir:ro,Z" "-v" "/var/lib/crater-agent-workspace/builds/worker-6-tc2/target:/opt/rustwide/target:rw,Z" "-v" "/var/lib/crater-agent-workspace/cargo-home:/opt/rustwide/cargo-home:ro,Z" "-v" "/var/lib/crater-agent-workspace/rustup-home:/opt/rustwide/rustup-home:ro,Z" "-m" "1610612736" "--network" "none" "ghcr.io/rust-lang/crates-build-env/linux@sha256:77db811e55d90add9212f6832c23229e3de5f1c1f9905e8cb07319ea15df73ac" "sleep" "infinity", kill_on_drop: false }`
[INFO] [stdout] ef69ed93f1951ec9c87404c09eea700fefb4e476917a313b95d04e6b0fa392c1
[INFO] running `Command { std: "docker" "start" "ef69ed93f1951ec9c87404c09eea700fefb4e476917a313b95d04e6b0fa392c1", kill_on_drop: false }`
[INFO] running `Command { std: "docker" "inspect" "ef69ed93f1951ec9c87404c09eea700fefb4e476917a313b95d04e6b0fa392c1", kill_on_drop: false }`
[INFO] running `Command { std: "docker" "exec" "-e" "SOURCE_DIR=/opt/rustwide/workdir" "-e" "CARGO_HOME=/opt/rustwide/cargo-home" "-e" "RUSTUP_HOME=/opt/rustwide/rustup-home" "-e" "CARGO_TARGET_DIR=/opt/rustwide/target" "-w" "/opt/rustwide/workdir" "--user" "0:0" "ef69ed93f1951ec9c87404c09eea700fefb4e476917a313b95d04e6b0fa392c1" "/opt/rustwide/cargo-home/bin/cargo" "+3154cc1a3e6424e44f438a95007d043ed5ceaaf6" "metadata" "--no-deps" "--format-version=1", kill_on_drop: false }`
[INFO] running `Command { std: "docker" "inspect" "ef69ed93f1951ec9c87404c09eea700fefb4e476917a313b95d04e6b0fa392c1", kill_on_drop: false }`
[INFO] running `Command { std: "docker" "exec" "-e" "SOURCE_DIR=/opt/rustwide/workdir" "-e" "CARGO_HOME=/opt/rustwide/cargo-home" "-e" "RUSTUP_HOME=/opt/rustwide/rustup-home" "-e" "CARGO_TARGET_DIR=/opt/rustwide/target" "-e" "CARGO_INCREMENTAL=0" "-e" "RUST_BACKTRACE=full" "-e" "RUSTFLAGS=--cap-lints=forbid" "-e" "RUSTDOCFLAGS=--cap-lints=forbid" "-w" "/opt/rustwide/workdir" "--user" "0:0" "ef69ed93f1951ec9c87404c09eea700fefb4e476917a313b95d04e6b0fa392c1" "/opt/rustwide/cargo-home/bin/cargo" "+3154cc1a3e6424e44f438a95007d043ed5ceaaf6" "check" "--frozen" "--all" "--all-targets" "--message-format=json", kill_on_drop: false }`
[INFO] [stderr] warning: `package.homepage` is redundant with `package.repository`
[INFO] [stderr]   --> Cargo.toml:60:12
[INFO] [stderr]    |
[INFO] [stderr] 60 | homepage = "https://github.com/denehoffman/laddu"
[INFO] [stderr]    |            ^^^^^^^^^^^^^^^^^^^^^^^^^^^^^^^^^^^^^^
[INFO] [stderr] ...
[INFO] [stderr] 64 | repository = "https://github.com/denehoffman/laddu"
[INFO] [stderr]    |              --------------------------------------
[INFO] [stderr]    |
[INFO] [stderr]    = note: `cargo::redundant_homepage` is set to `warn` by default
[INFO] [stderr] help: consider removing `package.homepage`
[INFO] [stderr] warning: `laddu-likelihood` (manifest) generated 1 warning
[INFO] [stderr]    Compiling serde_core v1.0.229
[INFO] [stderr]    Compiling zerocopy v0.8.59
[INFO] [stderr]    Compiling ahash v0.8.12
[INFO] [stderr]     Checking arrow-schema v60.0.0
[INFO] [stderr]    Compiling matrixmultiply v0.3.11
[INFO] [stderr]     Checking smallvec v1.16.2
[INFO] [stderr]     Checking lexical-util v1.0.7
[INFO] [stderr]    Compiling syn v3.0.6
[INFO] [stderr]    Compiling syn v2.0.119
[INFO] [stderr]     Checking getrandom v0.3.4
[INFO] [stderr]    Compiling cc v1.5.1
[INFO] [stderr]     Checking chrono v0.4.45
[INFO] [stderr]     Checking num-bigint v0.5.1
[INFO] [stderr]     Checking fastrand-contrib v0.1.0
[INFO] [stderr]    Compiling flatbuffers v25.12.19
[INFO] [stderr]    Compiling crc32fast v1.5.2
[INFO] [stderr]     Checking auto_ops v0.3.0
[INFO] [stderr]     Checking bytemuck v1.25.2
[INFO] [stderr]    Compiling syn v1.0.109
[INFO] [stderr]     Checking atoi v3.1.0
[INFO] [stderr]     Checking alloc-no-stdlib v3.0.0
[INFO] [stderr]     Checking either v1.18.0
[INFO] [stderr]    Compiling zstd-safe v8.0.0
[INFO] [stderr]     Checking safe_arch v1.2.0
[INFO] [stderr]     Checking hamming v0.1.3
[INFO] [stderr]     Checking lexical-write-integer v1.0.6
[INFO] [stderr]     Checking lexical-parse-integer v1.0.6
[INFO] [stderr]     Checking foldhash v0.1.5
[INFO] [stderr]     Checking lexical-write-float v1.0.6
[INFO] [stderr]     Checking primal-bit v0.3.2
[INFO] [stderr]     Checking alloc-stdlib v0.3.0
[INFO] [stderr]     Checking hashbrown v0.15.5
[INFO] [stderr]     Checking lexical-parse-float v1.0.6
[INFO] [stderr]     Checking approx v0.5.1
[INFO] [stderr]     Checking raw-cpuid v11.6.0
[INFO] [stderr]     Checking csv-core v0.1.13
[INFO] [stderr]     Checking simdutf8 v0.1.5
[INFO] [stderr]     Checking zlib-rs v0.6.8
[INFO] [stderr]    Compiling snap v1.1.2
[INFO] [stderr]     Checking primal-estimate v0.3.3
[INFO] [stderr]     Checking brotli-decompressor v6.0.1
[INFO] [stderr]     Checking primal-sieve v0.3.7
[INFO] [stderr]     Checking lexical-core v1.0.6
[INFO] [stderr]     Checking env_logger v0.9.3
[INFO] [stderr]     Checking symbolic_expressions v5.0.3
[INFO] [stderr]     Checking twox-hash v2.1.4
[INFO] [stderr]     Checking wide v1.7.1
[INFO] [stderr]    Compiling base64 v0.13.1
[INFO] [stderr]     Checking factorial v0.4.0
[INFO] [stderr]     Checking lz4_flex v0.14.0
[INFO] [stderr]     Checking rayon v1.12.0
[INFO] [stderr]     Checking itertools v0.12.1
[INFO] [stderr]     Checking maryada v0.2.1
[INFO] [stderr]     Checking sysinfo v0.39.6
[INFO] [stderr]     Checking symbol_table v0.4.0
[INFO] [stderr]     Checking ieee754 v0.2.6
[INFO] [stderr]     Checking downcast v0.11.0
[INFO] [stderr]     Checking uuid v1.26.1
[INFO] [stderr]     Checking glob v0.3.4
[INFO] [stderr]    Compiling zstd-sys v2.1.0+zstd.1.5.7
[INFO] [stderr]    Compiling lzma-sys v0.1.20
[INFO] [stderr]    Compiling lz4-sys v1.11.1+lz4-1.10.0
[INFO] [stderr]     Checking brotli v9.0.0
[INFO] [stderr]     Checking flate2 v1.1.10
[INFO] [stderr]     Checking quanta v0.12.6
[INFO] [stderr]     Checking xz2 v0.1.7
[INFO] [stderr]    Compiling zerocopy-derive v0.8.59
[INFO] [stderr]    Compiling thiserror-impl v1.0.69
[INFO] [stderr]     Checking indexmap v2.14.2
[INFO] [stderr]     Checking serde_json v1.0.151
[INFO] [stderr]    Compiling serde_derive_internals v0.30.0
[INFO] [stderr]     Checking csv v1.4.0
[INFO] [stderr]    Compiling nalgebra-macros v0.3.0
[INFO] [stderr]    Compiling num-derive v0.4.2
[INFO] [stderr]     Checking thiserror v1.0.69
[INFO] [stderr]    Compiling serde_derive v1.0.229
[INFO] [stderr]    Compiling thiserror-impl v2.0.21
[INFO] [stderr]    Compiling ref-cast-impl v1.0.27
[INFO] [stderr]    Compiling embed-doc-image v0.1.4
[INFO] [stderr]    Compiling trait-set v0.3.0
[INFO] [stderr]    Compiling laddu-cas-macros v0.25.0
[INFO] [stderr]     Checking accurate v0.4.1
[INFO] [stderr]    Compiling schemars_derive v1.2.2
[INFO] [stderr]     Checking ref-cast v1.0.27
[INFO] [stderr]     Checking thiserror v2.0.21
[INFO] [stderr]     Checking zstd v0.14.0
[INFO] [stderr]     Checking serde v1.0.229
[INFO] [stderr]     Checking num-complex v0.4.6
[INFO] [stderr]     Checking num-bigint v0.4.8
[INFO] [stderr]     Checking schemars v1.2.2
[INFO] [stderr]     Checking laddu-memory v0.25.0
[INFO] [stderr]     Checking ndarray v0.17.2
[INFO] [stderr]     Checking num-rational v0.4.2
[INFO] [stderr]     Checking egg v0.11.0
[INFO] [stderr]     Checking num v0.4.3
[INFO] [stderr]     Checking laddu-expr v0.25.0
[INFO] [stderr]     Checking simba v0.10.2
[INFO] [stderr]     Checking half v2.7.1
[INFO] [stderr]     Checking laddu-kernel v0.25.0
[INFO] [stderr]     Checking arrow-buffer v60.0.0
[INFO] [stderr]     Checking arrow-data v60.0.0
[INFO] [stderr]     Checking arrow-array v60.0.0
[INFO] [stderr]     Checking sprs v0.11.5
[INFO] [stderr]     Checking arrow-cmp v60.0.0
[INFO] [stderr]     Checking arrow-arith v60.0.0
[INFO] [stderr]     Checking arrow-row v60.0.0
[INFO] [stderr]     Checking arrow-select v60.0.0
[INFO] [stderr]     Checking nalgebra v0.35.0
[INFO] [stderr]     Checking lz4 v1.28.1
[INFO] [stderr]     Checking microlp v0.6.0
[INFO] [stderr]     Checking oxyroot v0.1.25
[INFO] [stderr]     Checking good_lp v1.15.3
[INFO] [stderr]     Checking laddu-compile v0.25.0
[INFO] [stderr]     Checking arrow-ord v60.0.0
[INFO] [stderr]     Checking arrow-ipc v60.0.0
[INFO] [stderr]     Checking arrow-string v60.0.0
[INFO] [stderr]     Checking arrow-cast v60.0.0
[INFO] [stderr]     Checking laddu-autodiff v0.25.0
[INFO] [stderr]     Checking parquet v60.0.0
[INFO] [stderr]     Checking arrow-json v60.0.0
[INFO] [stderr]     Checking arrow-csv v60.0.0
[INFO] [stderr]     Checking arrow v60.0.0
[INFO] [stderr]     Checking laddu-physics v0.25.0
[INFO] [stderr]     Checking laddu-data v0.25.0
[INFO] [stderr]     Checking laddu-runtime v0.25.0
[INFO] [stderr]     Checking laddu-likelihood v0.25.0 (/opt/rustwide/workdir)
[INFO] [stdout] error[E0432]: unresolved import `approx`
[INFO] [stdout]    --> src/fitted_cross_section.rs:468:9
[INFO] [stdout]     |
[INFO] [stdout] 468 |     use approx::assert_relative_eq;
[INFO] [stdout]     |         ^^^^^^ use of unresolved module or unlinked crate `approx`
[INFO] [stdout]     |
[INFO] [stdout]     = help: if you wanted to use a crate named `approx`, use `cargo add approx` to add it to your `Cargo.toml`
[INFO] [stdout] 
[INFO] [stdout] 
[INFO] [stdout] error[E0432]: unresolved import `approx`
[INFO] [stdout]     --> src/likelihood.rs:2531:9
[INFO] [stdout]      |
[INFO] [stdout] 2531 |     use approx::assert_relative_eq;
[INFO] [stdout]      |         ^^^^^^ use of unresolved module or unlinked crate `approx`
[INFO] [stdout]      |
[INFO] [stdout]      = help: if you wanted to use a crate named `approx`, use `cargo add approx` to add it to your `Cargo.toml`
[INFO] [stdout] 
[INFO] [stdout] 
[INFO] [stdout] error[E0432]: unresolved import `approx`
[INFO] [stdout]    --> src/yield_context.rs:547:9
[INFO] [stdout]     |
[INFO] [stdout] 547 |     use approx::assert_relative_eq;
[INFO] [stdout]     |         ^^^^^^ use of unresolved module or unlinked crate `approx`
[INFO] [stdout]     |
[INFO] [stdout]     = help: if you wanted to use a crate named `approx`, use `cargo add approx` to add it to your `Cargo.toml`
[INFO] [stdout] 
[INFO] [stdout] 
[INFO] [stdout] error[E0432]: unresolved import `approx`
[INFO] [stdout]     --> src/yield_projection.rs:1399:9
[INFO] [stdout]      |
[INFO] [stdout] 1399 |     use approx::assert_relative_eq;
[INFO] [stdout]      |         ^^^^^^ use of unresolved module or unlinked crate `approx`
[INFO] [stdout]      |
[INFO] [stdout]      = help: if you wanted to use a crate named `approx`, use `cargo add approx` to add it to your `Cargo.toml`
[INFO] [stdout] 
[INFO] [stdout] 
[INFO] [stdout] For more information about this error, try `rustc --explain E0432`.
[INFO] [stdout] 
[INFO] [stderr] error: could not compile `laddu-likelihood` (lib test) due to 4 previous errors
[INFO] running `Command { std: "docker" "inspect" "ef69ed93f1951ec9c87404c09eea700fefb4e476917a313b95d04e6b0fa392c1", kill_on_drop: false }`
[INFO] running `Command { std: "docker" "rm" "-f" "ef69ed93f1951ec9c87404c09eea700fefb4e476917a313b95d04e6b0fa392c1", kill_on_drop: false }`
[INFO] [stdout] ef69ed93f1951ec9c87404c09eea700fefb4e476917a313b95d04e6b0fa392c1
