[INFO] fetching crate l2s1-llama-sys 0.2.3...
[INFO] checking l2s1-llama-sys-0.2.3 against 3154cc1a3e6424e44f438a95007d043ed5ceaaf6 for pr-133502-30
[INFO] extracting crate l2s1-llama-sys 0.2.3 into /workspace/builds/worker-2-tc2/source
[INFO] started tweaking crates.io crate l2s1-llama-sys 0.2.3
[INFO] removed 0 missing tests
[INFO] finished tweaking crates.io crate l2s1-llama-sys 0.2.3
[INFO] tweaked toml for crates.io crate l2s1-llama-sys 0.2.3 written to /workspace/builds/worker-2-tc2/source/Cargo.toml
[INFO] validating manifest of crates.io crate l2s1-llama-sys 0.2.3 on toolchain 3154cc1a3e6424e44f438a95007d043ed5ceaaf6
[INFO] running `Command { std: CARGO_HOME="/workspace/cargo-home" RUSTUP_HOME="/workspace/rustup-home" "/workspace/cargo-home/bin/cargo" "+3154cc1a3e6424e44f438a95007d043ed5ceaaf6" "metadata" "--manifest-path" "Cargo.toml" "--no-deps", kill_on_drop: false }`
[INFO] crate crates.io crate l2s1-llama-sys 0.2.3 already has a lockfile, it will not be regenerated
[INFO] running `Command { std: CARGO_HOME="/workspace/cargo-home" RUSTUP_HOME="/workspace/rustup-home" "/workspace/cargo-home/bin/cargo" "+3154cc1a3e6424e44f438a95007d043ed5ceaaf6" "fetch" "--manifest-path" "Cargo.toml", kill_on_drop: false }`
[INFO] running `Command { std: "docker" "create" "-v" "/var/lib/crater-agent-workspace/builds/worker-2-tc2/source:/opt/rustwide/workdir:ro,Z" "-v" "/var/lib/crater-agent-workspace/builds/worker-2-tc2/target:/opt/rustwide/target:rw,Z" "-v" "/var/lib/crater-agent-workspace/cargo-home:/opt/rustwide/cargo-home:ro,Z" "-v" "/var/lib/crater-agent-workspace/rustup-home:/opt/rustwide/rustup-home:ro,Z" "-m" "1610612736" "--network" "none" "ghcr.io/rust-lang/crates-build-env/linux@sha256:77db811e55d90add9212f6832c23229e3de5f1c1f9905e8cb07319ea15df73ac" "sleep" "infinity", kill_on_drop: false }`
[INFO] [stdout] 44af1296fc8314c4e140837ca8009fe5be84cf7c89b49291af0c43a4aa67aa48
[INFO] running `Command { std: "docker" "start" "44af1296fc8314c4e140837ca8009fe5be84cf7c89b49291af0c43a4aa67aa48", kill_on_drop: false }`
[INFO] running `Command { std: "docker" "inspect" "44af1296fc8314c4e140837ca8009fe5be84cf7c89b49291af0c43a4aa67aa48", kill_on_drop: false }`
[INFO] running `Command { std: "docker" "exec" "-e" "SOURCE_DIR=/opt/rustwide/workdir" "-e" "CARGO_HOME=/opt/rustwide/cargo-home" "-e" "RUSTUP_HOME=/opt/rustwide/rustup-home" "-e" "CARGO_TARGET_DIR=/opt/rustwide/target" "-w" "/opt/rustwide/workdir" "--user" "0:0" "44af1296fc8314c4e140837ca8009fe5be84cf7c89b49291af0c43a4aa67aa48" "/opt/rustwide/cargo-home/bin/cargo" "+3154cc1a3e6424e44f438a95007d043ed5ceaaf6" "metadata" "--no-deps" "--format-version=1", kill_on_drop: false }`
[INFO] running `Command { std: "docker" "inspect" "44af1296fc8314c4e140837ca8009fe5be84cf7c89b49291af0c43a4aa67aa48", kill_on_drop: false }`
[INFO] running `Command { std: "docker" "exec" "-e" "SOURCE_DIR=/opt/rustwide/workdir" "-e" "CARGO_HOME=/opt/rustwide/cargo-home" "-e" "RUSTUP_HOME=/opt/rustwide/rustup-home" "-e" "CARGO_TARGET_DIR=/opt/rustwide/target" "-e" "CARGO_INCREMENTAL=0" "-e" "RUST_BACKTRACE=full" "-e" "RUSTFLAGS=--cap-lints=forbid" "-e" "RUSTDOCFLAGS=--cap-lints=forbid" "-w" "/opt/rustwide/workdir" "--user" "0:0" "44af1296fc8314c4e140837ca8009fe5be84cf7c89b49291af0c43a4aa67aa48" "/opt/rustwide/cargo-home/bin/cargo" "+3154cc1a3e6424e44f438a95007d043ed5ceaaf6" "check" "--frozen" "--all" "--all-targets" "--message-format=json", kill_on_drop: false }`
[INFO] [stderr]    Compiling quote v1.0.47
[INFO] [stderr]    Compiling glob v0.3.4
[INFO] [stderr]    Compiling prettyplease v0.2.37
[INFO] [stderr]    Compiling regex-syntax v0.8.11
[INFO] [stderr]    Compiling either v1.18.0
[INFO] [stderr]    Compiling bindgen v0.72.1
[INFO] [stderr]    Compiling libc v0.2.189
[INFO] [stderr]    Compiling nom v7.1.3
[INFO] [stderr]    Compiling libloading v0.8.9
[INFO] [stderr]    Compiling cc v1.5.1
[INFO] [stderr]    Compiling rustc-hash v2.1.3
[INFO] [stderr]    Compiling generic-array v0.14.7
[INFO] [stderr]    Compiling itertools v0.13.0
[INFO] [stderr]    Compiling clang-sys v1.9.1
[INFO] [stderr]    Compiling syn v2.0.119
[INFO] [stderr]    Compiling block-buffer v0.10.4
[INFO] [stderr]    Compiling crypto-common v0.1.7
[INFO] [stderr]    Compiling digest v0.10.7
[INFO] [stderr]    Compiling sha2 v0.10.9
[INFO] [stderr]    Compiling cmake v0.1.58
[INFO] [stderr]    Compiling regex-automata v0.4.18
[INFO] [stderr]    Compiling cexpr v0.6.0
[INFO] [stderr]    Compiling regex v1.13.1
[INFO] [stderr]    Compiling l2s1-llama-sys v0.2.3 (/opt/rustwide/workdir)
[INFO] [stderr] error: failed to run custom build command for `l2s1-llama-sys v0.2.3 (/opt/rustwide/workdir)`
[INFO] [stderr] note: To improve backtraces for build dependencies, set the CARGO_PROFILE_DEV_BUILD_OVERRIDE_DEBUG=true environment variable to enable debug information generation.
[INFO] [stderr] 
[INFO] [stderr] Caused by:
[INFO] [stderr]   process didn't exit successfully: `/opt/rustwide/target/debug/build/l2s1-llama-sys/052628e254066291/out/build_script_build` (exit status: 101)
[INFO] [stderr]   --- stdout
[INFO] [stderr]   cargo:rerun-if-env-changed=L2S1_LLAMA_CPP_SOURCE
[INFO] [stderr]   cargo:rerun-if-env-changed=LLAMA_CPP_DIR
[INFO] [stderr]   cargo:rerun-if-env-changed=L2S1_CUDA_ARCHITECTURES
[INFO] [stderr]   cargo:rerun-if-env-changed=L2S1_NATIVE_COMPILER_LAUNCHER
[INFO] [stderr]   cargo:rerun-if-env-changed=L2S1_PORTABLE_BUILD
[INFO] [stderr]   cargo:rerun-if-env-changed=L2S1_ARM64_DISPATCH
[INFO] [stderr]   cargo:rerun-if-env-changed=L2S1_OPENMP
[INFO] [stderr]   cargo:rerun-if-changed=src
[INFO] [stderr]   cargo:rerun-if-changed=native/chat.cpp
[INFO] [stderr]   cargo:rerun-if-changed=native/exception.h
[INFO] [stderr]   cargo:rerun-if-changed=native/exception.cpp
[INFO] [stderr]   cargo:rerun-if-changed=cmake/CMakeLists.txt
[INFO] [stderr]   cargo:rerun-if-changed=UPSTREAM_COMMIT
[INFO] [stderr]   cargo:rerun-if-changed=build.rs
[INFO] [stderr]   CMAKE_TOOLCHAIN_FILE_x86_64-unknown-linux-gnu = None
[INFO] [stderr]   CMAKE_TOOLCHAIN_FILE_x86_64_unknown_linux_gnu = None
[INFO] [stderr]   HOST_CMAKE_TOOLCHAIN_FILE = None
[INFO] [stderr]   CMAKE_TOOLCHAIN_FILE = None
[INFO] [stderr]   CMAKE_GENERATOR_x86_64-unknown-linux-gnu = None
[INFO] [stderr]   CMAKE_GENERATOR_x86_64_unknown_linux_gnu = None
[INFO] [stderr]   HOST_CMAKE_GENERATOR = None
[INFO] [stderr]   CMAKE_GENERATOR = None
[INFO] [stderr]   CMAKE_PREFIX_PATH_x86_64-unknown-linux-gnu = None
[INFO] [stderr]   CMAKE_PREFIX_PATH_x86_64_unknown_linux_gnu = None
[INFO] [stderr]   HOST_CMAKE_PREFIX_PATH = None
[INFO] [stderr]   CMAKE_PREFIX_PATH = None
[INFO] [stderr]   CMAKE_x86_64-unknown-linux-gnu = None
[INFO] [stderr]   CMAKE_x86_64_unknown_linux_gnu = None
[INFO] [stderr]   HOST_CMAKE = None
[INFO] [stderr]   CMAKE = None
[INFO] [stderr]   -- The C compiler identification is GNU 15.2.0
[INFO] [stderr]   -- The CXX compiler identification is GNU 15.2.0
[INFO] [stderr]   -- Detecting C compiler ABI info
[INFO] [stderr]   -- Detecting C compiler ABI info - done
[INFO] [stderr]   -- Check for working C compiler: /usr/bin/cc - skipped
[INFO] [stderr]   -- Detecting C compile features
[INFO] [stderr]   -- Detecting C compile features - done
[INFO] [stderr]   -- Detecting CXX compiler ABI info
[INFO] [stderr]   -- Detecting CXX compiler ABI info - done
[INFO] [stderr]   -- Check for working CXX compiler: /usr/bin/c++ - skipped
[INFO] [stderr]   -- Detecting CXX compile features
[INFO] [stderr]   -- Detecting CXX compile features - done
[INFO] [stderr]   -- Configuring incomplete, errors occurred!
[INFO] [stderr] 
[INFO] [stderr]   --- stderr
[INFO] [stderr]   running: cd "/opt/rustwide/target/debug/build/l2s1-llama-sys/b70035f08e3686db/out/llama/9a8395ff3caa5b66/build" && CMAKE_PREFIX_PATH="" LC_ALL="C" "cmake" "/opt/rustwide/workdir/cmake" "-B" "/opt/rustwide/target/debug/build/l2s1-llama-sys/b70035f08e3686db/out/llama/9a8395ff3caa5b66/build" "-DBUILD_SHARED_LIBS=ON" "-DCMAKE_INSTALL_LIBDIR=lib" "-DCMAKE_INSTALL_RPATH=$ORIGIN" "-DLLAMA_BUILD_COMMON=OFF" "-DLLAMA_BUILD_TESTS=OFF" "-DLLAMA_BUILD_TOOLS=OFF" "-DLLAMA_BUILD_EXAMPLES=OFF" "-DLLAMA_BUILD_SERVER=OFF" "-DLLAMA_BUILD_APP=OFF" "-DLLAMA_BUILD_MTMD=ON" "-DMTMD_VIDEO=OFF" "-DLLAMA_BUILD_COMMIT=3d82ef62d47fd74e18f36c5eccbdcf965b617b17" "-DLLAMA_BUILD_NUMBER=0" "-DGGML_CUDA=OFF" "-DGGML_METAL=OFF" "-DGGML_OPENMP=ON" "-DGGML_BACKEND_DL=OFF" "-DGGML_CPU_ALL_VARIANTS=OFF" "-DCMAKE_INSTALL_PREFIX=/opt/rustwide/target/debug/build/l2s1-llama-sys/b70035f08e3686db/out/llama/9a8395ff3caa5b66" "-DCMAKE_C_FLAGS= -ffunction-sections -fdata-sections -fPIC -m64 -w" "-DCMAKE_C_COMPILER=/usr/bin/cc" "-DCMAKE_CXX_FLAGS= -ffunction-sections -fdata-sections -fPIC -m64 -w" "-DCMAKE_CXX_COMPILER=/usr/bin/c++" "-DCMAKE_ASM_FLAGS= -ffunction-sections -fdata-sections -fPIC -m64 -w" "-DCMAKE_ASM_COMPILER=/usr/bin/cc" "-DCMAKE_BUILD_TYPE=Release"
[INFO] [stderr]   [ 11%] Creating directories for 'llama_cpp-populate'
[INFO] [stderr]   [ 22%] Performing download step (download, verify and extract) for 'llama_cpp-populate'
[INFO] [stderr]   -- Downloading...
[INFO] [stderr]      dst='/opt/rustwide/target/debug/build/l2s1-llama-sys/b70035f08e3686db/out/llama/9a8395ff3caa5b66/build/_deps/llama_cpp-subbuild/llama_cpp-populate-prefix/src/archive.tar'
[INFO] [stderr]      timeout='none'
[INFO] [stderr]      inactivity timeout='none'
[INFO] [stderr]   -- Using src='https://codeload.github.com/ggml-org/llama.cpp/tar.gz/3d82ef62d47fd74e18f36c5eccbdcf965b617b17'
[INFO] [stderr]   -- Retrying...
[INFO] [stderr]   -- Using src='https://codeload.github.com/ggml-org/llama.cpp/tar.gz/3d82ef62d47fd74e18f36c5eccbdcf965b617b17'
[INFO] [stderr]   -- Retry after 5 seconds (attempt #2) ...
[INFO] [stderr]   -- Using src='https://codeload.github.com/ggml-org/llama.cpp/tar.gz/3d82ef62d47fd74e18f36c5eccbdcf965b617b17'
[INFO] [stderr]   -- Retry after 5 seconds (attempt #3) ...
[INFO] [stderr]   -- Using src='https://codeload.github.com/ggml-org/llama.cpp/tar.gz/3d82ef62d47fd74e18f36c5eccbdcf965b617b17'
[INFO] [stderr]   -- Retry after 15 seconds (attempt #4) ...
[INFO] [stderr]   -- Using src='https://codeload.github.com/ggml-org/llama.cpp/tar.gz/3d82ef62d47fd74e18f36c5eccbdcf965b617b17'
[INFO] [stderr]   -- Retry after 60 seconds (attempt #5) ...
[INFO] [stderr]   -- Using src='https://codeload.github.com/ggml-org/llama.cpp/tar.gz/3d82ef62d47fd74e18f36c5eccbdcf965b617b17'
[INFO] [stderr]   CMake Error at llama_cpp-subbuild/llama_cpp-populate-prefix/src/llama_cpp-populate-stamp/download-llama_cpp-populate.cmake:163 (message):
[INFO] [stderr]     Each download failed!
[INFO] [stderr] 
[INFO] [stderr]       error: downloading 'https://codeload.github.com/ggml-org/llama.cpp/tar.gz/3d82ef62d47fd74e18f36c5eccbdcf965b617b17' failed
[INFO] [stderr]             status_code: 6
[INFO] [stderr]             status_string: "Could not resolve hostname"
[INFO] [stderr]             log:
[INFO] [stderr]             --- LOG BEGIN ---
[INFO] [stderr]             Could not resolve host: codeload.github.com
[INFO] [stderr] 
[INFO] [stderr]     Store negative name resolve for codeload.github.com:443
[INFO] [stderr] 
[INFO] [stderr]     shutting down connection #0
[INFO] [stderr] 
[INFO] [stderr] 
[INFO] [stderr] 
[INFO] [stderr]             --- LOG END ---
[INFO] [stderr]             error: downloading 'https://codeload.github.com/ggml-org/llama.cpp/tar.gz/3d82ef62d47fd74e18f36c5eccbdcf965b617b17' failed
[INFO] [stderr]             status_code: 6
[INFO] [stderr]             status_string: "Could not resolve hostname"
[INFO] [stderr]             log:
[INFO] [stderr]             --- LOG BEGIN ---
[INFO] [stderr]             Could not resolve host: codeload.github.com
[INFO] [stderr] 
[INFO] [stderr]     Store negative name resolve for codeload.github.com:443
[INFO] [stderr] 
[INFO] [stderr]     shutting down connection #0
[INFO] [stderr] 
[INFO] [stderr] 
[INFO] [stderr] 
[INFO] [stderr]             --- LOG END ---
[INFO] [stderr]             error: downloading 'https://codeload.github.com/ggml-org/llama.cpp/tar.gz/3d82ef62d47fd74e18f36c5eccbdcf965b617b17' failed
[INFO] [stderr]             status_code: 6
[INFO] [stderr]             status_string: "Could not resolve hostname"
[INFO] [stderr]             log:
[INFO] [stderr]             --- LOG BEGIN ---
[INFO] [stderr]             Could not resolve host: codeload.github.com
[INFO] [stderr] 
[INFO] [stderr]     Store negative name resolve for codeload.github.com:443
[INFO] [stderr] 
[INFO] [stderr]     shutting down connection #0
[INFO] [stderr] 
[INFO] [stderr] 
[INFO] [stderr] 
[INFO] [stderr]             --- LOG END ---
[INFO] [stderr]             error: downloading 'https://codeload.github.com/ggml-org/llama.cpp/tar.gz/3d82ef62d47fd74e18f36c5eccbdcf965b617b17' failed
[INFO] [stderr]             status_code: 6
[INFO] [stderr]             status_string: "Could not resolve hostname"
[INFO] [stderr]             log:
[INFO] [stderr]             --- LOG BEGIN ---
[INFO] [stderr]             Could not resolve host: codeload.github.com
[INFO] [stderr] 
[INFO] [stderr]     Store negative name resolve for codeload.github.com:443
[INFO] [stderr] 
[INFO] [stderr]     shutting down connection #0
[INFO] [stderr] 
[INFO] [stderr] 
[INFO] [stderr] 
[INFO] [stderr]             --- LOG END ---
[INFO] [stderr]             error: downloading 'https://codeload.github.com/ggml-org/llama.cpp/tar.gz/3d82ef62d47fd74e18f36c5eccbdcf965b617b17' failed
[INFO] [stderr]             status_code: 6
[INFO] [stderr]             status_string: "Could not resolve hostname"
[INFO] [stderr]             log:
[INFO] [stderr]             --- LOG BEGIN ---
[INFO] [stderr]             Could not resolve host: codeload.github.com
[INFO] [stderr] 
[INFO] [stderr]     Store negative name resolve for codeload.github.com:443
[INFO] [stderr] 
[INFO] [stderr]     shutting down connection #0
[INFO] [stderr] 
[INFO] [stderr] 
[INFO] [stderr] 
[INFO] [stderr]             --- LOG END ---
[INFO] [stderr]             error: downloading 'https://codeload.github.com/ggml-org/llama.cpp/tar.gz/3d82ef62d47fd74e18f36c5eccbdcf965b617b17' failed
[INFO] [stderr]             status_code: 6
[INFO] [stderr]             status_string: "Could not resolve hostname"
[INFO] [stderr]             log:
[INFO] [stderr]             --- LOG BEGIN ---
[INFO] [stderr]             Could not resolve host: codeload.github.com
[INFO] [stderr] 
[INFO] [stderr]     Store negative name resolve for codeload.github.com:443
[INFO] [stderr] 
[INFO] [stderr]     shutting down connection #0
[INFO] [stderr] 
[INFO] [stderr] 
[INFO] [stderr] 
[INFO] [stderr]             --- LOG END ---
[INFO] [stderr]             
[INFO] [stderr]       
[INFO] [stderr] 
[INFO] [stderr] 
[INFO] [stderr]   gmake[2]: *** [CMakeFiles/llama_cpp-populate.dir/build.make:100: llama_cpp-populate-prefix/src/llama_cpp-populate-stamp/llama_cpp-populate-download] Error 1
[INFO] [stderr]   gmake[1]: *** [CMakeFiles/Makefile2:87: CMakeFiles/llama_cpp-populate.dir/all] Error 2
[INFO] [stderr]   gmake: *** [Makefile:91: all] Error 2
[INFO] [stderr] 
[INFO] [stderr]   CMake Error at /usr/share/cmake-4.2/Modules/FetchContent.cmake:1928 (message):
[INFO] [stderr]     Build step for llama_cpp failed: 2
[INFO] [stderr]   Call Stack (most recent call first):
[INFO] [stderr]     /usr/share/cmake-4.2/Modules/FetchContent.cmake:1619 (__FetchContent_populateSubbuild)
[INFO] [stderr]     /usr/share/cmake-4.2/Modules/FetchContent.cmake:2155:EVAL:2 (__FetchContent_doPopulation)
[INFO] [stderr]     /usr/share/cmake-4.2/Modules/FetchContent.cmake:2155 (cmake_language)
[INFO] [stderr]     /usr/share/cmake-4.2/Modules/FetchContent.cmake:2394 (__FetchContent_Populate)
[INFO] [stderr]     CMakeLists.txt:13 (FetchContent_MakeAvailable)
[INFO] [stderr] 
[INFO] [stderr] 
[INFO] [stderr] 
[INFO] [stderr]   thread 'main' (470) panicked at /opt/rustwide/cargo-home/registry/src/index.crates.io-1949cf8c6b5b557f/cmake-0.1.58/src/lib.rs:1132:5:
[INFO] [stderr] 
[INFO] [stderr]   command did not execute successfully, got: exit status: 1
[INFO] [stderr] 
[INFO] [stderr]   build script failed, must exit now
[INFO] [stderr]   stack backtrace:
[INFO] [stderr]      0:     0x566e1d56d121 - std[3164a59e47d3bde]::backtrace_rs::backtrace::libunwind::trace
[INFO] [stderr]                                  at /rustc/3154cc1a3e6424e44f438a95007d043ed5ceaaf6/library/std/src/../../backtrace/src/backtrace/libunwind.rs:117:9
[INFO] [stderr]      1:     0x566e1d56d121 - std[3164a59e47d3bde]::backtrace_rs::backtrace::trace_unsynchronized::<std[3164a59e47d3bde]::sys::backtrace::_print_fmt::{closure#1}>
[INFO] [stderr]                                  at /rustc/3154cc1a3e6424e44f438a95007d043ed5ceaaf6/library/std/src/../../backtrace/src/backtrace/mod.rs:66:14
[INFO] [stderr]      2:     0x566e1d56d121 - std[3164a59e47d3bde]::sys::backtrace::_print_fmt
[INFO] [stderr]                                  at /rustc/3154cc1a3e6424e44f438a95007d043ed5ceaaf6/library/std/src/sys/backtrace.rs:74:9
[INFO] [stderr]      3:     0x566e1d56d121 - <<std[3164a59e47d3bde]::sys::backtrace::BacktraceLock>::print::DisplayBacktrace as core[934024a1e6126fb4]::fmt::Display>::fmt
[INFO] [stderr]                                  at /rustc/3154cc1a3e6424e44f438a95007d043ed5ceaaf6/library/std/src/sys/backtrace.rs:44:26
[INFO] [stderr]      4:     0x566e1d585d9a - <core[934024a1e6126fb4]::fmt::rt::Argument>::fmt
[INFO] [stderr]                                  at /rustc/3154cc1a3e6424e44f438a95007d043ed5ceaaf6/library/core/src/fmt/rt.rs:152:76
[INFO] [stderr]      5:     0x566e1d585d9a - core[934024a1e6126fb4]::fmt::write
[INFO] [stderr]      6:     0x566e1d57348c - core[934024a1e6126fb4]::io::write::default_write_fmt::<std[3164a59e47d3bde]::sys::stdio::unix::Stderr>
[INFO] [stderr]                                  at /rustc/3154cc1a3e6424e44f438a95007d043ed5ceaaf6/library/core/src/io/write.rs:402:11
[INFO] [stderr]      7:     0x566e1d57348c - <std[3164a59e47d3bde]::sys::stdio::unix::Stderr as core[934024a1e6126fb4]::io::write::Write>::write_fmt
[INFO] [stderr]                                  at /rustc/3154cc1a3e6424e44f438a95007d043ed5ceaaf6/library/core/src/io/write.rs:335:13
[INFO] [stderr]      8:     0x566e1d545406 - <std[3164a59e47d3bde]::sys::backtrace::BacktraceLock>::print
[INFO] [stderr]                                  at /rustc/3154cc1a3e6424e44f438a95007d043ed5ceaaf6/library/std/src/sys/backtrace.rs:47:9
[INFO] [stderr]      9:     0x566e1d545406 - std[3164a59e47d3bde]::panicking::default_hook::{closure#0}
[INFO] [stderr]                                  at /rustc/3154cc1a3e6424e44f438a95007d043ed5ceaaf6/library/std/src/panicking.rs:289:27
[INFO] [stderr]     10:     0x566e1d563861 - std[3164a59e47d3bde]::panicking::default_hook
[INFO] [stderr]                                  at /rustc/3154cc1a3e6424e44f438a95007d043ed5ceaaf6/library/std/src/panicking.rs:316:9
[INFO] [stderr]     11:     0x566e1d563b8b - std[3164a59e47d3bde]::panicking::panic_with_hook
[INFO] [stderr]                                  at /rustc/3154cc1a3e6424e44f438a95007d043ed5ceaaf6/library/std/src/panicking.rs:811:13
[INFO] [stderr]     12:     0x566e1d5454b2 - std[3164a59e47d3bde]::panicking::panic_handler::{closure#0}
[INFO] [stderr]                                  at /rustc/3154cc1a3e6424e44f438a95007d043ed5ceaaf6/library/std/src/panicking.rs:685:13
[INFO] [stderr]     13:     0x566e1d53de39 - std[3164a59e47d3bde]::sys::backtrace::__rust_end_short_backtrace::<std[3164a59e47d3bde]::panicking::panic_handler::{closure#0}, !>
[INFO] [stderr]                                  at /rustc/3154cc1a3e6424e44f438a95007d043ed5ceaaf6/library/std/src/sys/backtrace.rs:182:18
[INFO] [stderr]     14:     0x566e1d54619d - __rustc[2e7b49d4226056d3]::rust_begin_unwind
[INFO] [stderr]                                  at /rustc/3154cc1a3e6424e44f438a95007d043ed5ceaaf6/library/std/src/panicking.rs:676:5
[INFO] [stderr]     15:     0x566e1d58663c - core[934024a1e6126fb4]::panicking::panic_fmt
[INFO] [stderr]                                  at /rustc/3154cc1a3e6424e44f438a95007d043ed5ceaaf6/library/core/src/panicking.rs:80:14
[INFO] [stderr]     16:     0x566e1d4ab717 - cmake[1a1de626f6f3adf9]::fail
[INFO] [stderr]     17:     0x566e1d4ab3a3 - cmake[1a1de626f6f3adf9]::run
[INFO] [stderr]     18:     0x566e1d4b0c62 - <cmake[1a1de626f6f3adf9]::Config>::build
[INFO] [stderr]     19:     0x566e1cf77588 - build_script_build[e190a90e4d3d2068]::main
[INFO] [stderr]     20:     0x566e1cf841a3 - <fn() as core[934024a1e6126fb4]::ops::function::FnOnce<()>>::call_once
[INFO] [stderr]     21:     0x566e1cf8003e - std[3164a59e47d3bde]::sys::backtrace::__rust_begin_short_backtrace::<fn(), ()>
[INFO] [stderr]     22:     0x566e1cf74529 - std[3164a59e47d3bde]::rt::lang_start::<()>::{closure#0}
[INFO] [stderr]     23:     0x566e1d5627c8 - <&dyn core[934024a1e6126fb4]::ops::function::Fn<(), Output = i32> + core[934024a1e6126fb4]::marker::Sync + core[934024a1e6126fb4]::panic::unwind_safe::RefUnwindSafe as core[934024a1e6126fb4]::ops::function::FnOnce<()>>::call_once
[INFO] [stderr]                                  at /rustc/3154cc1a3e6424e44f438a95007d043ed5ceaaf6/library/core/src/ops/function.rs:287:21
[INFO] [stderr]     24:     0x566e1d5627c8 - std[3164a59e47d3bde]::panicking::catch_unwind::do_call::<&dyn core[934024a1e6126fb4]::ops::function::Fn<(), Output = i32> + core[934024a1e6126fb4]::marker::Sync + core[934024a1e6126fb4]::panic::unwind_safe::RefUnwindSafe, i32>
[INFO] [stderr]                                  at /rustc/3154cc1a3e6424e44f438a95007d043ed5ceaaf6/library/std/src/panicking.rs:573:43
[INFO] [stderr]     25:     0x566e1d5627c8 - std[3164a59e47d3bde]::panicking::catch_unwind::<i32, &dyn core[934024a1e6126fb4]::ops::function::Fn<(), Output = i32> + core[934024a1e6126fb4]::marker::Sync + core[934024a1e6126fb4]::panic::unwind_safe::RefUnwindSafe>
[INFO] [stderr]                                  at /rustc/3154cc1a3e6424e44f438a95007d043ed5ceaaf6/library/std/src/panicking.rs:541:19
[INFO] [stderr]     26:     0x566e1d5627c8 - std[3164a59e47d3bde]::panic::catch_unwind::<&dyn core[934024a1e6126fb4]::ops::function::Fn<(), Output = i32> + core[934024a1e6126fb4]::marker::Sync + core[934024a1e6126fb4]::panic::unwind_safe::RefUnwindSafe, i32>
[INFO] [stderr]                                  at /rustc/3154cc1a3e6424e44f438a95007d043ed5ceaaf6/library/std/src/panic.rs:359:14
[INFO] [stderr]     27:     0x566e1d5627c8 - std[3164a59e47d3bde]::rt::lang_start_internal::{closure#0}
[INFO] [stderr]                                  at /rustc/3154cc1a3e6424e44f438a95007d043ed5ceaaf6/library/std/src/rt.rs:175:24
[INFO] [stderr]     28:     0x566e1d5627c8 - std[3164a59e47d3bde]::panicking::catch_unwind::do_call::<std[3164a59e47d3bde]::rt::lang_start_internal::{closure#0}, isize>
[INFO] [stderr]                                  at /rustc/3154cc1a3e6424e44f438a95007d043ed5ceaaf6/library/std/src/panicking.rs:573:43
[INFO] [stderr]     29:     0x566e1d5627c8 - std[3164a59e47d3bde]::panicking::catch_unwind::<isize, std[3164a59e47d3bde]::rt::lang_start_internal::{closure#0}>
[INFO] [stderr]                                  at /rustc/3154cc1a3e6424e44f438a95007d043ed5ceaaf6/library/std/src/panicking.rs:541:19
[INFO] [stderr]     30:     0x566e1d5627c8 - std[3164a59e47d3bde]::panic::catch_unwind::<std[3164a59e47d3bde]::rt::lang_start_internal::{closure#0}, isize>
[INFO] [stderr]                                  at /rustc/3154cc1a3e6424e44f438a95007d043ed5ceaaf6/library/std/src/panic.rs:359:14
[INFO] [stderr]     31:     0x566e1d5627c8 - std[3164a59e47d3bde]::rt::lang_start_internal
[INFO] [stderr]                                  at /rustc/3154cc1a3e6424e44f438a95007d043ed5ceaaf6/library/std/src/rt.rs:171:5
[INFO] [stderr]     32:     0x566e1cf71911 - std[3164a59e47d3bde]::rt::lang_start::<()>
[INFO] [stderr]     33:     0x566e1cf7d155 - main
[INFO] [stderr]     34:     0x78504845f601 - <unknown>
[INFO] [stderr]     35:     0x78504845f718 - __libc_start_main
[INFO] [stderr]     36:     0x566e1cf70ab5 - _start
[INFO] [stderr]     37:                0x0 - <unknown>
[INFO] running `Command { std: "docker" "inspect" "44af1296fc8314c4e140837ca8009fe5be84cf7c89b49291af0c43a4aa67aa48", kill_on_drop: false }`
[INFO] running `Command { std: "docker" "rm" "-f" "44af1296fc8314c4e140837ca8009fe5be84cf7c89b49291af0c43a4aa67aa48", kill_on_drop: false }`
[INFO] [stdout] 44af1296fc8314c4e140837ca8009fe5be84cf7c89b49291af0c43a4aa67aa48
