[INFO] fetching crate k2f_sdk 0.3.2...
[INFO] checking k2f_sdk-0.3.2 against 3154cc1a3e6424e44f438a95007d043ed5ceaaf6+rustflags=-Znext-solver=coherence for pr-133502-30
[INFO] extracting crate k2f_sdk 0.3.2 into /workspace/builds/worker-2-tc1/source
[INFO] started tweaking crates.io crate k2f_sdk 0.3.2
[INFO] removed 0 missing tests
[INFO] finished tweaking crates.io crate k2f_sdk 0.3.2
[INFO] tweaked toml for crates.io crate k2f_sdk 0.3.2 written to /workspace/builds/worker-2-tc1/source/Cargo.toml
[INFO] validating manifest of crates.io crate k2f_sdk 0.3.2 on toolchain 3154cc1a3e6424e44f438a95007d043ed5ceaaf6
[INFO] running `Command { std: CARGO_HOME="/workspace/cargo-home" RUSTUP_HOME="/workspace/rustup-home" "/workspace/cargo-home/bin/cargo" "+3154cc1a3e6424e44f438a95007d043ed5ceaaf6" "metadata" "--manifest-path" "Cargo.toml" "--no-deps", kill_on_drop: false }`
[INFO] crate crates.io crate k2f_sdk 0.3.2 already has a lockfile, it will not be regenerated
[INFO] running `Command { std: CARGO_HOME="/workspace/cargo-home" RUSTUP_HOME="/workspace/rustup-home" "/workspace/cargo-home/bin/cargo" "+3154cc1a3e6424e44f438a95007d043ed5ceaaf6" "fetch" "--manifest-path" "Cargo.toml", kill_on_drop: false }`
[INFO] [stderr] warning: `package.homepage` is redundant with `package.repository`
[INFO] [stderr]   --> Cargo.toml:67:12
[INFO] [stderr]    |
[INFO] [stderr] 67 | homepage = "https://github.com/suzheng/k2f"
[INFO] [stderr]    |            ^^^^^^^^^^^^^^^^^^^^^^^^^^^^^^^^
[INFO] [stderr] ...
[INFO] [stderr] 72 | repository = "https://github.com/suzheng/k2f"
[INFO] [stderr]    |              --------------------------------
[INFO] [stderr]    |
[INFO] [stderr]    = note: `cargo::redundant_homepage` is set to `warn` by default
[INFO] [stderr] help: consider removing `package.homepage`
[INFO] [stderr] warning: `k2f_sdk` (manifest) generated 1 warning
[INFO] [stderr]     Updating crates.io index
[INFO] [stderr]  Downloading crates ...
[INFO] [stderr]   Downloaded resvg v0.43.0
[INFO] [stderr]   Downloaded imagesize v0.13.0
[INFO] [stderr]   Downloaded svgtypes v0.15.3
[INFO] [stderr]   Downloaded k2f_paint v0.3.2
[INFO] [stderr]   Downloaded k2f_package v0.3.2
[INFO] [stderr]   Downloaded k2f_core v0.3.2
[INFO] [stderr]   Downloaded k2f_pptx v0.3.2
[INFO] [stderr]   Downloaded boon v0.6.1
[INFO] [stderr]   Downloaded kurbo v0.11.3
[INFO] [stderr]   Downloaded fluent-uri v0.3.2
[INFO] [stderr]   Downloaded usvg v0.43.0
[INFO] [stderr]   Downloaded ttf-parser v0.21.1
[INFO] [stderr]   Downloaded borrow-or-share v0.2.4
[INFO] [stderr]   Downloaded appendlist v1.4.0
[INFO] [stderr]   Downloaded unicode-canonical-combining-class v1.0.0
[INFO] [stderr]   Downloaded pathfinder_geometry v0.5.1
[INFO] [stderr]   Downloaded ouroboros_macro v0.18.5
[INFO] [stderr]   Downloaded unicode-joining-type v1.0.0
[INFO] [stderr]   Downloaded pathfinder_simd v0.5.6
[INFO] [stderr]   Downloaded ouroboros v0.18.5
[INFO] [stderr]   Downloaded allsorts v0.17.0
[INFO] [stderr]   Downloaded glyph-names v0.2.0
[INFO] [stderr]   Downloaded k2f_markdown v0.3.2
[INFO] [stderr]   Downloaded bitreader v0.3.11
[INFO] [stderr]   Downloaded unicode-ccc v0.1.2
[INFO] [stderr]   Downloaded k2f_pdf v0.3.2
[INFO] [stderr]   Downloaded k2f_text v0.3.2
[INFO] [stderr]   Downloaded rustybuzz v0.10.0
[INFO] [stderr]   Downloaded unicode-bidi-mirroring v0.1.0
[INFO] [stderr]   Downloaded k2f_layout v0.3.2
[INFO] [stderr]   Downloaded ttf-parser v0.19.2
[INFO] [stderr]   Downloaded k2f_math v0.3.2
[INFO] [stderr]   Downloaded pdf-writer v0.13.0
[INFO] [stderr]   Downloaded k2f_docx v0.3.2
[INFO] [stderr]   Downloaded k2f_idml v0.3.2
[INFO] running `Command { std: "docker" "create" "-v" "/var/lib/crater-agent-workspace/builds/worker-2-tc1/source:/opt/rustwide/workdir:ro,Z" "-v" "/var/lib/crater-agent-workspace/builds/worker-2-tc1/target:/opt/rustwide/target:rw,Z" "-v" "/var/lib/crater-agent-workspace/cargo-home:/opt/rustwide/cargo-home:ro,Z" "-v" "/var/lib/crater-agent-workspace/rustup-home:/opt/rustwide/rustup-home:ro,Z" "-m" "1610612736" "--network" "none" "ghcr.io/rust-lang/crates-build-env/linux@sha256:77db811e55d90add9212f6832c23229e3de5f1c1f9905e8cb07319ea15df73ac" "sleep" "infinity", kill_on_drop: false }`
[INFO] [stdout] 7066c2f781c3d67cd6a62e28bd963e430d81add0549b883baf0b4e1dae3a17c4
[INFO] running `Command { std: "docker" "start" "7066c2f781c3d67cd6a62e28bd963e430d81add0549b883baf0b4e1dae3a17c4", kill_on_drop: false }`
[INFO] running `Command { std: "docker" "inspect" "7066c2f781c3d67cd6a62e28bd963e430d81add0549b883baf0b4e1dae3a17c4", kill_on_drop: false }`
[INFO] running `Command { std: "docker" "exec" "-e" "SOURCE_DIR=/opt/rustwide/workdir" "-e" "CARGO_HOME=/opt/rustwide/cargo-home" "-e" "RUSTUP_HOME=/opt/rustwide/rustup-home" "-e" "CARGO_TARGET_DIR=/opt/rustwide/target" "-w" "/opt/rustwide/workdir" "--user" "0:0" "7066c2f781c3d67cd6a62e28bd963e430d81add0549b883baf0b4e1dae3a17c4" "/opt/rustwide/cargo-home/bin/cargo" "+3154cc1a3e6424e44f438a95007d043ed5ceaaf6" "metadata" "--no-deps" "--format-version=1", kill_on_drop: false }`
[INFO] running `Command { std: "docker" "inspect" "7066c2f781c3d67cd6a62e28bd963e430d81add0549b883baf0b4e1dae3a17c4", kill_on_drop: false }`
[INFO] running `Command { std: "docker" "exec" "-e" "SOURCE_DIR=/opt/rustwide/workdir" "-e" "CARGO_HOME=/opt/rustwide/cargo-home" "-e" "RUSTUP_HOME=/opt/rustwide/rustup-home" "-e" "CARGO_TARGET_DIR=/opt/rustwide/target" "-e" "CARGO_INCREMENTAL=0" "-e" "RUST_BACKTRACE=full" "-e" "RUSTFLAGS=--cap-lints=forbid -Znext-solver=coherence" "-e" "RUSTDOCFLAGS=--cap-lints=forbid" "-w" "/opt/rustwide/workdir" "--user" "0:0" "7066c2f781c3d67cd6a62e28bd963e430d81add0549b883baf0b4e1dae3a17c4" "/opt/rustwide/cargo-home/bin/cargo" "+3154cc1a3e6424e44f438a95007d043ed5ceaaf6" "check" "--frozen" "--all" "--all-targets" "--message-format=json", kill_on_drop: false }`
[INFO] [stderr] warning: `package.homepage` is redundant with `package.repository`
[INFO] [stderr]   --> Cargo.toml:67:12
[INFO] [stderr]    |
[INFO] [stderr] 67 | homepage = "https://github.com/suzheng/k2f"
[INFO] [stderr]    |            ^^^^^^^^^^^^^^^^^^^^^^^^^^^^^^^^
[INFO] [stderr] ...
[INFO] [stderr] 72 | repository = "https://github.com/suzheng/k2f"
[INFO] [stderr]    |              --------------------------------
[INFO] [stderr]    |
[INFO] [stderr]    = note: `cargo::redundant_homepage` is set to `warn` by default
[INFO] [stderr] help: consider removing `package.homepage`
[INFO] [stderr] warning: `k2f_sdk` (manifest) generated 1 warning
[INFO] [stderr]     Checking smallvec v1.16.1
[INFO] [stderr]     Checking bytemuck v1.25.2
[INFO] [stderr]    Compiling serde_core v1.0.229
[INFO] [stderr]    Compiling serde_json v1.0.151
[INFO] [stderr]    Compiling syn v3.0.6
[INFO] [stderr]    Compiling syn v2.0.119
[INFO] [stderr]     Checking flate2 v1.1.10
[INFO] [stderr]     Checking tinyvec v1.13.3
[INFO] [stderr]    Compiling libc v0.2.189
[INFO] [stderr]    Compiling k2f_core v0.3.2
[INFO] [stderr]     Checking crypto-common v0.1.7
[INFO] [stderr]    Compiling proc-macro2-diagnostics v0.10.1
[INFO] [stderr]    Compiling pathfinder_simd v0.5.6
[INFO] [stderr]    Compiling ref-cast v1.0.27
[INFO] [stderr]    Compiling zerocopy v0.8.57
[INFO] [stderr]    Compiling yansi v1.0.1
[INFO] [stderr]     Checking digest v0.10.7
[INFO] [stderr]     Checking float-cmp v0.9.0
[INFO] [stderr]    Compiling encoding_rs v0.8.41
[INFO] [stderr]    Compiling curve25519-dalek v4.1.3
[INFO] [stderr]     Checking ttf-parser v0.25.1
[INFO] [stderr]     Checking strict-num v0.1.1
[INFO] [stderr]     Checking sha2 v0.10.9
[INFO] [stderr]    Compiling unicode-canonical-combining-class v1.0.0
[INFO] [stderr]    Compiling thiserror v2.0.20
[INFO] [stderr]    Compiling unicode-general-category v1.1.0
[INFO] [stderr]    Compiling heck v0.4.1
[INFO] [stderr]    Compiling unicode-joining-type v1.0.0
[INFO] [stderr]     Checking arrayref v0.3.9
[INFO] [stderr]     Checking unicode-normalization v0.1.25
[INFO] [stderr]     Checking form_urlencoded v1.2.2
[INFO] [stderr]     Checking tiny-skia-path v0.11.4
[INFO] [stderr]     Checking png v0.17.16
[INFO] [stderr]     Checking kurbo v0.11.3
[INFO] [stderr]     Checking aliasable v0.1.3
[INFO] [stderr]     Checking bumpalo v3.20.3
[INFO] [stderr]     Checking borrow-or-share v0.2.4
[INFO] [stderr]    Compiling zip v2.4.2
[INFO] [stderr]     Checking zeroize v1.9.0
[INFO] [stderr]     Checking either v1.18.0
[INFO] [stderr]     Checking signature v2.2.0
[INFO] [stderr]     Checking ed25519 v2.2.3
[INFO] [stderr]     Checking pathfinder_geometry v0.5.1
[INFO] [stderr]     Checking zopfli v0.8.3
[INFO] [stderr]     Checking itertools v0.14.0
[INFO] [stderr]     Checking svgtypes v0.15.3
[INFO] [stderr]     Checking brotli-decompressor v5.0.3
[INFO] [stderr]     Checking simplecss v0.2.2
[INFO] [stderr]     Checking bitreader v0.3.11
[INFO] [stderr]     Checking lazy_static v1.5.0
[INFO] [stderr]     Checking quick-error v2.0.1
[INFO] [stderr]     Checking pico-args v0.5.0
[INFO] [stderr]     Checking imagesize v0.13.0
[INFO] [stderr]     Checking ucd-trie v0.1.7
[INFO] [stderr]     Checking xmlwriter v0.1.0
[INFO] [stderr]     Checking rustc-hash v2.1.3
[INFO] [stderr]     Checking glyph-names v0.2.0
[INFO] [stderr]     Checking roxmltree v0.20.0
[INFO] [stderr]     Checking zune-core v0.4.12
[INFO] [stderr]     Checking data-url v0.3.2
[INFO] [stderr]     Checking appendlist v1.4.0
[INFO] [stderr]     Checking image-webp v0.2.4
[INFO] [stderr]     Checking rgb v0.8.53
[INFO] [stderr]     Checking ttf-parser v0.21.1
[INFO] [stderr]     Checking zune-jpeg v0.4.21
[INFO] [stderr]     Checking getrandom v0.3.4
[INFO] [stderr]     Checking unicode-properties v0.1.4
[INFO] [stderr]     Checking ttf-parser v0.19.2
[INFO] [stderr]     Checking tiny-skia v0.11.4
[INFO] [stderr]     Checking unicode-bidi-mirroring v0.1.0
[INFO] [stderr]     Checking unicode-script v0.5.8
[INFO] [stderr]     Checking unicode-ccc v0.1.2
[INFO] [stderr]     Checking bitflags v2.13.2
[INFO] [stderr]     Checking unicode-bidi v0.3.18
[INFO] [stderr]     Checking unicode-width v0.2.2
[INFO] [stderr]     Checking usvg v0.43.0
[INFO] [stderr]    Compiling pulldown-cmark v0.13.4
[INFO] [stderr]     Checking pdf-writer v0.13.0
[INFO] [stderr]     Checking pulldown-cmark-escape v0.11.0
[INFO] [stderr]     Checking getopts v0.2.24
[INFO] [stderr]     Checking image v0.25.6
[INFO] [stderr]     Checking resvg v0.43.0
[INFO] [stderr]     Checking rustybuzz v0.10.0
[INFO] [stderr]    Compiling thiserror-impl v1.0.69
[INFO] [stderr]    Compiling curve25519-dalek-derive v0.1.1
[INFO] [stderr]    Compiling enumflags2_derive v0.7.12
[INFO] [stderr]    Compiling ouroboros_macro v0.18.5
[INFO] [stderr]     Checking enumflags2 v0.7.12
[INFO] [stderr]     Checking ouroboros v0.18.5
[INFO] [stderr]     Checking thiserror v1.0.69
[INFO] [stderr]     Checking ed25519-dalek v2.2.0
[INFO] [stderr]     Checking ahash v0.8.12
[INFO] [stderr]    Compiling synstructure v0.14.0
[INFO] [stderr]    Compiling zerofrom-derive v0.1.8
[INFO] [stderr]    Compiling yoke-derive v0.8.3
[INFO] [stderr]    Compiling displaydoc v0.2.7
[INFO] [stderr]    Compiling zerovec-derive v0.11.6
[INFO] [stderr]    Compiling serde_derive v1.0.229
[INFO] [stderr]    Compiling ref-cast-impl v1.0.27
[INFO] [stderr]    Compiling multiversion-macros v0.9.0
[INFO] [stderr]    Compiling thiserror-impl v2.0.20
[INFO] [stderr]    Compiling clap_derive v4.6.7
[INFO] [stderr]     Checking fluent-uri v0.3.2
[INFO] [stderr]     Checking zerofrom v0.1.8
[INFO] [stderr]     Checking yoke v0.8.3
[INFO] [stderr]     Checking zerotrie v0.2.5
[INFO] [stderr]     Checking multiversion v0.9.0
[INFO] [stderr]     Checking zerovec v0.11.8
[INFO] [stderr]     Checking clap v4.6.7
[INFO] [stderr]     Checking tinystr v0.8.4
[INFO] [stderr]     Checking potential_utf v0.1.6
[INFO] [stderr]     Checking icu_collections v2.3.0
[INFO] [stderr]     Checking icu_locale_core v2.3.0
[INFO] [stderr]     Checking serde v1.0.229
[INFO] [stderr]     Checking allsorts v0.17.0
[INFO] [stderr]     Checking icu_provider v2.3.1
[INFO] [stderr]     Checking icu_normalizer v2.3.0
[INFO] [stderr]     Checking icu_properties v2.3.0
[INFO] [stderr]     Checking idna_adapter v1.2.2
[INFO] [stderr]     Checking idna v1.1.0
[INFO] [stderr]     Checking url v2.5.8
[INFO] [stderr]     Checking boon v0.6.1
[INFO] [stderr]     Checking k2f_markdown v0.3.2
[INFO] [stderr]     Checking k2f_text v0.3.2
[INFO] [stderr]     Checking k2f_math v0.3.2
[INFO] [stderr]     Checking k2f_layout v0.3.2
[INFO] [stderr]     Checking k2f_package v0.3.2
[INFO] [stderr]     Checking k2f_paint v0.3.2
[INFO] [stderr]     Checking k2f_idml v0.3.2
[INFO] [stderr]     Checking k2f_pdf v0.3.2
[INFO] [stderr]     Checking k2f_docx v0.3.2
[INFO] [stderr]     Checking k2f_pptx v0.3.2
[INFO] [stderr]     Checking k2f_sdk v0.3.2 (/opt/rustwide/workdir)
[INFO] [stdout] warning: function `warning_node` is never used
[INFO] [stdout]   --> src/nodes.rs:30:8
[INFO] [stdout]    |
[INFO] [stdout] 30 | pub fn warning_node(id: &str, text: &str) -> SemanticNode {
[INFO] [stdout]    |        ^^^^^^^^^^^^
[INFO] [stdout]    |
[INFO] [stdout]    = note: `#[warn(dead_code)]` (part of `#[warn(unused)]`) on by default
[INFO] [stdout] 
[INFO] [stdout] 
[INFO] [stdout] warning: function `container_node` is never used
[INFO] [stdout]   --> src/nodes.rs:46:8
[INFO] [stdout]    |
[INFO] [stdout] 46 | pub fn container_node(id: &str, role: &str) -> SemanticNode {
[INFO] [stdout]    |        ^^^^^^^^^^^^^^
[INFO] [stdout] 
[INFO] [stdout] 
[INFO] [stdout] error: couldn't find file `tests/../../k2f_pdf/tests/common/extract.rs`
[INFO] [stdout]  --> tests/pdf_selectable.rs:4:1
[INFO] [stdout]   |
[INFO] [stdout] 4 | mod extract;
[INFO] [stdout]   | ^^^^^^^^^^^^
[INFO] [stdout] 
[INFO] [stdout] 
[INFO] [stderr] error: could not compile `k2f_sdk` (test "pdf_selectable") due to 1 previous error
[INFO] [stderr] warning: build failed, waiting for other jobs to finish...
[INFO] [stdout] error[E0432]: unresolved import `k2f_paint`
[INFO] [stdout]  --> tests/typography_visual.rs:5:5
[INFO] [stdout]   |
[INFO] [stdout] 5 | use k2f_paint::{OpenedDocument, OFFICIAL_PNG_SCALE};
[INFO] [stdout]   |     ^^^^^^^^^ use of unresolved module or unlinked crate `k2f_paint`
[INFO] [stdout]   |
[INFO] [stdout]   = help: if you wanted to use a crate named `k2f_paint`, use `cargo add k2f_paint` to add it to your `Cargo.toml`
[INFO] [stdout] 
[INFO] [stdout] 
[INFO] [stdout] error[E0432]: unresolved import `k2f_paint`
[INFO] [stdout]  --> tests/editor_p0.rs:2:5
[INFO] [stdout]   |
[INFO] [stdout] 2 | use k2f_paint::{Banner, OpenedDocument};
[INFO] [stdout]   |     ^^^^^^^^^ use of unresolved module or unlinked crate `k2f_paint`
[INFO] [stdout]   |
[INFO] [stdout]   = help: if you wanted to use a crate named `k2f_paint`, use `cargo add k2f_paint` to add it to your `Cargo.toml`
[INFO] [stdout] 
[INFO] [stdout] 
[INFO] [stdout] error[E0432]: unresolved import `k2f_paint`
[INFO] [stdout]  --> tests/sign.rs:4:5
[INFO] [stdout]   |
[INFO] [stdout] 4 | use k2f_paint::{Banner, OpenedDocument};
[INFO] [stdout]   |     ^^^^^^^^^ use of unresolved module or unlinked crate `k2f_paint`
[INFO] [stdout]   |
[INFO] [stdout]   = help: if you wanted to use a crate named `k2f_paint`, use `cargo add k2f_paint` to add it to your `Cargo.toml`
[INFO] [stdout] 
[INFO] [stdout] 
[INFO] [stdout] error[E0432]: unresolved import `k2f_paint`
[INFO] [stdout]  --> tests/form_field_edit.rs:7:5
[INFO] [stdout]   |
[INFO] [stdout] 7 | use k2f_paint::{LocatedBox, OpenedDocument};
[INFO] [stdout]   |     ^^^^^^^^^ use of unresolved module or unlinked crate `k2f_paint`
[INFO] [stdout]   |
[INFO] [stdout]   = help: if you wanted to use a crate named `k2f_paint`, use `cargo add k2f_paint` to add it to your `Cargo.toml`
[INFO] [stdout] 
[INFO] [stdout] 
[INFO] [stdout] error[E0432]: unresolved import `k2f_paint`
[INFO] [stdout]  --> tests/generate_showcase.rs:1:5
[INFO] [stdout]   |
[INFO] [stdout] 1 | use k2f_paint::{OpenedDocument, OFFICIAL_PNG_SCALE};
[INFO] [stdout]   |     ^^^^^^^^^ use of unresolved module or unlinked crate `k2f_paint`
[INFO] [stdout]   |
[INFO] [stdout]   = help: if you wanted to use a crate named `k2f_paint`, use `cargo add k2f_paint` to add it to your `Cargo.toml`
[INFO] [stdout] 
[INFO] [stdout] 
[INFO] [stdout] error[E0432]: unresolved import `k2f_paint`
[INFO] [stdout]  --> tests/form_field_author.rs:5:5
[INFO] [stdout]   |
[INFO] [stdout] 5 | use k2f_paint::OpenedDocument;
[INFO] [stdout]   |     ^^^^^^^^^ use of unresolved module or unlinked crate `k2f_paint`
[INFO] [stdout]   |
[INFO] [stdout]   = help: if you wanted to use a crate named `k2f_paint`, use `cargo add k2f_paint` to add it to your `Cargo.toml`
[INFO] [stdout] 
[INFO] [stdout] 
[INFO] [stdout] error[E0432]: unresolved import `zip`
[INFO] [stdout]  --> tests/idml_export.rs:3:5
[INFO] [stdout]   |
[INFO] [stdout] 3 | use zip::ZipArchive;
[INFO] [stdout]   |     ^^^ use of unresolved module or unlinked crate `zip`
[INFO] [stdout]   |
[INFO] [stdout]   = help: if you wanted to use a crate named `zip`, use `cargo add zip` to add it to your `Cargo.toml`
[INFO] [stdout] 
[INFO] [stdout] 
[INFO] [stdout] For more information about this error, try `rustc --explain E0432`.
[INFO] [stdout] 
[INFO] [stdout] error[E0432]: unresolved import `zip`
[INFO] [stdout]  --> tests/pptx_export.rs:3:5
[INFO] [stdout]   |
[INFO] [stdout] 3 | use zip::ZipArchive;
[INFO] [stdout]   |     ^^^ use of unresolved module or unlinked crate `zip`
[INFO] [stdout]   |
[INFO] [stdout]   = help: if you wanted to use a crate named `zip`, use `cargo add zip` to add it to your `Cargo.toml`
[INFO] [stdout] 
[INFO] [stdout] 
[INFO] [stdout] For more information about this error, try `rustc --explain E0432`.
[INFO] [stdout] 
[INFO] [stdout] For more information about this error, try `rustc --explain E0432`.
[INFO] [stdout] 
[INFO] [stderr] error: could not compile `k2f_sdk` (test "generate_showcase") due to 1 previous error
[INFO] [stderr] error: could not compile `k2f_sdk` (test "editor_p0") due to 1 previous error
[INFO] [stderr] error: could not compile `k2f_sdk` (test "typography_visual") due to 1 previous error
[INFO] [stdout] For more information about this error, try `rustc --explain E0432`.
[INFO] [stdout] 
[INFO] [stdout] error[E0433]: cannot find module or crate `zip` in this scope
[INFO] [stdout]    --> tests/idml_export.rs:128:37
[INFO] [stdout]     |
[INFO] [stdout] 128 |     assert_eq!(first.compression(), zip::CompressionMethod::Stored);
[INFO] [stdout]     |                                     ^^^ use of unresolved module or unlinked crate `zip`
[INFO] [stdout]     |
[INFO] [stdout]     = help: if you wanted to use a crate named `zip`, use `cargo add zip` to add it to your `Cargo.toml`
[INFO] [stdout] 
[INFO] [stdout] 
[INFO] [stderr] error: could not compile `k2f_sdk` (test "form_field_edit") due to 1 previous error
[INFO] [stdout] For more information about this error, try `rustc --explain E0432`.
[INFO] [stdout] 
[INFO] [stderr] error: could not compile `k2f_sdk` (test "form_field_author") due to 1 previous error
[INFO] [stdout] For more information about this error, try `rustc --explain E0432`.
[INFO] [stdout] 
[INFO] [stderr] error: could not compile `k2f_sdk` (test "sign") due to 1 previous error
[INFO] [stdout] warning: function `insert_warning` is never used
[INFO] [stdout]   --> tests/common/mod.rs:53:8
[INFO] [stdout]    |
[INFO] [stdout] 53 | pub fn insert_warning(ed: &mut Editor, parent_id: &str, id: &str, text: &str) {
[INFO] [stdout]    |        ^^^^^^^^^^^^^^
[INFO] [stdout]    |
[INFO] [stdout]    = note: `#[warn(dead_code)]` (part of `#[warn(unused)]`) on by default
[INFO] [stdout] 
[INFO] [stdout] 
[INFO] [stdout] warning: function `insert_math` is never used
[INFO] [stdout]   --> tests/common/mod.rs:59:8
[INFO] [stdout]    |
[INFO] [stdout] 59 | pub fn insert_math(ed: &mut Editor, parent_id: &str, id: &str, tex: &str) {
[INFO] [stdout]    |        ^^^^^^^^^^^
[INFO] [stdout] 
[INFO] [stdout] 
[INFO] [stdout] warning: function `insert_table` is never used
[INFO] [stdout]   --> tests/common/mod.rs:73:8
[INFO] [stdout]    |
[INFO] [stdout] 73 | pub fn insert_table(
[INFO] [stdout]    |        ^^^^^^^^^^^^
[INFO] [stdout] 
[INFO] [stdout] 
[INFO] [stdout] warning: function `insert_section` is never used
[INFO] [stdout]   --> tests/common/mod.rs:83:8
[INFO] [stdout]    |
[INFO] [stdout] 83 | pub fn insert_section(ed: &mut Editor, id: &str) -> String {
[INFO] [stdout]    |        ^^^^^^^^^^^^^^
[INFO] [stdout] 
[INFO] [stdout] 
[INFO] [stdout] warning: function `insert_columns` is never used
[INFO] [stdout]   --> tests/common/mod.rs:97:8
[INFO] [stdout]    |
[INFO] [stdout] 97 | pub fn insert_columns(ed: &mut Editor, id: &str, count: u32, gap_pt: i64) -> String {
[INFO] [stdout]    |        ^^^^^^^^^^^^^^
[INFO] [stdout] 
[INFO] [stdout] 
[INFO] [stdout] warning: function `insert_list` is never used
[INFO] [stdout]    --> tests/common/mod.rs:112:8
[INFO] [stdout]     |
[INFO] [stdout] 112 | pub fn insert_list(ed: &mut Editor, parent_id: &str, id: &str, items: &[String]) {
[INFO] [stdout]     |        ^^^^^^^^^^^
[INFO] [stdout] 
[INFO] [stdout] 
[INFO] [stdout] warning: function `table_node` is never used
[INFO] [stdout]    --> tests/common/mod.rs:147:4
[INFO] [stdout]     |
[INFO] [stdout] 147 | fn table_node(id: &str, columns: &[String], rows: &[Vec<String>]) -> SemanticNode {
[INFO] [stdout]     |    ^^^^^^^^^^
[INFO] [stdout] 
[INFO] [stdout] 
[INFO] [stdout] warning: function `header_row` is never used
[INFO] [stdout]    --> tests/common/mod.rs:171:4
[INFO] [stdout]     |
[INFO] [stdout] 171 | fn header_row(table_id: &str, columns: &[String]) -> Vec<SemanticNode> {
[INFO] [stdout]     |    ^^^^^^^^^^
[INFO] [stdout] 
[INFO] [stdout] 
[INFO] [stdout] warning: function `body_row` is never used
[INFO] [stdout]    --> tests/common/mod.rs:179:4
[INFO] [stdout]     |
[INFO] [stdout] 179 | fn body_row(table_id: &str, ri: usize, row: &[String], alt: bool) -> Vec<SemanticNode> {
[INFO] [stdout]     |    ^^^^^^^^
[INFO] [stdout] 
[INFO] [stdout] 
[INFO] [stdout] For more information about this error, try `rustc --explain E0432`.
[INFO] [stdout] 
[INFO] [stderr] error: could not compile `k2f_sdk` (test "pptx_export") due to 1 previous error
[INFO] [stdout] warning: function `warning_node` is never used
[INFO] [stdout]   --> src/nodes.rs:30:8
[INFO] [stdout]    |
[INFO] [stdout] 30 | pub fn warning_node(id: &str, text: &str) -> SemanticNode {
[INFO] [stdout]    |        ^^^^^^^^^^^^
[INFO] [stdout]    |
[INFO] [stdout]    = note: `#[warn(dead_code)]` (part of `#[warn(unused)]`) on by default
[INFO] [stdout] 
[INFO] [stdout] 
[INFO] [stdout] warning: function `container_node` is never used
[INFO] [stdout]   --> src/nodes.rs:46:8
[INFO] [stdout]    |
[INFO] [stdout] 46 | pub fn container_node(id: &str, role: &str) -> SemanticNode {
[INFO] [stdout]    |        ^^^^^^^^^^^^^^
[INFO] [stdout] 
[INFO] [stdout] 
[INFO] [stdout] Some errors have detailed explanations: E0432, E0433.
[INFO] [stdout] 
[INFO] [stdout] For more information about an error, try `rustc --explain E0432`.
[INFO] [stdout] 
[INFO] [stderr] error: could not compile `k2f_sdk` (test "idml_export") due to 2 previous errors
[INFO] running `Command { std: "docker" "inspect" "7066c2f781c3d67cd6a62e28bd963e430d81add0549b883baf0b4e1dae3a17c4", kill_on_drop: false }`
[INFO] running `Command { std: "docker" "rm" "-f" "7066c2f781c3d67cd6a62e28bd963e430d81add0549b883baf0b4e1dae3a17c4", kill_on_drop: false }`
[INFO] [stdout] 7066c2f781c3d67cd6a62e28bd963e430d81add0549b883baf0b4e1dae3a17c4
