[INFO] fetching crate k2f_pptx 0.3.2...
[INFO] checking k2f_pptx-0.3.2 against 3154cc1a3e6424e44f438a95007d043ed5ceaaf6 for pr-133502-30
[INFO] extracting crate k2f_pptx 0.3.2 into /workspace/builds/worker-6-tc2/source
[INFO] started tweaking crates.io crate k2f_pptx 0.3.2
[INFO] removed 0 missing tests
[INFO] finished tweaking crates.io crate k2f_pptx 0.3.2
[INFO] tweaked toml for crates.io crate k2f_pptx 0.3.2 written to /workspace/builds/worker-6-tc2/source/Cargo.toml
[INFO] validating manifest of crates.io crate k2f_pptx 0.3.2 on toolchain 3154cc1a3e6424e44f438a95007d043ed5ceaaf6
[INFO] running `Command { std: CARGO_HOME="/workspace/cargo-home" RUSTUP_HOME="/workspace/rustup-home" "/workspace/cargo-home/bin/cargo" "+3154cc1a3e6424e44f438a95007d043ed5ceaaf6" "metadata" "--manifest-path" "Cargo.toml" "--no-deps", kill_on_drop: false }`
[INFO] crate crates.io crate k2f_pptx 0.3.2 already has a lockfile, it will not be regenerated
[INFO] running `Command { std: CARGO_HOME="/workspace/cargo-home" RUSTUP_HOME="/workspace/rustup-home" "/workspace/cargo-home/bin/cargo" "+3154cc1a3e6424e44f438a95007d043ed5ceaaf6" "fetch" "--manifest-path" "Cargo.toml", kill_on_drop: false }`
[INFO] [stderr] warning: `package.homepage` is redundant with `package.repository`
[INFO] [stderr]   --> Cargo.toml:47:12
[INFO] [stderr]    |
[INFO] [stderr] 47 | homepage = "https://github.com/suzheng/k2f"
[INFO] [stderr]    |            ^^^^^^^^^^^^^^^^^^^^^^^^^^^^^^^^
[INFO] [stderr] ...
[INFO] [stderr] 52 | repository = "https://github.com/suzheng/k2f"
[INFO] [stderr]    |              --------------------------------
[INFO] [stderr]    |
[INFO] [stderr]    = note: `cargo::redundant_homepage` is set to `warn` by default
[INFO] [stderr] help: consider removing `package.homepage`
[INFO] [stderr] warning: `k2f_pptx` (manifest) generated 1 warning
[INFO] running `Command { std: "docker" "create" "-v" "/var/lib/crater-agent-workspace/builds/worker-6-tc2/source:/opt/rustwide/workdir:ro,Z" "-v" "/var/lib/crater-agent-workspace/builds/worker-6-tc2/target:/opt/rustwide/target:rw,Z" "-v" "/var/lib/crater-agent-workspace/cargo-home:/opt/rustwide/cargo-home:ro,Z" "-v" "/var/lib/crater-agent-workspace/rustup-home:/opt/rustwide/rustup-home:ro,Z" "-m" "1610612736" "--network" "none" "ghcr.io/rust-lang/crates-build-env/linux@sha256:77db811e55d90add9212f6832c23229e3de5f1c1f9905e8cb07319ea15df73ac" "sleep" "infinity", kill_on_drop: false }`
[INFO] [stdout] 033e0fe0ea38b63b09983c25c02b225cd9e5c6f37fd56deb2b761f651e42e715
[INFO] running `Command { std: "docker" "start" "033e0fe0ea38b63b09983c25c02b225cd9e5c6f37fd56deb2b761f651e42e715", kill_on_drop: false }`
[INFO] running `Command { std: "docker" "inspect" "033e0fe0ea38b63b09983c25c02b225cd9e5c6f37fd56deb2b761f651e42e715", kill_on_drop: false }`
[INFO] running `Command { std: "docker" "exec" "-e" "SOURCE_DIR=/opt/rustwide/workdir" "-e" "CARGO_HOME=/opt/rustwide/cargo-home" "-e" "RUSTUP_HOME=/opt/rustwide/rustup-home" "-e" "CARGO_TARGET_DIR=/opt/rustwide/target" "-w" "/opt/rustwide/workdir" "--user" "0:0" "033e0fe0ea38b63b09983c25c02b225cd9e5c6f37fd56deb2b761f651e42e715" "/opt/rustwide/cargo-home/bin/cargo" "+3154cc1a3e6424e44f438a95007d043ed5ceaaf6" "metadata" "--no-deps" "--format-version=1", kill_on_drop: false }`
[INFO] running `Command { std: "docker" "inspect" "033e0fe0ea38b63b09983c25c02b225cd9e5c6f37fd56deb2b761f651e42e715", kill_on_drop: false }`
[INFO] running `Command { std: "docker" "exec" "-e" "SOURCE_DIR=/opt/rustwide/workdir" "-e" "CARGO_HOME=/opt/rustwide/cargo-home" "-e" "RUSTUP_HOME=/opt/rustwide/rustup-home" "-e" "CARGO_TARGET_DIR=/opt/rustwide/target" "-e" "CARGO_INCREMENTAL=0" "-e" "RUST_BACKTRACE=full" "-e" "RUSTFLAGS=--cap-lints=forbid" "-e" "RUSTDOCFLAGS=--cap-lints=forbid" "-w" "/opt/rustwide/workdir" "--user" "0:0" "033e0fe0ea38b63b09983c25c02b225cd9e5c6f37fd56deb2b761f651e42e715" "/opt/rustwide/cargo-home/bin/cargo" "+3154cc1a3e6424e44f438a95007d043ed5ceaaf6" "check" "--frozen" "--all" "--all-targets" "--message-format=json", kill_on_drop: false }`
[INFO] [stderr] warning: `package.homepage` is redundant with `package.repository`
[INFO] [stderr]   --> Cargo.toml:47:12
[INFO] [stderr]    |
[INFO] [stderr] 47 | homepage = "https://github.com/suzheng/k2f"
[INFO] [stderr]    |            ^^^^^^^^^^^^^^^^^^^^^^^^^^^^^^^^
[INFO] [stderr] ...
[INFO] [stderr] 52 | repository = "https://github.com/suzheng/k2f"
[INFO] [stderr]    |              --------------------------------
[INFO] [stderr]    |
[INFO] [stderr]    = note: `cargo::redundant_homepage` is set to `warn` by default
[INFO] [stderr] help: consider removing `package.homepage`
[INFO] [stderr] warning: `k2f_pptx` (manifest) generated 1 warning
[INFO] [stderr]     Checking stable_deref_trait v1.2.1
[INFO] [stderr]    Compiling generic-array v0.14.7
[INFO] [stderr]    Compiling semver v1.0.28
[INFO] [stderr]     Checking smallvec v1.16.1
[INFO] [stderr]     Checking typenum v1.20.1
[INFO] [stderr]     Checking litemap v0.8.3
[INFO] [stderr]    Compiling syn v3.0.6
[INFO] [stderr]    Compiling syn v2.0.119
[INFO] [stderr]     Checking writeable v0.6.4
[INFO] [stderr]     Checking memchr v2.8.3
[INFO] [stderr]     Checking flate2 v1.1.10
[INFO] [stderr]    Compiling serde_core v1.0.229
[INFO] [stderr]    Compiling rustc_version v0.4.1
[INFO] [stderr]    Compiling libc v0.2.189
[INFO] [stderr]    Compiling proc-macro2-diagnostics v0.10.1
[INFO] [stderr]     Checking cpufeatures v0.2.17
[INFO] [stderr]     Checking bytemuck v1.25.2
[INFO] [stderr]    Compiling serde v1.0.229
[INFO] [stderr]    Compiling serde_json v1.0.151
[INFO] [stderr]    Compiling num-traits v0.2.19
[INFO] [stderr]    Compiling pathfinder_simd v0.5.6
[INFO] [stderr]    Compiling zerocopy v0.8.57
[INFO] [stderr]     Checking float-cmp v0.9.0
[INFO] [stderr]    Compiling ref-cast v1.0.27
[INFO] [stderr]     Checking tinyvec v1.13.3
[INFO] [stderr]    Compiling yansi v1.0.1
[INFO] [stderr]     Checking arrayvec v0.7.8
[INFO] [stderr]    Compiling getrandom v0.3.4
[INFO] [stderr]     Checking strict-num v0.1.1
[INFO] [stderr]     Checking aho-corasick v1.1.5
[INFO] [stderr]    Compiling curve25519-dalek v4.1.3
[INFO] [stderr]    Compiling encoding_rs v0.8.41
[INFO] [stderr]    Compiling ahash v0.8.12
[INFO] [stderr]     Checking fdeflate v0.3.7
[INFO] [stderr]     Checking miniz_oxide v0.8.9
[INFO] [stderr]    Compiling k2f_core v0.3.2
[INFO] [stderr]    Compiling unicode-canonical-combining-class v1.0.0
[INFO] [stderr]    Compiling thiserror v2.0.20
[INFO] [stderr]    Compiling unicode-general-category v1.1.0
[INFO] [stderr]     Checking block-buffer v0.10.4
[INFO] [stderr]     Checking crypto-common v0.1.7
[INFO] [stderr]    Compiling unicode-joining-type v1.0.0
[INFO] [stderr]    Compiling heck v0.4.1
[INFO] [stderr]     Checking digest v0.10.7
[INFO] [stderr]     Checking alloc-no-stdlib v2.0.4
[INFO] [stderr]     Checking regex-syntax v0.8.11
[INFO] [stderr]     Checking sha2 v0.10.9
[INFO] [stderr]     Checking alloc-stdlib v0.2.4
[INFO] [stderr]     Checking form_urlencoded v1.2.2
[INFO] [stderr]     Checking png v0.17.16
[INFO] [stderr]     Checking tiny-skia-path v0.11.4
[INFO] [stderr]     Checking unicode-normalization v0.1.25
[INFO] [stderr]     Checking kurbo v0.11.3
[INFO] [stderr]     Checking signature v2.2.0
[INFO] [stderr]     Checking either v1.18.0
[INFO] [stderr]     Checking bumpalo v3.20.3
[INFO] [stderr]     Checking aliasable v0.1.3
[INFO] [stderr]     Checking utf8parse v0.2.2
[INFO] [stderr]    Compiling multiversion_no_op v1.0.0
[INFO] [stderr]    Compiling zip v2.4.2
[INFO] [stderr]     Checking simdutf8 v0.1.5
[INFO] [stderr]     Checking core_detect v1.0.0
[INFO] [stderr]     Checking zeroize v1.9.0
[INFO] [stderr]     Checking siphasher v1.0.3
[INFO] [stderr]     Checking borrow-or-share v0.2.4
[INFO] [stderr]     Checking regex-automata v0.4.18
[INFO] [stderr]     Checking indexmap v2.14.2
[INFO] [stderr]     Checking anstyle-parse v1.0.0
[INFO] [stderr]     Checking svgtypes v0.15.3
[INFO] [stderr]     Checking zopfli v0.8.3
[INFO] [stderr]    Compiling thiserror-impl v1.0.69
[INFO] [stderr]    Compiling enumflags2_derive v0.7.12
[INFO] [stderr]    Compiling ouroboros_macro v0.18.5
[INFO] [stderr]    Compiling curve25519-dalek-derive v0.1.1
[INFO] [stderr]     Checking itertools v0.14.0
[INFO] [stderr]     Checking enumflags2 v0.7.12
[INFO] [stderr]     Checking ed25519 v2.2.3
[INFO] [stderr]     Checking pathfinder_geometry v0.5.1
[INFO] [stderr]    Compiling synstructure v0.14.0
[INFO] [stderr]     Checking thiserror v1.0.69
[INFO] [stderr]     Checking ouroboros v0.18.5
[INFO] [stderr]     Checking brotli-decompressor v5.0.3
[INFO] [stderr]     Checking regex v1.13.1
[INFO] [stderr]     Checking simplecss v0.2.2
[INFO] [stderr]     Checking bitreader v0.3.11
[INFO] [stderr]     Checking is_terminal_polyfill v1.70.2
[INFO] [stderr]     Checking anstyle v1.0.14
[INFO] [stderr]     Checking anstyle-query v1.1.5
[INFO] [stderr]     Checking appendlist v1.4.0
[INFO] [stderr]     Checking pico-args v0.5.0
[INFO] [stderr]     Checking zune-core v0.4.12
[INFO] [stderr]     Checking ucd-trie v0.1.7
[INFO] [stderr]     Checking byteorder-lite v0.1.0
[INFO] [stderr]     Checking colorchoice v1.0.5
[INFO] [stderr]     Checking imagesize v0.13.0
[INFO] [stderr]     Checking quick-error v2.0.1
[INFO] [stderr]     Checking data-url v0.3.2
[INFO] [stderr]     Checking xmlwriter v0.1.0
[INFO] [stderr]     Checking roxmltree v0.20.0
[INFO] [stderr]     Checking glyph-names v0.2.0
[INFO] [stderr]     Checking image-webp v0.2.4
[INFO] [stderr]     Checking anstream v1.0.0
[INFO] [stderr]     Checking zune-jpeg v0.4.21
[INFO] [stderr]     Checking ed25519-dalek v2.2.0
[INFO] [stderr]     Checking tiny-skia v0.11.4
[INFO] [stderr]     Checking rgb v0.8.53
[INFO] [stderr]    Compiling zerofrom-derive v0.1.8
[INFO] [stderr]    Compiling yoke-derive v0.8.3
[INFO] [stderr]    Compiling zerovec-derive v0.11.6
[INFO] [stderr]    Compiling displaydoc v0.2.7
[INFO] [stderr]    Compiling serde_derive v1.0.229
[INFO] [stderr]    Compiling ref-cast-impl v1.0.27
[INFO] [stderr]    Compiling multiversion-macros v0.9.0
[INFO] [stderr]    Compiling thiserror-impl v2.0.20
[INFO] [stderr]     Checking usvg v0.43.0
[INFO] [stderr]     Checking strsim v0.11.1
[INFO] [stderr]     Checking fluent-uri v0.3.2
[INFO] [stderr]     Checking zerofrom v0.1.8
[INFO] [stderr]     Checking ttf-parser v0.25.1
[INFO] [stderr]     Checking yoke v0.8.3
[INFO] [stderr]     Checking zerovec v0.11.8
[INFO] [stderr]     Checking zerotrie v0.2.5
[INFO] [stderr]     Checking clap_lex v1.1.1
[INFO] [stderr]    Compiling clap_derive v4.6.7
[INFO] [stderr]     Checking multiversion v0.9.0
[INFO] [stderr]     Checking clap_builder v4.6.7
[INFO] [stderr]     Checking tinystr v0.8.4
[INFO] [stderr]     Checking icu_locale_core v2.3.0
[INFO] [stderr]     Checking potential_utf v0.1.6
[INFO] [stderr]     Checking icu_collections v2.3.0
[INFO] [stderr]     Checking resvg v0.43.0
[INFO] [stderr]     Checking image v0.25.6
[INFO] [stderr]     Checking ttf-parser v0.21.1
[INFO] [stderr]     Checking allsorts v0.17.0
[INFO] [stderr]     Checking icu_provider v2.3.1
[INFO] [stderr]     Checking icu_normalizer v2.3.0
[INFO] [stderr]     Checking icu_properties v2.3.0
[INFO] [stderr]     Checking clap v4.6.7
[INFO] [stderr]     Checking idna_adapter v1.2.2
[INFO] [stderr]     Checking idna v1.1.0
[INFO] [stderr]     Checking url v2.5.8
[INFO] [stderr]     Checking boon v0.6.1
[INFO] [stderr]     Checking k2f_markdown v0.3.2
[INFO] [stderr]     Checking k2f_package v0.3.2
[INFO] [stderr]     Checking k2f_paint v0.3.2
[INFO] [stderr]     Checking k2f_pptx v0.3.2 (/opt/rustwide/workdir)
[INFO] [stdout] warning: field `start_col` is never read
[INFO] [stdout]    --> src/ir.rs:178:9
[INFO] [stdout]     |
[INFO] [stdout] 167 | pub struct TableCell {
[INFO] [stdout]     |            --------- field in this struct
[INFO] [stdout] ...
[INFO] [stdout] 178 |     pub start_col: usize,
[INFO] [stdout]     |         ^^^^^^^^^
[INFO] [stdout]     |
[INFO] [stdout]     = note: `TableCell` has derived impls for the traits `Debug` and `Clone`, but these are intentionally ignored during dead code analysis
[INFO] [stdout]     = note: `#[warn(dead_code)]` (part of `#[warn(unused)]`) on by default
[INFO] [stdout] 
[INFO] [stdout] 
[INFO] [stdout] error[E0433]: cannot find module or crate `roxmltree` in this scope
[INFO] [stdout]    --> tests/step5_effects.rs:276:18
[INFO] [stdout]     |
[INFO] [stdout] 276 |     let parsed = roxmltree::Document::parse(&slide1).unwrap();
[INFO] [stdout]     |                  ^^^^^^^^^ use of unresolved module or unlinked crate `roxmltree`
[INFO] [stdout]     |
[INFO] [stdout]     = help: if you wanted to use a crate named `roxmltree`, use `cargo add roxmltree` to add it to your `Cargo.toml`
[INFO] [stdout] 
[INFO] [stdout] 
[INFO] [stdout] error[E0433]: cannot find module or crate `roxmltree` in this scope
[INFO] [stdout]   --> tests/step4_table.rs:85:18
[INFO] [stdout]    |
[INFO] [stdout] 85 |     let parsed = roxmltree::Document::parse(&xml).unwrap();
[INFO] [stdout]    |                  ^^^^^^^^^ use of unresolved module or unlinked crate `roxmltree`
[INFO] [stdout]    |
[INFO] [stdout]    = help: if you wanted to use a crate named `roxmltree`, use `cargo add roxmltree` to add it to your `Cargo.toml`
[INFO] [stdout] 
[INFO] [stdout] 
[INFO] [stdout] error[E0433]: cannot find module or crate `roxmltree` in this scope
[INFO] [stdout]    --> tests/step4_table.rs:104:18
[INFO] [stdout]     |
[INFO] [stdout] 104 |     let parsed = roxmltree::Document::parse(&xml).unwrap();
[INFO] [stdout]     |                  ^^^^^^^^^ use of unresolved module or unlinked crate `roxmltree`
[INFO] [stdout]     |
[INFO] [stdout]     = help: if you wanted to use a crate named `roxmltree`, use `cargo add roxmltree` to add it to your `Cargo.toml`
[INFO] [stdout] 
[INFO] [stdout] 
[INFO] [stdout] error[E0433]: cannot find module or crate `roxmltree` in this scope
[INFO] [stdout]    --> tests/step4_table.rs:129:22
[INFO] [stdout]     |
[INFO] [stdout] 129 |         let parsed = roxmltree::Document::parse(&xml).unwrap();
[INFO] [stdout]     |                      ^^^^^^^^^ use of unresolved module or unlinked crate `roxmltree`
[INFO] [stdout]     |
[INFO] [stdout]     = help: if you wanted to use a crate named `roxmltree`, use `cargo add roxmltree` to add it to your `Cargo.toml`
[INFO] [stdout] 
[INFO] [stdout] 
[INFO] [stdout] error[E0432]: unresolved import `k2f_sdk`
[INFO] [stdout]   --> tests/form_fields.rs:10:5
[INFO] [stdout]    |
[INFO] [stdout] 10 | use k2f_sdk::Editor;
[INFO] [stdout]    |     ^^^^^^^ use of unresolved module or unlinked crate `k2f_sdk`
[INFO] [stdout]    |
[INFO] [stdout]    = help: if you wanted to use a crate named `k2f_sdk`, use `cargo add k2f_sdk` to add it to your `Cargo.toml`
[INFO] [stdout] 
[INFO] [stdout] 
[INFO] [stdout] error[E0433]: cannot find module or crate `roxmltree` in this scope
[INFO] [stdout]   --> tests/step6_corpus.rs:30:18
[INFO] [stdout]    |
[INFO] [stdout] 30 |     let parsed = roxmltree::Document::parse(&xml).unwrap();
[INFO] [stdout]    |                  ^^^^^^^^^ use of unresolved module or unlinked crate `roxmltree`
[INFO] [stdout]    |
[INFO] [stdout]    = help: if you wanted to use a crate named `roxmltree`, use `cargo add roxmltree` to add it to your `Cargo.toml`
[INFO] [stdout] 
[INFO] [stdout] 
[INFO] [stdout] error[E0433]: cannot find module or crate `roxmltree` in this scope
[INFO] [stdout]    --> tests/step4_table.rs:190:22
[INFO] [stdout]     |
[INFO] [stdout] 190 |         let parsed = roxmltree::Document::parse(&xml).unwrap();
[INFO] [stdout]     |                      ^^^^^^^^^ use of unresolved module or unlinked crate `roxmltree`
[INFO] [stdout]     |
[INFO] [stdout]     = help: if you wanted to use a crate named `roxmltree`, use `cargo add roxmltree` to add it to your `Cargo.toml`
[INFO] [stdout] 
[INFO] [stdout] 
[INFO] [stdout] error[E0433]: cannot find module or crate `roxmltree` in this scope
[INFO] [stdout]   --> tests/step2_text.rs:24:18
[INFO] [stdout]    |
[INFO] [stdout] 24 |     let parsed = roxmltree::Document::parse(xml).unwrap();
[INFO] [stdout]    |                  ^^^^^^^^^ use of unresolved module or unlinked crate `roxmltree`
[INFO] [stdout]    |
[INFO] [stdout]    = help: if you wanted to use a crate named `roxmltree`, use `cargo add roxmltree` to add it to your `Cargo.toml`
[INFO] [stdout] 
[INFO] [stdout] 
[INFO] [stdout] error[E0433]: cannot find module or crate `roxmltree` in this scope
[INFO] [stdout]   --> tests/form_fields.rs:77:18
[INFO] [stdout]    |
[INFO] [stdout] 77 |     let parsed = roxmltree::Document::parse(xml).unwrap();
[INFO] [stdout]    |                  ^^^^^^^^^ use of unresolved module or unlinked crate `roxmltree`
[INFO] [stdout]    |
[INFO] [stdout]    = help: if you wanted to use a crate named `roxmltree`, use `cargo add roxmltree` to add it to your `Cargo.toml`
[INFO] [stdout] 
[INFO] [stdout] 
[INFO] [stdout] error[E0433]: cannot find module or crate `roxmltree` in this scope
[INFO] [stdout]    --> tests/step4_table.rs:228:18
[INFO] [stdout]     |
[INFO] [stdout] 228 |     let parsed = roxmltree::Document::parse(&xml).unwrap();
[INFO] [stdout]     |                  ^^^^^^^^^ use of unresolved module or unlinked crate `roxmltree`
[INFO] [stdout]     |
[INFO] [stdout]     = help: if you wanted to use a crate named `roxmltree`, use `cargo add roxmltree` to add it to your `Cargo.toml`
[INFO] [stdout] 
[INFO] [stdout] 
[INFO] [stdout] error[E0433]: cannot find module or crate `roxmltree` in this scope
[INFO] [stdout]   --> tests/step2_text.rs:78:15
[INFO] [stdout]    |
[INFO] [stdout] 78 |     let doc = roxmltree::Document::parse(&s1).unwrap();
[INFO] [stdout]    |               ^^^^^^^^^ use of unresolved module or unlinked crate `roxmltree`
[INFO] [stdout]    |
[INFO] [stdout]    = help: if you wanted to use a crate named `roxmltree`, use `cargo add roxmltree` to add it to your `Cargo.toml`
[INFO] [stdout] 
[INFO] [stdout] 
[INFO] [stdout] error[E0433]: cannot find module or crate `roxmltree` in this scope
[INFO] [stdout]    --> tests/step4_table.rs:249:18
[INFO] [stdout]     |
[INFO] [stdout] 249 |     let parsed = roxmltree::Document::parse(&xml).unwrap();
[INFO] [stdout]     |                  ^^^^^^^^^ use of unresolved module or unlinked crate `roxmltree`
[INFO] [stdout]     |
[INFO] [stdout]     = help: if you wanted to use a crate named `roxmltree`, use `cargo add roxmltree` to add it to your `Cargo.toml`
[INFO] [stdout] 
[INFO] [stdout] 
[INFO] [stdout] error[E0433]: cannot find module or crate `roxmltree` in this scope
[INFO] [stdout]   --> tests/step2_text.rs:94:18
[INFO] [stdout]    |
[INFO] [stdout] 94 |     let parsed = roxmltree::Document::parse(&s1).unwrap();
[INFO] [stdout]    |                  ^^^^^^^^^ use of unresolved module or unlinked crate `roxmltree`
[INFO] [stdout]    |
[INFO] [stdout]    = help: if you wanted to use a crate named `roxmltree`, use `cargo add roxmltree` to add it to your `Cargo.toml`
[INFO] [stdout] 
[INFO] [stdout] 
[INFO] [stdout] error[E0433]: cannot find module or crate `roxmltree` in this scope
[INFO] [stdout]    --> tests/step4_table.rs:265:18
[INFO] [stdout]     |
[INFO] [stdout] 265 |     let parsed = roxmltree::Document::parse(&xml).unwrap();
[INFO] [stdout]     |                  ^^^^^^^^^ use of unresolved module or unlinked crate `roxmltree`
[INFO] [stdout]     |
[INFO] [stdout]     = help: if you wanted to use a crate named `roxmltree`, use `cargo add roxmltree` to add it to your `Cargo.toml`
[INFO] [stdout] 
[INFO] [stdout] 
[INFO] [stdout] For more information about this error, try `rustc --explain E0433`.
[INFO] [stdout] 
[INFO] [stdout] error[E0433]: cannot find module or crate `serde_json` in this scope
[INFO] [stdout]   --> tests/form_fields.rs:38:35
[INFO] [stdout]    |
[INFO] [stdout] 38 |     let json = |n: &SemanticNode| serde_json::to_string(n).unwrap();
[INFO] [stdout]    |                                   ^^^^^^^^^^ use of unresolved module or unlinked crate `serde_json`
[INFO] [stdout]    |
[INFO] [stdout]    = help: if you wanted to use a crate named `serde_json`, use `cargo add serde_json` to add it to your `Cargo.toml`
[INFO] [stdout] 
[INFO] [stdout] 
[INFO] [stderr] error: could not compile `k2f_pptx` (test "step5_effects") due to 1 previous error
[INFO] [stderr] warning: build failed, waiting for other jobs to finish...
[INFO] [stdout] error[E0433]: cannot find module or crate `serde_json` in this scope
[INFO] [stdout]    --> tests/form_fields.rs:115:35
[INFO] [stdout]     |
[INFO] [stdout] 115 |     let json = |n: &SemanticNode| serde_json::to_string(n).unwrap();
[INFO] [stdout]     |                                   ^^^^^^^^^^ use of unresolved module or unlinked crate `serde_json`
[INFO] [stdout]     |
[INFO] [stdout]     = help: if you wanted to use a crate named `serde_json`, use `cargo add serde_json` to add it to your `Cargo.toml`
[INFO] [stdout] 
[INFO] [stdout] 
[INFO] [stdout] error[E0433]: cannot find module or crate `roxmltree` in this scope
[INFO] [stdout]    --> tests/step2_text.rs:138:22
[INFO] [stdout]     |
[INFO] [stdout] 138 |         let parsed = roxmltree::Document::parse(&xml).unwrap();
[INFO] [stdout]     |                      ^^^^^^^^^ use of unresolved module or unlinked crate `roxmltree`
[INFO] [stdout]     |
[INFO] [stdout]     = help: if you wanted to use a crate named `roxmltree`, use `cargo add roxmltree` to add it to your `Cargo.toml`
[INFO] [stdout] 
[INFO] [stdout] 
[INFO] [stderr] error: could not compile `k2f_pptx` (test "step6_corpus") due to 1 previous error
[INFO] [stdout] error[E0433]: cannot find module or crate `roxmltree` in this scope
[INFO] [stdout]    --> tests/step4_table.rs:292:18
[INFO] [stdout]     |
[INFO] [stdout] 292 |     let parsed = roxmltree::Document::parse(&xml).unwrap();
[INFO] [stdout]     |                  ^^^^^^^^^ use of unresolved module or unlinked crate `roxmltree`
[INFO] [stdout]     |
[INFO] [stdout]     = help: if you wanted to use a crate named `roxmltree`, use `cargo add roxmltree` to add it to your `Cargo.toml`
[INFO] [stdout] 
[INFO] [stdout] 
[INFO] [stderr] error: could not compile `k2f_pptx` (test "form_fields") due to 4 previous errors
[INFO] [stdout] error[E0433]: cannot find module or crate `roxmltree` in this scope
[INFO] [stdout]    --> tests/step2_text.rs:187:18
[INFO] [stdout]     |
[INFO] [stdout] 187 |     let parsed = roxmltree::Document::parse(&xml).unwrap();
[INFO] [stdout]     |                  ^^^^^^^^^ use of unresolved module or unlinked crate `roxmltree`
[INFO] [stdout]     |
[INFO] [stdout]     = help: if you wanted to use a crate named `roxmltree`, use `cargo add roxmltree` to add it to your `Cargo.toml`
[INFO] [stdout] 
[INFO] [stdout] 
[INFO] [stdout] error[E0433]: cannot find module or crate `roxmltree` in this scope
[INFO] [stdout]    --> tests/step4_table.rs:312:22
[INFO] [stdout]     |
[INFO] [stdout] 312 |         let parsed = roxmltree::Document::parse(&xml).unwrap();
[INFO] [stdout]     |                      ^^^^^^^^^ use of unresolved module or unlinked crate `roxmltree`
[INFO] [stdout]     |
[INFO] [stdout]     = help: if you wanted to use a crate named `roxmltree`, use `cargo add roxmltree` to add it to your `Cargo.toml`
[INFO] [stdout] 
[INFO] [stdout] 
[INFO] [stdout] error[E0433]: cannot find module or crate `roxmltree` in this scope
[INFO] [stdout]   --> tests/step3_shape_picture.rs:49:22
[INFO] [stdout]    |
[INFO] [stdout] 49 |         let parsed = roxmltree::Document::parse(&xml).unwrap();
[INFO] [stdout]    |                      ^^^^^^^^^ use of unresolved module or unlinked crate `roxmltree`
[INFO] [stdout]    |
[INFO] [stdout]    = help: if you wanted to use a crate named `roxmltree`, use `cargo add roxmltree` to add it to your `Cargo.toml`
[INFO] [stdout] 
[INFO] [stdout] 
[INFO] [stdout] For more information about this error, try `rustc --explain E0433`.
[INFO] [stdout] 
[INFO] [stdout] Some errors have detailed explanations: E0432, E0433.
[INFO] [stdout] 
[INFO] [stdout] For more information about an error, try `rustc --explain E0432`.
[INFO] [stdout] 
[INFO] [stdout] error[E0433]: cannot find module or crate `roxmltree` in this scope
[INFO] [stdout]    --> tests/step3_shape_picture.rs:100:18
[INFO] [stdout]     |
[INFO] [stdout] 100 |     let parsed = roxmltree::Document::parse(&xml).unwrap();
[INFO] [stdout]     |                  ^^^^^^^^^ use of unresolved module or unlinked crate `roxmltree`
[INFO] [stdout]     |
[INFO] [stdout]     = help: if you wanted to use a crate named `roxmltree`, use `cargo add roxmltree` to add it to your `Cargo.toml`
[INFO] [stdout] 
[INFO] [stdout] 
[INFO] [stdout] error[E0433]: cannot find module or crate `roxmltree` in this scope
[INFO] [stdout]    --> tests/step3_shape_picture.rs:155:18
[INFO] [stdout]     |
[INFO] [stdout] 155 |     let parsed = roxmltree::Document::parse(&xml).unwrap();
[INFO] [stdout]     |                  ^^^^^^^^^ use of unresolved module or unlinked crate `roxmltree`
[INFO] [stdout]     |
[INFO] [stdout]     = help: if you wanted to use a crate named `roxmltree`, use `cargo add roxmltree` to add it to your `Cargo.toml`
[INFO] [stdout] 
[INFO] [stdout] 
[INFO] [stdout] error[E0433]: cannot find module or crate `roxmltree` in this scope
[INFO] [stdout]    --> tests/step3_shape_picture.rs:198:18
[INFO] [stdout]     |
[INFO] [stdout] 198 |     let parsed = roxmltree::Document::parse(&xml).unwrap();
[INFO] [stdout]     |                  ^^^^^^^^^ use of unresolved module or unlinked crate `roxmltree`
[INFO] [stdout]     |
[INFO] [stdout]     = help: if you wanted to use a crate named `roxmltree`, use `cargo add roxmltree` to add it to your `Cargo.toml`
[INFO] [stdout] 
[INFO] [stdout] 
[INFO] [stdout] error[E0433]: cannot find module or crate `roxmltree` in this scope
[INFO] [stdout]    --> tests/step3_shape_picture.rs:214:22
[INFO] [stdout]     |
[INFO] [stdout] 214 |         let parsed = roxmltree::Document::parse(&xml).unwrap();
[INFO] [stdout]     |                      ^^^^^^^^^ use of unresolved module or unlinked crate `roxmltree`
[INFO] [stdout]     |
[INFO] [stdout]     = help: if you wanted to use a crate named `roxmltree`, use `cargo add roxmltree` to add it to your `Cargo.toml`
[INFO] [stdout] 
[INFO] [stdout] 
[INFO] [stdout] error[E0433]: cannot find module or crate `roxmltree` in this scope
[INFO] [stdout]    --> tests/step3_shape_picture.rs:234:18
[INFO] [stdout]     |
[INFO] [stdout] 234 |     let parsed = roxmltree::Document::parse(&xml).unwrap();
[INFO] [stdout]     |                  ^^^^^^^^^ use of unresolved module or unlinked crate `roxmltree`
[INFO] [stdout]     |
[INFO] [stdout]     = help: if you wanted to use a crate named `roxmltree`, use `cargo add roxmltree` to add it to your `Cargo.toml`
[INFO] [stdout] 
[INFO] [stdout] 
[INFO] [stdout] error[E0433]: cannot find module or crate `roxmltree` in this scope
[INFO] [stdout]    --> tests/step3_shape_picture.rs:280:18
[INFO] [stdout]     |
[INFO] [stdout] 280 |     let parsed = roxmltree::Document::parse(&xml).unwrap();
[INFO] [stdout]     |                  ^^^^^^^^^ use of unresolved module or unlinked crate `roxmltree`
[INFO] [stdout]     |
[INFO] [stdout]     = help: if you wanted to use a crate named `roxmltree`, use `cargo add roxmltree` to add it to your `Cargo.toml`
[INFO] [stdout] 
[INFO] [stdout] 
[INFO] [stdout] error[E0433]: cannot find module or crate `roxmltree` in this scope
[INFO] [stdout]    --> tests/step3_shape_picture.rs:321:18
[INFO] [stdout]     |
[INFO] [stdout] 321 |     let parsed = roxmltree::Document::parse(&xml).unwrap();
[INFO] [stdout]     |                  ^^^^^^^^^ use of unresolved module or unlinked crate `roxmltree`
[INFO] [stdout]     |
[INFO] [stdout]     = help: if you wanted to use a crate named `roxmltree`, use `cargo add roxmltree` to add it to your `Cargo.toml`
[INFO] [stdout] 
[INFO] [stdout] 
[INFO] [stdout] For more information about this error, try `rustc --explain E0433`.
[INFO] [stdout] 
[INFO] [stderr] error: could not compile `k2f_pptx` (test "step2_text") due to 5 previous errors
[INFO] [stdout] error[E0433]: cannot find module or crate `roxmltree` in this scope
[INFO] [stdout]    --> tests/step4_table.rs:178:20
[INFO] [stdout]     |
[INFO] [stdout] 178 | fn is_txbox_sp(sp: roxmltree::Node<'_, '_>) -> bool {
[INFO] [stdout]     |                    ^^^^^^^^^ use of unresolved module or unlinked crate `roxmltree`
[INFO] [stdout]     |
[INFO] [stdout]     = help: if you wanted to use a crate named `roxmltree`, use `cargo add roxmltree` to add it to your `Cargo.toml`
[INFO] [stdout] 
[INFO] [stdout] 
[INFO] [stdout] error[E0433]: cannot find module or crate `roxmltree` in this scope
[INFO] [stdout]    --> tests/step4_table.rs:209:20
[INFO] [stdout]     |
[INFO] [stdout] 209 | fn tc_fill<'a>(tc: roxmltree::Node<'a, 'a>) -> Option<&'a str> {
[INFO] [stdout]     |                    ^^^^^^^^^ use of unresolved module or unlinked crate `roxmltree`
[INFO] [stdout]     |
[INFO] [stdout]     = help: if you wanted to use a crate named `roxmltree`, use `cargo add roxmltree` to add it to your `Cargo.toml`
[INFO] [stdout] 
[INFO] [stdout] 
[INFO] [stdout] For more information about this error, try `rustc --explain E0433`.
[INFO] [stdout] 
[INFO] [stderr] error: could not compile `k2f_pptx` (test "step4_table") due to 11 previous errors
[INFO] [stdout] warning: field `start_col` is never read
[INFO] [stdout]    --> src/ir.rs:178:9
[INFO] [stdout]     |
[INFO] [stdout] 167 | pub struct TableCell {
[INFO] [stdout]     |            --------- field in this struct
[INFO] [stdout] ...
[INFO] [stdout] 178 |     pub start_col: usize,
[INFO] [stdout]     |         ^^^^^^^^^
[INFO] [stdout]     |
[INFO] [stdout]     = note: `TableCell` has derived impls for the traits `Debug` and `Clone`, but these are intentionally ignored during dead code analysis
[INFO] [stdout]     = note: `#[warn(dead_code)]` (part of `#[warn(unused)]`) on by default
[INFO] [stdout] 
[INFO] [stdout] 
[INFO] [stdout] error[E0433]: cannot find module or crate `roxmltree` in this scope
[INFO] [stdout]   --> tests/step3_shape_picture.rs:16:17
[INFO] [stdout]    |
[INFO] [stdout] 16 | fn is_txbox(sp: roxmltree::Node<'_, '_>) -> bool {
[INFO] [stdout]    |                 ^^^^^^^^^ use of unresolved module or unlinked crate `roxmltree`
[INFO] [stdout]    |
[INFO] [stdout]    = help: if you wanted to use a crate named `roxmltree`, use `cargo add roxmltree` to add it to your `Cargo.toml`
[INFO] [stdout] 
[INFO] [stdout] 
[INFO] [stdout] error[E0433]: cannot find module or crate `roxmltree` in this scope
[INFO] [stdout]   --> tests/step3_shape_picture.rs:22:14
[INFO] [stdout]    |
[INFO] [stdout] 22 |     doc: &'a roxmltree::Document<'b>,
[INFO] [stdout]    |              ^^^^^^^^^ use of unresolved module or unlinked crate `roxmltree`
[INFO] [stdout]    |
[INFO] [stdout]    = help: if you wanted to use a crate named `roxmltree`, use `cargo add roxmltree` to add it to your `Cargo.toml`
[INFO] [stdout] 
[INFO] [stdout] 
[INFO] [stdout] error[E0433]: cannot find module or crate `roxmltree` in this scope
[INFO] [stdout]   --> tests/step3_shape_picture.rs:24:13
[INFO] [stdout]    |
[INFO] [stdout] 24 | ) -> Option<roxmltree::Node<'a, 'b>> {
[INFO] [stdout]    |             ^^^^^^^^^ use of unresolved module or unlinked crate `roxmltree`
[INFO] [stdout]    |
[INFO] [stdout]    = help: if you wanted to use a crate named `roxmltree`, use `cargo add roxmltree` to add it to your `Cargo.toml`
[INFO] [stdout] 
[INFO] [stdout] 
[INFO] [stdout] error[E0433]: cannot find module or crate `roxmltree` in this scope
[INFO] [stdout]   --> tests/step3_shape_picture.rs:32:17
[INFO] [stdout]    |
[INFO] [stdout] 32 | fn off_xy(node: roxmltree::Node<'_, '_>) -> (i64, i64) {
[INFO] [stdout]    |                 ^^^^^^^^^ use of unresolved module or unlinked crate `roxmltree`
[INFO] [stdout]    |
[INFO] [stdout]    = help: if you wanted to use a crate named `roxmltree`, use `cargo add roxmltree` to add it to your `Cargo.toml`
[INFO] [stdout] 
[INFO] [stdout] 
[INFO] [stdout] For more information about this error, try `rustc --explain E0433`.
[INFO] [stdout] 
[INFO] [stderr] error: could not compile `k2f_pptx` (test "step3_shape_picture") due to 12 previous errors
[INFO] running `Command { std: "docker" "inspect" "033e0fe0ea38b63b09983c25c02b225cd9e5c6f37fd56deb2b761f651e42e715", kill_on_drop: false }`
[INFO] running `Command { std: "docker" "rm" "-f" "033e0fe0ea38b63b09983c25c02b225cd9e5c6f37fd56deb2b761f651e42e715", kill_on_drop: false }`
[INFO] [stdout] 033e0fe0ea38b63b09983c25c02b225cd9e5c6f37fd56deb2b761f651e42e715
