[INFO] fetching crate k2f_pdf 0.3.2...
[INFO] checking k2f_pdf-0.3.2 against 3154cc1a3e6424e44f438a95007d043ed5ceaaf6 for pr-133502-30
[INFO] extracting crate k2f_pdf 0.3.2 into /workspace/builds/worker-6-tc2/source
[INFO] started tweaking crates.io crate k2f_pdf 0.3.2
[INFO] removed 0 missing tests
[INFO] finished tweaking crates.io crate k2f_pdf 0.3.2
[INFO] tweaked toml for crates.io crate k2f_pdf 0.3.2 written to /workspace/builds/worker-6-tc2/source/Cargo.toml
[INFO] validating manifest of crates.io crate k2f_pdf 0.3.2 on toolchain 3154cc1a3e6424e44f438a95007d043ed5ceaaf6
[INFO] running `Command { std: CARGO_HOME="/workspace/cargo-home" RUSTUP_HOME="/workspace/rustup-home" "/workspace/cargo-home/bin/cargo" "+3154cc1a3e6424e44f438a95007d043ed5ceaaf6" "metadata" "--manifest-path" "Cargo.toml" "--no-deps", kill_on_drop: false }`
[INFO] crate crates.io crate k2f_pdf 0.3.2 already has a lockfile, it will not be regenerated
[INFO] running `Command { std: CARGO_HOME="/workspace/cargo-home" RUSTUP_HOME="/workspace/rustup-home" "/workspace/cargo-home/bin/cargo" "+3154cc1a3e6424e44f438a95007d043ed5ceaaf6" "fetch" "--manifest-path" "Cargo.toml", kill_on_drop: false }`
[INFO] [stderr] warning: `package.homepage` is redundant with `package.repository`
[INFO] [stderr]   --> Cargo.toml:43:12
[INFO] [stderr]    |
[INFO] [stderr] 43 | homepage = "https://github.com/suzheng/k2f"
[INFO] [stderr]    |            ^^^^^^^^^^^^^^^^^^^^^^^^^^^^^^^^
[INFO] [stderr] ...
[INFO] [stderr] 48 | repository = "https://github.com/suzheng/k2f"
[INFO] [stderr]    |              --------------------------------
[INFO] [stderr]    |
[INFO] [stderr]    = note: `cargo::redundant_homepage` is set to `warn` by default
[INFO] [stderr] help: consider removing `package.homepage`
[INFO] [stderr] warning: `k2f_pdf` (manifest) generated 1 warning
[INFO] running `Command { std: "docker" "create" "-v" "/var/lib/crater-agent-workspace/builds/worker-6-tc2/source:/opt/rustwide/workdir:ro,Z" "-v" "/var/lib/crater-agent-workspace/builds/worker-6-tc2/target:/opt/rustwide/target:rw,Z" "-v" "/var/lib/crater-agent-workspace/cargo-home:/opt/rustwide/cargo-home:ro,Z" "-v" "/var/lib/crater-agent-workspace/rustup-home:/opt/rustwide/rustup-home:ro,Z" "-m" "1610612736" "--network" "none" "ghcr.io/rust-lang/crates-build-env/linux@sha256:77db811e55d90add9212f6832c23229e3de5f1c1f9905e8cb07319ea15df73ac" "sleep" "infinity", kill_on_drop: false }`
[INFO] [stdout] ac87d8c6e16307eb8d6026b5439f622255a9b7b80b950c9dad2139520f172e27
[INFO] running `Command { std: "docker" "start" "ac87d8c6e16307eb8d6026b5439f622255a9b7b80b950c9dad2139520f172e27", kill_on_drop: false }`
[INFO] running `Command { std: "docker" "inspect" "ac87d8c6e16307eb8d6026b5439f622255a9b7b80b950c9dad2139520f172e27", kill_on_drop: false }`
[INFO] running `Command { std: "docker" "exec" "-e" "SOURCE_DIR=/opt/rustwide/workdir" "-e" "CARGO_HOME=/opt/rustwide/cargo-home" "-e" "RUSTUP_HOME=/opt/rustwide/rustup-home" "-e" "CARGO_TARGET_DIR=/opt/rustwide/target" "-w" "/opt/rustwide/workdir" "--user" "0:0" "ac87d8c6e16307eb8d6026b5439f622255a9b7b80b950c9dad2139520f172e27" "/opt/rustwide/cargo-home/bin/cargo" "+3154cc1a3e6424e44f438a95007d043ed5ceaaf6" "metadata" "--no-deps" "--format-version=1", kill_on_drop: false }`
[INFO] running `Command { std: "docker" "inspect" "ac87d8c6e16307eb8d6026b5439f622255a9b7b80b950c9dad2139520f172e27", kill_on_drop: false }`
[INFO] running `Command { std: "docker" "exec" "-e" "SOURCE_DIR=/opt/rustwide/workdir" "-e" "CARGO_HOME=/opt/rustwide/cargo-home" "-e" "RUSTUP_HOME=/opt/rustwide/rustup-home" "-e" "CARGO_TARGET_DIR=/opt/rustwide/target" "-e" "CARGO_INCREMENTAL=0" "-e" "RUST_BACKTRACE=full" "-e" "RUSTFLAGS=--cap-lints=forbid" "-e" "RUSTDOCFLAGS=--cap-lints=forbid" "-w" "/opt/rustwide/workdir" "--user" "0:0" "ac87d8c6e16307eb8d6026b5439f622255a9b7b80b950c9dad2139520f172e27" "/opt/rustwide/cargo-home/bin/cargo" "+3154cc1a3e6424e44f438a95007d043ed5ceaaf6" "check" "--frozen" "--all" "--all-targets" "--message-format=json", kill_on_drop: false }`
[INFO] [stderr] warning: `package.homepage` is redundant with `package.repository`
[INFO] [stderr]   --> Cargo.toml:43:12
[INFO] [stderr]    |
[INFO] [stderr] 43 | homepage = "https://github.com/suzheng/k2f"
[INFO] [stderr]    |            ^^^^^^^^^^^^^^^^^^^^^^^^^^^^^^^^
[INFO] [stderr] ...
[INFO] [stderr] 48 | repository = "https://github.com/suzheng/k2f"
[INFO] [stderr]    |              --------------------------------
[INFO] [stderr]    |
[INFO] [stderr]    = note: `cargo::redundant_homepage` is set to `warn` by default
[INFO] [stderr] help: consider removing `package.homepage`
[INFO] [stderr] warning: `k2f_pdf` (manifest) generated 1 warning
[INFO] [stderr]    Compiling unicode-ident v1.0.26
[INFO] [stderr]     Checking cfg-if v1.0.5
[INFO] [stderr]    Compiling crc32fast v1.5.2
[INFO] [stderr]    Compiling semver v1.0.28
[INFO] [stderr]     Checking smallvec v1.16.1
[INFO] [stderr]     Checking miniz_oxide v0.9.1
[INFO] [stderr]     Checking litemap v0.8.3
[INFO] [stderr]     Checking writeable v0.6.4
[INFO] [stderr]     Checking log v0.4.34
[INFO] [stderr]    Compiling proc-macro2 v1.0.107
[INFO] [stderr]    Compiling icu_properties_data v2.3.0
[INFO] [stderr]    Compiling icu_normalizer_data v2.3.0
[INFO] [stderr]    Compiling proc-macro2-diagnostics v0.10.1
[INFO] [stderr]     Checking bytemuck v1.25.2
[INFO] [stderr]    Compiling rustc_version v0.4.1
[INFO] [stderr]    Compiling serde_json v1.0.151
[INFO] [stderr]    Compiling num-traits v0.2.19
[INFO] [stderr]    Compiling getrandom v0.3.4
[INFO] [stderr]    Compiling zerocopy v0.8.57
[INFO] [stderr]    Compiling quote v1.0.47
[INFO] [stderr]     Checking flate2 v1.1.10
[INFO] [stderr]     Checking float-cmp v0.9.0
[INFO] [stderr]    Compiling syn v3.0.6
[INFO] [stderr]    Compiling syn v2.0.119
[INFO] [stderr]    Compiling ref-cast v1.0.27
[INFO] [stderr]     Checking tinyvec v1.13.3
[INFO] [stderr]    Compiling pathfinder_simd v0.5.6
[INFO] [stderr]    Compiling yansi v1.0.1
[INFO] [stderr]    Compiling curve25519-dalek v4.1.3
[INFO] [stderr]     Checking strict-num v0.1.1
[INFO] [stderr]     Checking sha2 v0.10.9
[INFO] [stderr]    Compiling encoding_rs v0.8.41
[INFO] [stderr]     Checking aho-corasick v1.1.5
[INFO] [stderr]    Compiling ahash v0.8.12
[INFO] [stderr]    Compiling unicode-joining-type v1.0.0
[INFO] [stderr]    Compiling heck v0.4.1
[INFO] [stderr]     Checking alloc-no-stdlib v2.0.4
[INFO] [stderr]    Compiling unicode-canonical-combining-class v1.0.0
[INFO] [stderr]    Compiling unicode-general-category v1.1.0
[INFO] [stderr]    Compiling k2f_core v0.3.2
[INFO] [stderr]     Checking png v0.17.16
[INFO] [stderr]     Checking tiny-skia-path v0.11.4
[INFO] [stderr]     Checking alloc-stdlib v0.2.4
[INFO] [stderr]     Checking form_urlencoded v1.2.2
[INFO] [stderr]     Checking unicode-normalization v0.1.25
[INFO] [stderr]     Checking regex-automata v0.4.18
[INFO] [stderr]     Checking kurbo v0.11.3
[INFO] [stderr]     Checking aliasable v0.1.3
[INFO] [stderr]    Compiling multiversion_no_op v1.0.0
[INFO] [stderr]     Checking borrow-or-share v0.2.4
[INFO] [stderr]     Checking simdutf8 v0.1.5
[INFO] [stderr]     Checking core_detect v1.0.0
[INFO] [stderr]     Checking zeroize v1.9.0
[INFO] [stderr]     Checking signature v2.2.0
[INFO] [stderr]     Checking either v1.18.0
[INFO] [stderr]     Checking ed25519 v2.2.3
[INFO] [stderr]     Checking indexmap v2.14.2
[INFO] [stderr]     Checking zopfli v0.8.3
[INFO] [stderr]     Checking itertools v0.14.0
[INFO] [stderr]     Checking pathfinder_geometry v0.5.1
[INFO] [stderr]     Checking svgtypes v0.15.3
[INFO] [stderr]     Checking brotli-decompressor v5.0.3
[INFO] [stderr]     Checking simplecss v0.2.2
[INFO] [stderr]     Checking bitreader v0.3.11
[INFO] [stderr]     Checking regex v1.13.1
[INFO] [stderr]     Checking appendlist v1.4.0
[INFO] [stderr]     Checking pico-args v0.5.0
[INFO] [stderr]     Checking zune-core v0.4.12
[INFO] [stderr]     Checking imagesize v0.13.0
[INFO] [stderr]     Checking data-url v0.3.2
[INFO] [stderr]     Checking glyph-names v0.2.0
[INFO] [stderr]     Checking xmlwriter v0.1.0
[INFO] [stderr]     Checking roxmltree v0.20.0
[INFO] [stderr]     Checking ucd-trie v0.1.7
[INFO] [stderr]     Checking zune-jpeg v0.4.21
[INFO] [stderr]     Checking tiny-skia v0.11.4
[INFO] [stderr]     Checking rgb v0.8.53
[INFO] [stderr]     Checking ttf-parser v0.25.1
[INFO] [stderr]     Checking bitflags v2.13.2
[INFO] [stderr]     Checking usvg v0.43.0
[INFO] [stderr]     Checking ttf-parser v0.21.1
[INFO] [stderr]     Checking image v0.25.6
[INFO] [stderr]    Compiling thiserror-impl v1.0.69
[INFO] [stderr]    Compiling synstructure v0.14.0
[INFO] [stderr]    Compiling curve25519-dalek-derive v0.1.1
[INFO] [stderr]    Compiling ouroboros_macro v0.18.5
[INFO] [stderr]    Compiling enumflags2_derive v0.7.12
[INFO] [stderr]     Checking thiserror v1.0.69
[INFO] [stderr]     Checking resvg v0.43.0
[INFO] [stderr]     Checking enumflags2 v0.7.12
[INFO] [stderr]     Checking pdf-writer v0.13.0
[INFO] [stderr]    Compiling zerofrom-derive v0.1.8
[INFO] [stderr]    Compiling yoke-derive v0.8.3
[INFO] [stderr]    Compiling zerovec-derive v0.11.6
[INFO] [stderr]    Compiling displaydoc v0.2.7
[INFO] [stderr]    Compiling serde_derive v1.0.229
[INFO] [stderr]    Compiling ref-cast-impl v1.0.27
[INFO] [stderr]    Compiling multiversion-macros v0.9.0
[INFO] [stderr]    Compiling thiserror-impl v2.0.20
[INFO] [stderr]     Checking fluent-uri v0.3.2
[INFO] [stderr]     Checking ouroboros v0.18.5
[INFO] [stderr]     Checking zerofrom v0.1.8
[INFO] [stderr]     Checking ed25519-dalek v2.2.0
[INFO] [stderr]     Checking yoke v0.8.3
[INFO] [stderr]     Checking zerovec v0.11.8
[INFO] [stderr]     Checking zerotrie v0.2.5
[INFO] [stderr]     Checking thiserror v2.0.20
[INFO] [stderr]     Checking zip v2.4.2
[INFO] [stderr]     Checking multiversion v0.9.0
[INFO] [stderr]     Checking tinystr v0.8.4
[INFO] [stderr]     Checking potential_utf v0.1.6
[INFO] [stderr]     Checking icu_collections v2.3.0
[INFO] [stderr]     Checking icu_locale_core v2.3.0
[INFO] [stderr]     Checking icu_provider v2.3.1
[INFO] [stderr]     Checking allsorts v0.17.0
[INFO] [stderr]     Checking serde v1.0.229
[INFO] [stderr]     Checking icu_normalizer v2.3.0
[INFO] [stderr]     Checking icu_properties v2.3.0
[INFO] [stderr]     Checking idna_adapter v1.2.2
[INFO] [stderr]     Checking idna v1.1.0
[INFO] [stderr]     Checking url v2.5.8
[INFO] [stderr]     Checking boon v0.6.1
[INFO] [stderr]     Checking k2f_markdown v0.3.2
[INFO] [stderr]     Checking k2f_package v0.3.2
[INFO] [stderr]     Checking k2f_paint v0.3.2
[INFO] [stderr]     Checking k2f_pdf v0.3.2 (/opt/rustwide/workdir)
[INFO] [stdout] error[E0432]: unresolved import `lopdf`
[INFO] [stdout]  --> tests/common/acroform.rs:3:5
[INFO] [stdout]   |
[INFO] [stdout] 3 | use lopdf::{Dictionary, Document, Object};
[INFO] [stdout]   |     ^^^^^ use of unresolved module or unlinked crate `lopdf`
[INFO] [stdout]   |
[INFO] [stdout]   = help: if you wanted to use a crate named `lopdf`, use `cargo add lopdf` to add it to your `Cargo.toml`
[INFO] [stdout] 
[INFO] [stdout] 
[INFO] [stdout] error[E0432]: unresolved import `lopdf`
[INFO] [stdout]  --> tests/common/acroform.rs:3:5
[INFO] [stdout]   |
[INFO] [stdout] 3 | use lopdf::{Dictionary, Document, Object};
[INFO] [stdout]   |     ^^^^^ use of unresolved module or unlinked crate `lopdf`
[INFO] [stdout]   |
[INFO] [stdout]   = help: if you wanted to use a crate named `lopdf`, use `cargo add lopdf` to add it to your `Cargo.toml`
[INFO] [stdout] 
[INFO] [stdout] 
[INFO] [stdout] error[E0432]: unresolved import `lopdf`
[INFO] [stdout]  --> tests/common/extract.rs:5:5
[INFO] [stdout]   |
[INFO] [stdout] 5 | use lopdf::{Dictionary, Document, Object, ObjectId};
[INFO] [stdout]   |     ^^^^^ use of unresolved module or unlinked crate `lopdf`
[INFO] [stdout]   |
[INFO] [stdout]   = help: if you wanted to use a crate named `lopdf`, use `cargo add lopdf` to add it to your `Cargo.toml`
[INFO] [stdout] 
[INFO] [stdout] 
[INFO] [stdout] error[E0432]: unresolved import `k2f_sdk`
[INFO] [stdout]  --> tests/text_decoration.rs:6:5
[INFO] [stdout]   |
[INFO] [stdout] 6 | use k2f_sdk::Editor;
[INFO] [stdout]   |     ^^^^^^^ use of unresolved module or unlinked crate `k2f_sdk`
[INFO] [stdout]   |
[INFO] [stdout] help: there is a crate or module with a similar name
[INFO] [stdout]   |
[INFO] [stdout] 6 - use k2f_sdk::Editor;
[INFO] [stdout] 6 + use k2f_pdf::Editor;
[INFO] [stdout]   |
[INFO] [stdout] 
[INFO] [stdout] 
[INFO] [stdout] error[E0432]: unresolved import `lopdf`
[INFO] [stdout]  --> tests/common/extract.rs:5:5
[INFO] [stdout]   |
[INFO] [stdout] 5 | use lopdf::{Dictionary, Document, Object, ObjectId};
[INFO] [stdout]   |     ^^^^^ use of unresolved module or unlinked crate `lopdf`
[INFO] [stdout]   |
[INFO] [stdout]   = help: if you wanted to use a crate named `lopdf`, use `cargo add lopdf` to add it to your `Cargo.toml`
[INFO] [stdout] 
[INFO] [stdout] 
[INFO] [stdout] error[E0432]: unresolved import `lopdf`
[INFO] [stdout]  --> tests/common/acroform.rs:3:5
[INFO] [stdout]   |
[INFO] [stdout] 3 | use lopdf::{Dictionary, Document, Object};
[INFO] [stdout]   |     ^^^^^ use of unresolved module or unlinked crate `lopdf`
[INFO] [stdout]   |
[INFO] [stdout]   = help: if you wanted to use a crate named `lopdf`, use `cargo add lopdf` to add it to your `Cargo.toml`
[INFO] [stdout] 
[INFO] [stdout] 
[INFO] [stdout] error[E0432]: unresolved import `lopdf`
[INFO] [stdout]  --> tests/common/extract.rs:5:5
[INFO] [stdout]   |
[INFO] [stdout] 5 | use lopdf::{Dictionary, Document, Object, ObjectId};
[INFO] [stdout]   |     ^^^^^ use of unresolved module or unlinked crate `lopdf`
[INFO] [stdout]   |
[INFO] [stdout]   = help: if you wanted to use a crate named `lopdf`, use `cargo add lopdf` to add it to your `Cargo.toml`
[INFO] [stdout] 
[INFO] [stdout] 
[INFO] [stdout] error[E0432]: unresolved import `k2f_sdk`
[INFO] [stdout]  --> tests/form_fields.rs:8:5
[INFO] [stdout]   |
[INFO] [stdout] 8 | use k2f_sdk::{export_pdf, export_pdf_with, Editor};
[INFO] [stdout]   |     ^^^^^^^ use of unresolved module or unlinked crate `k2f_sdk`
[INFO] [stdout]   |
[INFO] [stdout] help: there is a crate or module with a similar name
[INFO] [stdout]   |
[INFO] [stdout] 8 - use k2f_sdk::{export_pdf, export_pdf_with, Editor};
[INFO] [stdout] 8 + use k2f_pdf::{export_pdf, export_pdf_with, Editor};
[INFO] [stdout]   |
[INFO] [stdout] 
[INFO] [stdout] 
[INFO] [stdout] error[E0432]: unresolved import `lopdf`
[INFO] [stdout]  --> tests/common/acroform.rs:3:5
[INFO] [stdout]   |
[INFO] [stdout] 3 | use lopdf::{Dictionary, Document, Object};
[INFO] [stdout]   |     ^^^^^ use of unresolved module or unlinked crate `lopdf`
[INFO] [stdout]   |
[INFO] [stdout]   = help: if you wanted to use a crate named `lopdf`, use `cargo add lopdf` to add it to your `Cargo.toml`
[INFO] [stdout] 
[INFO] [stdout] 
[INFO] [stdout] error[E0432]: unresolved import `lopdf`
[INFO] [stdout]  --> tests/common/extract.rs:5:5
[INFO] [stdout]   |
[INFO] [stdout] 5 | use lopdf::{Dictionary, Document, Object, ObjectId};
[INFO] [stdout]   |     ^^^^^ use of unresolved module or unlinked crate `lopdf`
[INFO] [stdout]   |
[INFO] [stdout]   = help: if you wanted to use a crate named `lopdf`, use `cargo add lopdf` to add it to your `Cargo.toml`
[INFO] [stdout] 
[INFO] [stdout] 
[INFO] [stdout] error[E0432]: unresolved import `lopdf`
[INFO] [stdout]  --> tests/common/acroform.rs:3:5
[INFO] [stdout]   |
[INFO] [stdout] 3 | use lopdf::{Dictionary, Document, Object};
[INFO] [stdout]   |     ^^^^^ use of unresolved module or unlinked crate `lopdf`
[INFO] [stdout]   |
[INFO] [stdout]   = help: if you wanted to use a crate named `lopdf`, use `cargo add lopdf` to add it to your `Cargo.toml`
[INFO] [stdout] 
[INFO] [stdout] 
[INFO] [stdout] error[E0432]: unresolved import `lopdf`
[INFO] [stdout]  --> tests/common/extract.rs:5:5
[INFO] [stdout]   |
[INFO] [stdout] 5 | use lopdf::{Dictionary, Document, Object, ObjectId};
[INFO] [stdout]   |     ^^^^^ use of unresolved module or unlinked crate `lopdf`
[INFO] [stdout]   |
[INFO] [stdout]   = help: if you wanted to use a crate named `lopdf`, use `cargo add lopdf` to add it to your `Cargo.toml`
[INFO] [stdout] 
[INFO] [stdout] 
[INFO] [stdout] error[E0432]: unresolved import `k2f_sdk`
[INFO] [stdout]  --> tests/verify_page.rs:7:5
[INFO] [stdout]   |
[INFO] [stdout] 7 | use k2f_sdk::{generate_key, sign, Editor};
[INFO] [stdout]   |     ^^^^^^^ use of unresolved module or unlinked crate `k2f_sdk`
[INFO] [stdout]   |
[INFO] [stdout] help: there is a crate or module with a similar name
[INFO] [stdout]   |
[INFO] [stdout] 7 - use k2f_sdk::{generate_key, sign, Editor};
[INFO] [stdout] 7 + use k2f_pdf::{generate_key, sign, Editor};
[INFO] [stdout]   |
[INFO] [stdout] 
[INFO] [stdout] 
[INFO] [stdout] error[E0433]: cannot find module or crate `lopdf` in this scope
[INFO] [stdout]   --> tests/common/extract.rs:38:63
[INFO] [stdout]    |
[INFO] [stdout] 38 |     let ops = lopdf::content::Content::decode(&raw).unwrap_or(lopdf::content::Content {
[INFO] [stdout]    |                                                               ^^^^^ use of unresolved module or unlinked crate `lopdf`
[INFO] [stdout]    |
[INFO] [stdout]    = help: if you wanted to use a crate named `lopdf`, use `cargo add lopdf` to add it to your `Cargo.toml`
[INFO] [stdout] 
[INFO] [stdout] 
[INFO] [stdout] error[E0433]: cannot find module or crate `lopdf` in this scope
[INFO] [stdout]   --> tests/common/extract.rs:38:63
[INFO] [stdout]    |
[INFO] [stdout] 38 |     let ops = lopdf::content::Content::decode(&raw).unwrap_or(lopdf::content::Content {
[INFO] [stdout]    |                                                               ^^^^^ use of unresolved module or unlinked crate `lopdf`
[INFO] [stdout]    |
[INFO] [stdout]    = help: if you wanted to use a crate named `lopdf`, use `cargo add lopdf` to add it to your `Cargo.toml`
[INFO] [stdout] 
[INFO] [stdout] 
[INFO] [stdout] error[E0433]: cannot find module or crate `lopdf` in this scope
[INFO] [stdout]   --> tests/common/extract.rs:38:15
[INFO] [stdout]    |
[INFO] [stdout] 38 |     let ops = lopdf::content::Content::decode(&raw).unwrap_or(lopdf::content::Content {
[INFO] [stdout]    |               ^^^^^ use of unresolved module or unlinked crate `lopdf`
[INFO] [stdout]    |
[INFO] [stdout]    = help: if you wanted to use a crate named `lopdf`, use `cargo add lopdf` to add it to your `Cargo.toml`
[INFO] [stdout] help: consider importing this struct
[INFO] [stdout]    |
[INFO] [stdout]  5 + use pdf_writer::Content;
[INFO] [stdout]    |
[INFO] [stdout] help: if you import `Content`, refer to it directly
[INFO] [stdout]    |
[INFO] [stdout] 38 -     let ops = lopdf::content::Content::decode(&raw).unwrap_or(lopdf::content::Content {
[INFO] [stdout] 38 +     let ops = Content::decode(&raw).unwrap_or(lopdf::content::Content {
[INFO] [stdout]    |
[INFO] [stdout] 
[INFO] [stdout] 
[INFO] [stdout] error[E0433]: cannot find module or crate `lopdf` in this scope
[INFO] [stdout]   --> tests/common/extract.rs:38:63
[INFO] [stdout]    |
[INFO] [stdout] 38 |     let ops = lopdf::content::Content::decode(&raw).unwrap_or(lopdf::content::Content {
[INFO] [stdout]    |                                                               ^^^^^ use of unresolved module or unlinked crate `lopdf`
[INFO] [stdout]    |
[INFO] [stdout]    = help: if you wanted to use a crate named `lopdf`, use `cargo add lopdf` to add it to your `Cargo.toml`
[INFO] [stdout] 
[INFO] [stdout] 
[INFO] [stdout] error[E0432]: unresolved import `lopdf`
[INFO] [stdout]  --> tests/common/acroform.rs:3:5
[INFO] [stdout]   |
[INFO] [stdout] 3 | use lopdf::{Dictionary, Document, Object};
[INFO] [stdout]   |     ^^^^^ use of unresolved module or unlinked crate `lopdf`
[INFO] [stdout]   |
[INFO] [stdout]   = help: if you wanted to use a crate named `lopdf`, use `cargo add lopdf` to add it to your `Cargo.toml`
[INFO] [stdout] 
[INFO] [stdout] 
[INFO] [stdout] error[E0432]: unresolved import `lopdf`
[INFO] [stdout]  --> tests/common/extract.rs:5:5
[INFO] [stdout]   |
[INFO] [stdout] 5 | use lopdf::{Dictionary, Document, Object, ObjectId};
[INFO] [stdout]   |     ^^^^^ use of unresolved module or unlinked crate `lopdf`
[INFO] [stdout]   |
[INFO] [stdout]   = help: if you wanted to use a crate named `lopdf`, use `cargo add lopdf` to add it to your `Cargo.toml`
[INFO] [stdout] 
[INFO] [stdout] 
[INFO] [stdout] error[E0432]: unresolved import `k2f_sdk`
[INFO] [stdout]  --> tests/stamp/helpers.rs:3:5
[INFO] [stdout]   |
[INFO] [stdout] 3 | use k2f_sdk::Editor;
[INFO] [stdout]   |     ^^^^^^^ use of unresolved module or unlinked crate `k2f_sdk`
[INFO] [stdout]   |
[INFO] [stdout] help: there is a crate or module with a similar name
[INFO] [stdout]   |
[INFO] [stdout] 3 - use k2f_sdk::Editor;
[INFO] [stdout] 3 + use k2f_pdf::Editor;
[INFO] [stdout]   |
[INFO] [stdout] 
[INFO] [stdout] 
[INFO] [stdout] error[E0432]: unresolved import `lopdf`
[INFO] [stdout]  --> tests/stamp/../common/acroform.rs:3:5
[INFO] [stdout]   |
[INFO] [stdout] 3 | use lopdf::{Dictionary, Document, Object};
[INFO] [stdout]   |     ^^^^^ use of unresolved module or unlinked crate `lopdf`
[INFO] [stdout]   |
[INFO] [stdout]   = help: if you wanted to use a crate named `lopdf`, use `cargo add lopdf` to add it to your `Cargo.toml`
[INFO] [stdout] 
[INFO] [stdout] 
[INFO] [stdout] error[E0432]: unresolved import `lopdf`
[INFO] [stdout]  --> tests/stamp/../common/extract.rs:5:5
[INFO] [stdout]   |
[INFO] [stdout] 5 | use lopdf::{Dictionary, Document, Object, ObjectId};
[INFO] [stdout]   |     ^^^^^ use of unresolved module or unlinked crate `lopdf`
[INFO] [stdout]   |
[INFO] [stdout]   = help: if you wanted to use a crate named `lopdf`, use `cargo add lopdf` to add it to your `Cargo.toml`
[INFO] [stdout] 
[INFO] [stdout] 
[INFO] [stdout] error[E0432]: unresolved import `k2f_sdk`
[INFO] [stdout]  --> tests/stamp/card.rs:4:5
[INFO] [stdout]   |
[INFO] [stdout] 4 | use k2f_sdk::Editor;
[INFO] [stdout]   |     ^^^^^^^ use of unresolved module or unlinked crate `k2f_sdk`
[INFO] [stdout]   |
[INFO] [stdout] help: there is a crate or module with a similar name
[INFO] [stdout]   |
[INFO] [stdout] 4 - use k2f_sdk::Editor;
[INFO] [stdout] 4 + use k2f_pdf::Editor;
[INFO] [stdout]   |
[INFO] [stdout] 
[INFO] [stdout] 
[INFO] [stdout] error[E0432]: unresolved import `k2f_layout`
[INFO] [stdout]  --> tests/stamp/gradient.rs:1:5
[INFO] [stdout]   |
[INFO] [stdout] 1 | use k2f_layout::compile_manifest;
[INFO] [stdout]   |     ^^^^^^^^^^ use of unresolved module or unlinked crate `k2f_layout`
[INFO] [stdout]   |
[INFO] [stdout]   = help: if you wanted to use a crate named `k2f_layout`, use `cargo add k2f_layout` to add it to your `Cargo.toml`
[INFO] [stdout] 
[INFO] [stdout] 
[INFO] [stdout] error[E0433]: cannot find module or crate `lopdf` in this scope
[INFO] [stdout]   --> tests/text_decoration.rs:33:18
[INFO] [stdout]    |
[INFO] [stdout] 33 |     let parsed = lopdf::Document::load_mem(pdf).unwrap();
[INFO] [stdout]    |                  ^^^^^ use of unresolved module or unlinked crate `lopdf`
[INFO] [stdout]    |
[INFO] [stdout]    = help: if you wanted to use a crate named `lopdf`, use `cargo add lopdf` to add it to your `Cargo.toml`
[INFO] [stdout] help: there is an enum variant `pdf_writer::types::StructRole::Document`; try using the variant's enum
[INFO] [stdout]    |
[INFO] [stdout] 33 -     let parsed = lopdf::Document::load_mem(pdf).unwrap();
[INFO] [stdout] 33 +     let parsed = pdf_writer::types::StructRole::load_mem(pdf).unwrap();
[INFO] [stdout]    |
[INFO] [stdout] 
[INFO] [stdout] 
[INFO] [stdout] error[E0433]: cannot find module or crate `lopdf` in this scope
[INFO] [stdout]   --> tests/common/extract.rs:38:15
[INFO] [stdout]    |
[INFO] [stdout] 38 |     let ops = lopdf::content::Content::decode(&raw).unwrap_or(lopdf::content::Content {
[INFO] [stdout]    |               ^^^^^ use of unresolved module or unlinked crate `lopdf`
[INFO] [stdout]    |
[INFO] [stdout]    = help: if you wanted to use a crate named `lopdf`, use `cargo add lopdf` to add it to your `Cargo.toml`
[INFO] [stdout] help: consider importing this struct
[INFO] [stdout]    |
[INFO] [stdout]  5 + use pdf_writer::Content;
[INFO] [stdout]    |
[INFO] [stdout] help: if you import `Content`, refer to it directly
[INFO] [stdout]    |
[INFO] [stdout] 38 -     let ops = lopdf::content::Content::decode(&raw).unwrap_or(lopdf::content::Content {
[INFO] [stdout] 38 +     let ops = Content::decode(&raw).unwrap_or(lopdf::content::Content {
[INFO] [stdout]    |
[INFO] [stdout] 
[INFO] [stdout] 
[INFO] [stdout] error[E0433]: cannot find module or crate `lopdf` in this scope
[INFO] [stdout]    --> tests/form_fields.rs:190:18
[INFO] [stdout]     |
[INFO] [stdout] 190 |     let parsed = lopdf::Document::load_mem(&pdf).unwrap();
[INFO] [stdout]     |                  ^^^^^ use of unresolved module or unlinked crate `lopdf`
[INFO] [stdout]     |
[INFO] [stdout]     = help: if you wanted to use a crate named `lopdf`, use `cargo add lopdf` to add it to your `Cargo.toml`
[INFO] [stdout] help: there is an enum variant `pdf_writer::types::StructRole::Document`; try using the variant's enum
[INFO] [stdout]     |
[INFO] [stdout] 190 -     let parsed = lopdf::Document::load_mem(&pdf).unwrap();
[INFO] [stdout] 190 +     let parsed = pdf_writer::types::StructRole::load_mem(&pdf).unwrap();
[INFO] [stdout]     |
[INFO] [stdout] 
[INFO] [stdout] 
[INFO] [stdout] error[E0433]: cannot find module or crate `lopdf` in this scope
[INFO] [stdout]   --> tests/common/extract.rs:38:15
[INFO] [stdout]    |
[INFO] [stdout] 38 |     let ops = lopdf::content::Content::decode(&raw).unwrap_or(lopdf::content::Content {
[INFO] [stdout]    |               ^^^^^ use of unresolved module or unlinked crate `lopdf`
[INFO] [stdout]    |
[INFO] [stdout]    = help: if you wanted to use a crate named `lopdf`, use `cargo add lopdf` to add it to your `Cargo.toml`
[INFO] [stdout] help: consider importing this struct
[INFO] [stdout]    |
[INFO] [stdout]  5 + use pdf_writer::Content;
[INFO] [stdout]    |
[INFO] [stdout] help: if you import `Content`, refer to it directly
[INFO] [stdout]    |
[INFO] [stdout] 38 -     let ops = lopdf::content::Content::decode(&raw).unwrap_or(lopdf::content::Content {
[INFO] [stdout] 38 +     let ops = Content::decode(&raw).unwrap_or(lopdf::content::Content {
[INFO] [stdout]    |
[INFO] [stdout] 
[INFO] [stdout] 
[INFO] [stdout] error[E0433]: cannot find module or crate `lopdf` in this scope
[INFO] [stdout]   --> tests/common/extract.rs:38:63
[INFO] [stdout]    |
[INFO] [stdout] 38 |     let ops = lopdf::content::Content::decode(&raw).unwrap_or(lopdf::content::Content {
[INFO] [stdout]    |                                                               ^^^^^ use of unresolved module or unlinked crate `lopdf`
[INFO] [stdout]    |
[INFO] [stdout]    = help: if you wanted to use a crate named `lopdf`, use `cargo add lopdf` to add it to your `Cargo.toml`
[INFO] [stdout] 
[INFO] [stdout] 
[INFO] [stdout] error[E0433]: cannot find module or crate `lopdf` in this scope
[INFO] [stdout]   --> tests/common/extract.rs:38:63
[INFO] [stdout]    |
[INFO] [stdout] 38 |     let ops = lopdf::content::Content::decode(&raw).unwrap_or(lopdf::content::Content {
[INFO] [stdout]    |                                                               ^^^^^ use of unresolved module or unlinked crate `lopdf`
[INFO] [stdout]    |
[INFO] [stdout]    = help: if you wanted to use a crate named `lopdf`, use `cargo add lopdf` to add it to your `Cargo.toml`
[INFO] [stdout] 
[INFO] [stdout] 
[INFO] [stdout] error[E0433]: cannot find module or crate `lopdf` in this scope
[INFO] [stdout]   --> tests/common/extract.rs:38:63
[INFO] [stdout]    |
[INFO] [stdout] 38 |     let ops = lopdf::content::Content::decode(&raw).unwrap_or(lopdf::content::Content {
[INFO] [stdout]    |                                                               ^^^^^ use of unresolved module or unlinked crate `lopdf`
[INFO] [stdout]    |
[INFO] [stdout]    = help: if you wanted to use a crate named `lopdf`, use `cargo add lopdf` to add it to your `Cargo.toml`
[INFO] [stdout] 
[INFO] [stdout] 
[INFO] [stdout] error[E0433]: cannot find module or crate `lopdf` in this scope
[INFO] [stdout]   --> tests/invoice_geometry.rs:13:18
[INFO] [stdout]    |
[INFO] [stdout] 13 |     let parsed = lopdf::Document::load_mem(&pdf).unwrap();
[INFO] [stdout]    |                  ^^^^^ use of unresolved module or unlinked crate `lopdf`
[INFO] [stdout]    |
[INFO] [stdout]    = help: if you wanted to use a crate named `lopdf`, use `cargo add lopdf` to add it to your `Cargo.toml`
[INFO] [stdout] help: there is an enum variant `pdf_writer::types::StructRole::Document`; try using the variant's enum
[INFO] [stdout]    |
[INFO] [stdout] 13 -     let parsed = lopdf::Document::load_mem(&pdf).unwrap();
[INFO] [stdout] 13 +     let parsed = pdf_writer::types::StructRole::load_mem(&pdf).unwrap();
[INFO] [stdout]    |
[INFO] [stdout] 
[INFO] [stdout] 
[INFO] [stdout] error[E0433]: cannot find module or crate `lopdf` in this scope
[INFO] [stdout]   --> tests/invoice_geometry.rs:41:18
[INFO] [stdout]    |
[INFO] [stdout] 41 |     let parsed = lopdf::Document::load_mem(&pdf).unwrap();
[INFO] [stdout]    |                  ^^^^^ use of unresolved module or unlinked crate `lopdf`
[INFO] [stdout]    |
[INFO] [stdout]    = help: if you wanted to use a crate named `lopdf`, use `cargo add lopdf` to add it to your `Cargo.toml`
[INFO] [stdout] help: there is an enum variant `pdf_writer::types::StructRole::Document`; try using the variant's enum
[INFO] [stdout]    |
[INFO] [stdout] 41 -     let parsed = lopdf::Document::load_mem(&pdf).unwrap();
[INFO] [stdout] 41 +     let parsed = pdf_writer::types::StructRole::load_mem(&pdf).unwrap();
[INFO] [stdout]    |
[INFO] [stdout] 
[INFO] [stdout] 
[INFO] [stdout] error[E0432]: unresolved import `lopdf`
[INFO] [stdout]  --> tests/common/acroform.rs:3:5
[INFO] [stdout]   |
[INFO] [stdout] 3 | use lopdf::{Dictionary, Document, Object};
[INFO] [stdout]   |     ^^^^^ use of unresolved module or unlinked crate `lopdf`
[INFO] [stdout]   |
[INFO] [stdout]   = help: if you wanted to use a crate named `lopdf`, use `cargo add lopdf` to add it to your `Cargo.toml`
[INFO] [stdout] 
[INFO] [stdout] 
[INFO] [stdout] error[E0432]: unresolved import `lopdf`
[INFO] [stdout]  --> tests/common/extract.rs:5:5
[INFO] [stdout]   |
[INFO] [stdout] 5 | use lopdf::{Dictionary, Document, Object, ObjectId};
[INFO] [stdout]   |     ^^^^^ use of unresolved module or unlinked crate `lopdf`
[INFO] [stdout]   |
[INFO] [stdout]   = help: if you wanted to use a crate named `lopdf`, use `cargo add lopdf` to add it to your `Cargo.toml`
[INFO] [stdout] 
[INFO] [stdout] 
[INFO] [stdout] error[E0433]: cannot find module or crate `lopdf` in this scope
[INFO] [stdout]    --> tests/invoice_geometry.rs:108:18
[INFO] [stdout]     |
[INFO] [stdout] 108 |     let parsed = lopdf::Document::load_mem(&pdf).unwrap();
[INFO] [stdout]     |                  ^^^^^ use of unresolved module or unlinked crate `lopdf`
[INFO] [stdout]     |
[INFO] [stdout]     = help: if you wanted to use a crate named `lopdf`, use `cargo add lopdf` to add it to your `Cargo.toml`
[INFO] [stdout] help: there is an enum variant `pdf_writer::types::StructRole::Document`; try using the variant's enum
[INFO] [stdout]     |
[INFO] [stdout] 108 -     let parsed = lopdf::Document::load_mem(&pdf).unwrap();
[INFO] [stdout] 108 +     let parsed = pdf_writer::types::StructRole::load_mem(&pdf).unwrap();
[INFO] [stdout]     |
[INFO] [stdout] 
[INFO] [stdout] 
[INFO] [stdout] error[E0433]: cannot find module or crate `lopdf` in this scope
[INFO] [stdout]   --> tests/verify_page.rs:57:18
[INFO] [stdout]    |
[INFO] [stdout] 57 |     let parsed = lopdf::Document::load_mem(&pdf).unwrap();
[INFO] [stdout]    |                  ^^^^^ use of unresolved module or unlinked crate `lopdf`
[INFO] [stdout]    |
[INFO] [stdout]    = help: if you wanted to use a crate named `lopdf`, use `cargo add lopdf` to add it to your `Cargo.toml`
[INFO] [stdout] help: there is an enum variant `pdf_writer::types::StructRole::Document`; try using the variant's enum
[INFO] [stdout]    |
[INFO] [stdout] 57 -     let parsed = lopdf::Document::load_mem(&pdf).unwrap();
[INFO] [stdout] 57 +     let parsed = pdf_writer::types::StructRole::load_mem(&pdf).unwrap();
[INFO] [stdout]    |
[INFO] [stdout] 
[INFO] [stdout] 
[INFO] [stdout] error[E0433]: cannot find module or crate `lopdf` in this scope
[INFO] [stdout]   --> tests/verify_page.rs:80:18
[INFO] [stdout]    |
[INFO] [stdout] 80 |     let parsed = lopdf::Document::load_mem(&pdf).unwrap();
[INFO] [stdout]    |                  ^^^^^ use of unresolved module or unlinked crate `lopdf`
[INFO] [stdout]    |
[INFO] [stdout]    = help: if you wanted to use a crate named `lopdf`, use `cargo add lopdf` to add it to your `Cargo.toml`
[INFO] [stdout] help: there is an enum variant `pdf_writer::types::StructRole::Document`; try using the variant's enum
[INFO] [stdout]    |
[INFO] [stdout] 80 -     let parsed = lopdf::Document::load_mem(&pdf).unwrap();
[INFO] [stdout] 80 +     let parsed = pdf_writer::types::StructRole::load_mem(&pdf).unwrap();
[INFO] [stdout]    |
[INFO] [stdout] 
[INFO] [stdout] 
[INFO] [stdout] error[E0433]: cannot find module or crate `lopdf` in this scope
[INFO] [stdout]    --> tests/invoice_geometry.rs:153:9
[INFO] [stdout]     |
[INFO] [stdout] 153 |         lopdf::Object::Integer(v) => *v as f64,
[INFO] [stdout]     |         ^^^^^ use of unresolved module or unlinked crate `lopdf`
[INFO] [stdout]     |
[INFO] [stdout]     = help: if you wanted to use a crate named `lopdf`, use `cargo add lopdf` to add it to your `Cargo.toml`
[INFO] [stdout] 
[INFO] [stdout] 
[INFO] [stdout] error[E0433]: cannot find module or crate `lopdf` in this scope
[INFO] [stdout]    --> tests/invoice_geometry.rs:154:9
[INFO] [stdout]     |
[INFO] [stdout] 154 |         lopdf::Object::Real(v) => *v as f64,
[INFO] [stdout]     |         ^^^^^ use of unresolved module or unlinked crate `lopdf`
[INFO] [stdout]     |
[INFO] [stdout]     = help: if you wanted to use a crate named `lopdf`, use `cargo add lopdf` to add it to your `Cargo.toml`
[INFO] [stdout] 
[INFO] [stdout] 
[INFO] [stdout] error[E0433]: cannot find module or crate `lopdf` in this scope
[INFO] [stdout]   --> tests/common/extract.rs:38:15
[INFO] [stdout]    |
[INFO] [stdout] 38 |     let ops = lopdf::content::Content::decode(&raw).unwrap_or(lopdf::content::Content {
[INFO] [stdout]    |               ^^^^^ use of unresolved module or unlinked crate `lopdf`
[INFO] [stdout]    |
[INFO] [stdout]    = help: if you wanted to use a crate named `lopdf`, use `cargo add lopdf` to add it to your `Cargo.toml`
[INFO] [stdout] help: consider importing this struct
[INFO] [stdout]    |
[INFO] [stdout]  5 + use pdf_writer::Content;
[INFO] [stdout]    |
[INFO] [stdout] help: if you import `Content`, refer to it directly
[INFO] [stdout]    |
[INFO] [stdout] 38 -     let ops = lopdf::content::Content::decode(&raw).unwrap_or(lopdf::content::Content {
[INFO] [stdout] 38 +     let ops = Content::decode(&raw).unwrap_or(lopdf::content::Content {
[INFO] [stdout]    |
[INFO] [stdout] 
[INFO] [stdout] 
[INFO] [stdout] error[E0433]: cannot find module or crate `lopdf` in this scope
[INFO] [stdout]    --> tests/verify_page.rs:106:18
[INFO] [stdout]     |
[INFO] [stdout] 106 |     let parsed = lopdf::Document::load_mem(&pdf).unwrap();
[INFO] [stdout]     |                  ^^^^^ use of unresolved module or unlinked crate `lopdf`
[INFO] [stdout]     |
[INFO] [stdout]     = help: if you wanted to use a crate named `lopdf`, use `cargo add lopdf` to add it to your `Cargo.toml`
[INFO] [stdout] help: there is an enum variant `pdf_writer::types::StructRole::Document`; try using the variant's enum
[INFO] [stdout]     |
[INFO] [stdout] 106 -     let parsed = lopdf::Document::load_mem(&pdf).unwrap();
[INFO] [stdout] 106 +     let parsed = pdf_writer::types::StructRole::load_mem(&pdf).unwrap();
[INFO] [stdout]     |
[INFO] [stdout] 
[INFO] [stdout] 
[INFO] [stdout] error[E0433]: cannot find module or crate `lopdf` in this scope
[INFO] [stdout]   --> tests/common/extract.rs:38:15
[INFO] [stdout]    |
[INFO] [stdout] 38 |     let ops = lopdf::content::Content::decode(&raw).unwrap_or(lopdf::content::Content {
[INFO] [stdout]    |               ^^^^^ use of unresolved module or unlinked crate `lopdf`
[INFO] [stdout]    |
[INFO] [stdout]    = help: if you wanted to use a crate named `lopdf`, use `cargo add lopdf` to add it to your `Cargo.toml`
[INFO] [stdout] help: consider importing this struct
[INFO] [stdout]    |
[INFO] [stdout]  5 + use pdf_writer::Content;
[INFO] [stdout]    |
[INFO] [stdout] help: if you import `Content`, refer to it directly
[INFO] [stdout]    |
[INFO] [stdout] 38 -     let ops = lopdf::content::Content::decode(&raw).unwrap_or(lopdf::content::Content {
[INFO] [stdout] 38 +     let ops = Content::decode(&raw).unwrap_or(lopdf::content::Content {
[INFO] [stdout]    |
[INFO] [stdout] 
[INFO] [stdout] 
[INFO] [stdout] error[E0433]: cannot find module or crate `lopdf` in this scope
[INFO] [stdout]   --> tests/stamp/blur.rs:19:9
[INFO] [stdout]    |
[INFO] [stdout] 19 |         lopdf::Document::load_mem(&pdf).unwrap().get_pages().len(),
[INFO] [stdout]    |         ^^^^^ use of unresolved module or unlinked crate `lopdf`
[INFO] [stdout]    |
[INFO] [stdout]    = help: if you wanted to use a crate named `lopdf`, use `cargo add lopdf` to add it to your `Cargo.toml`
[INFO] [stdout] help: there is an enum variant `pdf_writer::types::StructRole::Document`; try using the variant's enum
[INFO] [stdout]    |
[INFO] [stdout] 19 -         lopdf::Document::load_mem(&pdf).unwrap().get_pages().len(),
[INFO] [stdout] 19 +         pdf_writer::types::StructRole::load_mem(&pdf).unwrap().get_pages().len(),
[INFO] [stdout]    |
[INFO] [stdout] 
[INFO] [stdout] 
[INFO] [stdout] error[E0433]: cannot find module or crate `lopdf` in this scope
[INFO] [stdout]   --> tests/common/extract.rs:38:63
[INFO] [stdout]    |
[INFO] [stdout] 38 |     let ops = lopdf::content::Content::decode(&raw).unwrap_or(lopdf::content::Content {
[INFO] [stdout]    |                                                               ^^^^^ use of unresolved module or unlinked crate `lopdf`
[INFO] [stdout]    |
[INFO] [stdout]    = help: if you wanted to use a crate named `lopdf`, use `cargo add lopdf` to add it to your `Cargo.toml`
[INFO] [stdout] 
[INFO] [stdout] 
[INFO] [stdout] error[E0433]: cannot find module or crate `lopdf` in this scope
[INFO] [stdout]   --> tests/stamp/../common/extract.rs:38:63
[INFO] [stdout]    |
[INFO] [stdout] 38 |     let ops = lopdf::content::Content::decode(&raw).unwrap_or(lopdf::content::Content {
[INFO] [stdout]    |                                                               ^^^^^ use of unresolved module or unlinked crate `lopdf`
[INFO] [stdout]    |
[INFO] [stdout]    = help: if you wanted to use a crate named `lopdf`, use `cargo add lopdf` to add it to your `Cargo.toml`
[INFO] [stdout] 
[INFO] [stdout] 
[INFO] [stdout] error[E0433]: cannot find module or crate `lopdf` in this scope
[INFO] [stdout]   --> tests/boxes_images.rs:11:18
[INFO] [stdout]    |
[INFO] [stdout] 11 |     let parsed = lopdf::Document::load_mem(&pdf).unwrap();
[INFO] [stdout]    |                  ^^^^^ use of unresolved module or unlinked crate `lopdf`
[INFO] [stdout]    |
[INFO] [stdout]    = help: if you wanted to use a crate named `lopdf`, use `cargo add lopdf` to add it to your `Cargo.toml`
[INFO] [stdout] help: there is an enum variant `pdf_writer::types::StructRole::Document`; try using the variant's enum
[INFO] [stdout]    |
[INFO] [stdout] 11 -     let parsed = lopdf::Document::load_mem(&pdf).unwrap();
[INFO] [stdout] 11 +     let parsed = pdf_writer::types::StructRole::load_mem(&pdf).unwrap();
[INFO] [stdout]    |
[INFO] [stdout] 
[INFO] [stdout] 
[INFO] [stdout] error[E0433]: cannot find module or crate `serde_json` in this scope
[INFO] [stdout]   --> tests/text_decoration.rs:27:32
[INFO] [stdout]    |
[INFO] [stdout] 27 |     ed.insert_node("root", 0, &serde_json::to_string(&node).unwrap())
[INFO] [stdout]    |                                ^^^^^^^^^^ use of unresolved module or unlinked crate `serde_json`
[INFO] [stdout]    |
[INFO] [stdout]    = help: if you wanted to use a crate named `serde_json`, use `cargo add serde_json` to add it to your `Cargo.toml`
[INFO] [stdout] 
[INFO] [stdout] 
[INFO] [stdout] Some errors have detailed explanations: E0432, E0433.
[INFO] [stdout] 
[INFO] [stdout] error[E0433]: cannot find module or crate `lopdf` in this scope
[INFO] [stdout]   --> tests/common/extract.rs:38:15
[INFO] [stdout]    |
[INFO] [stdout] 38 |     let ops = lopdf::content::Content::decode(&raw).unwrap_or(lopdf::content::Content {
[INFO] [stdout]    |               ^^^^^ use of unresolved module or unlinked crate `lopdf`
[INFO] [stdout]    |
[INFO] [stdout]    = help: if you wanted to use a crate named `lopdf`, use `cargo add lopdf` to add it to your `Cargo.toml`
[INFO] [stdout] help: consider importing this struct
[INFO] [stdout]    |
[INFO] [stdout]  5 + use pdf_writer::Content;
[INFO] [stdout]    |
[INFO] [stdout] help: if you import `Content`, refer to it directly
[INFO] [stdout]    |
[INFO] [stdout] 38 -     let ops = lopdf::content::Content::decode(&raw).unwrap_or(lopdf::content::Content {
[INFO] [stdout] 38 +     let ops = Content::decode(&raw).unwrap_or(lopdf::content::Content {
[INFO] [stdout]    |
[INFO] [stdout] 
[INFO] [stdout] 
[INFO] [stdout] For more information about an error, try `rustc --explain E0432`.
[INFO] [stdout] 
[INFO] [stdout] error[E0433]: cannot find module or crate `serde_json` in this scope
[INFO] [stdout]   --> tests/form_fields.rs:39:38
[INFO] [stdout]    |
[INFO] [stdout] 39 |     let json = |node: &SemanticNode| serde_json::to_string(node).unwrap();
[INFO] [stdout]    |                                      ^^^^^^^^^^ use of unresolved module or unlinked crate `serde_json`
[INFO] [stdout]    |
[INFO] [stdout]    = help: if you wanted to use a crate named `serde_json`, use `cargo add serde_json` to add it to your `Cargo.toml`
[INFO] [stdout] 
[INFO] [stdout] 
[INFO] [stderr] error: could not compile `k2f_pdf` (test "selectable") due to 4 previous errors
[INFO] [stderr] warning: build failed, waiting for other jobs to finish...
[INFO] [stdout] Some errors have detailed explanations: E0432, E0433.
[INFO] [stdout] 
[INFO] [stdout] For more information about an error, try `rustc --explain E0432`.
[INFO] [stdout] 
[INFO] [stdout] error[E0433]: cannot find module or crate `serde_json` in this scope
[INFO] [stdout]   --> tests/verify_page.rs:16:16
[INFO] [stdout]    |
[INFO] [stdout] 16 |     let json = serde_json::to_string(&node).unwrap();
[INFO] [stdout]    |                ^^^^^^^^^^ use of unresolved module or unlinked crate `serde_json`
[INFO] [stdout]    |
[INFO] [stdout]    = help: if you wanted to use a crate named `serde_json`, use `cargo add serde_json` to add it to your `Cargo.toml`
[INFO] [stdout] 
[INFO] [stdout] 
[INFO] [stdout] error[E0433]: cannot find module or crate `serde_json` in this scope
[INFO] [stdout]   --> tests/verify_page.rs:17:35
[INFO] [stdout]    |
[INFO] [stdout] 17 |     let root: serde_json::Value = serde_json::from_str(&ed.get_node_json("root").unwrap()).unwrap();
[INFO] [stdout]    |                                   ^^^^^^^^^^ use of unresolved module or unlinked crate `serde_json`
[INFO] [stdout]    |
[INFO] [stdout]    = help: if you wanted to use a crate named `serde_json`, use `cargo add serde_json` to add it to your `Cargo.toml`
[INFO] [stdout] 
[INFO] [stdout] 
[INFO] [stdout] error[E0433]: cannot find module or crate `lopdf` in this scope
[INFO] [stdout]    --> tests/invoice_geometry.rs:124:36
[INFO] [stdout]     |
[INFO] [stdout] 124 | fn font_file_stream_contains(doc: &lopdf::Document, magic: &[u8]) -> bool {
[INFO] [stdout]     |                                    ^^^^^ use of unresolved module or unlinked crate `lopdf`
[INFO] [stdout]     |
[INFO] [stdout]     = help: if you wanted to use a crate named `lopdf`, use `cargo add lopdf` to add it to your `Cargo.toml`
[INFO] [stdout] 
[INFO] [stdout] 
[INFO] [stdout] error[E0433]: cannot find module or crate `lopdf` in this scope
[INFO] [stdout]    --> tests/invoice_geometry.rs:151:14
[INFO] [stdout]     |
[INFO] [stdout] 151 | fn num(obj: &lopdf::Object) -> f64 {
[INFO] [stdout]     |              ^^^^^ use of unresolved module or unlinked crate `lopdf`
[INFO] [stdout]     |
[INFO] [stdout]     = help: if you wanted to use a crate named `lopdf`, use `cargo add lopdf` to add it to your `Cargo.toml`
[INFO] [stdout] 
[INFO] [stdout] 
[INFO] [stdout] Some errors have detailed explanations: E0432, E0433.
[INFO] [stdout] 
[INFO] [stdout] For more information about an error, try `rustc --explain E0432`.
[INFO] [stdout] 
[INFO] [stderr] error: could not compile `k2f_pdf` (test "text_decoration") due to 7 previous errors
[INFO] [stderr] error: could not compile `k2f_pdf` (test "invoice_geometry") due to 11 previous errors
[INFO] [stdout] error[E0433]: cannot find module or crate `serde_json` in this scope
[INFO] [stdout]   --> tests/verify_page.rs:17:15
[INFO] [stdout]    |
[INFO] [stdout] 17 |     let root: serde_json::Value = serde_json::from_str(&ed.get_node_json("root").unwrap()).unwrap();
[INFO] [stdout]    |               ^^^^^^^^^^ use of unresolved module or unlinked crate `serde_json`
[INFO] [stdout]    |
[INFO] [stdout]    = help: if you wanted to use a crate named `serde_json`, use `cargo add serde_json` to add it to your `Cargo.toml`
[INFO] [stdout] 
[INFO] [stdout] 
[INFO] [stdout] Some errors have detailed explanations: E0432, E0433.
[INFO] [stdout] 
[INFO] [stdout] For more information about an error, try `rustc --explain E0432`.
[INFO] [stdout] 
[INFO] [stderr] error: could not compile `k2f_pdf` (test "verify_page") due to 11 previous errors
[INFO] [stdout] Some errors have detailed explanations: E0432, E0433.
[INFO] [stdout] 
[INFO] [stdout] For more information about an error, try `rustc --explain E0432`.
[INFO] [stdout] 
[INFO] [stderr] error: could not compile `k2f_pdf` (test "form_fields") due to 7 previous errors
[INFO] [stdout] error[E0433]: cannot find module or crate `lopdf` in this scope
[INFO] [stdout]   --> tests/stamp/scale.rs:26:15
[INFO] [stdout]    |
[INFO] [stdout] 26 |     let doc = lopdf::Document::load_mem(pdf).ok()?;
[INFO] [stdout]    |               ^^^^^ use of unresolved module or unlinked crate `lopdf`
[INFO] [stdout]    |
[INFO] [stdout]    = help: if you wanted to use a crate named `lopdf`, use `cargo add lopdf` to add it to your `Cargo.toml`
[INFO] [stdout] help: there is an enum variant `pdf_writer::types::StructRole::Document`; try using the variant's enum
[INFO] [stdout]    |
[INFO] [stdout] 26 -     let doc = lopdf::Document::load_mem(pdf).ok()?;
[INFO] [stdout] 26 +     let doc = pdf_writer::types::StructRole::load_mem(pdf).ok()?;
[INFO] [stdout]    |
[INFO] [stdout] 
[INFO] [stdout] 
[INFO] [stdout] error[E0433]: cannot find module or crate `lopdf` in this scope
[INFO] [stdout]   --> tests/stamp/scale.rs:29:16
[INFO] [stdout]    |
[INFO] [stdout] 29 |         if let lopdf::Object::Stream(s) = obj {
[INFO] [stdout]    |                ^^^^^ use of unresolved module or unlinked crate `lopdf`
[INFO] [stdout]    |
[INFO] [stdout]    = help: if you wanted to use a crate named `lopdf`, use `cargo add lopdf` to add it to your `Cargo.toml`
[INFO] [stdout] 
[INFO] [stdout] 
[INFO] [stdout] Some errors have detailed explanations: E0432, E0433.
[INFO] [stdout] 
[INFO] [stdout] For more information about an error, try `rustc --explain E0432`.
[INFO] [stdout] 
[INFO] [stdout] error[E0433]: cannot find module or crate `lopdf` in this scope
[INFO] [stdout]   --> tests/stamp/scale.rs:31:24
[INFO] [stdout]    |
[INFO] [stdout] 31 |                 if let lopdf::Object::Integer(n) = w {
[INFO] [stdout]    |                        ^^^^^ use of unresolved module or unlinked crate `lopdf`
[INFO] [stdout]    |
[INFO] [stdout]    = help: if you wanted to use a crate named `lopdf`, use `cargo add lopdf` to add it to your `Cargo.toml`
[INFO] [stdout] 
[INFO] [stdout] 
[INFO] [stderr] error: could not compile `k2f_pdf` (test "boxes_images") due to 5 previous errors
[INFO] [stdout] error[E0433]: cannot find module or crate `lopdf` in this scope
[INFO] [stdout]   --> tests/common/extract.rs:38:15
[INFO] [stdout]    |
[INFO] [stdout] 38 |     let ops = lopdf::content::Content::decode(&raw).unwrap_or(lopdf::content::Content {
[INFO] [stdout]    |               ^^^^^ use of unresolved module or unlinked crate `lopdf`
[INFO] [stdout]    |
[INFO] [stdout]    = help: if you wanted to use a crate named `lopdf`, use `cargo add lopdf` to add it to your `Cargo.toml`
[INFO] [stdout] help: consider importing this struct
[INFO] [stdout]    |
[INFO] [stdout]  5 + use pdf_writer::Content;
[INFO] [stdout]    |
[INFO] [stdout] help: if you import `Content`, refer to it directly
[INFO] [stdout]    |
[INFO] [stdout] 38 -     let ops = lopdf::content::Content::decode(&raw).unwrap_or(lopdf::content::Content {
[INFO] [stdout] 38 +     let ops = Content::decode(&raw).unwrap_or(lopdf::content::Content {
[INFO] [stdout]    |
[INFO] [stdout] 
[INFO] [stdout] 
[INFO] [stdout] error[E0433]: cannot find module or crate `lopdf` in this scope
[INFO] [stdout]   --> tests/stamp/../common/extract.rs:38:15
[INFO] [stdout]    |
[INFO] [stdout] 38 |     let ops = lopdf::content::Content::decode(&raw).unwrap_or(lopdf::content::Content {
[INFO] [stdout]    |               ^^^^^ use of unresolved module or unlinked crate `lopdf`
[INFO] [stdout]    |
[INFO] [stdout]    = help: if you wanted to use a crate named `lopdf`, use `cargo add lopdf` to add it to your `Cargo.toml`
[INFO] [stdout] help: consider importing this struct
[INFO] [stdout]    |
[INFO] [stdout]  5 + use pdf_writer::Content;
[INFO] [stdout]    |
[INFO] [stdout] help: if you import `Content`, refer to it directly
[INFO] [stdout]    |
[INFO] [stdout] 38 -     let ops = lopdf::content::Content::decode(&raw).unwrap_or(lopdf::content::Content {
[INFO] [stdout] 38 +     let ops = Content::decode(&raw).unwrap_or(lopdf::content::Content {
[INFO] [stdout]    |
[INFO] [stdout] 
[INFO] [stdout] 
[INFO] [stdout] error[E0433]: cannot find module or crate `serde_json` in this scope
[INFO] [stdout]  --> tests/stamp/helpers.rs:6:35
[INFO] [stdout]   |
[INFO] [stdout] 6 |     let root: serde_json::Value = serde_json::from_str(&ed.get_node_json("root").unwrap()).unwrap();
[INFO] [stdout]   |                                   ^^^^^^^^^^ use of unresolved module or unlinked crate `serde_json`
[INFO] [stdout]   |
[INFO] [stdout]   = help: if you wanted to use a crate named `serde_json`, use `cargo add serde_json` to add it to your `Cargo.toml`
[INFO] [stdout] 
[INFO] [stdout] 
[INFO] [stdout] error[E0433]: cannot find module or crate `serde_json` in this scope
[INFO] [stdout]   --> tests/stamp/helpers.rs:20:16
[INFO] [stdout]    |
[INFO] [stdout] 20 |     let json = serde_json::to_string(&node).unwrap();
[INFO] [stdout]    |                ^^^^^^^^^^ use of unresolved module or unlinked crate `serde_json`
[INFO] [stdout]    |
[INFO] [stdout]    = help: if you wanted to use a crate named `serde_json`, use `cargo add serde_json` to add it to your `Cargo.toml`
[INFO] [stdout] 
[INFO] [stdout] 
[INFO] [stdout] error[E0433]: cannot find module or crate `serde_json` in this scope
[INFO] [stdout]  --> tests/stamp/card.rs:7:35
[INFO] [stdout]   |
[INFO] [stdout] 7 |     let root: serde_json::Value = serde_json::from_str(&ed.get_node_json("root").unwrap()).unwrap();
[INFO] [stdout]   |                                   ^^^^^^^^^^ use of unresolved module or unlinked crate `serde_json`
[INFO] [stdout]   |
[INFO] [stdout]   = help: if you wanted to use a crate named `serde_json`, use `cargo add serde_json` to add it to your `Cargo.toml`
[INFO] [stdout] 
[INFO] [stdout] 
[INFO] [stdout] error[E0433]: cannot find module or crate `serde_json` in this scope
[INFO] [stdout]   --> tests/stamp/card.rs:21:16
[INFO] [stdout]    |
[INFO] [stdout] 21 |     let json = serde_json::to_string(&node).unwrap();
[INFO] [stdout]    |                ^^^^^^^^^^ use of unresolved module or unlinked crate `serde_json`
[INFO] [stdout]    |
[INFO] [stdout]    = help: if you wanted to use a crate named `serde_json`, use `cargo add serde_json` to add it to your `Cargo.toml`
[INFO] [stdout] 
[INFO] [stdout] 
[INFO] [stdout] error[E0433]: cannot find module or crate `serde_json` in this scope
[INFO] [stdout]   --> tests/stamp/gradient.rs:20:40
[INFO] [stdout]    |
[INFO] [stdout] 20 |     let manifest: k2f_core::Manifest = serde_json::from_str(&content).unwrap();
[INFO] [stdout]    |                                        ^^^^^^^^^^ use of unresolved module or unlinked crate `serde_json`
[INFO] [stdout]    |
[INFO] [stdout]    = help: if you wanted to use a crate named `serde_json`, use `cargo add serde_json` to add it to your `Cargo.toml`
[INFO] [stdout] 
[INFO] [stdout] 
[INFO] [stdout] error[E0433]: cannot find module or crate `serde_json` in this scope
[INFO] [stdout]  --> tests/stamp/helpers.rs:6:15
[INFO] [stdout]   |
[INFO] [stdout] 6 |     let root: serde_json::Value = serde_json::from_str(&ed.get_node_json("root").unwrap()).unwrap();
[INFO] [stdout]   |               ^^^^^^^^^^ use of unresolved module or unlinked crate `serde_json`
[INFO] [stdout]   |
[INFO] [stdout]   = help: if you wanted to use a crate named `serde_json`, use `cargo add serde_json` to add it to your `Cargo.toml`
[INFO] [stdout] 
[INFO] [stdout] 
[INFO] [stdout] error[E0433]: cannot find module or crate `serde_json` in this scope
[INFO] [stdout]  --> tests/stamp/card.rs:7:15
[INFO] [stdout]   |
[INFO] [stdout] 7 |     let root: serde_json::Value = serde_json::from_str(&ed.get_node_json("root").unwrap()).unwrap();
[INFO] [stdout]   |               ^^^^^^^^^^ use of unresolved module or unlinked crate `serde_json`
[INFO] [stdout]   |
[INFO] [stdout]   = help: if you wanted to use a crate named `serde_json`, use `cargo add serde_json` to add it to your `Cargo.toml`
[INFO] [stdout] 
[INFO] [stdout] 
[INFO] [stdout] Some errors have detailed explanations: E0432, E0433.
[INFO] [stdout] 
[INFO] [stdout] For more information about an error, try `rustc --explain E0432`.
[INFO] [stdout] 
[INFO] [stderr] error: could not compile `k2f_pdf` (test "stamp") due to 22 previous errors
[INFO] running `Command { std: "docker" "inspect" "ac87d8c6e16307eb8d6026b5439f622255a9b7b80b950c9dad2139520f172e27", kill_on_drop: false }`
[INFO] running `Command { std: "docker" "rm" "-f" "ac87d8c6e16307eb8d6026b5439f622255a9b7b80b950c9dad2139520f172e27", kill_on_drop: false }`
[INFO] [stdout] ac87d8c6e16307eb8d6026b5439f622255a9b7b80b950c9dad2139520f172e27
