[INFO] fetching crate k2f_package 0.3.2...
[INFO] checking k2f_package-0.3.2 against 3154cc1a3e6424e44f438a95007d043ed5ceaaf6 for pr-133502-30
[INFO] extracting crate k2f_package 0.3.2 into /workspace/builds/worker-0-tc2/source
[INFO] started tweaking crates.io crate k2f_package 0.3.2
[INFO] removed 0 missing tests
[INFO] finished tweaking crates.io crate k2f_package 0.3.2
[INFO] tweaked toml for crates.io crate k2f_package 0.3.2 written to /workspace/builds/worker-0-tc2/source/Cargo.toml
[INFO] validating manifest of crates.io crate k2f_package 0.3.2 on toolchain 3154cc1a3e6424e44f438a95007d043ed5ceaaf6
[INFO] running `Command { std: CARGO_HOME="/workspace/cargo-home" RUSTUP_HOME="/workspace/rustup-home" "/workspace/cargo-home/bin/cargo" "+3154cc1a3e6424e44f438a95007d043ed5ceaaf6" "metadata" "--manifest-path" "Cargo.toml" "--no-deps", kill_on_drop: false }`
[INFO] crate crates.io crate k2f_package 0.3.2 already has a lockfile, it will not be regenerated
[INFO] running `Command { std: CARGO_HOME="/workspace/cargo-home" RUSTUP_HOME="/workspace/rustup-home" "/workspace/cargo-home/bin/cargo" "+3154cc1a3e6424e44f438a95007d043ed5ceaaf6" "fetch" "--manifest-path" "Cargo.toml", kill_on_drop: false }`
[INFO] [stderr] warning: `package.homepage` is redundant with `package.repository`
[INFO] [stderr]   --> Cargo.toml:57:12
[INFO] [stderr]    |
[INFO] [stderr] 57 | homepage = "https://github.com/suzheng/k2f"
[INFO] [stderr]    |            ^^^^^^^^^^^^^^^^^^^^^^^^^^^^^^^^
[INFO] [stderr] ...
[INFO] [stderr] 62 | repository = "https://github.com/suzheng/k2f"
[INFO] [stderr]    |              --------------------------------
[INFO] [stderr]    |
[INFO] [stderr]    = note: `cargo::redundant_homepage` is set to `warn` by default
[INFO] [stderr] help: consider removing `package.homepage`
[INFO] [stderr] warning: `k2f_package` (manifest) generated 1 warning
[INFO] running `Command { std: "docker" "create" "-v" "/var/lib/crater-agent-workspace/builds/worker-0-tc2/source:/opt/rustwide/workdir:ro,Z" "-v" "/var/lib/crater-agent-workspace/builds/worker-0-tc2/target:/opt/rustwide/target:rw,Z" "-v" "/var/lib/crater-agent-workspace/cargo-home:/opt/rustwide/cargo-home:ro,Z" "-v" "/var/lib/crater-agent-workspace/rustup-home:/opt/rustwide/rustup-home:ro,Z" "-m" "1610612736" "--network" "none" "ghcr.io/rust-lang/crates-build-env/linux@sha256:77db811e55d90add9212f6832c23229e3de5f1c1f9905e8cb07319ea15df73ac" "sleep" "infinity", kill_on_drop: false }`
[INFO] [stdout] 4a7f9cb1560cca9d2695740d45efd29a4cb35ff800b93de7f853dd1a7eb40650
[INFO] running `Command { std: "docker" "start" "4a7f9cb1560cca9d2695740d45efd29a4cb35ff800b93de7f853dd1a7eb40650", kill_on_drop: false }`
[INFO] running `Command { std: "docker" "inspect" "4a7f9cb1560cca9d2695740d45efd29a4cb35ff800b93de7f853dd1a7eb40650", kill_on_drop: false }`
[INFO] running `Command { std: "docker" "exec" "-e" "SOURCE_DIR=/opt/rustwide/workdir" "-e" "CARGO_HOME=/opt/rustwide/cargo-home" "-e" "RUSTUP_HOME=/opt/rustwide/rustup-home" "-e" "CARGO_TARGET_DIR=/opt/rustwide/target" "-w" "/opt/rustwide/workdir" "--user" "0:0" "4a7f9cb1560cca9d2695740d45efd29a4cb35ff800b93de7f853dd1a7eb40650" "/opt/rustwide/cargo-home/bin/cargo" "+3154cc1a3e6424e44f438a95007d043ed5ceaaf6" "metadata" "--no-deps" "--format-version=1", kill_on_drop: false }`
[INFO] running `Command { std: "docker" "inspect" "4a7f9cb1560cca9d2695740d45efd29a4cb35ff800b93de7f853dd1a7eb40650", kill_on_drop: false }`
[INFO] running `Command { std: "docker" "exec" "-e" "SOURCE_DIR=/opt/rustwide/workdir" "-e" "CARGO_HOME=/opt/rustwide/cargo-home" "-e" "RUSTUP_HOME=/opt/rustwide/rustup-home" "-e" "CARGO_TARGET_DIR=/opt/rustwide/target" "-e" "CARGO_INCREMENTAL=0" "-e" "RUST_BACKTRACE=full" "-e" "RUSTFLAGS=--cap-lints=forbid" "-e" "RUSTDOCFLAGS=--cap-lints=forbid" "-w" "/opt/rustwide/workdir" "--user" "0:0" "4a7f9cb1560cca9d2695740d45efd29a4cb35ff800b93de7f853dd1a7eb40650" "/opt/rustwide/cargo-home/bin/cargo" "+3154cc1a3e6424e44f438a95007d043ed5ceaaf6" "check" "--frozen" "--all" "--all-targets" "--message-format=json", kill_on_drop: false }`
[INFO] [stderr] warning: `package.homepage` is redundant with `package.repository`
[INFO] [stderr]   --> Cargo.toml:57:12
[INFO] [stderr]    |
[INFO] [stderr] 57 | homepage = "https://github.com/suzheng/k2f"
[INFO] [stderr]    |            ^^^^^^^^^^^^^^^^^^^^^^^^^^^^^^^^
[INFO] [stderr] ...
[INFO] [stderr] 62 | repository = "https://github.com/suzheng/k2f"
[INFO] [stderr]    |              --------------------------------
[INFO] [stderr]    |
[INFO] [stderr]    = note: `cargo::redundant_homepage` is set to `warn` by default
[INFO] [stderr] help: consider removing `package.homepage`
[INFO] [stderr] warning: `k2f_package` (manifest) generated 1 warning
[INFO] [stderr]    Compiling proc-macro2 v1.0.107
[INFO] [stderr]    Compiling quote v1.0.47
[INFO] [stderr]    Compiling unicode-ident v1.0.26
[INFO] [stderr]     Checking cfg-if v1.0.5
[INFO] [stderr]    Compiling semver v1.0.28
[INFO] [stderr]     Checking litemap v0.8.3
[INFO] [stderr]     Checking writeable v0.6.4
[INFO] [stderr]    Compiling icu_properties_data v2.3.0
[INFO] [stderr]    Compiling icu_normalizer_data v2.3.0
[INFO] [stderr]    Compiling libc v0.2.189
[INFO] [stderr]    Compiling crc32fast v1.5.2
[INFO] [stderr]    Compiling serde_core v1.0.229
[INFO] [stderr]    Compiling proc-macro2-diagnostics v0.10.1
[INFO] [stderr]    Compiling rustc_version v0.4.1
[INFO] [stderr]     Checking smallvec v1.16.1
[INFO] [stderr]     Checking simd-adler32 v0.3.10
[INFO] [stderr]    Compiling yansi v1.0.1
[INFO] [stderr]    Compiling zerocopy v0.8.57
[INFO] [stderr]    Compiling ref-cast v1.0.27
[INFO] [stderr]    Compiling serde v1.0.229
[INFO] [stderr]    Compiling pathfinder_simd v0.5.6
[INFO] [stderr]    Compiling serde_json v1.0.151
[INFO] [stderr]     Checking log v0.4.34
[INFO] [stderr]     Checking miniz_oxide v0.9.1
[INFO] [stderr]    Compiling num-traits v0.2.19
[INFO] [stderr]    Compiling curve25519-dalek v4.1.3
[INFO] [stderr]    Compiling encoding_rs v0.8.41
[INFO] [stderr]     Checking aho-corasick v1.1.5
[INFO] [stderr]    Compiling unicode-general-category v1.1.0
[INFO] [stderr]     Checking tinyvec v1.13.3
[INFO] [stderr]    Compiling unicode-canonical-combining-class v1.0.0
[INFO] [stderr]    Compiling syn v3.0.6
[INFO] [stderr]    Compiling syn v2.0.119
[INFO] [stderr]    Compiling thiserror v2.0.20
[INFO] [stderr]    Compiling unicode-joining-type v1.0.0
[INFO] [stderr]     Checking regex-syntax v0.8.11
[INFO] [stderr]     Checking alloc-no-stdlib v2.0.4
[INFO] [stderr]     Checking form_urlencoded v1.2.2
[INFO] [stderr]     Checking alloc-stdlib v0.2.4
[INFO] [stderr]     Checking getrandom v0.3.4
[INFO] [stderr]     Checking flate2 v1.1.10
[INFO] [stderr]     Checking sha2 v0.10.9
[INFO] [stderr]     Checking zeroize v1.9.0
[INFO] [stderr]     Checking aliasable v0.1.3
[INFO] [stderr]     Checking signature v2.2.0
[INFO] [stderr]     Checking borrow-or-share v0.2.4
[INFO] [stderr]    Compiling k2f_core v0.3.2
[INFO] [stderr]     Checking simdutf8 v0.1.5
[INFO] [stderr]    Compiling zip v2.4.2
[INFO] [stderr]     Checking core_detect v1.0.0
[INFO] [stderr]    Compiling multiversion_no_op v1.0.0
[INFO] [stderr]     Checking either v1.18.0
[INFO] [stderr]     Checking bumpalo v3.20.3
[INFO] [stderr]     Checking indexmap v2.14.2
[INFO] [stderr]     Checking regex-automata v0.4.18
[INFO] [stderr]     Checking itertools v0.14.0
[INFO] [stderr]     Checking zopfli v0.8.3
[INFO] [stderr]     Checking ed25519 v2.2.3
[INFO] [stderr]     Checking pathfinder_geometry v0.5.1
[INFO] [stderr]     Checking brotli-decompressor v5.0.3
[INFO] [stderr]     Checking unicode-normalization v0.1.25
[INFO] [stderr]     Checking bitreader v0.3.11
[INFO] [stderr]     Checking rustc-hash v2.1.3
[INFO] [stderr]     Checking appendlist v1.4.0
[INFO] [stderr]     Checking glyph-names v0.2.0
[INFO] [stderr]     Checking ucd-trie v0.1.7
[INFO] [stderr]     Checking ttf-parser v0.25.1
[INFO] [stderr]    Compiling ouroboros_macro v0.18.5
[INFO] [stderr]    Compiling thiserror-impl v1.0.69
[INFO] [stderr]    Compiling curve25519-dalek-derive v0.1.1
[INFO] [stderr]    Compiling enumflags2_derive v0.7.12
[INFO] [stderr]     Checking regex v1.13.1
[INFO] [stderr]     Checking enumflags2 v0.7.12
[INFO] [stderr]     Checking thiserror v1.0.69
[INFO] [stderr]    Compiling synstructure v0.14.0
[INFO] [stderr]     Checking ouroboros v0.18.5
[INFO] [stderr]     Checking ed25519-dalek v2.2.0
[INFO] [stderr]    Compiling zerofrom-derive v0.1.8
[INFO] [stderr]    Compiling yoke-derive v0.8.3
[INFO] [stderr]    Compiling displaydoc v0.2.7
[INFO] [stderr]    Compiling zerovec-derive v0.11.6
[INFO] [stderr]    Compiling serde_derive v1.0.229
[INFO] [stderr]    Compiling multiversion-macros v0.9.0
[INFO] [stderr]    Compiling ref-cast-impl v1.0.27
[INFO] [stderr]    Compiling thiserror-impl v2.0.20
[INFO] [stderr]     Checking fluent-uri v0.3.2
[INFO] [stderr]     Checking ahash v0.8.12
[INFO] [stderr]     Checking multiversion v0.9.0
[INFO] [stderr]     Checking zerofrom v0.1.8
[INFO] [stderr]     Checking yoke v0.8.3
[INFO] [stderr]     Checking zerovec v0.11.8
[INFO] [stderr]     Checking zerotrie v0.2.5
[INFO] [stderr]     Checking tinystr v0.8.4
[INFO] [stderr]     Checking potential_utf v0.1.6
[INFO] [stderr]     Checking icu_collections v2.3.0
[INFO] [stderr]     Checking icu_locale_core v2.3.0
[INFO] [stderr]     Checking allsorts v0.17.0
[INFO] [stderr]     Checking icu_provider v2.3.1
[INFO] [stderr]     Checking icu_normalizer v2.3.0
[INFO] [stderr]     Checking icu_properties v2.3.0
[INFO] [stderr]     Checking idna_adapter v1.2.2
[INFO] [stderr]     Checking idna v1.1.0
[INFO] [stderr]     Checking url v2.5.8
[INFO] [stderr]     Checking boon v0.6.1
[INFO] [stderr]     Checking k2f_package v0.3.2 (/opt/rustwide/workdir)
[INFO] [stdout] error: couldn't read `src/../../../templates/blank/styles/theme.json`: No such file or directory (os error 2)
[INFO] [stdout]    --> src/schema.rs:524:49
[INFO] [stdout]     |
[INFO] [stdout] 524 |           let theme: Value = serde_json::from_str(include_str!(
[INFO] [stdout]     |  _________________________________________________^
[INFO] [stdout] 525 | |             "../../../templates/blank/styles/theme.json"
[INFO] [stdout] 526 | |         ))
[INFO] [stdout]     | |_________^
[INFO] [stdout] 
[INFO] [stdout] 
[INFO] [stdout] error[E0432]: unresolved import `k2f_layout`
[INFO] [stdout]  --> tests/common/mod.rs:4:5
[INFO] [stdout]   |
[INFO] [stdout] 4 | use k2f_layout::compile_manifest;
[INFO] [stdout]   |     ^^^^^^^^^^ use of unresolved module or unlinked crate `k2f_layout`
[INFO] [stdout]   |
[INFO] [stdout]   = help: if you wanted to use a crate named `k2f_layout`, use `cargo add k2f_layout` to add it to your `Cargo.toml`
[INFO] [stdout] 
[INFO] [stdout] 
[INFO] [stdout] error[E0432]: unresolved import `k2f_layout`
[INFO] [stdout]  --> tests/common/mod.rs:4:5
[INFO] [stdout]   |
[INFO] [stdout] 4 | use k2f_layout::compile_manifest;
[INFO] [stdout]   |     ^^^^^^^^^^ use of unresolved module or unlinked crate `k2f_layout`
[INFO] [stdout]   |
[INFO] [stdout]   = help: if you wanted to use a crate named `k2f_layout`, use `cargo add k2f_layout` to add it to your `Cargo.toml`
[INFO] [stdout] 
[INFO] [stdout] 
[INFO] [stdout] For more information about this error, try `rustc --explain E0432`.
[INFO] [stdout] 
[INFO] [stderr] error: could not compile `k2f_package` (test "includes") due to 1 previous error
[INFO] [stderr] warning: build failed, waiting for other jobs to finish...
[INFO] [stdout] error[E0432]: unresolved import `k2f_layout`
[INFO] [stdout]  --> tests/common/mod.rs:4:5
[INFO] [stdout]   |
[INFO] [stdout] 4 | use k2f_layout::compile_manifest;
[INFO] [stdout]   |     ^^^^^^^^^^ use of unresolved module or unlinked crate `k2f_layout`
[INFO] [stdout]   |
[INFO] [stdout]   = help: if you wanted to use a crate named `k2f_layout`, use `cargo add k2f_layout` to add it to your `Cargo.toml`
[INFO] [stdout] 
[INFO] [stdout] 
[INFO] [stdout] error[E0433]: cannot find module or crate `k2f_layout` in this scope
[INFO] [stdout]   --> tests/coverage_subset.rs:65:5
[INFO] [stdout]    |
[INFO] [stdout] 65 |     k2f_layout::compile_manifest(
[INFO] [stdout]    |     ^^^^^^^^^^ use of unresolved module or unlinked crate `k2f_layout`
[INFO] [stdout]    |
[INFO] [stdout]    = help: if you wanted to use a crate named `k2f_layout`, use `cargo add k2f_layout` to add it to your `Cargo.toml`
[INFO] [stdout] 
[INFO] [stdout] 
[INFO] [stdout] error[E0432]: unresolved import `k2f_layout`
[INFO] [stdout]  --> tests/common/mod.rs:4:5
[INFO] [stdout]   |
[INFO] [stdout] 4 | use k2f_layout::compile_manifest;
[INFO] [stdout]   |     ^^^^^^^^^^ use of unresolved module or unlinked crate `k2f_layout`
[INFO] [stdout]   |
[INFO] [stdout]   = help: if you wanted to use a crate named `k2f_layout`, use `cargo add k2f_layout` to add it to your `Cargo.toml`
[INFO] [stdout] 
[INFO] [stdout] 
[INFO] [stdout] error[E0432]: unresolved import `k2f_layout`
[INFO] [stdout]  --> tests/common/mod.rs:4:5
[INFO] [stdout]   |
[INFO] [stdout] 4 | use k2f_layout::compile_manifest;
[INFO] [stdout]   |     ^^^^^^^^^^ use of unresolved module or unlinked crate `k2f_layout`
[INFO] [stdout]   |
[INFO] [stdout]   = help: if you wanted to use a crate named `k2f_layout`, use `cargo add k2f_layout` to add it to your `Cargo.toml`
[INFO] [stdout] 
[INFO] [stdout] 
[INFO] [stdout] error[E0432]: unresolved import `k2f_layout`
[INFO] [stdout]  --> tests/common/mod.rs:4:5
[INFO] [stdout]   |
[INFO] [stdout] 4 | use k2f_layout::compile_manifest;
[INFO] [stdout]   |     ^^^^^^^^^^ use of unresolved module or unlinked crate `k2f_layout`
[INFO] [stdout]   |
[INFO] [stdout]   = help: if you wanted to use a crate named `k2f_layout`, use `cargo add k2f_layout` to add it to your `Cargo.toml`
[INFO] [stdout] 
[INFO] [stdout] 
[INFO] [stdout] Some errors have detailed explanations: E0432, E0433.
[INFO] [stdout] 
[INFO] [stdout] For more information about an error, try `rustc --explain E0432`.
[INFO] [stdout] 
[INFO] [stdout] For more information about this error, try `rustc --explain E0432`.
[INFO] [stdout] 
[INFO] [stderr] error: could not compile `k2f_package` (test "coverage_subset") due to 2 previous errors
[INFO] [stdout] For more information about this error, try `rustc --explain E0432`.
[INFO] [stdout] 
[INFO] [stderr] error: could not compile `k2f_package` (test "engine_identity") due to 1 previous error
[INFO] [stderr] error: could not compile `k2f_package` (test "examples") due to 1 previous error
[INFO] [stderr] error: could not compile `k2f_package` (lib test) due to 1 previous error
[INFO] [stdout] For more information about this error, try `rustc --explain E0432`.
[INFO] [stdout] 
[INFO] [stderr] error: could not compile `k2f_package` (test "sign") due to 1 previous error
[INFO] [stdout] For more information about this error, try `rustc --explain E0432`.
[INFO] [stdout] 
[INFO] [stderr] error: could not compile `k2f_package` (test "pack_verify") due to 1 previous error
[INFO] running `Command { std: "docker" "inspect" "4a7f9cb1560cca9d2695740d45efd29a4cb35ff800b93de7f853dd1a7eb40650", kill_on_drop: false }`
[INFO] running `Command { std: "docker" "rm" "-f" "4a7f9cb1560cca9d2695740d45efd29a4cb35ff800b93de7f853dd1a7eb40650", kill_on_drop: false }`
[INFO] [stdout] 4a7f9cb1560cca9d2695740d45efd29a4cb35ff800b93de7f853dd1a7eb40650
