[INFO] fetching crate k2f_idml 0.3.2...
[INFO] checking k2f_idml-0.3.2 against 3154cc1a3e6424e44f438a95007d043ed5ceaaf6+rustflags=-Znext-solver=coherence for pr-133502-30
[INFO] extracting crate k2f_idml 0.3.2 into /workspace/builds/worker-2-tc1/source
[INFO] started tweaking crates.io crate k2f_idml 0.3.2
[INFO] removed 0 missing tests
[INFO] finished tweaking crates.io crate k2f_idml 0.3.2
[INFO] tweaked toml for crates.io crate k2f_idml 0.3.2 written to /workspace/builds/worker-2-tc1/source/Cargo.toml
[INFO] validating manifest of crates.io crate k2f_idml 0.3.2 on toolchain 3154cc1a3e6424e44f438a95007d043ed5ceaaf6
[INFO] running `Command { std: CARGO_HOME="/workspace/cargo-home" RUSTUP_HOME="/workspace/rustup-home" "/workspace/cargo-home/bin/cargo" "+3154cc1a3e6424e44f438a95007d043ed5ceaaf6" "metadata" "--manifest-path" "Cargo.toml" "--no-deps", kill_on_drop: false }`
[INFO] crate crates.io crate k2f_idml 0.3.2 already has a lockfile, it will not be regenerated
[INFO] running `Command { std: CARGO_HOME="/workspace/cargo-home" RUSTUP_HOME="/workspace/rustup-home" "/workspace/cargo-home/bin/cargo" "+3154cc1a3e6424e44f438a95007d043ed5ceaaf6" "fetch" "--manifest-path" "Cargo.toml", kill_on_drop: false }`
[INFO] [stderr] warning: `package.homepage` is redundant with `package.repository`
[INFO] [stderr]   --> Cargo.toml:50:12
[INFO] [stderr]    |
[INFO] [stderr] 50 | homepage = "https://github.com/suzheng/k2f"
[INFO] [stderr]    |            ^^^^^^^^^^^^^^^^^^^^^^^^^^^^^^^^
[INFO] [stderr] ...
[INFO] [stderr] 55 | repository = "https://github.com/suzheng/k2f"
[INFO] [stderr]    |              --------------------------------
[INFO] [stderr]    |
[INFO] [stderr]    = note: `cargo::redundant_homepage` is set to `warn` by default
[INFO] [stderr] help: consider removing `package.homepage`
[INFO] [stderr] warning: `k2f_idml` (manifest) generated 1 warning
[INFO] [stderr]     Updating crates.io index
[INFO] [stderr]  Downloading crates ...
[INFO] [stderr]   Downloaded svgtypes v0.15.3
[INFO] [stderr]   Downloaded imagesize v0.13.0
[INFO] [stderr]   Downloaded resvg v0.43.0
[INFO] [stderr]   Downloaded borrow-or-share v0.2.4
[INFO] [stderr]   Downloaded appendlist v1.4.0
[INFO] [stderr]   Downloaded unicode-canonical-combining-class v1.0.0
[INFO] [stderr]   Downloaded k2f_paint v0.3.2
[INFO] [stderr]   Downloaded boon v0.6.1
[INFO] [stderr]   Downloaded fluent-uri v0.3.2
[INFO] [stderr]   Downloaded unicode-joining-type v1.0.0
[INFO] [stderr]   Downloaded k2f_core v0.3.2
[INFO] [stderr]   Downloaded k2f_package v0.3.2
[INFO] [stderr]   Downloaded bitreader v0.3.11
[INFO] [stderr]   Downloaded k2f_markdown v0.3.2
[INFO] [stderr]   Downloaded glyph-names v0.2.0
[INFO] [stderr]   Downloaded usvg v0.43.0
[INFO] [stderr]   Downloaded allsorts v0.17.0
[INFO] running `Command { std: "docker" "create" "-v" "/var/lib/crater-agent-workspace/builds/worker-2-tc1/source:/opt/rustwide/workdir:ro,Z" "-v" "/var/lib/crater-agent-workspace/builds/worker-2-tc1/target:/opt/rustwide/target:rw,Z" "-v" "/var/lib/crater-agent-workspace/cargo-home:/opt/rustwide/cargo-home:ro,Z" "-v" "/var/lib/crater-agent-workspace/rustup-home:/opt/rustwide/rustup-home:ro,Z" "-m" "1610612736" "--network" "none" "ghcr.io/rust-lang/crates-build-env/linux@sha256:77db811e55d90add9212f6832c23229e3de5f1c1f9905e8cb07319ea15df73ac" "sleep" "infinity", kill_on_drop: false }`
[INFO] [stdout] d9dde8b7010e13051e9c069756b95400798b8c6cf0bdfa919ce0bde0986eb1d4
[INFO] running `Command { std: "docker" "start" "d9dde8b7010e13051e9c069756b95400798b8c6cf0bdfa919ce0bde0986eb1d4", kill_on_drop: false }`
[INFO] running `Command { std: "docker" "inspect" "d9dde8b7010e13051e9c069756b95400798b8c6cf0bdfa919ce0bde0986eb1d4", kill_on_drop: false }`
[INFO] running `Command { std: "docker" "exec" "-e" "SOURCE_DIR=/opt/rustwide/workdir" "-e" "CARGO_HOME=/opt/rustwide/cargo-home" "-e" "RUSTUP_HOME=/opt/rustwide/rustup-home" "-e" "CARGO_TARGET_DIR=/opt/rustwide/target" "-w" "/opt/rustwide/workdir" "--user" "0:0" "d9dde8b7010e13051e9c069756b95400798b8c6cf0bdfa919ce0bde0986eb1d4" "/opt/rustwide/cargo-home/bin/cargo" "+3154cc1a3e6424e44f438a95007d043ed5ceaaf6" "metadata" "--no-deps" "--format-version=1", kill_on_drop: false }`
[INFO] running `Command { std: "docker" "inspect" "d9dde8b7010e13051e9c069756b95400798b8c6cf0bdfa919ce0bde0986eb1d4", kill_on_drop: false }`
[INFO] running `Command { std: "docker" "exec" "-e" "SOURCE_DIR=/opt/rustwide/workdir" "-e" "CARGO_HOME=/opt/rustwide/cargo-home" "-e" "RUSTUP_HOME=/opt/rustwide/rustup-home" "-e" "CARGO_TARGET_DIR=/opt/rustwide/target" "-e" "CARGO_INCREMENTAL=0" "-e" "RUST_BACKTRACE=full" "-e" "RUSTFLAGS=--cap-lints=forbid -Znext-solver=coherence" "-e" "RUSTDOCFLAGS=--cap-lints=forbid" "-w" "/opt/rustwide/workdir" "--user" "0:0" "d9dde8b7010e13051e9c069756b95400798b8c6cf0bdfa919ce0bde0986eb1d4" "/opt/rustwide/cargo-home/bin/cargo" "+3154cc1a3e6424e44f438a95007d043ed5ceaaf6" "check" "--frozen" "--all" "--all-targets" "--message-format=json", kill_on_drop: false }`
[INFO] [stderr] warning: `package.homepage` is redundant with `package.repository`
[INFO] [stderr]   --> Cargo.toml:50:12
[INFO] [stderr]    |
[INFO] [stderr] 50 | homepage = "https://github.com/suzheng/k2f"
[INFO] [stderr]    |            ^^^^^^^^^^^^^^^^^^^^^^^^^^^^^^^^
[INFO] [stderr] ...
[INFO] [stderr] 55 | repository = "https://github.com/suzheng/k2f"
[INFO] [stderr]    |              --------------------------------
[INFO] [stderr]    |
[INFO] [stderr]    = note: `cargo::redundant_homepage` is set to `warn` by default
[INFO] [stderr] help: consider removing `package.homepage`
[INFO] [stderr] warning: `k2f_idml` (manifest) generated 1 warning
[INFO] [stderr]    Compiling unicode-ident v1.0.26
[INFO] [stderr]     Checking cfg-if v1.0.5
[INFO] [stderr]     Checking stable_deref_trait v1.2.1
[INFO] [stderr]     Checking simd-adler32 v0.3.10
[INFO] [stderr]    Compiling crc32fast v1.5.2
[INFO] [stderr]     Checking typenum v1.20.1
[INFO] [stderr]     Checking smallvec v1.16.1
[INFO] [stderr]     Checking litemap v0.8.3
[INFO] [stderr]     Checking writeable v0.6.4
[INFO] [stderr]    Compiling icu_properties_data v2.3.0
[INFO] [stderr]    Compiling icu_normalizer_data v2.3.0
[INFO] [stderr]    Compiling proc-macro2-diagnostics v0.10.1
[INFO] [stderr]     Checking bytemuck v1.25.2
[INFO] [stderr]    Compiling serde_json v1.0.151
[INFO] [stderr]    Compiling num-traits v0.2.19
[INFO] [stderr]    Compiling pathfinder_simd v0.5.6
[INFO] [stderr]     Checking float-cmp v0.9.0
[INFO] [stderr]     Checking tinyvec v1.13.3
[INFO] [stderr]    Compiling proc-macro2 v1.0.107
[INFO] [stderr]     Checking miniz_oxide v0.9.1
[INFO] [stderr]    Compiling getrandom v0.3.4
[INFO] [stderr]    Compiling zerocopy v0.8.57
[INFO] [stderr]    Compiling ref-cast v1.0.27
[INFO] [stderr]     Checking strict-num v0.1.1
[INFO] [stderr]     Checking fdeflate v0.3.7
[INFO] [stderr]     Checking miniz_oxide v0.8.9
[INFO] [stderr]    Compiling encoding_rs v0.8.41
[INFO] [stderr]     Checking aho-corasick v1.1.5
[INFO] [stderr]    Compiling curve25519-dalek v4.1.3
[INFO] [stderr]    Compiling ahash v0.8.12
[INFO] [stderr]    Compiling unicode-joining-type v1.0.0
[INFO] [stderr]    Compiling k2f_core v0.3.2
[INFO] [stderr]     Checking regex-syntax v0.8.11
[INFO] [stderr]     Checking arrayref v0.3.9
[INFO] [stderr]    Compiling unicode-general-category v1.1.0
[INFO] [stderr]    Compiling unicode-canonical-combining-class v1.0.0
[INFO] [stderr]     Checking form_urlencoded v1.2.2
[INFO] [stderr]     Checking tiny-skia-path v0.11.4
[INFO] [stderr]     Checking unicode-normalization v0.1.25
[INFO] [stderr]     Checking alloc-stdlib v0.2.4
[INFO] [stderr]     Checking flate2 v1.1.10
[INFO] [stderr]     Checking kurbo v0.11.3
[INFO] [stderr]    Compiling quote v1.0.47
[INFO] [stderr]     Checking simdutf8 v0.1.5
[INFO] [stderr]    Compiling syn v3.0.6
[INFO] [stderr]    Compiling syn v2.0.119
[INFO] [stderr]     Checking generic-array v0.14.7
[INFO] [stderr]     Checking core_detect v1.0.0
[INFO] [stderr]     Checking zeroize v1.9.0
[INFO] [stderr]     Checking png v0.17.16
[INFO] [stderr]     Checking siphasher v1.0.3
[INFO] [stderr]     Checking signature v2.2.0
[INFO] [stderr]     Checking aliasable v0.1.3
[INFO] [stderr]    Compiling multiversion_no_op v1.0.0
[INFO] [stderr]     Checking borrow-or-share v0.2.4
[INFO] [stderr]     Checking bumpalo v3.20.3
[INFO] [stderr]     Checking indexmap v2.14.2
[INFO] [stderr]     Checking ed25519 v2.2.3
[INFO] [stderr]     Checking itertools v0.14.0
[INFO] [stderr]     Checking brotli-decompressor v5.0.3
[INFO] [stderr]     Checking bitreader v0.3.11
[INFO] [stderr]     Checking pathfinder_geometry v0.5.1
[INFO] [stderr]     Checking simplecss v0.2.2
[INFO] [stderr]     Checking quick-error v2.0.1
[INFO] [stderr]     Checking zopfli v0.8.3
[INFO] [stderr]     Checking xmlwriter v0.1.0
[INFO] [stderr]     Checking imagesize v0.13.0
[INFO] [stderr]     Checking roxmltree v0.20.0
[INFO] [stderr]     Checking appendlist v1.4.0
[INFO] [stderr]     Checking glyph-names v0.2.0
[INFO] [stderr]     Checking block-buffer v0.10.4
[INFO] [stderr]     Checking crypto-common v0.1.7
[INFO] [stderr]     Checking svgtypes v0.15.3
[INFO] [stderr]     Checking ucd-trie v0.1.7
[INFO] [stderr]     Checking digest v0.10.7
[INFO] [stderr]     Checking data-url v0.3.2
[INFO] [stderr]     Checking zune-core v0.4.12
[INFO] [stderr]     Checking byteorder-lite v0.1.0
[INFO] [stderr]     Checking pico-args v0.5.0
[INFO] [stderr]     Checking rgb v0.8.53
[INFO] [stderr]     Checking sha2 v0.10.9
[INFO] [stderr]     Checking zune-jpeg v0.4.21
[INFO] [stderr]     Checking clap_lex v1.1.1
[INFO] [stderr]     Checking ttf-parser v0.25.1
[INFO] [stderr]     Checking ttf-parser v0.21.1
[INFO] [stderr]     Checking regex-automata v0.4.18
[INFO] [stderr]     Checking image-webp v0.2.4
[INFO] [stderr]     Checking clap_builder v4.6.7
[INFO] [stderr]     Checking usvg v0.43.0
[INFO] [stderr]     Checking tiny-skia v0.11.4
[INFO] [stderr]     Checking image v0.25.6
[INFO] [stderr]     Checking resvg v0.43.0
[INFO] [stderr]     Checking regex v1.13.1
[INFO] [stderr]    Compiling thiserror-impl v1.0.69
[INFO] [stderr]    Compiling enumflags2_derive v0.7.12
[INFO] [stderr]    Compiling ouroboros_macro v0.18.5
[INFO] [stderr]    Compiling curve25519-dalek-derive v0.1.1
[INFO] [stderr]     Checking enumflags2 v0.7.12
[INFO] [stderr]     Checking thiserror v1.0.69
[INFO] [stderr]     Checking ouroboros v0.18.5
[INFO] [stderr]     Checking ed25519-dalek v2.2.0
[INFO] [stderr]    Compiling synstructure v0.14.0
[INFO] [stderr]    Compiling zerovec-derive v0.11.6
[INFO] [stderr]    Compiling displaydoc v0.2.7
[INFO] [stderr]    Compiling serde_derive v1.0.229
[INFO] [stderr]    Compiling multiversion-macros v0.9.0
[INFO] [stderr]    Compiling ref-cast-impl v1.0.27
[INFO] [stderr]    Compiling thiserror-impl v2.0.20
[INFO] [stderr]    Compiling clap_derive v4.6.7
[INFO] [stderr]    Compiling zerofrom-derive v0.1.8
[INFO] [stderr]    Compiling yoke-derive v0.8.3
[INFO] [stderr]     Checking fluent-uri v0.3.2
[INFO] [stderr]     Checking zerofrom v0.1.8
[INFO] [stderr]     Checking yoke v0.8.3
[INFO] [stderr]     Checking multiversion v0.9.0
[INFO] [stderr]     Checking thiserror v2.0.20
[INFO] [stderr]     Checking zip v2.4.2
[INFO] [stderr]     Checking zerovec v0.11.8
[INFO] [stderr]     Checking zerotrie v0.2.5
[INFO] [stderr]     Checking clap v4.6.7
[INFO] [stderr]     Checking tinystr v0.8.4
[INFO] [stderr]     Checking potential_utf v0.1.6
[INFO] [stderr]     Checking allsorts v0.17.0
[INFO] [stderr]     Checking icu_collections v2.3.0
[INFO] [stderr]     Checking icu_locale_core v2.3.0
[INFO] [stderr]     Checking serde v1.0.229
[INFO] [stderr]     Checking icu_provider v2.3.1
[INFO] [stderr]     Checking icu_properties v2.3.0
[INFO] [stderr]     Checking icu_normalizer v2.3.0
[INFO] [stderr]     Checking idna_adapter v1.2.2
[INFO] [stderr]     Checking idna v1.1.0
[INFO] [stderr]     Checking url v2.5.8
[INFO] [stderr]     Checking boon v0.6.1
[INFO] [stderr]     Checking k2f_markdown v0.3.2
[INFO] [stderr]     Checking k2f_package v0.3.2
[INFO] [stderr]     Checking k2f_paint v0.3.2
[INFO] [stderr]     Checking k2f_idml v0.3.2 (/opt/rustwide/workdir)
[INFO] [stdout] error[E0433]: cannot find module or crate `roxmltree` in this scope
[INFO] [stdout]   --> tests/step5_effects.rs:82:18
[INFO] [stdout]    |
[INFO] [stdout] 82 |     let parsed = roxmltree::Document::parse(&spread0).unwrap();
[INFO] [stdout]    |                  ^^^^^^^^^ use of unresolved module or unlinked crate `roxmltree`
[INFO] [stdout]    |
[INFO] [stdout]    = help: if you wanted to use a crate named `roxmltree`, use `cargo add roxmltree` to add it to your `Cargo.toml`
[INFO] [stdout] 
[INFO] [stdout] 
[INFO] [stdout] error[E0433]: cannot find module or crate `roxmltree` in this scope
[INFO] [stdout]   --> tests/step5_effects.rs:94:18
[INFO] [stdout]    |
[INFO] [stdout] 94 |     let parsed = roxmltree::Document::parse(&spread0).unwrap();
[INFO] [stdout]    |                  ^^^^^^^^^ use of unresolved module or unlinked crate `roxmltree`
[INFO] [stdout]    |
[INFO] [stdout]    = help: if you wanted to use a crate named `roxmltree`, use `cargo add roxmltree` to add it to your `Cargo.toml`
[INFO] [stdout] 
[INFO] [stdout] 
[INFO] [stdout] error[E0433]: cannot find module or crate `roxmltree` in this scope
[INFO] [stdout]    --> tests/step5_effects.rs:310:18
[INFO] [stdout]     |
[INFO] [stdout] 310 |     let parsed = roxmltree::Document::parse(&spread0).unwrap();
[INFO] [stdout]     |                  ^^^^^^^^^ use of unresolved module or unlinked crate `roxmltree`
[INFO] [stdout]     |
[INFO] [stdout]     = help: if you wanted to use a crate named `roxmltree`, use `cargo add roxmltree` to add it to your `Cargo.toml`
[INFO] [stdout] 
[INFO] [stdout] 
[INFO] [stdout] error[E0433]: cannot find module or crate `roxmltree` in this scope
[INFO] [stdout]   --> tests/step1_skeleton.rs:35:18
[INFO] [stdout]    |
[INFO] [stdout] 35 |     let parsed = roxmltree::Document::parse(&map).unwrap();
[INFO] [stdout]    |                  ^^^^^^^^^ use of unresolved module or unlinked crate `roxmltree`
[INFO] [stdout]    |
[INFO] [stdout]    = help: if you wanted to use a crate named `roxmltree`, use `cargo add roxmltree` to add it to your `Cargo.toml`
[INFO] [stdout] 
[INFO] [stdout] 
[INFO] [stdout] For more information about this error, try `rustc --explain E0433`.
[INFO] [stdout] 
[INFO] [stdout] error[E0433]: cannot find module or crate `roxmltree` in this scope
[INFO] [stdout]   --> tests/step4_table.rs:68:19
[INFO] [stdout]    |
[INFO] [stdout] 68 |         let doc = roxmltree::Document::parse(&xml).unwrap();
[INFO] [stdout]    |                   ^^^^^^^^^ use of unresolved module or unlinked crate `roxmltree`
[INFO] [stdout]    |
[INFO] [stdout]    = help: if you wanted to use a crate named `roxmltree`, use `cargo add roxmltree` to add it to your `Cargo.toml`
[INFO] [stdout] 
[INFO] [stdout] 
[INFO] [stderr] error: could not compile `k2f_idml` (test "step5_effects") due to 3 previous errors
[INFO] [stderr] warning: build failed, waiting for other jobs to finish...
[INFO] [stdout] error[E0433]: cannot find module or crate `roxmltree` in this scope
[INFO] [stdout]   --> tests/step1_skeleton.rs:60:18
[INFO] [stdout]    |
[INFO] [stdout] 60 |     let parsed = roxmltree::Document::parse(&xml).unwrap();
[INFO] [stdout]    |                  ^^^^^^^^^ use of unresolved module or unlinked crate `roxmltree`
[INFO] [stdout]    |
[INFO] [stdout]    = help: if you wanted to use a crate named `roxmltree`, use `cargo add roxmltree` to add it to your `Cargo.toml`
[INFO] [stdout] 
[INFO] [stdout] 
[INFO] [stdout] error[E0433]: cannot find module or crate `roxmltree` in this scope
[INFO] [stdout]    --> tests/step4_table.rs:108:22
[INFO] [stdout]     |
[INFO] [stdout] 108 |         let parsed = roxmltree::Document::parse(&xml).unwrap();
[INFO] [stdout]     |                      ^^^^^^^^^ use of unresolved module or unlinked crate `roxmltree`
[INFO] [stdout]     |
[INFO] [stdout]     = help: if you wanted to use a crate named `roxmltree`, use `cargo add roxmltree` to add it to your `Cargo.toml`
[INFO] [stdout] 
[INFO] [stdout] 
[INFO] [stdout] error[E0433]: cannot find module or crate `roxmltree` in this scope
[INFO] [stdout]   --> tests/step1_skeleton.rs:87:18
[INFO] [stdout]    |
[INFO] [stdout] 87 |     let parsed = roxmltree::Document::parse(&xml).unwrap();
[INFO] [stdout]    |                  ^^^^^^^^^ use of unresolved module or unlinked crate `roxmltree`
[INFO] [stdout]    |
[INFO] [stdout]    = help: if you wanted to use a crate named `roxmltree`, use `cargo add roxmltree` to add it to your `Cargo.toml`
[INFO] [stdout] 
[INFO] [stdout] 
[INFO] [stdout] error[E0433]: cannot find module or crate `roxmltree` in this scope
[INFO] [stdout]   --> tests/step6_corpus.rs:47:18
[INFO] [stdout]    |
[INFO] [stdout] 47 |     let parsed = roxmltree::Document::parse(&xml).unwrap();
[INFO] [stdout]    |                  ^^^^^^^^^ use of unresolved module or unlinked crate `roxmltree`
[INFO] [stdout]    |
[INFO] [stdout]    = help: if you wanted to use a crate named `roxmltree`, use `cargo add roxmltree` to add it to your `Cargo.toml`
[INFO] [stdout] 
[INFO] [stdout] 
[INFO] [stdout] error[E0433]: cannot find module or crate `roxmltree` in this scope
[INFO] [stdout]    --> tests/step4_table.rs:135:22
[INFO] [stdout]     |
[INFO] [stdout] 135 |         let parsed = roxmltree::Document::parse(&xml).unwrap();
[INFO] [stdout]     |                      ^^^^^^^^^ use of unresolved module or unlinked crate `roxmltree`
[INFO] [stdout]     |
[INFO] [stdout]     = help: if you wanted to use a crate named `roxmltree`, use `cargo add roxmltree` to add it to your `Cargo.toml`
[INFO] [stdout] 
[INFO] [stdout] 
[INFO] [stdout] error[E0433]: cannot find module or crate `roxmltree` in this scope
[INFO] [stdout]   --> tests/step3_shape_picture.rs:46:19
[INFO] [stdout]    |
[INFO] [stdout] 46 |         let doc = roxmltree::Document::parse(&xml).unwrap();
[INFO] [stdout]    |                   ^^^^^^^^^ use of unresolved module or unlinked crate `roxmltree`
[INFO] [stdout]    |
[INFO] [stdout]    = help: if you wanted to use a crate named `roxmltree`, use `cargo add roxmltree` to add it to your `Cargo.toml`
[INFO] [stdout] 
[INFO] [stdout] 
[INFO] [stdout] error[E0433]: cannot find module or crate `roxmltree` in this scope
[INFO] [stdout]   --> tests/step6_corpus.rs:62:18
[INFO] [stdout]    |
[INFO] [stdout] 62 |     let parsed = roxmltree::Document::parse(&xml).unwrap();
[INFO] [stdout]    |                  ^^^^^^^^^ use of unresolved module or unlinked crate `roxmltree`
[INFO] [stdout]    |
[INFO] [stdout]    = help: if you wanted to use a crate named `roxmltree`, use `cargo add roxmltree` to add it to your `Cargo.toml`
[INFO] [stdout] 
[INFO] [stdout] 
[INFO] [stdout] error[E0433]: cannot find module or crate `roxmltree` in this scope
[INFO] [stdout]   --> tests/step3_shape_picture.rs:86:18
[INFO] [stdout]    |
[INFO] [stdout] 86 |     let parsed = roxmltree::Document::parse(&xml).unwrap();
[INFO] [stdout]    |                  ^^^^^^^^^ use of unresolved module or unlinked crate `roxmltree`
[INFO] [stdout]    |
[INFO] [stdout]    = help: if you wanted to use a crate named `roxmltree`, use `cargo add roxmltree` to add it to your `Cargo.toml`
[INFO] [stdout] 
[INFO] [stdout] 
[INFO] [stdout] error[E0433]: cannot find module or crate `roxmltree` in this scope
[INFO] [stdout]    --> tests/step3_shape_picture.rs:123:22
[INFO] [stdout]     |
[INFO] [stdout] 123 |         let parsed = roxmltree::Document::parse(&xml).unwrap();
[INFO] [stdout]     |                      ^^^^^^^^^ use of unresolved module or unlinked crate `roxmltree`
[INFO] [stdout]     |
[INFO] [stdout]     = help: if you wanted to use a crate named `roxmltree`, use `cargo add roxmltree` to add it to your `Cargo.toml`
[INFO] [stdout] 
[INFO] [stdout] 
[INFO] [stdout] error[E0433]: cannot find module or crate `roxmltree` in this scope
[INFO] [stdout]   --> tests/step2_text.rs:55:19
[INFO] [stdout]    |
[INFO] [stdout] 55 |         let doc = roxmltree::Document::parse(&xml).unwrap();
[INFO] [stdout]    |                   ^^^^^^^^^ use of unresolved module or unlinked crate `roxmltree`
[INFO] [stdout]    |
[INFO] [stdout]    = help: if you wanted to use a crate named `roxmltree`, use `cargo add roxmltree` to add it to your `Cargo.toml`
[INFO] [stdout] 
[INFO] [stdout] 
[INFO] [stdout] error[E0433]: cannot find module or crate `roxmltree` in this scope
[INFO] [stdout]    --> tests/step3_shape_picture.rs:147:18
[INFO] [stdout]     |
[INFO] [stdout] 147 |     let parsed = roxmltree::Document::parse(&xml).unwrap();
[INFO] [stdout]     |                  ^^^^^^^^^ use of unresolved module or unlinked crate `roxmltree`
[INFO] [stdout]     |
[INFO] [stdout]     = help: if you wanted to use a crate named `roxmltree`, use `cargo add roxmltree` to add it to your `Cargo.toml`
[INFO] [stdout] 
[INFO] [stdout] 
[INFO] [stdout] error[E0433]: cannot find module or crate `roxmltree` in this scope
[INFO] [stdout]    --> tests/step2_text.rs:193:22
[INFO] [stdout]     |
[INFO] [stdout] 193 |         let parsed = roxmltree::Document::parse(&xml).unwrap();
[INFO] [stdout]     |                      ^^^^^^^^^ use of unresolved module or unlinked crate `roxmltree`
[INFO] [stdout]     |
[INFO] [stdout]     = help: if you wanted to use a crate named `roxmltree`, use `cargo add roxmltree` to add it to your `Cargo.toml`
[INFO] [stdout] 
[INFO] [stdout] 
[INFO] [stdout] error[E0433]: cannot find module or crate `roxmltree` in this scope
[INFO] [stdout]    --> tests/step3_shape_picture.rs:219:18
[INFO] [stdout]     |
[INFO] [stdout] 219 |     let parsed = roxmltree::Document::parse(&xml).unwrap();
[INFO] [stdout]     |                  ^^^^^^^^^ use of unresolved module or unlinked crate `roxmltree`
[INFO] [stdout]     |
[INFO] [stdout]     = help: if you wanted to use a crate named `roxmltree`, use `cargo add roxmltree` to add it to your `Cargo.toml`
[INFO] [stdout] 
[INFO] [stdout] 
[INFO] [stdout] error[E0433]: cannot find module or crate `roxmltree` in this scope
[INFO] [stdout]    --> tests/step2_text.rs:203:24
[INFO] [stdout]     |
[INFO] [stdout] 203 |             let sdoc = roxmltree::Document::parse(&story).unwrap();
[INFO] [stdout]     |                        ^^^^^^^^^ use of unresolved module or unlinked crate `roxmltree`
[INFO] [stdout]     |
[INFO] [stdout]     = help: if you wanted to use a crate named `roxmltree`, use `cargo add roxmltree` to add it to your `Cargo.toml`
[INFO] [stdout] 
[INFO] [stdout] 
[INFO] [stdout] error[E0433]: cannot find module or crate `roxmltree` in this scope
[INFO] [stdout]    --> tests/step2_text.rs:239:18
[INFO] [stdout]     |
[INFO] [stdout] 239 |     let parsed = roxmltree::Document::parse(&xml).unwrap();
[INFO] [stdout]     |                  ^^^^^^^^^ use of unresolved module or unlinked crate `roxmltree`
[INFO] [stdout]     |
[INFO] [stdout]     = help: if you wanted to use a crate named `roxmltree`, use `cargo add roxmltree` to add it to your `Cargo.toml`
[INFO] [stdout] 
[INFO] [stdout] 
[INFO] [stdout] error[E0433]: cannot find module or crate `roxmltree` in this scope
[INFO] [stdout]    --> tests/step2_text.rs:309:26
[INFO] [stdout]     |
[INFO] [stdout] 309 |             let parsed = roxmltree::Document::parse(&xml).unwrap();
[INFO] [stdout]     |                          ^^^^^^^^^ use of unresolved module or unlinked crate `roxmltree`
[INFO] [stdout]     |
[INFO] [stdout]     = help: if you wanted to use a crate named `roxmltree`, use `cargo add roxmltree` to add it to your `Cargo.toml`
[INFO] [stdout] 
[INFO] [stdout] 
[INFO] [stdout] error[E0433]: cannot find module or crate `roxmltree` in this scope
[INFO] [stdout]    --> tests/step2_text.rs:320:22
[INFO] [stdout]     |
[INFO] [stdout] 320 |         let parsed = roxmltree::Document::parse(&story).unwrap();
[INFO] [stdout]     |                      ^^^^^^^^^ use of unresolved module or unlinked crate `roxmltree`
[INFO] [stdout]     |
[INFO] [stdout]     = help: if you wanted to use a crate named `roxmltree`, use `cargo add roxmltree` to add it to your `Cargo.toml`
[INFO] [stdout] 
[INFO] [stdout] 
[INFO] [stdout] For more information about this error, try `rustc --explain E0433`.
[INFO] [stdout] 
[INFO] [stdout] For more information about this error, try `rustc --explain E0433`.
[INFO] [stdout] 
[INFO] [stdout] error[E0433]: cannot find module or crate `roxmltree` in this scope
[INFO] [stdout]    --> tests/step2_text.rs:348:15
[INFO] [stdout]     |
[INFO] [stdout] 348 |     let doc = roxmltree::Document::parse(&xml).unwrap();
[INFO] [stdout]     |               ^^^^^^^^^ use of unresolved module or unlinked crate `roxmltree`
[INFO] [stdout]     |
[INFO] [stdout]     = help: if you wanted to use a crate named `roxmltree`, use `cargo add roxmltree` to add it to your `Cargo.toml`
[INFO] [stdout] 
[INFO] [stdout] 
[INFO] [stderr] error: could not compile `k2f_idml` (test "step1_skeleton") due to 3 previous errors
[INFO] [stderr] error: could not compile `k2f_idml` (test "step4_table") due to 3 previous errors
[INFO] [stdout] error[E0433]: cannot find module or crate `roxmltree` in this scope
[INFO] [stdout]    --> tests/step2_text.rs:394:15
[INFO] [stdout]     |
[INFO] [stdout] 394 |     let doc = roxmltree::Document::parse(&xml).unwrap();
[INFO] [stdout]     |               ^^^^^^^^^ use of unresolved module or unlinked crate `roxmltree`
[INFO] [stdout]     |
[INFO] [stdout]     = help: if you wanted to use a crate named `roxmltree`, use `cargo add roxmltree` to add it to your `Cargo.toml`
[INFO] [stdout] 
[INFO] [stdout] 
[INFO] [stdout] For more information about this error, try `rustc --explain E0433`.
[INFO] [stdout] 
[INFO] [stdout] error[E0433]: cannot find module or crate `roxmltree` in this scope
[INFO] [stdout]    --> tests/step2_text.rs:629:18
[INFO] [stdout]     |
[INFO] [stdout] 629 |     let parsed = roxmltree::Document::parse(&wrapped).expect("frame xml");
[INFO] [stdout]     |                  ^^^^^^^^^ use of unresolved module or unlinked crate `roxmltree`
[INFO] [stdout]     |
[INFO] [stdout]     = help: if you wanted to use a crate named `roxmltree`, use `cargo add roxmltree` to add it to your `Cargo.toml`
[INFO] [stdout] 
[INFO] [stdout] 
[INFO] [stderr] error: could not compile `k2f_idml` (test "step6_corpus") due to 2 previous errors
[INFO] [stdout] error[E0433]: cannot find module or crate `roxmltree` in this scope
[INFO] [stdout]    --> tests/step2_text.rs:656:18
[INFO] [stdout]     |
[INFO] [stdout] 656 |     let parsed = roxmltree::Document::parse(&xml).expect("story xml");
[INFO] [stdout]     |                  ^^^^^^^^^ use of unresolved module or unlinked crate `roxmltree`
[INFO] [stdout]     |
[INFO] [stdout]     = help: if you wanted to use a crate named `roxmltree`, use `cargo add roxmltree` to add it to your `Cargo.toml`
[INFO] [stdout] 
[INFO] [stdout] 
[INFO] [stdout] error[E0433]: cannot find module or crate `roxmltree` in this scope
[INFO] [stdout]    --> tests/step2_text.rs:729:18
[INFO] [stdout]     |
[INFO] [stdout] 729 |     let parsed = roxmltree::Document::parse(&wrapped).expect("frame");
[INFO] [stdout]     |                  ^^^^^^^^^ use of unresolved module or unlinked crate `roxmltree`
[INFO] [stdout]     |
[INFO] [stdout]     = help: if you wanted to use a crate named `roxmltree`, use `cargo add roxmltree` to add it to your `Cargo.toml`
[INFO] [stdout] 
[INFO] [stdout] 
[INFO] [stdout] error[E0433]: cannot find module or crate `roxmltree` in this scope
[INFO] [stdout]   --> tests/step3_shape_picture.rs:21:16
[INFO] [stdout]    |
[INFO] [stdout] 21 | fn item_xy(el: roxmltree::Node<'_, '_>) -> (f64, f64) {
[INFO] [stdout]    |                ^^^^^^^^^ use of unresolved module or unlinked crate `roxmltree`
[INFO] [stdout]    |
[INFO] [stdout]    = help: if you wanted to use a crate named `roxmltree`, use `cargo add roxmltree` to add it to your `Cargo.toml`
[INFO] [stdout] 
[INFO] [stdout] 
[INFO] [stdout] For more information about this error, try `rustc --explain E0433`.
[INFO] [stdout] 
[INFO] [stdout] error[E0433]: cannot find module or crate `roxmltree` in this scope
[INFO] [stdout]    --> tests/step2_text.rs:815:18
[INFO] [stdout]     |
[INFO] [stdout] 815 |     let parsed = roxmltree::Document::parse(&wrapped).expect("frame xml");
[INFO] [stdout]     |                  ^^^^^^^^^ use of unresolved module or unlinked crate `roxmltree`
[INFO] [stdout]     |
[INFO] [stdout]     = help: if you wanted to use a crate named `roxmltree`, use `cargo add roxmltree` to add it to your `Cargo.toml`
[INFO] [stdout] 
[INFO] [stdout] 
[INFO] [stdout] error[E0433]: cannot find module or crate `roxmltree` in this scope
[INFO] [stdout]    --> tests/step2_text.rs:854:22
[INFO] [stdout]     |
[INFO] [stdout] 854 |         let parsed = roxmltree::Document::parse(&xml).unwrap();
[INFO] [stdout]     |                      ^^^^^^^^^ use of unresolved module or unlinked crate `roxmltree`
[INFO] [stdout]     |
[INFO] [stdout]     = help: if you wanted to use a crate named `roxmltree`, use `cargo add roxmltree` to add it to your `Cargo.toml`
[INFO] [stdout] 
[INFO] [stdout] 
[INFO] [stderr] error: could not compile `k2f_idml` (test "step3_shape_picture") due to 6 previous errors
[INFO] [stdout] error[E0433]: cannot find module or crate `roxmltree` in this scope
[INFO] [stdout]    --> tests/step2_text.rs:915:18
[INFO] [stdout]     |
[INFO] [stdout] 915 |     let parsed = roxmltree::Document::parse(&xml).unwrap();
[INFO] [stdout]     |                  ^^^^^^^^^ use of unresolved module or unlinked crate `roxmltree`
[INFO] [stdout]     |
[INFO] [stdout]     = help: if you wanted to use a crate named `roxmltree`, use `cargo add roxmltree` to add it to your `Cargo.toml`
[INFO] [stdout] 
[INFO] [stdout] 
[INFO] [stdout] error[E0433]: cannot find module or crate `roxmltree` in this scope
[INFO] [stdout]    --> tests/step2_text.rs:922:16
[INFO] [stdout]     |
[INFO] [stdout] 922 |     let sdoc = roxmltree::Document::parse(&story).unwrap();
[INFO] [stdout]     |                ^^^^^^^^^ use of unresolved module or unlinked crate `roxmltree`
[INFO] [stdout]     |
[INFO] [stdout]     = help: if you wanted to use a crate named `roxmltree`, use `cargo add roxmltree` to add it to your `Cargo.toml`
[INFO] [stdout] 
[INFO] [stdout] 
[INFO] [stdout] error[E0433]: cannot find module or crate `roxmltree` in this scope
[INFO] [stdout]   --> tests/step2_text.rs:67:21
[INFO] [stdout]    |
[INFO] [stdout] 67 | fn inset_list(doc: &roxmltree::Document<'_>) -> Vec<String> {
[INFO] [stdout]    |                     ^^^^^^^^^ use of unresolved module or unlinked crate `roxmltree`
[INFO] [stdout]    |
[INFO] [stdout]    = help: if you wanted to use a crate named `roxmltree`, use `cargo add roxmltree` to add it to your `Cargo.toml`
[INFO] [stdout] 
[INFO] [stdout] 
[INFO] [stdout] For more information about this error, try `rustc --explain E0433`.
[INFO] [stdout] 
[INFO] [stderr] error: could not compile `k2f_idml` (test "step2_text") due to 16 previous errors
[INFO] running `Command { std: "docker" "inspect" "d9dde8b7010e13051e9c069756b95400798b8c6cf0bdfa919ce0bde0986eb1d4", kill_on_drop: false }`
[INFO] running `Command { std: "docker" "rm" "-f" "d9dde8b7010e13051e9c069756b95400798b8c6cf0bdfa919ce0bde0986eb1d4", kill_on_drop: false }`
[INFO] [stdout] d9dde8b7010e13051e9c069756b95400798b8c6cf0bdfa919ce0bde0986eb1d4
