[INFO] fetching crate k2f_docx 0.3.2...
[INFO] checking k2f_docx-0.3.2 against 3154cc1a3e6424e44f438a95007d043ed5ceaaf6+rustflags=-Znext-solver=coherence for pr-133502-30
[INFO] extracting crate k2f_docx 0.3.2 into /workspace/builds/worker-5-tc1/source
[INFO] started tweaking crates.io crate k2f_docx 0.3.2
[INFO] removed 0 missing tests
[INFO] finished tweaking crates.io crate k2f_docx 0.3.2
[INFO] tweaked toml for crates.io crate k2f_docx 0.3.2 written to /workspace/builds/worker-5-tc1/source/Cargo.toml
[INFO] validating manifest of crates.io crate k2f_docx 0.3.2 on toolchain 3154cc1a3e6424e44f438a95007d043ed5ceaaf6
[INFO] running `Command { std: CARGO_HOME="/workspace/cargo-home" RUSTUP_HOME="/workspace/rustup-home" "/workspace/cargo-home/bin/cargo" "+3154cc1a3e6424e44f438a95007d043ed5ceaaf6" "metadata" "--manifest-path" "Cargo.toml" "--no-deps", kill_on_drop: false }`
[INFO] crate crates.io crate k2f_docx 0.3.2 already has a lockfile, it will not be regenerated
[INFO] running `Command { std: CARGO_HOME="/workspace/cargo-home" RUSTUP_HOME="/workspace/rustup-home" "/workspace/cargo-home/bin/cargo" "+3154cc1a3e6424e44f438a95007d043ed5ceaaf6" "fetch" "--manifest-path" "Cargo.toml", kill_on_drop: false }`
[INFO] [stderr] warning: `package.homepage` is redundant with `package.repository`
[INFO] [stderr]   --> Cargo.toml:47:12
[INFO] [stderr]    |
[INFO] [stderr] 47 | homepage = "https://github.com/suzheng/k2f"
[INFO] [stderr]    |            ^^^^^^^^^^^^^^^^^^^^^^^^^^^^^^^^
[INFO] [stderr] ...
[INFO] [stderr] 52 | repository = "https://github.com/suzheng/k2f"
[INFO] [stderr]    |              --------------------------------
[INFO] [stderr]    |
[INFO] [stderr]    = note: `cargo::redundant_homepage` is set to `warn` by default
[INFO] [stderr] help: consider removing `package.homepage`
[INFO] [stderr] warning: `k2f_docx` (manifest) generated 1 warning
[INFO] [stderr]     Updating crates.io index
[INFO] [stderr]  Downloading crates ...
[INFO] [stderr]   Downloaded k2f_package v0.3.2
[INFO] [stderr]   Downloaded k2f_paint v0.3.2
[INFO] [stderr]   Downloaded k2f_core v0.3.2
[INFO] [stderr]   Downloaded ouroboros v0.18.5
[INFO] [stderr]   Downloaded resvg v0.43.0
[INFO] [stderr]   Downloaded unicode-canonical-combining-class v1.0.0
[INFO] [stderr]   Downloaded bitreader v0.3.11
[INFO] [stderr]   Downloaded k2f_markdown v0.3.2
[INFO] [stderr]   Downloaded unicode-joining-type v1.0.0
[INFO] [stderr]   Downloaded ouroboros_macro v0.18.5
[INFO] [stderr]   Downloaded glyph-names v0.2.0
[INFO] [stderr]   Downloaded usvg v0.43.0
[INFO] [stderr]   Downloaded image v0.25.6
[INFO] [stderr]   Downloaded allsorts v0.17.0
[INFO] running `Command { std: "docker" "create" "-v" "/var/lib/crater-agent-workspace/builds/worker-5-tc1/source:/opt/rustwide/workdir:ro,Z" "-v" "/var/lib/crater-agent-workspace/builds/worker-5-tc1/target:/opt/rustwide/target:rw,Z" "-v" "/var/lib/crater-agent-workspace/cargo-home:/opt/rustwide/cargo-home:ro,Z" "-v" "/var/lib/crater-agent-workspace/rustup-home:/opt/rustwide/rustup-home:ro,Z" "-m" "1610612736" "--network" "none" "ghcr.io/rust-lang/crates-build-env/linux@sha256:77db811e55d90add9212f6832c23229e3de5f1c1f9905e8cb07319ea15df73ac" "sleep" "infinity", kill_on_drop: false }`
[INFO] [stdout] bf7aa807d7dc97b7565078eae8ea8bfc4d1535f8900cb27a4b5958abad65f236
[INFO] running `Command { std: "docker" "start" "bf7aa807d7dc97b7565078eae8ea8bfc4d1535f8900cb27a4b5958abad65f236", kill_on_drop: false }`
[INFO] running `Command { std: "docker" "inspect" "bf7aa807d7dc97b7565078eae8ea8bfc4d1535f8900cb27a4b5958abad65f236", kill_on_drop: false }`
[INFO] running `Command { std: "docker" "exec" "-e" "SOURCE_DIR=/opt/rustwide/workdir" "-e" "CARGO_HOME=/opt/rustwide/cargo-home" "-e" "RUSTUP_HOME=/opt/rustwide/rustup-home" "-e" "CARGO_TARGET_DIR=/opt/rustwide/target" "-w" "/opt/rustwide/workdir" "--user" "0:0" "bf7aa807d7dc97b7565078eae8ea8bfc4d1535f8900cb27a4b5958abad65f236" "/opt/rustwide/cargo-home/bin/cargo" "+3154cc1a3e6424e44f438a95007d043ed5ceaaf6" "metadata" "--no-deps" "--format-version=1", kill_on_drop: false }`
[INFO] running `Command { std: "docker" "inspect" "bf7aa807d7dc97b7565078eae8ea8bfc4d1535f8900cb27a4b5958abad65f236", kill_on_drop: false }`
[INFO] running `Command { std: "docker" "exec" "-e" "SOURCE_DIR=/opt/rustwide/workdir" "-e" "CARGO_HOME=/opt/rustwide/cargo-home" "-e" "RUSTUP_HOME=/opt/rustwide/rustup-home" "-e" "CARGO_TARGET_DIR=/opt/rustwide/target" "-e" "CARGO_INCREMENTAL=0" "-e" "RUST_BACKTRACE=full" "-e" "RUSTFLAGS=--cap-lints=forbid -Znext-solver=coherence" "-e" "RUSTDOCFLAGS=--cap-lints=forbid" "-w" "/opt/rustwide/workdir" "--user" "0:0" "bf7aa807d7dc97b7565078eae8ea8bfc4d1535f8900cb27a4b5958abad65f236" "/opt/rustwide/cargo-home/bin/cargo" "+3154cc1a3e6424e44f438a95007d043ed5ceaaf6" "check" "--frozen" "--all" "--all-targets" "--message-format=json", kill_on_drop: false }`
[INFO] [stderr] warning: `package.homepage` is redundant with `package.repository`
[INFO] [stderr]   --> Cargo.toml:47:12
[INFO] [stderr]    |
[INFO] [stderr] 47 | homepage = "https://github.com/suzheng/k2f"
[INFO] [stderr]    |            ^^^^^^^^^^^^^^^^^^^^^^^^^^^^^^^^
[INFO] [stderr] ...
[INFO] [stderr] 52 | repository = "https://github.com/suzheng/k2f"
[INFO] [stderr]    |              --------------------------------
[INFO] [stderr]    |
[INFO] [stderr]    = note: `cargo::redundant_homepage` is set to `warn` by default
[INFO] [stderr] help: consider removing `package.homepage`
[INFO] [stderr] warning: `k2f_docx` (manifest) generated 1 warning
[INFO] [stderr]     Checking simd-adler32 v0.3.10
[INFO] [stderr]     Checking smallvec v1.16.1
[INFO] [stderr]    Compiling serde_core v1.0.229
[INFO] [stderr]    Compiling proc-macro2-diagnostics v0.10.1
[INFO] [stderr]    Compiling serde_json v1.0.151
[INFO] [stderr]     Checking bytemuck v1.25.2
[INFO] [stderr]    Compiling syn v2.0.119
[INFO] [stderr]    Compiling serde v1.0.229
[INFO] [stderr]    Compiling num-traits v0.2.19
[INFO] [stderr]    Compiling pathfinder_simd v0.5.6
[INFO] [stderr]    Compiling yoke-derive v0.8.3
[INFO] [stderr]    Compiling yansi v1.0.1
[INFO] [stderr]     Checking arrayvec v0.7.8
[INFO] [stderr]     Checking float-cmp v0.9.0
[INFO] [stderr]     Checking tinyvec v1.13.3
[INFO] [stderr]     Checking sha2 v0.10.9
[INFO] [stderr]     Checking miniz_oxide v0.9.1
[INFO] [stderr]     Checking miniz_oxide v0.8.9
[INFO] [stderr]     Checking strict-num v0.1.1
[INFO] [stderr]     Checking fdeflate v0.3.7
[INFO] [stderr]    Compiling multiversion-macros v0.9.0
[INFO] [stderr]    Compiling encoding_rs v0.8.41
[INFO] [stderr]    Compiling curve25519-dalek v4.1.3
[INFO] [stderr]    Compiling unicode-joining-type v1.0.0
[INFO] [stderr]     Checking arrayref v0.3.9
[INFO] [stderr]    Compiling k2f_core v0.3.2
[INFO] [stderr]    Compiling unicode-canonical-combining-class v1.0.0
[INFO] [stderr]    Compiling unicode-general-category v1.1.0
[INFO] [stderr]     Checking form_urlencoded v1.2.2
[INFO] [stderr]     Checking kurbo v0.11.3
[INFO] [stderr]     Checking tiny-skia-path v0.11.4
[INFO] [stderr]     Checking flate2 v1.1.10
[INFO] [stderr]     Checking regex-automata v0.4.18
[INFO] [stderr]     Checking getrandom v0.3.4
[INFO] [stderr]    Compiling thiserror-impl v2.0.20
[INFO] [stderr]     Checking aliasable v0.1.3
[INFO] [stderr]     Checking unicode-normalization v0.1.25
[INFO] [stderr]    Compiling multiversion_no_op v1.0.0
[INFO] [stderr]     Checking static_assertions v1.1.0
[INFO] [stderr]    Compiling zip v2.4.2
[INFO] [stderr]     Checking simdutf8 v0.1.5
[INFO] [stderr]     Checking core_detect v1.0.0
[INFO] [stderr]     Checking borrow-or-share v0.2.4
[INFO] [stderr]     Checking zeroize v1.9.0
[INFO] [stderr]     Checking siphasher v1.0.3
[INFO] [stderr]     Checking signature v2.2.0
[INFO] [stderr]     Checking utf8parse v0.2.2
[INFO] [stderr]     Checking png v0.17.16
[INFO] [stderr]     Checking either v1.18.0
[INFO] [stderr]     Checking ahash v0.8.12
[INFO] [stderr]     Checking ed25519 v2.2.3
[INFO] [stderr]     Checking anstyle-parse v1.0.0
[INFO] [stderr]     Checking fluent-uri v0.3.2
[INFO] [stderr]     Checking pathfinder_geometry v0.5.1
[INFO] [stderr]     Checking svgtypes v0.15.3
[INFO] [stderr]     Checking zopfli v0.8.3
[INFO] [stderr]     Checking itertools v0.14.0
[INFO] [stderr]     Checking yoke v0.8.3
[INFO] [stderr]     Checking brotli-decompressor v5.0.3
[INFO] [stderr]     Checking simplecss v0.2.2
[INFO] [stderr]     Checking bitreader v0.3.11
[INFO] [stderr]     Checking appendlist v1.4.0
[INFO] [stderr]     Checking pico-args v0.5.0
[INFO] [stderr]     Checking zerovec v0.11.8
[INFO] [stderr]     Checking zerotrie v0.2.5
[INFO] [stderr]     Checking zune-core v0.4.12
[INFO] [stderr]     Checking multiversion v0.9.0
[INFO] [stderr]     Checking ucd-trie v0.1.7
[INFO] [stderr]     Checking byteorder-lite v0.1.0
[INFO] [stderr]     Checking is_terminal_polyfill v1.70.2
[INFO] [stderr]     Checking imagesize v0.13.0
[INFO] [stderr]     Checking quick-error v2.0.1
[INFO] [stderr]     Checking anstyle v1.0.14
[INFO] [stderr]     Checking data-url v0.3.2
[INFO] [stderr]     Checking xmlwriter v0.1.0
[INFO] [stderr]     Checking roxmltree v0.20.0
[INFO] [stderr]     Checking anstyle-query v1.1.5
[INFO] [stderr]     Checking byteorder v1.5.0
[INFO] [stderr]     Checking glyph-names v0.2.0
[INFO] [stderr]     Checking colorchoice v1.0.5
[INFO] [stderr]     Checking anstream v1.0.0
[INFO] [stderr]     Checking image-webp v0.2.4
[INFO] [stderr]     Checking zune-jpeg v0.4.21
[INFO] [stderr]     Checking rgb v0.8.53
[INFO] [stderr]     Checking clap_lex v1.1.1
[INFO] [stderr]     Checking strsim v0.11.1
[INFO] [stderr]     Checking tiny-skia v0.11.4
[INFO] [stderr]     Checking ttf-parser v0.25.1
[INFO] [stderr]     Checking thiserror v2.0.20
[INFO] [stderr]    Compiling clap_derive v4.6.7
[INFO] [stderr]     Checking clap_builder v4.6.7
[INFO] [stderr]     Checking tinystr v0.8.4
[INFO] [stderr]     Checking potential_utf v0.1.6
[INFO] [stderr]     Checking usvg v0.43.0
[INFO] [stderr]     Checking ttf-parser v0.21.1
[INFO] [stderr]     Checking icu_collections v2.3.0
[INFO] [stderr]     Checking icu_locale_core v2.3.0
[INFO] [stderr]     Checking regex v1.13.1
[INFO] [stderr]     Checking image v0.25.6
[INFO] [stderr]     Checking icu_provider v2.3.1
[INFO] [stderr]     Checking icu_properties v2.3.0
[INFO] [stderr]     Checking icu_normalizer v2.3.0
[INFO] [stderr]     Checking resvg v0.43.0
[INFO] [stderr]     Checking clap v4.6.7
[INFO] [stderr]    Compiling thiserror-impl v1.0.69
[INFO] [stderr]    Compiling curve25519-dalek-derive v0.1.1
[INFO] [stderr]    Compiling enumflags2_derive v0.7.12
[INFO] [stderr]    Compiling ouroboros_macro v0.18.5
[INFO] [stderr]     Checking idna_adapter v1.2.2
[INFO] [stderr]     Checking enumflags2 v0.7.12
[INFO] [stderr]     Checking idna v1.1.0
[INFO] [stderr]     Checking url v2.5.8
[INFO] [stderr]     Checking ouroboros v0.18.5
[INFO] [stderr]     Checking allsorts v0.17.0
[INFO] [stderr]     Checking thiserror v1.0.69
[INFO] [stderr]     Checking boon v0.6.1
[INFO] [stderr]     Checking ed25519-dalek v2.2.0
[INFO] [stderr]     Checking k2f_markdown v0.3.2
[INFO] [stderr]     Checking k2f_package v0.3.2
[INFO] [stderr]     Checking k2f_paint v0.3.2
[INFO] [stderr]     Checking k2f_docx v0.3.2 (/opt/rustwide/workdir)
[INFO] [stdout] warning: unused import: `FontEmbedPlan`
[INFO] [stdout]   --> src/ooxml/mod.rs:12:47
[INFO] [stdout]    |
[INFO] [stdout] 12 | pub(crate) use fonts::{collect_package_fonts, FontEmbedPlan};
[INFO] [stdout]    |                                               ^^^^^^^^^^^^^
[INFO] [stdout]    |
[INFO] [stdout]    = note: `#[warn(unused_imports)]` (part of `#[warn(unused)]`) on by default
[INFO] [stdout] 
[INFO] [stdout] 
[INFO] [stdout] warning: unused import: `FontEmbedPlan`
[INFO] [stdout]   --> src/ooxml/mod.rs:12:47
[INFO] [stdout]    |
[INFO] [stdout] 12 | pub(crate) use fonts::{collect_package_fonts, FontEmbedPlan};
[INFO] [stdout]    |                                               ^^^^^^^^^^^^^
[INFO] [stdout]    |
[INFO] [stdout]    = note: `#[warn(unused_imports)]` (part of `#[warn(unused)]`) on by default
[INFO] [stdout] 
[INFO] [stdout] 
[INFO] [stdout] warning: unused import: `crate::ir::LineDash`
[INFO] [stdout]  --> src/shape_tests.rs:1:5
[INFO] [stdout]   |
[INFO] [stdout] 1 | use crate::ir::LineDash;
[INFO] [stdout]   |     ^^^^^^^^^^^^^^^^^^^
[INFO] [stdout] 
[INFO] [stdout] 
[INFO] [stdout] warning: unused variable: `face`
[INFO] [stdout]     --> src/classify.rs:1368:48
[INFO] [stdout]      |
[INFO] [stdout] 1368 | fn compact_fold_label(tb: &crate::ir::TextBox, face: i64) -> bool {
[INFO] [stdout]      |                                                ^^^^ help: if this is intentional, prefix it with an underscore: `_face`
[INFO] [stdout]      |
[INFO] [stdout]      = note: `#[warn(unused_variables)]` (part of `#[warn(unused)]`) on by default
[INFO] [stdout] 
[INFO] [stdout] 
[INFO] [stdout] error[E0432]: unresolved import `k2f_sdk`
[INFO] [stdout]   --> tests/form_fields.rs:10:5
[INFO] [stdout]    |
[INFO] [stdout] 10 | use k2f_sdk::Editor;
[INFO] [stdout]    |     ^^^^^^^ use of unresolved module or unlinked crate `k2f_sdk`
[INFO] [stdout]    |
[INFO] [stdout]    = help: if you wanted to use a crate named `k2f_sdk`, use `cargo add k2f_sdk` to add it to your `Cargo.toml`
[INFO] [stdout] 
[INFO] [stdout] 
[INFO] [stdout] error[E0433]: cannot find module or crate `roxmltree` in this scope
[INFO] [stdout]    --> tests/step4_table.rs:147:18
[INFO] [stdout]     |
[INFO] [stdout] 147 |     let parsed = roxmltree::Document::parse(&xml).unwrap();
[INFO] [stdout]     |                  ^^^^^^^^^ use of unresolved module or unlinked crate `roxmltree`
[INFO] [stdout]     |
[INFO] [stdout]     = help: if you wanted to use a crate named `roxmltree`, use `cargo add roxmltree` to add it to your `Cargo.toml`
[INFO] [stdout] 
[INFO] [stdout] 
[INFO] [stdout] error[E0433]: cannot find module or crate `roxmltree` in this scope
[INFO] [stdout]    --> tests/step1_skeleton.rs:111:18
[INFO] [stdout]     |
[INFO] [stdout] 111 |     let parsed = roxmltree::Document::parse(&xml).unwrap();
[INFO] [stdout]     |                  ^^^^^^^^^ use of unresolved module or unlinked crate `roxmltree`
[INFO] [stdout]     |
[INFO] [stdout]     = help: if you wanted to use a crate named `roxmltree`, use `cargo add roxmltree` to add it to your `Cargo.toml`
[INFO] [stdout] 
[INFO] [stdout] 
[INFO] [stdout] error[E0433]: cannot find module or crate `roxmltree` in this scope
[INFO] [stdout]   --> tests/step5_effects.rs:60:15
[INFO] [stdout]    |
[INFO] [stdout] 60 |     let doc = roxmltree::Document::parse(xml).unwrap();
[INFO] [stdout]    |               ^^^^^^^^^ use of unresolved module or unlinked crate `roxmltree`
[INFO] [stdout]    |
[INFO] [stdout]    = help: if you wanted to use a crate named `roxmltree`, use `cargo add roxmltree` to add it to your `Cargo.toml`
[INFO] [stdout] 
[INFO] [stdout] 
[INFO] [stdout] error[E0433]: cannot find module or crate `roxmltree` in this scope
[INFO] [stdout]  --> tests/step6_corpus.rs:9:18
[INFO] [stdout]   |
[INFO] [stdout] 9 |     let parsed = roxmltree::Document::parse(document_xml).unwrap();
[INFO] [stdout]   |                  ^^^^^^^^^ use of unresolved module or unlinked crate `roxmltree`
[INFO] [stdout]   |
[INFO] [stdout]   = help: if you wanted to use a crate named `roxmltree`, use `cargo add roxmltree` to add it to your `Cargo.toml`
[INFO] [stdout] 
[INFO] [stdout] 
[INFO] [stdout] error[E0433]: cannot find module or crate `roxmltree` in this scope
[INFO] [stdout]   --> tests/form_fields.rs:77:18
[INFO] [stdout]    |
[INFO] [stdout] 77 |     let parsed = roxmltree::Document::parse(xml).unwrap();
[INFO] [stdout]    |                  ^^^^^^^^^ use of unresolved module or unlinked crate `roxmltree`
[INFO] [stdout]    |
[INFO] [stdout]    = help: if you wanted to use a crate named `roxmltree`, use `cargo add roxmltree` to add it to your `Cargo.toml`
[INFO] [stdout] 
[INFO] [stdout] 
[INFO] [stdout] error[E0433]: cannot find module or crate `roxmltree` in this scope
[INFO] [stdout]    --> tests/step1_skeleton.rs:127:18
[INFO] [stdout]     |
[INFO] [stdout] 127 |     let parsed = roxmltree::Document::parse(&xml).unwrap();
[INFO] [stdout]     |                  ^^^^^^^^^ use of unresolved module or unlinked crate `roxmltree`
[INFO] [stdout]     |
[INFO] [stdout]     = help: if you wanted to use a crate named `roxmltree`, use `cargo add roxmltree` to add it to your `Cargo.toml`
[INFO] [stdout] 
[INFO] [stdout] 
[INFO] [stdout] error[E0433]: cannot find module or crate `roxmltree` in this scope
[INFO] [stdout]    --> tests/step5_effects.rs:204:18
[INFO] [stdout]     |
[INFO] [stdout] 204 |     let parsed = roxmltree::Document::parse(&xml).unwrap();
[INFO] [stdout]     |                  ^^^^^^^^^ use of unresolved module or unlinked crate `roxmltree`
[INFO] [stdout]     |
[INFO] [stdout]     = help: if you wanted to use a crate named `roxmltree`, use `cargo add roxmltree` to add it to your `Cargo.toml`
[INFO] [stdout] 
[INFO] [stdout] 
[INFO] [stdout] error[E0433]: cannot find module or crate `roxmltree` in this scope
[INFO] [stdout]   --> tests/step2_text.rs:16:15
[INFO] [stdout]    |
[INFO] [stdout] 16 |     let doc = roxmltree::Document::parse(xml).unwrap();
[INFO] [stdout]    |               ^^^^^^^^^ use of unresolved module or unlinked crate `roxmltree`
[INFO] [stdout]    |
[INFO] [stdout]    = help: if you wanted to use a crate named `roxmltree`, use `cargo add roxmltree` to add it to your `Cargo.toml`
[INFO] [stdout] 
[INFO] [stdout] 
[INFO] [stdout] error[E0433]: cannot find module or crate `roxmltree` in this scope
[INFO] [stdout]   --> tests/step6_corpus.rs:17:18
[INFO] [stdout]    |
[INFO] [stdout] 17 |     let parsed = roxmltree::Document::parse(document_xml).unwrap();
[INFO] [stdout]    |                  ^^^^^^^^^ use of unresolved module or unlinked crate `roxmltree`
[INFO] [stdout]    |
[INFO] [stdout]    = help: if you wanted to use a crate named `roxmltree`, use `cargo add roxmltree` to add it to your `Cargo.toml`
[INFO] [stdout] 
[INFO] [stdout] 
[INFO] [stdout] error[E0433]: cannot find module or crate `roxmltree` in this scope
[INFO] [stdout]   --> tests/step3_shape_picture.rs:39:18
[INFO] [stdout]    |
[INFO] [stdout] 39 |     let parsed = roxmltree::Document::parse(&xml).unwrap();
[INFO] [stdout]    |                  ^^^^^^^^^ use of unresolved module or unlinked crate `roxmltree`
[INFO] [stdout]    |
[INFO] [stdout]    = help: if you wanted to use a crate named `roxmltree`, use `cargo add roxmltree` to add it to your `Cargo.toml`
[INFO] [stdout] 
[INFO] [stdout] 
[INFO] [stdout] error[E0433]: cannot find module or crate `roxmltree` in this scope
[INFO] [stdout]    --> tests/step1_skeleton.rs:143:18
[INFO] [stdout]     |
[INFO] [stdout] 143 |     let parsed = roxmltree::Document::parse(&xml).unwrap();
[INFO] [stdout]     |                  ^^^^^^^^^ use of unresolved module or unlinked crate `roxmltree`
[INFO] [stdout]     |
[INFO] [stdout]     = help: if you wanted to use a crate named `roxmltree`, use `cargo add roxmltree` to add it to your `Cargo.toml`
[INFO] [stdout] 
[INFO] [stdout] 
[INFO] [stdout] error[E0433]: cannot find module or crate `roxmltree` in this scope
[INFO] [stdout]    --> tests/step2_text.rs:146:18
[INFO] [stdout]     |
[INFO] [stdout] 146 |     let parsed = roxmltree::Document::parse(&xml).unwrap();
[INFO] [stdout]     |                  ^^^^^^^^^ use of unresolved module or unlinked crate `roxmltree`
[INFO] [stdout]     |
[INFO] [stdout]     = help: if you wanted to use a crate named `roxmltree`, use `cargo add roxmltree` to add it to your `Cargo.toml`
[INFO] [stdout] 
[INFO] [stdout] 
[INFO] [stdout] error[E0433]: cannot find module or crate `roxmltree` in this scope
[INFO] [stdout]    --> tests/step5_effects.rs:264:18
[INFO] [stdout]     |
[INFO] [stdout] 264 |     let parsed = roxmltree::Document::parse(&xml).unwrap();
[INFO] [stdout]     |                  ^^^^^^^^^ use of unresolved module or unlinked crate `roxmltree`
[INFO] [stdout]     |
[INFO] [stdout]     = help: if you wanted to use a crate named `roxmltree`, use `cargo add roxmltree` to add it to your `Cargo.toml`
[INFO] [stdout] 
[INFO] [stdout] 
[INFO] [stdout] error[E0433]: cannot find module or crate `serde_json` in this scope
[INFO] [stdout]   --> tests/form_fields.rs:38:35
[INFO] [stdout]    |
[INFO] [stdout] 38 |     let json = |n: &SemanticNode| serde_json::to_string(n).unwrap();
[INFO] [stdout]    |                                   ^^^^^^^^^^ use of unresolved module or unlinked crate `serde_json`
[INFO] [stdout]    |
[INFO] [stdout]    = help: if you wanted to use a crate named `serde_json`, use `cargo add serde_json` to add it to your `Cargo.toml`
[INFO] [stdout] 
[INFO] [stdout] 
[INFO] [stdout] error[E0433]: cannot find module or crate `roxmltree` in this scope
[INFO] [stdout]   --> tests/step3_shape_picture.rs:59:18
[INFO] [stdout]    |
[INFO] [stdout] 59 |     let parsed = roxmltree::Document::parse(&xml).unwrap();
[INFO] [stdout]    |                  ^^^^^^^^^ use of unresolved module or unlinked crate `roxmltree`
[INFO] [stdout]    |
[INFO] [stdout]    = help: if you wanted to use a crate named `roxmltree`, use `cargo add roxmltree` to add it to your `Cargo.toml`
[INFO] [stdout] 
[INFO] [stdout] 
[INFO] [stdout] error[E0433]: cannot find module or crate `serde_json` in this scope
[INFO] [stdout]    --> tests/form_fields.rs:118:35
[INFO] [stdout]     |
[INFO] [stdout] 118 |     let json = |n: &SemanticNode| serde_json::to_string(n).unwrap();
[INFO] [stdout]     |                                   ^^^^^^^^^^ use of unresolved module or unlinked crate `serde_json`
[INFO] [stdout]     |
[INFO] [stdout]     = help: if you wanted to use a crate named `serde_json`, use `cargo add serde_json` to add it to your `Cargo.toml`
[INFO] [stdout] 
[INFO] [stdout] 
[INFO] [stdout] error[E0433]: cannot find module or crate `roxmltree` in this scope
[INFO] [stdout]    --> tests/step2_text.rs:183:18
[INFO] [stdout]     |
[INFO] [stdout] 183 |     let parsed = roxmltree::Document::parse(&xml).unwrap();
[INFO] [stdout]     |                  ^^^^^^^^^ use of unresolved module or unlinked crate `roxmltree`
[INFO] [stdout]     |
[INFO] [stdout]     = help: if you wanted to use a crate named `roxmltree`, use `cargo add roxmltree` to add it to your `Cargo.toml`
[INFO] [stdout] 
[INFO] [stdout] 
[INFO] [stdout] error[E0433]: cannot find module or crate `roxmltree` in this scope
[INFO] [stdout]   --> tests/step3_zorder.rs:29:18
[INFO] [stdout]    |
[INFO] [stdout] 29 |     let parsed = roxmltree::Document::parse(&xml).unwrap();
[INFO] [stdout]    |                  ^^^^^^^^^ use of unresolved module or unlinked crate `roxmltree`
[INFO] [stdout]    |
[INFO] [stdout]    = help: if you wanted to use a crate named `roxmltree`, use `cargo add roxmltree` to add it to your `Cargo.toml`
[INFO] [stdout] 
[INFO] [stdout] 
[INFO] [stdout] error[E0433]: cannot find module or crate `roxmltree` in this scope
[INFO] [stdout]    --> tests/step3_shape_picture.rs:126:18
[INFO] [stdout]     |
[INFO] [stdout] 126 |     let parsed = roxmltree::Document::parse(&xml).unwrap();
[INFO] [stdout]     |                  ^^^^^^^^^ use of unresolved module or unlinked crate `roxmltree`
[INFO] [stdout]     |
[INFO] [stdout]     = help: if you wanted to use a crate named `roxmltree`, use `cargo add roxmltree` to add it to your `Cargo.toml`
[INFO] [stdout] 
[INFO] [stdout] 
[INFO] [stdout] error[E0433]: cannot find module or crate `roxmltree` in this scope
[INFO] [stdout]    --> tests/step2_text.rs:251:18
[INFO] [stdout]     |
[INFO] [stdout] 251 |     let parsed = roxmltree::Document::parse(&xml).unwrap();
[INFO] [stdout]     |                  ^^^^^^^^^ use of unresolved module or unlinked crate `roxmltree`
[INFO] [stdout]     |
[INFO] [stdout]     = help: if you wanted to use a crate named `roxmltree`, use `cargo add roxmltree` to add it to your `Cargo.toml`
[INFO] [stdout] 
[INFO] [stdout] 
[INFO] [stdout] error[E0433]: cannot find module or crate `roxmltree` in this scope
[INFO] [stdout]   --> tests/common/mod.rs:65:30
[INFO] [stdout]    |
[INFO] [stdout] 65 | pub fn local_attr<'a>(node: &roxmltree::Node<'a, '_>, name: &str) -> Option<&'a str> {
[INFO] [stdout]    |                              ^^^^^^^^^ use of unresolved module or unlinked crate `roxmltree`
[INFO] [stdout]    |
[INFO] [stdout]    = help: if you wanted to use a crate named `roxmltree`, use `cargo add roxmltree` to add it to your `Cargo.toml`
[INFO] [stdout] 
[INFO] [stdout] 
[INFO] [stdout] error[E0433]: cannot find module or crate `roxmltree` in this scope
[INFO] [stdout]   --> tests/common/mod.rs:72:14
[INFO] [stdout]    |
[INFO] [stdout] 72 |     doc: &'a roxmltree::Document<'input>,
[INFO] [stdout]    |              ^^^^^^^^^ use of unresolved module or unlinked crate `roxmltree`
[INFO] [stdout]    |
[INFO] [stdout]    = help: if you wanted to use a crate named `roxmltree`, use `cargo add roxmltree` to add it to your `Cargo.toml`
[INFO] [stdout] 
[INFO] [stdout] 
[INFO] [stdout] error[E0433]: cannot find module or crate `roxmltree` in this scope
[INFO] [stdout]   --> tests/common/mod.rs:74:13
[INFO] [stdout]    |
[INFO] [stdout] 74 | ) -> Option<roxmltree::Node<'a, 'input>> {
[INFO] [stdout]    |             ^^^^^^^^^ use of unresolved module or unlinked crate `roxmltree`
[INFO] [stdout]    |
[INFO] [stdout]    = help: if you wanted to use a crate named `roxmltree`, use `cargo add roxmltree` to add it to your `Cargo.toml`
[INFO] [stdout] 
[INFO] [stdout] 
[INFO] [stdout] error[E0433]: cannot find module or crate `roxmltree` in this scope
[INFO] [stdout]   --> tests/common/mod.rs:65:30
[INFO] [stdout]    |
[INFO] [stdout] 65 | pub fn local_attr<'a>(node: &roxmltree::Node<'a, '_>, name: &str) -> Option<&'a str> {
[INFO] [stdout]    |                              ^^^^^^^^^ use of unresolved module or unlinked crate `roxmltree`
[INFO] [stdout]    |
[INFO] [stdout]    = help: if you wanted to use a crate named `roxmltree`, use `cargo add roxmltree` to add it to your `Cargo.toml`
[INFO] [stdout] 
[INFO] [stdout] 
[INFO] [stdout] error[E0433]: cannot find module or crate `roxmltree` in this scope
[INFO] [stdout]   --> tests/common/mod.rs:72:14
[INFO] [stdout]    |
[INFO] [stdout] 72 |     doc: &'a roxmltree::Document<'input>,
[INFO] [stdout]    |              ^^^^^^^^^ use of unresolved module or unlinked crate `roxmltree`
[INFO] [stdout]    |
[INFO] [stdout]    = help: if you wanted to use a crate named `roxmltree`, use `cargo add roxmltree` to add it to your `Cargo.toml`
[INFO] [stdout] 
[INFO] [stdout] 
[INFO] [stdout] error[E0433]: cannot find module or crate `roxmltree` in this scope
[INFO] [stdout]   --> tests/common/mod.rs:74:13
[INFO] [stdout]    |
[INFO] [stdout] 74 | ) -> Option<roxmltree::Node<'a, 'input>> {
[INFO] [stdout]    |             ^^^^^^^^^ use of unresolved module or unlinked crate `roxmltree`
[INFO] [stdout]    |
[INFO] [stdout]    = help: if you wanted to use a crate named `roxmltree`, use `cargo add roxmltree` to add it to your `Cargo.toml`
[INFO] [stdout] 
[INFO] [stdout] 
[INFO] [stdout] error[E0433]: cannot find module or crate `roxmltree` in this scope
[INFO] [stdout]   --> tests/common/mod.rs:80:23
[INFO] [stdout]    |
[INFO] [stdout] 80 | pub fn pos_xy(anchor: roxmltree::Node<'_, '_>) -> (i64, i64) {
[INFO] [stdout]    |                       ^^^^^^^^^ use of unresolved module or unlinked crate `roxmltree`
[INFO] [stdout]    |
[INFO] [stdout]    = help: if you wanted to use a crate named `roxmltree`, use `cargo add roxmltree` to add it to your `Cargo.toml`
[INFO] [stdout] 
[INFO] [stdout] 
[INFO] [stdout] For more information about this error, try `rustc --explain E0433`.
[INFO] [stdout] 
[INFO] [stdout] error[E0433]: cannot find module or crate `roxmltree` in this scope
[INFO] [stdout]   --> tests/common/mod.rs:80:23
[INFO] [stdout]    |
[INFO] [stdout] 80 | pub fn pos_xy(anchor: roxmltree::Node<'_, '_>) -> (i64, i64) {
[INFO] [stdout]    |                       ^^^^^^^^^ use of unresolved module or unlinked crate `roxmltree`
[INFO] [stdout]    |
[INFO] [stdout]    = help: if you wanted to use a crate named `roxmltree`, use `cargo add roxmltree` to add it to your `Cargo.toml`
[INFO] [stdout] 
[INFO] [stdout] 
[INFO] [stdout] Some errors have detailed explanations: E0432, E0433.
[INFO] [stdout] 
[INFO] [stdout] For more information about an error, try `rustc --explain E0432`.
[INFO] [stdout] 
[INFO] [stdout] error[E0433]: cannot find module or crate `roxmltree` in this scope
[INFO] [stdout]   --> tests/step3_zorder.rs:47:18
[INFO] [stdout]    |
[INFO] [stdout] 47 |     let parsed = roxmltree::Document::parse(&xml).unwrap();
[INFO] [stdout]    |                  ^^^^^^^^^ use of unresolved module or unlinked crate `roxmltree`
[INFO] [stdout]    |
[INFO] [stdout]    = help: if you wanted to use a crate named `roxmltree`, use `cargo add roxmltree` to add it to your `Cargo.toml`
[INFO] [stdout] 
[INFO] [stdout] 
[INFO] [stderr] error: could not compile `k2f_docx` (test "step4_table") due to 5 previous errors
[INFO] [stderr] warning: build failed, waiting for other jobs to finish...
[INFO] [stdout] error[E0433]: cannot find module or crate `roxmltree` in this scope
[INFO] [stdout]    --> tests/step3_shape_picture.rs:154:18
[INFO] [stdout]     |
[INFO] [stdout] 154 |     let parsed = roxmltree::Document::parse(&xml).unwrap();
[INFO] [stdout]     |                  ^^^^^^^^^ use of unresolved module or unlinked crate `roxmltree`
[INFO] [stdout]     |
[INFO] [stdout]     = help: if you wanted to use a crate named `roxmltree`, use `cargo add roxmltree` to add it to your `Cargo.toml`
[INFO] [stdout] 
[INFO] [stdout] 
[INFO] [stdout] error[E0433]: cannot find module or crate `roxmltree` in this scope
[INFO] [stdout]    --> tests/step2_text.rs:359:15
[INFO] [stdout]     |
[INFO] [stdout] 359 |     let doc = roxmltree::Document::parse(&xml).unwrap();
[INFO] [stdout]     |               ^^^^^^^^^ use of unresolved module or unlinked crate `roxmltree`
[INFO] [stdout]     |
[INFO] [stdout]     = help: if you wanted to use a crate named `roxmltree`, use `cargo add roxmltree` to add it to your `Cargo.toml`
[INFO] [stdout] 
[INFO] [stdout] 
[INFO] [stderr] error: could not compile `k2f_docx` (test "form_fields") due to 8 previous errors
[INFO] [stdout] error[E0433]: cannot find module or crate `roxmltree` in this scope
[INFO] [stdout]   --> tests/common/mod.rs:65:30
[INFO] [stdout]    |
[INFO] [stdout] 65 | pub fn local_attr<'a>(node: &roxmltree::Node<'a, '_>, name: &str) -> Option<&'a str> {
[INFO] [stdout]    |                              ^^^^^^^^^ use of unresolved module or unlinked crate `roxmltree`
[INFO] [stdout]    |
[INFO] [stdout]    = help: if you wanted to use a crate named `roxmltree`, use `cargo add roxmltree` to add it to your `Cargo.toml`
[INFO] [stdout] 
[INFO] [stdout] 
[INFO] [stdout] error[E0433]: cannot find module or crate `roxmltree` in this scope
[INFO] [stdout]   --> tests/common/mod.rs:72:14
[INFO] [stdout]    |
[INFO] [stdout] 72 |     doc: &'a roxmltree::Document<'input>,
[INFO] [stdout]    |              ^^^^^^^^^ use of unresolved module or unlinked crate `roxmltree`
[INFO] [stdout]    |
[INFO] [stdout]    = help: if you wanted to use a crate named `roxmltree`, use `cargo add roxmltree` to add it to your `Cargo.toml`
[INFO] [stdout] 
[INFO] [stdout] 
[INFO] [stdout] error[E0433]: cannot find module or crate `roxmltree` in this scope
[INFO] [stdout]   --> tests/common/mod.rs:74:13
[INFO] [stdout]    |
[INFO] [stdout] 74 | ) -> Option<roxmltree::Node<'a, 'input>> {
[INFO] [stdout]    |             ^^^^^^^^^ use of unresolved module or unlinked crate `roxmltree`
[INFO] [stdout]    |
[INFO] [stdout]    = help: if you wanted to use a crate named `roxmltree`, use `cargo add roxmltree` to add it to your `Cargo.toml`
[INFO] [stdout] 
[INFO] [stdout] 
[INFO] [stdout] error[E0433]: cannot find module or crate `roxmltree` in this scope
[INFO] [stdout]   --> tests/common/mod.rs:80:23
[INFO] [stdout]    |
[INFO] [stdout] 80 | pub fn pos_xy(anchor: roxmltree::Node<'_, '_>) -> (i64, i64) {
[INFO] [stdout]    |                       ^^^^^^^^^ use of unresolved module or unlinked crate `roxmltree`
[INFO] [stdout]    |
[INFO] [stdout]    = help: if you wanted to use a crate named `roxmltree`, use `cargo add roxmltree` to add it to your `Cargo.toml`
[INFO] [stdout] 
[INFO] [stdout] 
[INFO] [stdout] For more information about this error, try `rustc --explain E0433`.
[INFO] [stdout] 
[INFO] [stderr] error: could not compile `k2f_docx` (test "step1_skeleton") due to 7 previous errors
[INFO] [stdout] error[E0433]: cannot find module or crate `roxmltree` in this scope
[INFO] [stdout]   --> tests/step3_zorder.rs:81:18
[INFO] [stdout]    |
[INFO] [stdout] 81 |     let parsed = roxmltree::Document::parse(&xml).unwrap();
[INFO] [stdout]    |                  ^^^^^^^^^ use of unresolved module or unlinked crate `roxmltree`
[INFO] [stdout]    |
[INFO] [stdout]    = help: if you wanted to use a crate named `roxmltree`, use `cargo add roxmltree` to add it to your `Cargo.toml`
[INFO] [stdout] 
[INFO] [stdout] 
[INFO] [stdout] error[E0433]: cannot find module or crate `roxmltree` in this scope
[INFO] [stdout]    --> tests/step2_text.rs:457:15
[INFO] [stdout]     |
[INFO] [stdout] 457 |     let doc = roxmltree::Document::parse(&xml).unwrap();
[INFO] [stdout]     |               ^^^^^^^^^ use of unresolved module or unlinked crate `roxmltree`
[INFO] [stdout]     |
[INFO] [stdout]     = help: if you wanted to use a crate named `roxmltree`, use `cargo add roxmltree` to add it to your `Cargo.toml`
[INFO] [stdout] 
[INFO] [stdout] 
[INFO] [stdout] error[E0433]: cannot find module or crate `roxmltree` in this scope
[INFO] [stdout]    --> tests/step3_shape_picture.rs:165:18
[INFO] [stdout]     |
[INFO] [stdout] 165 |     let parsed = roxmltree::Document::parse(&xml).unwrap();
[INFO] [stdout]     |                  ^^^^^^^^^ use of unresolved module or unlinked crate `roxmltree`
[INFO] [stdout]     |
[INFO] [stdout]     = help: if you wanted to use a crate named `roxmltree`, use `cargo add roxmltree` to add it to your `Cargo.toml`
[INFO] [stdout] 
[INFO] [stdout] 
[INFO] [stdout] error[E0433]: cannot find module or crate `roxmltree` in this scope
[INFO] [stdout]   --> tests/common/mod.rs:65:30
[INFO] [stdout]    |
[INFO] [stdout] 65 | pub fn local_attr<'a>(node: &roxmltree::Node<'a, '_>, name: &str) -> Option<&'a str> {
[INFO] [stdout]    |                              ^^^^^^^^^ use of unresolved module or unlinked crate `roxmltree`
[INFO] [stdout]    |
[INFO] [stdout]    = help: if you wanted to use a crate named `roxmltree`, use `cargo add roxmltree` to add it to your `Cargo.toml`
[INFO] [stdout] 
[INFO] [stdout] 
[INFO] [stdout] error[E0433]: cannot find module or crate `roxmltree` in this scope
[INFO] [stdout]   --> tests/common/mod.rs:72:14
[INFO] [stdout]    |
[INFO] [stdout] 72 |     doc: &'a roxmltree::Document<'input>,
[INFO] [stdout]    |              ^^^^^^^^^ use of unresolved module or unlinked crate `roxmltree`
[INFO] [stdout]    |
[INFO] [stdout]    = help: if you wanted to use a crate named `roxmltree`, use `cargo add roxmltree` to add it to your `Cargo.toml`
[INFO] [stdout] 
[INFO] [stdout] 
[INFO] [stdout] error[E0433]: cannot find module or crate `roxmltree` in this scope
[INFO] [stdout]   --> tests/common/mod.rs:74:13
[INFO] [stdout]    |
[INFO] [stdout] 74 | ) -> Option<roxmltree::Node<'a, 'input>> {
[INFO] [stdout]    |             ^^^^^^^^^ use of unresolved module or unlinked crate `roxmltree`
[INFO] [stdout]    |
[INFO] [stdout]    = help: if you wanted to use a crate named `roxmltree`, use `cargo add roxmltree` to add it to your `Cargo.toml`
[INFO] [stdout] 
[INFO] [stdout] 
[INFO] [stdout] error[E0433]: cannot find module or crate `roxmltree` in this scope
[INFO] [stdout]   --> tests/common/mod.rs:80:23
[INFO] [stdout]    |
[INFO] [stdout] 80 | pub fn pos_xy(anchor: roxmltree::Node<'_, '_>) -> (i64, i64) {
[INFO] [stdout]    |                       ^^^^^^^^^ use of unresolved module or unlinked crate `roxmltree`
[INFO] [stdout]    |
[INFO] [stdout]    = help: if you wanted to use a crate named `roxmltree`, use `cargo add roxmltree` to add it to your `Cargo.toml`
[INFO] [stdout] 
[INFO] [stdout] 
[INFO] [stdout] For more information about this error, try `rustc --explain E0433`.
[INFO] [stdout] 
[INFO] [stdout] error[E0433]: cannot find module or crate `roxmltree` in this scope
[INFO] [stdout]    --> tests/step2_text.rs:508:15
[INFO] [stdout]     |
[INFO] [stdout] 508 |     let doc = roxmltree::Document::parse(&xml).unwrap();
[INFO] [stdout]     |               ^^^^^^^^^ use of unresolved module or unlinked crate `roxmltree`
[INFO] [stdout]     |
[INFO] [stdout]     = help: if you wanted to use a crate named `roxmltree`, use `cargo add roxmltree` to add it to your `Cargo.toml`
[INFO] [stdout] 
[INFO] [stdout] 
[INFO] [stderr] error: could not compile `k2f_docx` (test "step6_corpus") due to 6 previous errors
[INFO] [stdout] error[E0433]: cannot find module or crate `roxmltree` in this scope
[INFO] [stdout]    --> tests/step2_text.rs:550:26
[INFO] [stdout]     |
[INFO] [stdout] 550 |     let colors: Vec<_> = roxmltree::Document::parse(&xml)
[INFO] [stdout]     |                          ^^^^^^^^^ use of unresolved module or unlinked crate `roxmltree`
[INFO] [stdout]     |
[INFO] [stdout]     = help: if you wanted to use a crate named `roxmltree`, use `cargo add roxmltree` to add it to your `Cargo.toml`
[INFO] [stdout] 
[INFO] [stdout] 
[INFO] [stdout] error[E0433]: cannot find module or crate `roxmltree` in this scope
[INFO] [stdout]    --> tests/step2_text.rs:573:15
[INFO] [stdout]     |
[INFO] [stdout] 573 |     let doc = roxmltree::Document::parse(&xml).unwrap();
[INFO] [stdout]     |               ^^^^^^^^^ use of unresolved module or unlinked crate `roxmltree`
[INFO] [stdout]     |
[INFO] [stdout]     = help: if you wanted to use a crate named `roxmltree`, use `cargo add roxmltree` to add it to your `Cargo.toml`
[INFO] [stdout] 
[INFO] [stdout] 
[INFO] [stdout] error[E0433]: cannot find module or crate `roxmltree` in this scope
[INFO] [stdout]   --> tests/common/mod.rs:65:30
[INFO] [stdout]    |
[INFO] [stdout] 65 | pub fn local_attr<'a>(node: &roxmltree::Node<'a, '_>, name: &str) -> Option<&'a str> {
[INFO] [stdout]    |                              ^^^^^^^^^ use of unresolved module or unlinked crate `roxmltree`
[INFO] [stdout]    |
[INFO] [stdout]    = help: if you wanted to use a crate named `roxmltree`, use `cargo add roxmltree` to add it to your `Cargo.toml`
[INFO] [stdout] 
[INFO] [stdout] 
[INFO] [stdout] error[E0433]: cannot find module or crate `roxmltree` in this scope
[INFO] [stdout]   --> tests/common/mod.rs:72:14
[INFO] [stdout]    |
[INFO] [stdout] 72 |     doc: &'a roxmltree::Document<'input>,
[INFO] [stdout]    |              ^^^^^^^^^ use of unresolved module or unlinked crate `roxmltree`
[INFO] [stdout]    |
[INFO] [stdout]    = help: if you wanted to use a crate named `roxmltree`, use `cargo add roxmltree` to add it to your `Cargo.toml`
[INFO] [stdout] 
[INFO] [stdout] 
[INFO] [stdout] error[E0433]: cannot find module or crate `roxmltree` in this scope
[INFO] [stdout]   --> tests/common/mod.rs:74:13
[INFO] [stdout]    |
[INFO] [stdout] 74 | ) -> Option<roxmltree::Node<'a, 'input>> {
[INFO] [stdout]    |             ^^^^^^^^^ use of unresolved module or unlinked crate `roxmltree`
[INFO] [stdout]    |
[INFO] [stdout]    = help: if you wanted to use a crate named `roxmltree`, use `cargo add roxmltree` to add it to your `Cargo.toml`
[INFO] [stdout] 
[INFO] [stdout] 
[INFO] [stdout] error[E0433]: cannot find module or crate `roxmltree` in this scope
[INFO] [stdout]   --> tests/common/mod.rs:80:23
[INFO] [stdout]    |
[INFO] [stdout] 80 | pub fn pos_xy(anchor: roxmltree::Node<'_, '_>) -> (i64, i64) {
[INFO] [stdout]    |                       ^^^^^^^^^ use of unresolved module or unlinked crate `roxmltree`
[INFO] [stdout]    |
[INFO] [stdout]    = help: if you wanted to use a crate named `roxmltree`, use `cargo add roxmltree` to add it to your `Cargo.toml`
[INFO] [stdout] 
[INFO] [stdout] 
[INFO] [stdout] For more information about this error, try `rustc --explain E0433`.
[INFO] [stdout] 
[INFO] [stdout] error[E0433]: cannot find module or crate `roxmltree` in this scope
[INFO] [stdout]    --> tests/step2_text.rs:598:15
[INFO] [stdout]     |
[INFO] [stdout] 598 |     let doc = roxmltree::Document::parse(&xml).unwrap();
[INFO] [stdout]     |               ^^^^^^^^^ use of unresolved module or unlinked crate `roxmltree`
[INFO] [stdout]     |
[INFO] [stdout]     = help: if you wanted to use a crate named `roxmltree`, use `cargo add roxmltree` to add it to your `Cargo.toml`
[INFO] [stdout] 
[INFO] [stdout] 
[INFO] [stderr] error: could not compile `k2f_docx` (test "step5_effects") due to 7 previous errors
[INFO] [stdout] error[E0433]: cannot find module or crate `roxmltree` in this scope
[INFO] [stdout]   --> tests/common/mod.rs:65:30
[INFO] [stdout]    |
[INFO] [stdout] 65 | pub fn local_attr<'a>(node: &roxmltree::Node<'a, '_>, name: &str) -> Option<&'a str> {
[INFO] [stdout]    |                              ^^^^^^^^^ use of unresolved module or unlinked crate `roxmltree`
[INFO] [stdout]    |
[INFO] [stdout]    = help: if you wanted to use a crate named `roxmltree`, use `cargo add roxmltree` to add it to your `Cargo.toml`
[INFO] [stdout] 
[INFO] [stdout] 
[INFO] [stdout] error[E0433]: cannot find module or crate `roxmltree` in this scope
[INFO] [stdout]   --> tests/common/mod.rs:72:14
[INFO] [stdout]    |
[INFO] [stdout] 72 |     doc: &'a roxmltree::Document<'input>,
[INFO] [stdout]    |              ^^^^^^^^^ use of unresolved module or unlinked crate `roxmltree`
[INFO] [stdout]    |
[INFO] [stdout]    = help: if you wanted to use a crate named `roxmltree`, use `cargo add roxmltree` to add it to your `Cargo.toml`
[INFO] [stdout] 
[INFO] [stdout] 
[INFO] [stdout] error[E0433]: cannot find module or crate `roxmltree` in this scope
[INFO] [stdout]   --> tests/common/mod.rs:74:13
[INFO] [stdout]    |
[INFO] [stdout] 74 | ) -> Option<roxmltree::Node<'a, 'input>> {
[INFO] [stdout]    |             ^^^^^^^^^ use of unresolved module or unlinked crate `roxmltree`
[INFO] [stdout]    |
[INFO] [stdout]    = help: if you wanted to use a crate named `roxmltree`, use `cargo add roxmltree` to add it to your `Cargo.toml`
[INFO] [stdout] 
[INFO] [stdout] 
[INFO] [stdout] error[E0433]: cannot find module or crate `roxmltree` in this scope
[INFO] [stdout]   --> tests/common/mod.rs:80:23
[INFO] [stdout]    |
[INFO] [stdout] 80 | pub fn pos_xy(anchor: roxmltree::Node<'_, '_>) -> (i64, i64) {
[INFO] [stdout]    |                       ^^^^^^^^^ use of unresolved module or unlinked crate `roxmltree`
[INFO] [stdout]    |
[INFO] [stdout]    = help: if you wanted to use a crate named `roxmltree`, use `cargo add roxmltree` to add it to your `Cargo.toml`
[INFO] [stdout] 
[INFO] [stdout] 
[INFO] [stdout] For more information about this error, try `rustc --explain E0433`.
[INFO] [stdout] 
[INFO] [stderr] error: could not compile `k2f_docx` (test "step2_text") due to 14 previous errors
[INFO] [stdout] warning: unused variable: `face`
[INFO] [stdout]     --> src/classify.rs:1368:48
[INFO] [stdout]      |
[INFO] [stdout] 1368 | fn compact_fold_label(tb: &crate::ir::TextBox, face: i64) -> bool {
[INFO] [stdout]      |                                                ^^^^ help: if this is intentional, prefix it with an underscore: `_face`
[INFO] [stdout]      |
[INFO] [stdout]      = note: `#[warn(unused_variables)]` (part of `#[warn(unused)]`) on by default
[INFO] [stdout] 
[INFO] [stdout] 
[INFO] [stdout] error[E0433]: cannot find module or crate `roxmltree` in this scope
[INFO] [stdout]   --> tests/common/mod.rs:65:30
[INFO] [stdout]    |
[INFO] [stdout] 65 | pub fn local_attr<'a>(node: &roxmltree::Node<'a, '_>, name: &str) -> Option<&'a str> {
[INFO] [stdout]    |                              ^^^^^^^^^ use of unresolved module or unlinked crate `roxmltree`
[INFO] [stdout]    |
[INFO] [stdout]    = help: if you wanted to use a crate named `roxmltree`, use `cargo add roxmltree` to add it to your `Cargo.toml`
[INFO] [stdout] 
[INFO] [stdout] 
[INFO] [stdout] error[E0433]: cannot find module or crate `roxmltree` in this scope
[INFO] [stdout]   --> tests/common/mod.rs:72:14
[INFO] [stdout]    |
[INFO] [stdout] 72 |     doc: &'a roxmltree::Document<'input>,
[INFO] [stdout]    |              ^^^^^^^^^ use of unresolved module or unlinked crate `roxmltree`
[INFO] [stdout]    |
[INFO] [stdout]    = help: if you wanted to use a crate named `roxmltree`, use `cargo add roxmltree` to add it to your `Cargo.toml`
[INFO] [stdout] 
[INFO] [stdout] 
[INFO] [stdout] error[E0433]: cannot find module or crate `roxmltree` in this scope
[INFO] [stdout]   --> tests/common/mod.rs:74:13
[INFO] [stdout]    |
[INFO] [stdout] 74 | ) -> Option<roxmltree::Node<'a, 'input>> {
[INFO] [stdout]    |             ^^^^^^^^^ use of unresolved module or unlinked crate `roxmltree`
[INFO] [stdout]    |
[INFO] [stdout]    = help: if you wanted to use a crate named `roxmltree`, use `cargo add roxmltree` to add it to your `Cargo.toml`
[INFO] [stdout] 
[INFO] [stdout] 
[INFO] [stdout] error[E0433]: cannot find module or crate `roxmltree` in this scope
[INFO] [stdout]   --> tests/common/mod.rs:80:23
[INFO] [stdout]    |
[INFO] [stdout] 80 | pub fn pos_xy(anchor: roxmltree::Node<'_, '_>) -> (i64, i64) {
[INFO] [stdout]    |                       ^^^^^^^^^ use of unresolved module or unlinked crate `roxmltree`
[INFO] [stdout]    |
[INFO] [stdout]    = help: if you wanted to use a crate named `roxmltree`, use `cargo add roxmltree` to add it to your `Cargo.toml`
[INFO] [stdout] 
[INFO] [stdout] 
[INFO] [stdout] For more information about this error, try `rustc --explain E0433`.
[INFO] [stdout] 
[INFO] [stdout] error[E0433]: cannot find module or crate `roxmltree` in this scope
[INFO] [stdout]   --> tests/common/mod.rs:65:30
[INFO] [stdout]    |
[INFO] [stdout] 65 | pub fn local_attr<'a>(node: &roxmltree::Node<'a, '_>, name: &str) -> Option<&'a str> {
[INFO] [stdout]    |                              ^^^^^^^^^ use of unresolved module or unlinked crate `roxmltree`
[INFO] [stdout]    |
[INFO] [stdout]    = help: if you wanted to use a crate named `roxmltree`, use `cargo add roxmltree` to add it to your `Cargo.toml`
[INFO] [stdout] 
[INFO] [stdout] 
[INFO] [stdout] error[E0433]: cannot find module or crate `roxmltree` in this scope
[INFO] [stdout]   --> tests/common/mod.rs:72:14
[INFO] [stdout]    |
[INFO] [stdout] 72 |     doc: &'a roxmltree::Document<'input>,
[INFO] [stdout]    |              ^^^^^^^^^ use of unresolved module or unlinked crate `roxmltree`
[INFO] [stdout]    |
[INFO] [stdout]    = help: if you wanted to use a crate named `roxmltree`, use `cargo add roxmltree` to add it to your `Cargo.toml`
[INFO] [stdout] 
[INFO] [stdout] 
[INFO] [stdout] error[E0433]: cannot find module or crate `roxmltree` in this scope
[INFO] [stdout]   --> tests/common/mod.rs:74:13
[INFO] [stdout]    |
[INFO] [stdout] 74 | ) -> Option<roxmltree::Node<'a, 'input>> {
[INFO] [stdout]    |             ^^^^^^^^^ use of unresolved module or unlinked crate `roxmltree`
[INFO] [stdout]    |
[INFO] [stdout]    = help: if you wanted to use a crate named `roxmltree`, use `cargo add roxmltree` to add it to your `Cargo.toml`
[INFO] [stdout] 
[INFO] [stdout] 
[INFO] [stdout] error[E0433]: cannot find module or crate `roxmltree` in this scope
[INFO] [stdout]   --> tests/common/mod.rs:80:23
[INFO] [stdout]    |
[INFO] [stdout] 80 | pub fn pos_xy(anchor: roxmltree::Node<'_, '_>) -> (i64, i64) {
[INFO] [stdout]    |                       ^^^^^^^^^ use of unresolved module or unlinked crate `roxmltree`
[INFO] [stdout]    |
[INFO] [stdout]    = help: if you wanted to use a crate named `roxmltree`, use `cargo add roxmltree` to add it to your `Cargo.toml`
[INFO] [stdout] 
[INFO] [stdout] 
[INFO] [stdout] error[E0433]: cannot find module or crate `roxmltree` in this scope
[INFO] [stdout]  --> tests/step3_zorder.rs:6:28
[INFO] [stdout]   |
[INFO] [stdout] 6 | fn relative_height(anchor: roxmltree::Node<'_, '_>) -> u32 {
[INFO] [stdout]   |                            ^^^^^^^^^ use of unresolved module or unlinked crate `roxmltree`
[INFO] [stdout]   |
[INFO] [stdout]   = help: if you wanted to use a crate named `roxmltree`, use `cargo add roxmltree` to add it to your `Cargo.toml`
[INFO] [stdout] 
[INFO] [stdout] 
[INFO] [stdout] error[E0433]: cannot find module or crate `roxmltree` in this scope
[INFO] [stdout]   --> tests/step3_zorder.rs:14:14
[INFO] [stdout]    |
[INFO] [stdout] 14 |     doc: &'a roxmltree::Document<'input>,
[INFO] [stdout]    |              ^^^^^^^^^ use of unresolved module or unlinked crate `roxmltree`
[INFO] [stdout]    |
[INFO] [stdout]    = help: if you wanted to use a crate named `roxmltree`, use `cargo add roxmltree` to add it to your `Cargo.toml`
[INFO] [stdout] 
[INFO] [stdout] 
[INFO] [stdout] error[E0433]: cannot find module or crate `roxmltree` in this scope
[INFO] [stdout]   --> tests/step3_zorder.rs:17:6
[INFO] [stdout]    |
[INFO] [stdout] 17 | ) -> roxmltree::Node<'a, 'input> {
[INFO] [stdout]    |      ^^^^^^^^^ use of unresolved module or unlinked crate `roxmltree`
[INFO] [stdout]    |
[INFO] [stdout]    = help: if you wanted to use a crate named `roxmltree`, use `cargo add roxmltree` to add it to your `Cargo.toml`
[INFO] [stdout] 
[INFO] [stdout] 
[INFO] [stdout] For more information about this error, try `rustc --explain E0433`.
[INFO] [stdout] 
[INFO] [stderr] error: could not compile `k2f_docx` (test "step3_zorder") due to 10 previous errors
[INFO] [stderr] error: could not compile `k2f_docx` (test "step3_shape_picture") due to 9 previous errors
[INFO] running `Command { std: "docker" "inspect" "bf7aa807d7dc97b7565078eae8ea8bfc4d1535f8900cb27a4b5958abad65f236", kill_on_drop: false }`
[INFO] running `Command { std: "docker" "rm" "-f" "bf7aa807d7dc97b7565078eae8ea8bfc4d1535f8900cb27a4b5958abad65f236", kill_on_drop: false }`
[INFO] [stdout] bf7aa807d7dc97b7565078eae8ea8bfc4d1535f8900cb27a4b5958abad65f236
