[INFO] fetching crate jxlify 0.1.0...
[INFO] checking jxlify-0.1.0 against 3154cc1a3e6424e44f438a95007d043ed5ceaaf6+rustflags=-Znext-solver=coherence for pr-133502-30
[INFO] extracting crate jxlify 0.1.0 into /workspace/builds/worker-6-tc1/source
[INFO] started tweaking crates.io crate jxlify 0.1.0
[INFO] removed 0 missing tests
[INFO] finished tweaking crates.io crate jxlify 0.1.0
[INFO] tweaked toml for crates.io crate jxlify 0.1.0 written to /workspace/builds/worker-6-tc1/source/Cargo.toml
[INFO] validating manifest of crates.io crate jxlify 0.1.0 on toolchain 3154cc1a3e6424e44f438a95007d043ed5ceaaf6
[INFO] running `Command { std: CARGO_HOME="/workspace/cargo-home" RUSTUP_HOME="/workspace/rustup-home" "/workspace/cargo-home/bin/cargo" "+3154cc1a3e6424e44f438a95007d043ed5ceaaf6" "metadata" "--manifest-path" "Cargo.toml" "--no-deps", kill_on_drop: false }`
[INFO] crate crates.io crate jxlify 0.1.0 already has a lockfile, it will not be regenerated
[INFO] running `Command { std: CARGO_HOME="/workspace/cargo-home" RUSTUP_HOME="/workspace/rustup-home" "/workspace/cargo-home/bin/cargo" "+3154cc1a3e6424e44f438a95007d043ed5ceaaf6" "fetch" "--manifest-path" "Cargo.toml", kill_on_drop: false }`
[INFO] [stderr] warning: `package.homepage` is redundant with `package.repository`
[INFO] [stderr]    --> Cargo.toml:152:12
[INFO] [stderr]     |
[INFO] [stderr] 152 | homepage = "https://github.com/fokx/jxlify"
[INFO] [stderr]     |            ^^^^^^^^^^^^^^^^^^^^^^^^^^^^^^^^
[INFO] [stderr] ...
[INFO] [stderr] 157 | repository = "https://github.com/fokx/jxlify"
[INFO] [stderr]     |              --------------------------------
[INFO] [stderr]     |
[INFO] [stderr]     = note: `cargo::redundant_homepage` is set to `warn` by default
[INFO] [stderr] help: consider removing `package.homepage`
[INFO] [stderr] warning: `jxlify` (manifest) generated 1 warning
[INFO] [stderr]     Updating crates.io index
[INFO] [stderr]  Downloading crates ...
[INFO] [stderr]   Downloaded safe_unaligned_simd v0.2.5
[INFO] [stderr]   Downloaded nasm-rs v0.3.2
[INFO] [stderr]   Downloaded profiling-procmacros v1.0.18
[INFO] [stderr]   Downloaded zenravif v0.1.3
[INFO] [stderr]   Downloaded enough v0.4.4
[INFO] [stderr]   Downloaded atomig-macro v0.4.0
[INFO] [stderr]   Downloaded assert_matches v1.5.0
[INFO] [stderr]   Downloaded bitreader v0.3.11
[INFO] [stderr]   Downloaded to_method v1.1.0
[INFO] [stderr]   Downloaded env_home v0.1.0
[INFO] [stderr]   Downloaded atomig v0.4.3
[INFO] [stderr]   Downloaded xxhash-rust v0.8.18
[INFO] [stderr]   Downloaded avif-serialize v0.8.9
[INFO] [stderr]   Downloaded imgref v1.12.2
[INFO] [stderr]   Downloaded winarm-cpufeatures v0.1.2
[INFO] [stderr]   Downloaded which v7.0.3
[INFO] [stderr]   Downloaded webp-animation v0.10.0
[INFO] [stderr]   Downloaded built v0.8.1
[INFO] [stderr]   Downloaded bitstream-io v4.10.0
[INFO] [stderr]   Downloaded no_std_io2 v0.9.4
[INFO] [stderr]   Downloaded zenavif-serialize v0.1.4
[INFO] [stderr]   Downloaded archmage-macros v0.9.28
[INFO] [stderr]   Downloaded almost-enough v0.4.4
[INFO] [stderr]   Downloaded fallible_collections v0.5.2
[INFO] [stderr]   Downloaded rav1d-disjoint-mut v0.3.1
[INFO] [stderr]   Downloaded zenavif-parse v0.6.2
[INFO] [stderr]   Downloaded zenpixels v0.2.16
[INFO] [stderr]   Downloaded whereat v0.1.5
[INFO] [stderr]   Downloaded libfuzzer-sys v0.4.13
[INFO] [stderr]   Downloaded archmage v0.9.28
[INFO] [stderr]   Downloaded garb v0.2.8
[INFO] [stderr]   Downloaded linear-srgb v0.6.12
[INFO] [stderr]   Downloaded zenavif v0.1.6
[INFO] [stderr]   Downloaded jxl-image-rs-integration v0.7.1
[INFO] [stderr]   Downloaded jxl_macros v0.7.1
[INFO] [stderr]   Downloaded jxl_transforms v0.7.1
[INFO] [stderr]   Downloaded jxl_simd v0.7.1
[INFO] [stderr]   Downloaded jpegxl-sys v0.13.0+libjxl-0.12.0
[INFO] [stderr]   Downloaded jpegxl-rs v0.15.0+libjxl-0.12.0
[INFO] [stderr]   Downloaded bon v3.10.1
[INFO] [stderr]   Downloaded bon-macros v3.10.1
[INFO] [stderr]   Downloaded zencodec v0.1.26
[INFO] [stderr]   Downloaded jxl-encoder-simd v0.3.0
[INFO] [stderr]   Downloaded butteraugli v0.9.3
[INFO] [stderr]   Downloaded magetypes v0.9.28
[INFO] [stderr]   Downloaded zenpixels-convert v0.2.16
[INFO] [stderr]   Downloaded yuv v0.8.17
[INFO] [stderr]   Downloaded infer v0.16.0
[INFO] [stderr]   Downloaded uuid v1.25.0
[INFO] [stderr]   Downloaded winsafe v0.0.19
[INFO] [stderr]   Downloaded jxl v0.7.1
[INFO] [stderr]   Downloaded blurhash v0.2.3
[INFO] [stderr]   Downloaded rav1d-safe v0.5.7
[INFO] [stderr]   Downloaded woothee v0.13.0
[INFO] [stderr]   Downloaded jxl-encoder v0.3.1
[INFO] [stderr]   Downloaded zenrav1e v0.1.4
[INFO] [stderr]   Downloaded webp v0.3.1
[INFO] [stderr]   Downloaded libwebp-sys2 v0.2.0
[INFO] [stderr]   Downloaded libwebp-sys2 v0.1.11
[INFO] [stderr]   Downloaded libwebp-sys v0.9.6
[INFO] [stderr]   Downloaded jpegxl-src v0.12.0
[INFO] running `Command { std: "docker" "create" "-v" "/var/lib/crater-agent-workspace/builds/worker-6-tc1/source:/opt/rustwide/workdir:ro,Z" "-v" "/var/lib/crater-agent-workspace/builds/worker-6-tc1/target:/opt/rustwide/target:rw,Z" "-v" "/var/lib/crater-agent-workspace/cargo-home:/opt/rustwide/cargo-home:ro,Z" "-v" "/var/lib/crater-agent-workspace/rustup-home:/opt/rustwide/rustup-home:ro,Z" "-m" "1610612736" "--network" "none" "ghcr.io/rust-lang/crates-build-env/linux@sha256:77db811e55d90add9212f6832c23229e3de5f1c1f9905e8cb07319ea15df73ac" "sleep" "infinity", kill_on_drop: false }`
[INFO] [stdout] a8e0dab357261c29fa16e4bff25496bed9593aa21b165e7cc7414f297d81d5aa
[INFO] running `Command { std: "docker" "start" "a8e0dab357261c29fa16e4bff25496bed9593aa21b165e7cc7414f297d81d5aa", kill_on_drop: false }`
[INFO] running `Command { std: "docker" "inspect" "a8e0dab357261c29fa16e4bff25496bed9593aa21b165e7cc7414f297d81d5aa", kill_on_drop: false }`
[INFO] running `Command { std: "docker" "exec" "-e" "SOURCE_DIR=/opt/rustwide/workdir" "-e" "CARGO_HOME=/opt/rustwide/cargo-home" "-e" "RUSTUP_HOME=/opt/rustwide/rustup-home" "-e" "CARGO_TARGET_DIR=/opt/rustwide/target" "-w" "/opt/rustwide/workdir" "--user" "0:0" "a8e0dab357261c29fa16e4bff25496bed9593aa21b165e7cc7414f297d81d5aa" "/opt/rustwide/cargo-home/bin/cargo" "+3154cc1a3e6424e44f438a95007d043ed5ceaaf6" "metadata" "--no-deps" "--format-version=1", kill_on_drop: false }`
[INFO] running `Command { std: "docker" "inspect" "a8e0dab357261c29fa16e4bff25496bed9593aa21b165e7cc7414f297d81d5aa", kill_on_drop: false }`
[INFO] running `Command { std: "docker" "exec" "-e" "SOURCE_DIR=/opt/rustwide/workdir" "-e" "CARGO_HOME=/opt/rustwide/cargo-home" "-e" "RUSTUP_HOME=/opt/rustwide/rustup-home" "-e" "CARGO_TARGET_DIR=/opt/rustwide/target" "-e" "CARGO_INCREMENTAL=0" "-e" "RUST_BACKTRACE=full" "-e" "RUSTFLAGS=--cap-lints=forbid -Znext-solver=coherence" "-e" "RUSTDOCFLAGS=--cap-lints=forbid" "-w" "/opt/rustwide/workdir" "--user" "0:0" "a8e0dab357261c29fa16e4bff25496bed9593aa21b165e7cc7414f297d81d5aa" "/opt/rustwide/cargo-home/bin/cargo" "+3154cc1a3e6424e44f438a95007d043ed5ceaaf6" "check" "--frozen" "--all" "--all-targets" "--message-format=json", kill_on_drop: false }`
[INFO] [stderr] warning: `package.homepage` is redundant with `package.repository`
[INFO] [stderr]    --> Cargo.toml:152:12
[INFO] [stderr]     |
[INFO] [stderr] 152 | homepage = "https://github.com/fokx/jxlify"
[INFO] [stderr]     |            ^^^^^^^^^^^^^^^^^^^^^^^^^^^^^^^^
[INFO] [stderr] ...
[INFO] [stderr] 157 | repository = "https://github.com/fokx/jxlify"
[INFO] [stderr]     |              --------------------------------
[INFO] [stderr]     |
[INFO] [stderr]     = note: `cargo::redundant_homepage` is set to `warn` by default
[INFO] [stderr] help: consider removing `package.homepage`
[INFO] [stderr] warning: `jxlify` (manifest) generated 1 warning
[INFO] [stderr]    Compiling find-msvc-tools v0.1.11
[INFO] [stderr]     Checking smallvec v1.15.2
[INFO] [stderr]     Checking either v1.18.0
[INFO] [stderr]    Compiling libc v0.2.189
[INFO] [stderr]    Compiling thiserror v2.0.20
[INFO] [stderr]     Checking imgref v1.12.2
[INFO] [stderr]    Compiling syn v3.0.4
[INFO] [stderr]    Compiling syn v2.0.119
[INFO] [stderr]     Checking safe_unaligned_simd v0.2.5
[INFO] [stderr]     Checking num-integer v0.1.47
[INFO] [stderr]    Compiling built v0.8.1
[INFO] [stderr]     Checking errno v0.3.14
[INFO] [stderr]     Checking as-slice v0.2.1
[INFO] [stderr]     Checking nom v8.0.0
[INFO] [stderr]     Checking no_std_io2 v0.9.4
[INFO] [stderr]    Compiling serde v1.0.229
[INFO] [stderr]     Checking aligned v0.4.3
[INFO] [stderr]    Compiling pastey v0.1.1
[INFO] [stderr]     Checking signal-hook-registry v1.4.8
[INFO] [stderr]    Compiling log v0.4.34
[INFO] [stderr]     Checking parking_lot_core v0.9.12
[INFO] [stderr]     Checking bitstream-io v4.10.0
[INFO] [stderr]    Compiling simd_helpers v0.1.0
[INFO] [stderr]    Compiling noop_proc_macro v0.3.0
[INFO] [stderr]    Compiling crc32fast v1.5.1
[INFO] [stderr]    Compiling av-scenechange v0.14.1
[INFO] [stderr]     Checking new_debug_unreachable v1.0.6
[INFO] [stderr]     Checking parking_lot v0.12.5
[INFO] [stderr]    Compiling zerocopy v0.8.56
[INFO] [stderr]     Checking y4m v0.8.0
[INFO] [stderr]     Checking loop9 v0.1.5
[INFO] [stderr]     Checking rayon v1.12.0
[INFO] [stderr]     Checking itertools v0.14.0
[INFO] [stderr]     Checking num-bigint v0.4.8
[INFO] [stderr]     Checking getrandom v0.2.17
[INFO] [stderr]     Checking whereat v0.1.5
[INFO] [stderr]     Checking flate2 v1.1.9
[INFO] [stderr]     Checking avif-serialize v0.8.9
[INFO] [stderr]     Checking enough v0.4.4
[INFO] [stderr]    Compiling unicase v2.9.0
[INFO] [stderr]     Checking regex-automata v0.4.18
[INFO] [stderr]    Compiling glob v0.3.4
[INFO] [stderr]    Compiling mime_guess v2.0.5
[INFO] [stderr]     Checking ipnet v2.12.1
[INFO] [stderr]    Compiling rustix v1.1.4
[INFO] [stderr]     Checking almost-enough v0.4.4
[INFO] [stderr]     Checking jxl_simd v0.7.1
[INFO] [stderr]    Compiling rav1e v0.8.1
[INFO] [stderr]     Checking png v0.18.1
[INFO] [stderr]     Checking futures-sink v0.3.34
[INFO] [stderr]    Compiling serde_json v1.0.151
[INFO] [stderr]     Checking indexmap v2.14.0
[INFO] [stderr]     Checking raw-cpuid v11.6.0
[INFO] [stderr]     Checking bitreader v0.3.11
[INFO] [stderr]     Checking to_method v1.1.0
[INFO] [stderr]     Checking leb128 v0.2.7
[INFO] [stderr]     Checking lz4_flex v0.13.1
[INFO] [stderr]     Checking assert_matches v1.5.0
[INFO] [stderr]     Checking uuid v1.25.0
[INFO] [stderr]    Compiling blurhash v0.2.3
[INFO] [stderr]     Checking num-rational v0.4.2
[INFO] [stderr]     Checking http-range-header v0.4.2
[INFO] [stderr]     Checking fallible_collections v0.5.2
[INFO] [stderr]    Compiling jobserver v0.1.35
[INFO] [stderr]    Compiling woothee v0.13.0
[INFO] [stderr]     Checking cfb v0.7.3
[INFO] [stderr]     Checking hashbrown v0.16.1
[INFO] [stderr]     Checking clap_builder v4.6.6
[INFO] [stderr]    Compiling cc v1.4.4
[INFO] [stderr]    Compiling nasm-rs v0.3.2
[INFO] [stderr]     Checking jxl_transforms v0.7.1
[INFO] [stderr]     Checking getrandom v0.4.3
[INFO] [stderr]     Checking tracing-log v0.2.0
[INFO] [stderr]     Checking yuv v0.8.17
[INFO] [stderr]     Checking zenavif-serialize v0.1.4
[INFO] [stderr]     Checking thread_local v1.1.10
[INFO] [stderr]     Checking matchit v0.8.4
[INFO] [stderr]     Checking nu-ansi-term v0.50.3
[INFO] [stderr]     Checking env_home v0.1.0
[INFO] [stderr]     Checking hashbrown v0.14.5
[INFO] [stderr]     Checking infer v0.16.0
[INFO] [stderr]     Checking xxhash-rust v0.8.18
[INFO] [stderr]     Checking tempfile v3.27.0
[INFO] [stderr]     Checking which v7.0.3
[INFO] [stderr]    Compiling cmake v0.1.58
[INFO] [stderr]     Checking dashmap v6.2.1
[INFO] [stderr]    Compiling jpegxl-src v0.12.0
[INFO] [stderr]    Compiling ring v0.17.14
[INFO] [stderr]    Compiling libwebp-sys2 v0.1.11
[INFO] [stderr]    Compiling jpegxl-sys v0.13.0+libjxl-0.12.0
[INFO] [stderr]    Compiling zenrav1e v0.1.4
[INFO] [stderr]    Compiling rav1d-safe v0.5.7
[INFO] [stderr]    Compiling libwebp-sys2 v0.2.0
[INFO] [stderr]    Compiling libwebp-sys v0.9.6
[INFO] [stderr]     Checking maybe-rayon v0.1.1
[INFO] [stderr]     Checking matchers v0.2.0
[INFO] [stderr]     Checking regex v1.13.1
[INFO] [stderr]    Compiling darling_core v0.24.1
[INFO] [stderr]    Compiling prettyplease v0.3.0
[INFO] [stderr]     Checking webp-animation v0.10.0
[INFO] [stderr]    Compiling synstructure v0.13.2
[INFO] [stderr]    Compiling bytemuck_derive v1.12.0
[INFO] [stderr]    Compiling thiserror-impl v2.0.20
[INFO] [stderr]    Compiling zerovec-derive v0.11.6
[INFO] [stderr]    Compiling displaydoc v0.2.7
[INFO] [stderr]    Compiling tokio-macros v2.7.2
[INFO] [stderr]    Compiling serde_derive v1.0.229
[INFO] [stderr]     Checking bytemuck v1.25.2
[INFO] [stderr]    Compiling futures-macro v0.3.34
[INFO] [stderr]    Compiling zerofrom-derive v0.1.7
[INFO] [stderr]    Compiling equator-macro v0.4.2
[INFO] [stderr]    Compiling yoke-derive v0.8.2
[INFO] [stderr]     Checking rgb v0.8.53
[INFO] [stderr]    Compiling archmage-macros v0.9.28
[INFO] [stderr]     Checking tokio v1.53.1
[INFO] [stderr]    Compiling num-derive v0.4.2
[INFO] [stderr]     Checking zerofrom v0.1.8
[INFO] [stderr]    Compiling arg_enum_proc_macro v0.3.4
[INFO] [stderr]     Checking yoke v0.8.3
[INFO] [stderr]     Checking equator v0.4.2
[INFO] [stderr]    Compiling profiling-procmacros v1.0.18
[INFO] [stderr]     Checking zerovec v0.11.8
[INFO] [stderr]     Checking aligned-vec v0.6.4
[INFO] [stderr]     Checking v_frame v0.3.9
[INFO] [stderr]    Compiling tracing-attributes v0.1.31
[INFO] [stderr]     Checking av1-grain v0.2.5
[INFO] [stderr]     Checking profiling v1.0.18
[INFO] [stderr]     Checking zerotrie v0.2.5
[INFO] [stderr]     Checking tinystr v0.8.4
[INFO] [stderr]     Checking archmage v0.9.28
[INFO] [stderr]     Checking potential_utf v0.1.6
[INFO] [stderr]     Checking icu_locale_core v2.3.0
[INFO] [stderr]     Checking icu_collections v2.3.0
[INFO] [stderr]     Checking magetypes v0.9.28
[INFO] [stderr]     Checking futures-util v0.3.34
[INFO] [stderr]    Compiling zerocopy-derive v0.8.56
[INFO] [stderr]     Checking tracing v0.1.44
[INFO] [stderr]     Checking icu_provider v2.3.1
[INFO] [stderr]     Checking zenpixels v0.2.16
[INFO] [stderr]     Checking icu_normalizer v2.3.0
[INFO] [stderr]     Checking icu_properties v2.3.0
[INFO] [stderr] error: could not compile `tokio` (lib)
[INFO] [stderr] 
[INFO] [stderr] Caused by:
[INFO] [stderr]   process didn't exit successfully: `/opt/rustwide/rustup-home/toolchains/3154cc1a3e6424e44f438a95007d043ed5ceaaf6/bin/rustc --crate-name tokio --edition=2021 /opt/rustwide/cargo-home/registry/src/index.crates.io-1949cf8c6b5b557f/tokio-1.53.1/src/lib.rs --error-format=json --json=diagnostic-rendered-ansi,artifacts,future-incompat,unused-externs-silent --crate-type lib --emit=dep-info,metadata -C embed-bitcode=no -C debuginfo=2 --cfg 'feature="bytes"' --cfg 'feature="default"' --cfg 'feature="fs"' --cfg 'feature="full"' --cfg 'feature="io-std"' --cfg 'feature="io-util"' --cfg 'feature="libc"' --cfg 'feature="macros"' --cfg 'feature="mio"' --cfg 'feature="net"' --cfg 'feature="parking_lot"' --cfg 'feature="process"' --cfg 'feature="rt"' --cfg 'feature="rt-multi-thread"' --cfg 'feature="signal"' --cfg 'feature="signal-hook-registry"' --cfg 'feature="socket2"' --cfg 'feature="sync"' --cfg 'feature="time"' --cfg 'feature="tokio-macros"' --check-cfg 'cfg(docsrs,test)' --check-cfg 'cfg(feature, values("bytes", "default", "fs", "full", "io-std", "io-uring", "io-util", "libc", "macros", "mio", "net", "parking_lot", "process", "rt", "rt-multi-thread", "schedule-latency", "signal", "signal-hook-registry", "socket2", "sync", "taskdump", "test-util", "time", "tokio-macros", "tracing", "windows-sys"))' -C metadata=fd4794e1c688c12f -C extra-filename=-c8686260e7b75a45 --out-dir /opt/rustwide/target/debug/build/tokio/c8686260e7b75a45/out -L dependency=/opt/rustwide/target/debug/build/cfg-if/455a21b2886a1534/out -L dependency=/opt/rustwide/target/debug/build/errno/75e95ad699f80dda/out -L dependency=/opt/rustwide/target/debug/build/libc/6c469ea5525a8374/out -L dependency=/opt/rustwide/target/debug/build/lock_api/497c3c4b546acad3/out -L dependency=/opt/rustwide/target/debug/build/parking_lot_core/387b51577e8b537d/out -L dependency=/opt/rustwide/target/debug/build/scopeguard/2eedc5e742d791e6/out -L dependency=/opt/rustwide/target/debug/build/smallvec/6a297f3c50a8ac22/out --extern bytes=/opt/rustwide/target/debug/build/bytes/0a99efe9a33d2eab/out/libbytes-0a99efe9a33d2eab.rmeta --extern libc=/opt/rustwide/target/debug/build/libc/6c469ea5525a8374/out/liblibc-6c469ea5525a8374.rmeta --extern mio=/opt/rustwide/target/debug/build/mio/44114065b4e0a3f4/out/libmio-44114065b4e0a3f4.rmeta --extern parking_lot=/opt/rustwide/target/debug/build/parking_lot/8ff962e05c3f39d9/out/libparking_lot-8ff962e05c3f39d9.rmeta --extern pin_project_lite=/opt/rustwide/target/debug/build/pin-project-lite/bc36f7de3f04be06/out/libpin_project_lite-bc36f7de3f04be06.rmeta --extern signal_hook_registry=/opt/rustwide/target/debug/build/signal-hook-registry/e2158083d87b31df/out/libsignal_hook_registry-e2158083d87b31df.rmeta --extern socket2=/opt/rustwide/target/debug/build/socket2/16cafadec737d477/out/libsocket2-16cafadec737d477.rmeta --extern tokio_macros=/opt/rustwide/target/debug/build/tokio-macros/239eab3bb48381db/out/libtokio_macros-239eab3bb48381db.so --cap-lints allow --cap-lints=forbid -Znext-solver=coherence --force-warn=unused_crate_dependencies` (signal: 9, SIGKILL: kill)
[INFO] [stderr] warning: build failed, waiting for other jobs to finish...
[INFO] [stderr] error: could not compile `magetypes` (lib)
[INFO] [stderr] 
[INFO] [stderr] Caused by:
[INFO] [stderr]   process didn't exit successfully: `/opt/rustwide/rustup-home/toolchains/3154cc1a3e6424e44f438a95007d043ed5ceaaf6/bin/rustc --crate-name magetypes --edition=2024 /opt/rustwide/cargo-home/registry/src/index.crates.io-1949cf8c6b5b557f/magetypes-0.9.28/src/lib.rs --error-format=json --json=diagnostic-rendered-ansi,artifacts,future-incompat,unused-externs-silent --crate-type lib --emit=dep-info,metadata -C embed-bitcode=no -C debuginfo=2 --cfg 'feature="avx512"' --cfg 'feature="default"' --cfg 'feature="std"' --cfg 'feature="w512"' --check-cfg 'cfg(docsrs,test)' --check-cfg 'cfg(feature, values("avx512", "default", "std", "w512"))' -C metadata=de6003e7a6e9a935 -C extra-filename=-3dc6160649da6687 --out-dir /opt/rustwide/target/debug/build/magetypes/3dc6160649da6687/out -L dependency=/opt/rustwide/target/debug/build/archmage-macros/ace7119d88cd416c/out -L dependency=/opt/rustwide/target/debug/build/safe_unaligned_simd/60ab0c80807f2816/out --extern archmage=/opt/rustwide/target/debug/build/archmage/3639f9091963e42f/out/libarchmage-3639f9091963e42f.rmeta --extern rustversion=/opt/rustwide/target/debug/build/rustversion/6a05414b448f1068/out/librustversion-6a05414b448f1068.so --cap-lints allow --cap-lints=forbid -Znext-solver=coherence --force-warn=unused_crate_dependencies` (signal: 9, SIGKILL: kill)
[INFO] [stderr] error: could not compile `zerocopy-derive` (lib)
[INFO] [stderr] 
[INFO] [stderr] Caused by:
[INFO] [stderr]   process didn't exit successfully: `/opt/rustwide/rustup-home/toolchains/3154cc1a3e6424e44f438a95007d043ed5ceaaf6/bin/rustc --crate-name zerocopy_derive --edition=2021 /opt/rustwide/cargo-home/registry/src/index.crates.io-1949cf8c6b5b557f/zerocopy-derive-0.8.56/src/lib.rs --error-format=json --json=diagnostic-rendered-ansi,artifacts,future-incompat,unused-externs-silent --crate-type proc-macro --emit=dep-info,link -C prefer-dynamic -C embed-bitcode=no --check-cfg 'cfg(docsrs,test)' --check-cfg 'cfg(feature, values())' -C metadata=35087ba2d7d056fc -C extra-filename=-1e3555ec387e0bca --out-dir /opt/rustwide/target/debug/build/zerocopy-derive/1e3555ec387e0bca/out -L dependency=/opt/rustwide/target/debug/build/proc-macro2/f4d3bcf2bcadb40f/out -L dependency=/opt/rustwide/target/debug/build/quote/9cbd74bd0e362d9e/out -L dependency=/opt/rustwide/target/debug/build/unicode-ident/69fd460968039056/out --extern proc_macro2=/opt/rustwide/target/debug/build/proc-macro2/f4d3bcf2bcadb40f/out/libproc_macro2-f4d3bcf2bcadb40f.rlib --extern proc_macro2=/opt/rustwide/target/debug/build/proc-macro2/f4d3bcf2bcadb40f/out/libproc_macro2-f4d3bcf2bcadb40f.rmeta --extern quote=/opt/rustwide/target/debug/build/quote/9cbd74bd0e362d9e/out/libquote-9cbd74bd0e362d9e.rlib --extern quote=/opt/rustwide/target/debug/build/quote/9cbd74bd0e362d9e/out/libquote-9cbd74bd0e362d9e.rmeta --extern syn=/opt/rustwide/target/debug/build/syn/3307dfd543dc15b6/out/libsyn-3307dfd543dc15b6.rlib --extern syn=/opt/rustwide/target/debug/build/syn/3307dfd543dc15b6/out/libsyn-3307dfd543dc15b6.rmeta --extern proc_macro --cap-lints allow --cap-lints=forbid -Znext-solver=coherence --force-warn=unused_crate_dependencies` (signal: 9, SIGKILL: kill)
[INFO] [stderr] error: could not compile `futures-util` (lib)
[INFO] [stderr] 
[INFO] [stderr] Caused by:
[INFO] [stderr]   process didn't exit successfully: `/opt/rustwide/rustup-home/toolchains/3154cc1a3e6424e44f438a95007d043ed5ceaaf6/bin/rustc --crate-name futures_util --edition=2018 /opt/rustwide/cargo-home/registry/src/index.crates.io-1949cf8c6b5b557f/futures-util-0.3.34/src/lib.rs --error-format=json --json=diagnostic-rendered-ansi,artifacts,future-incompat,unused-externs-silent --crate-type lib --emit=dep-info,metadata -C embed-bitcode=no -C debuginfo=2 --cfg 'feature="alloc"' --cfg 'feature="async-await"' --cfg 'feature="async-await-macro"' --cfg 'feature="default"' --cfg 'feature="futures-macro"' --cfg 'feature="slab"' --cfg 'feature="std"' --check-cfg 'cfg(docsrs,test)' --check-cfg 'cfg(feature, values("alloc", "async-await", "async-await-macro", "bilock", "cfg-target-has-atomic", "channel", "compat", "default", "futures-channel", "futures-io", "futures-macro", "futures-sink", "futures_01", "io", "io-compat", "libc", "memchr", "portable-atomic", "portable-atomic-alloc", "portable-atomic-util", "portable_atomic_crate", "sink", "slab", "spin", "std", "tokio-io", "unstable", "write-all-vectored"))' -C metadata=ba2eae059c3b94ed -C extra-filename=-c6b2f86ce4435f4a --out-dir /opt/rustwide/target/debug/build/futures-util/c6b2f86ce4435f4a/out --extern futures_core=/opt/rustwide/target/debug/build/futures-core/89a52963e41357f6/out/libfutures_core-89a52963e41357f6.rmeta --extern futures_macro=/opt/rustwide/target/debug/build/futures-macro/239483a83a48d14e/out/libfutures_macro-239483a83a48d14e.so --extern futures_task=/opt/rustwide/target/debug/build/futures-task/d1ebca5e6911b813/out/libfutures_task-d1ebca5e6911b813.rmeta --extern pin_project_lite=/opt/rustwide/target/debug/build/pin-project-lite/bc36f7de3f04be06/out/libpin_project_lite-bc36f7de3f04be06.rmeta --extern slab=/opt/rustwide/target/debug/build/slab/c929510ac75177ef/out/libslab-c929510ac75177ef.rmeta --cap-lints allow --cap-lints=forbid -Znext-solver=coherence --force-warn=unused_crate_dependencies` (signal: 9, SIGKILL: kill)
[INFO] [stderr] error: could not compile `icu_properties` (lib)
[INFO] [stderr] 
[INFO] [stderr] Caused by:
[INFO] [stderr]   process didn't exit successfully: `/opt/rustwide/rustup-home/toolchains/3154cc1a3e6424e44f438a95007d043ed5ceaaf6/bin/rustc --crate-name icu_properties --edition=2024 /opt/rustwide/cargo-home/registry/src/index.crates.io-1949cf8c6b5b557f/icu_properties-2.3.0/src/lib.rs --error-format=json --json=diagnostic-rendered-ansi,artifacts,future-incompat,unused-externs-silent --crate-type lib --emit=dep-info,metadata -C embed-bitcode=no -C debuginfo=2 --cfg 'feature="compiled_data"' --check-cfg 'cfg(docsrs,test)' --check-cfg 'cfg(feature, values("alloc", "compiled_data", "datagen", "default", "harfbuzz_traits", "log", "serde", "unicode_bidi", "unstable"))' -C metadata=44433695161e05a6 -C extra-filename=-42bf5a5a20688bd5 --out-dir /opt/rustwide/target/debug/build/icu_properties/42bf5a5a20688bd5/out -L dependency=/opt/rustwide/target/debug/build/displaydoc/4cc437120ead1cf5/out -L dependency=/opt/rustwide/target/debug/build/icu_locale_core/96041953186c901a/out -L dependency=/opt/rustwide/target/debug/build/litemap/1d56a444480118ad/out -L dependency=/opt/rustwide/target/debug/build/potential_utf/0431f0f2d76cef0b/out -L dependency=/opt/rustwide/target/debug/build/stable_deref_trait/5d0e5045ac141f4e/out -L dependency=/opt/rustwide/target/debug/build/tinystr/9c352c9fad43614e/out -L dependency=/opt/rustwide/target/debug/build/utf8_iter/2a9a14295c98e961/out -L dependency=/opt/rustwide/target/debug/build/writeable/8526e47e60eb96b2/out -L dependency=/opt/rustwide/target/debug/build/yoke-derive/ed299dff8dbcbdca/out -L dependency=/opt/rustwide/target/debug/build/yoke/0fd5bff53c36b48d/out -L dependency=/opt/rustwide/target/debug/build/zerofrom-derive/4d70ba0cb5f5b711/out -L dependency=/opt/rustwide/target/debug/build/zerofrom/4161cef4c47d4d97/out -L dependency=/opt/rustwide/target/debug/build/zerotrie/bd19f368508b9c81/out -L dependency=/opt/rustwide/target/debug/build/zerovec-derive/e7160169cc0a3726/out -L dependency=/opt/rustwide/target/debug/build/zerovec/d6fbeec802173d47/out --extern displaydoc=/opt/rustwide/target/debug/build/displaydoc/4cc437120ead1cf5/out/libdisplaydoc-4cc437120ead1cf5.so --extern icu_collections=/opt/rustwide/target/debug/build/icu_collections/af11a8f40728e7ea/out/libicu_collections-af11a8f40728e7ea.rmeta --extern icu_locale_core=/opt/rustwide/target/debug/build/icu_locale_core/96041953186c901a/out/libicu_locale_core-96041953186c901a.rmeta --extern icu_properties_data=/opt/rustwide/target/debug/build/icu_properties_data/1608f962d6c95250/out/libicu_properties_data-1608f962d6c95250.rmeta --extern icu_provider=/opt/rustwide/target/debug/build/icu_provider/b018f55df2d59968/out/libicu_provider-b018f55df2d59968.rmeta --extern zerotrie=/opt/rustwide/target/debug/build/zerotrie/bd19f368508b9c81/out/libzerotrie-bd19f368508b9c81.rmeta --extern zerovec=/opt/rustwide/target/debug/build/zerovec/d6fbeec802173d47/out/libzerovec-d6fbeec802173d47.rmeta --cap-lints allow --cap-lints=forbid -Znext-solver=coherence --force-warn=unused_crate_dependencies` (signal: 9, SIGKILL: kill)
[INFO] [stderr] error: could not compile `rav1e` (lib)
[INFO] [stderr] 
[INFO] [stderr] Caused by:
[INFO] [stderr]   process didn't exit successfully: `/opt/rustwide/rustup-home/toolchains/3154cc1a3e6424e44f438a95007d043ed5ceaaf6/bin/rustc --crate-name rav1e --edition=2021 /opt/rustwide/cargo-home/registry/src/index.crates.io-1949cf8c6b5b557f/rav1e-0.8.1/src/lib.rs --error-format=json --json=diagnostic-rendered-ansi,artifacts,future-incompat,unused-externs-silent --crate-type lib --emit=dep-info,metadata -C embed-bitcode=no -C debuginfo=2 --check-cfg 'cfg(docsrs,test)' --check-cfg 'cfg(feature, values("aom-sys", "asm", "av-metrics", "backtrace", "bench", "binaries", "byteorder", "capi", "cc", "channel-api", "check_asm", "clap", "clap_complete", "console", "crossbeam", "dav1d-sys", "decode_test", "decode_test_dav1d", "default", "desync_finder", "dump_ivf", "dump_lookahead_data", "fern", "git_version", "image", "ivf", "nasm-rs", "nom", "quick_test", "scan_fmt", "serde", "serde-big-array", "serialize", "signal-hook", "signal_support", "threading", "toml", "tracing", "tracing-chrome", "tracing-subscriber", "unstable", "wasm", "wasm-bindgen", "y4m"))' -C metadata=a0b95204eacab016 -C extra-filename=-99eb43ac2e9d5e58 --out-dir /opt/rustwide/target/debug/build/rav1e/99eb43ac2e9d5e58/out -L dependency=/opt/rustwide/target/debug/build/aligned-vec/afebf404b8180355/out -L dependency=/opt/rustwide/target/debug/build/aligned/ef0cf96fb3bce053/out -L dependency=/opt/rustwide/target/debug/build/anyhow/b2877dcd007b481e/out -L dependency=/opt/rustwide/target/debug/build/arg_enum_proc_macro/55c66bd55ac5b0ed/out -L dependency=/opt/rustwide/target/debug/build/arrayvec/cb98db8d167e819c/out -L dependency=/opt/rustwide/target/debug/build/as-slice/779d725509cb50a4/out -L dependency=/opt/rustwide/target/debug/build/cfg-if/455a21b2886a1534/out -L dependency=/opt/rustwide/target/debug/build/crossbeam-deque/10030ecdaf6ba5af/out -L dependency=/opt/rustwide/target/debug/build/crossbeam-epoch/c2c92f0c3476f76e/out -L dependency=/opt/rustwide/target/debug/build/crossbeam-utils/37dca2c2174e5380/out -L dependency=/opt/rustwide/target/debug/build/either/3c6917468605fc43/out -L dependency=/opt/rustwide/target/debug/build/equator-macro/2be5c41acbbcbe3e/out -L dependency=/opt/rustwide/target/debug/build/equator/8fee4fe0c8c9884b/out -L dependency=/opt/rustwide/target/debug/build/libm/2e0fe817bf4c866c/out -L dependency=/opt/rustwide/target/debug/build/log/85e3409aa7b4535e/out -L dependency=/opt/rustwide/target/debug/build/memchr/1dee75255e878028/out -L dependency=/opt/rustwide/target/debug/build/no_std_io2/fb071964a4001ffb/out -L dependency=/opt/rustwide/target/debug/build/nom/594fb204fc918865/out -L dependency=/opt/rustwide/target/debug/build/num-bigint/939ae51d80083f4b/out -L dependency=/opt/rustwide/target/debug/build/num-integer/33b269401076ae55/out -L dependency=/opt/rustwide/target/debug/build/num-rational/7a07dc52614103fc/out -L dependency=/opt/rustwide/target/debug/build/num-traits/b1d7c630e2f033f6/out -L dependency=/opt/rustwide/target/debug/build/pastey/8d5fb0fc93cbcaeb/out -L dependency=/opt/rustwide/target/debug/build/profiling-procmacros/02e1956b52a73a63/out -L dependency=/opt/rustwide/target/debug/build/rayon-core/031c899edfaeedde/out -L dependency=/opt/rustwide/target/debug/build/rayon/8dd6cf78179a1f56/out -L dependency=/opt/rustwide/target/debug/build/stable_deref_trait/5d0e5045ac141f4e/out -L dependency=/opt/rustwide/target/debug/build/thiserror-impl/eb5ab25dc1c12c70/out -L dependency=/opt/rustwide/target/debug/build/thiserror/0076433f7b289dbf/out -L dependency=/opt/rustwide/target/debug/build/v_frame/8416c2e88cff0887/out -L dependency=/opt/rustwide/target/debug/build/y4m/89eb6134c31a9293/out --extern aligned_vec=/opt/rustwide/target/debug/build/aligned-vec/afebf404b8180355/out/libaligned_vec-afebf404b8180355.rmeta --extern arg_enum_proc_macro=/opt/rustwide/target/debug/build/arg_enum_proc_macro/55c66bd55ac5b0ed/out/libarg_enum_proc_macro-55c66bd55ac5b0ed.so --extern arrayvec=/opt/rustwide/target/debug/build/arrayvec/cb98db8d167e819c/out/libarrayvec-cb98db8d167e819c.rmeta --extern av_scenechange=/opt/rustwide/target/debug/build/av-scenechange/b80788625a4f3e56/out/libav_scenechange-b80788625a4f3e56.rmeta --extern av1_grain=/opt/rustwide/target/debug/build/av1-grain/da94992b69ffb3a5/out/libav1_grain-da94992b69ffb3a5.rmeta --extern bitstream_io=/opt/rustwide/target/debug/build/bitstream-io/bf0ae4386f5b2cca/out/libbitstream_io-bf0ae4386f5b2cca.rmeta --extern cfg_if=/opt/rustwide/target/debug/build/cfg-if/455a21b2886a1534/out/libcfg_if-455a21b2886a1534.rmeta --extern itertools=/opt/rustwide/target/debug/build/itertools/4e49382a37739fbd/out/libitertools-4e49382a37739fbd.rmeta --extern libc=/opt/rustwide/target/debug/build/libc/6c469ea5525a8374/out/liblibc-6c469ea5525a8374.rmeta --extern log=/opt/rustwide/target/debug/build/log/85e3409aa7b4535e/out/liblog-85e3409aa7b4535e.rmeta --extern rayon=/opt/rustwide/target/debug/build/maybe-rayon/f7b71b232b709724/out/libmaybe_rayon-f7b71b232b709724.rmeta --extern debug_unreachable=/opt/rustwide/target/debug/build/new_debug_unreachable/e1f8d6583b6e2c7c/out/libdebug_unreachable-e1f8d6583b6e2c7c.rmeta --extern noop_proc_macro=/opt/rustwide/target/debug/build/noop_proc_macro/357103592b558b01/out/libnoop_proc_macro-357103592b558b01.so --extern num_derive=/opt/rustwide/target/debug/build/num-derive/60740e782547b4ec/out/libnum_derive-60740e782547b4ec.so --extern num_traits=/opt/rustwide/target/debug/build/num-traits/b1d7c630e2f033f6/out/libnum_traits-b1d7c630e2f033f6.rmeta --extern paste=/opt/rustwide/target/debug/build/paste/ed0d01cb7994f7d7/out/libpaste-ed0d01cb7994f7d7.so --extern profiling=/opt/rustwide/target/debug/build/profiling/c0d3ae5c1cf8b64e/out/libprofiling-c0d3ae5c1cf8b64e.rmeta --extern simd_helpers=/opt/rustwide/target/debug/build/simd_helpers/fb9d3c12a83f483a/out/libsimd_helpers-fb9d3c12a83f483a.so --extern thiserror=/opt/rustwide/target/debug/build/thiserror/0076433f7b289dbf/out/libthiserror-0076433f7b289dbf.rmeta --extern v_frame=/opt/rustwide/target/debug/build/v_frame/8416c2e88cff0887/out/libv_frame-8416c2e88cff0887.rmeta --cap-lints allow --cap-lints=forbid -Znext-solver=coherence --force-warn=unused_crate_dependencies` (signal: 9, SIGKILL: kill)
[INFO] [stderr] error: failed to run custom build command for `jpegxl-sys v0.13.0+libjxl-0.12.0`
[INFO] [stderr] note: To improve backtraces for build dependencies, set the CARGO_PROFILE_DEV_BUILD_OVERRIDE_DEBUG=true environment variable to enable debug information generation.
[INFO] [stderr] 
[INFO] [stderr] Caused by:
[INFO] [stderr]   process didn't exit successfully: `/opt/rustwide/target/debug/build/jpegxl-sys/588ae3b73a6c84b2/out/build_script_build` (exit status: 101)
[INFO] [stderr]   --- stdout
[INFO] [stderr]   CMAKE_TOOLCHAIN_FILE_x86_64-unknown-linux-gnu = None
[INFO] [stderr]   CMAKE_TOOLCHAIN_FILE_x86_64_unknown_linux_gnu = None
[INFO] [stderr]   HOST_CMAKE_TOOLCHAIN_FILE = None
[INFO] [stderr]   CMAKE_TOOLCHAIN_FILE = None
[INFO] [stderr]   CMAKE_GENERATOR_x86_64-unknown-linux-gnu = None
[INFO] [stderr]   CMAKE_GENERATOR_x86_64_unknown_linux_gnu = None
[INFO] [stderr]   HOST_CMAKE_GENERATOR = None
[INFO] [stderr]   CMAKE_GENERATOR = None
[INFO] [stderr]   CMAKE_PREFIX_PATH_x86_64-unknown-linux-gnu = None
[INFO] [stderr]   CMAKE_PREFIX_PATH_x86_64_unknown_linux_gnu = None
[INFO] [stderr]   HOST_CMAKE_PREFIX_PATH = None
[INFO] [stderr]   CMAKE_PREFIX_PATH = None
[INFO] [stderr]   CMAKE_x86_64-unknown-linux-gnu = None
[INFO] [stderr]   CMAKE_x86_64_unknown_linux_gnu = None
[INFO] [stderr]   HOST_CMAKE = None
[INFO] [stderr]   CMAKE = None
[INFO] [stderr]   -- The C compiler identification is GNU 15.2.0
[INFO] [stderr]   -- The CXX compiler identification is GNU 15.2.0
[INFO] [stderr]   -- Detecting C compiler ABI info
[INFO] [stderr]   -- Detecting C compiler ABI info - done
[INFO] [stderr]   -- Check for working C compiler: /usr/bin/cc - skipped
[INFO] [stderr]   -- Detecting C compile features
[INFO] [stderr]   -- Detecting C compile features - done
[INFO] [stderr]   -- Detecting CXX compiler ABI info
[INFO] [stderr]   -- Detecting CXX compiler ABI info - done
[INFO] [stderr]   -- Check for working CXX compiler: /usr/bin/c++ - skipped
[INFO] [stderr]   -- Detecting CXX compile features
[INFO] [stderr]   -- Detecting CXX compile features - done
[INFO] [stderr]   -- CMake version: 4.2.3
[INFO] [stderr]   -- Compiler IDs C:GNU 15.2.0, C++:GNU 15.2.0
[INFO] [stderr]   -- Linker IDs C:GNU 2.46, C++:GNU 2.46
[INFO] [stderr]   -- CMAKE_SYSTEM_PROCESSOR is x86_64
[INFO] [stderr]   -- Performing Test CXX_FUZZERS_SUPPORTED
[INFO] [stderr]   -- Performing Test CXX_FUZZERS_SUPPORTED - Failed
[INFO] [stderr]   -- Performing Test CXX_MACRO_PREFIX_MAP
[INFO] [stderr]   -- Performing Test CXX_MACRO_PREFIX_MAP - Success
[INFO] [stderr]   -- Performing Test CXX_NO_RTTI_SUPPORTED
[INFO] [stderr]   -- Performing Test CXX_NO_RTTI_SUPPORTED - Success
[INFO] [stderr]   -- Performing Test CXX_MAVX2_SUPPORTED
[INFO] [stderr]   -- Performing Test CXX_MAVX2_SUPPORTED - Success
[INFO] [stderr]   -- Performing Test CXX_MF16C_SUPPORTED
[INFO] [stderr]   -- Performing Test CXX_MF16C_SUPPORTED - Success
[INFO] [stderr]   -- Performing Test CXX_MAVX512F_SUPPORTED
[INFO] [stderr]   -- Performing Test CXX_MAVX512F_SUPPORTED - Success
[INFO] [stderr]   -- Performing Test CXX_MAVX512DQ_SUPPORTED
[INFO] [stderr]   -- Performing Test CXX_MAVX512DQ_SUPPORTED - Success
[INFO] [stderr]   -- Performing Test CXX_MAVX512CD_SUPPORTED
[INFO] [stderr]   -- Performing Test CXX_MAVX512CD_SUPPORTED - Success
[INFO] [stderr]   -- Performing Test CXX_MAVX512BW_SUPPORTED
[INFO] [stderr]   -- Performing Test CXX_MAVX512BW_SUPPORTED - Success
[INFO] [stderr]   -- Performing Test CXX_MAVX512VL_SUPPORTED
[INFO] [stderr]   -- Performing Test CXX_MAVX512VL_SUPPORTED - Success
[INFO] [stderr]   -- Performing Test CXX_SVE_SUPPORTED
[INFO] [stderr]   -- Performing Test CXX_SVE_SUPPORTED - Failed
[INFO] [stderr]   -- Found PkgConfig: /usr/bin/pkg-config (found version "2.5.1")
[INFO] [stderr]   -- tcmalloc version  -- tcmalloc 2.8.0 disabled due to https://github.com/gperftools/gperftools/issues/1204
[INFO] [stderr]   -- Performing Test JXL_HWY_DISABLED_TARGETS_FORCED
[INFO] [stderr]   -- Performing Test JXL_HWY_DISABLED_TARGETS_FORCED - Failed
[INFO] [stderr]   -- HWY AVX2 enabled: true
[INFO] [stderr]   -- HWY AVX3 enabled: false
[INFO] [stderr]   -- HWY AVX3_DL enabled: true
[INFO] [stderr]   -- HWY AVX3_SPR enabled: false
[INFO] [stderr]   -- HWY AVX3_ZEN4 enabled: false
[INFO] [stderr]   -- HWY EMU128 enabled: true
[INFO] [stderr]   -- HWY NEON enabled: true
[INFO] [stderr]   -- HWY NEON_BF16 enabled: true
[INFO] [stderr]   -- HWY NEON_WITHOUT_AES enabled: true
[INFO] [stderr]   -- HWY PPC10 enabled: true
[INFO] [stderr]   -- HWY PPC8 enabled: true
[INFO] [stderr]   -- HWY PPC9 enabled: true
[INFO] [stderr]   -- HWY RVV enabled: false
[INFO] [stderr]   -- HWY SCALAR enabled: true
[INFO] [stderr]   -- HWY SSE2 enabled: true
[INFO] [stderr]   -- HWY SSE4 enabled: true
[INFO] [stderr]   -- HWY SSSE3 enabled: false
[INFO] [stderr]   -- HWY SVE enabled: false
[INFO] [stderr]   -- HWY SVE_256 enabled: false
[INFO] [stderr]   -- HWY SVE2 enabled: false
[INFO] [stderr]   -- HWY SVE2_128 enabled: false
[INFO] [stderr]   -- HWY WASM enabled: true
[INFO] [stderr]   -- HWY WASM_EMU256 enabled: true
[INFO] [stderr]   -- HWY Z14 enabled: true
[INFO] [stderr]   -- HWY Z15 enabled: true
[INFO] [stderr]   -- Performing Test CMAKE_HAVE_LIBC_PTHREAD
[INFO] [stderr]   -- Performing Test CMAKE_HAVE_LIBC_PTHREAD - Success
[INFO] [stderr]   -- Found Threads: TRUE
[INFO] [stderr]   -- CXX_STANDARD is 17
[INFO] [stderr]   -- Performing Test ATOMICS_LOCK_FREE_INSTRUCTIONS
[INFO] [stderr]   -- Performing Test ATOMICS_LOCK_FREE_INSTRUCTIONS - Success
[INFO] [stderr]   -- Performing Test HWY_EMSCRIPTEN
[INFO] [stderr]   -- Performing Test HWY_EMSCRIPTEN - Failed
[INFO] [stderr]   -- Performing Test HWY_RISCV
[INFO] [stderr]   -- Performing Test HWY_RISCV - Failed
[INFO] [stderr]   -- Looking for sys/auxv.h
[INFO] [stderr]   -- Looking for sys/auxv.h - found
[INFO] [stderr]   -- Looking for asm/hwcap.h
[INFO] [stderr]   -- Looking for asm/hwcap.h - not found
[INFO] [stderr]   -- Build type is 'Debug'
[INFO] [stderr]   -- Performing Test BROTLI_EMSCRIPTEN
[INFO] [stderr]   -- Performing Test BROTLI_EMSCRIPTEN - Failed
[INFO] [stderr]   -- Looking for log2 in m
[INFO] [stderr]   -- Looking for log2 in m - found
[INFO] [stderr]   -- Found ZLIB: /usr/lib/x86_64-linux-gnu/libz.so (found version "1.3.1")
[INFO] [stderr]   -- Found PNG: /usr/lib/x86_64-linux-gnu/libpng.so (found version "1.6.57")
[INFO] [stderr]   -- Looking for __GLIBCXX__
[INFO] [stderr]   -- Looking for __GLIBCXX__ - found
[INFO] [stderr]   -- Looking for _LIBCPP_VERSION
[INFO] [stderr]   -- Looking for _LIBCPP_VERSION - not found
[INFO] [stderr]   -- Performing Test COMPILER_HAS_HIDDEN_VISIBILITY
[INFO] [stderr]   -- Performing Test COMPILER_HAS_HIDDEN_VISIBILITY - Success
[INFO] [stderr]   -- Performing Test COMPILER_HAS_HIDDEN_INLINE_VISIBILITY
[INFO] [stderr]   -- Performing Test COMPILER_HAS_HIDDEN_INLINE_VISIBILITY - Success
[INFO] [stderr]   -- Performing Test COMPILER_HAS_DEPRECATED_ATTR
[INFO] [stderr]   -- Performing Test COMPILER_HAS_DEPRECATED_ATTR - Success
[INFO] [stderr]   -- Performing Test CXX_WPSABI_SUPPORTED
[INFO] [stderr]   -- Performing Test CXX_WPSABI_SUPPORTED - Success
[INFO] [stderr]   -- Performing Test LINKER_SUPPORT_EXCLUDE_LIBS
[INFO] [stderr]   -- Performing Test LINKER_SUPPORT_EXCLUDE_LIBS - Success
[INFO] [stderr]   -- Building with JPEGXL_VERSION=(unknown)
[INFO] [stderr]   -- Building tools: 
[INFO] [stderr]   -- Configuring done (30.7s)
[INFO] [stderr]   -- Generating done (0.8s)
[INFO] [stderr]   -- Build files have been written to: /opt/rustwide/target/debug/build/jpegxl-sys/b0ce95f47d801132/out/build
[INFO] [stderr]   [  1%] Building CXX object third_party/highway/CMakeFiles/hwy.dir/hwy/per_target.cc.o
[INFO] [stderr]   [  2%] Building CXX object third_party/highway/CMakeFiles/hwy.dir/hwy/aligned_allocator.cc.o
[INFO] [stderr]   [  2%] Building CXX object third_party/highway/CMakeFiles/hwy.dir/hwy/abort.cc.o
[INFO] [stderr]   [  2%] Building CXX object third_party/highway/CMakeFiles/hwy.dir/hwy/nanobenchmark.cc.o
[INFO] [stderr]   [  2%] Building CXX object third_party/highway/CMakeFiles/hwy.dir/hwy/timer.cc.o
[INFO] [stderr]   [  2%] Building CXX object tools/CMakeFiles/enc_fast_lossless.dir/__/lib/jxl/enc_fast_lossless.cc.o
[INFO] [stderr]   [  2%] Building CXX object third_party/highway/CMakeFiles/hwy.dir/hwy/print.cc.o
[INFO] [stderr]   [  2%] Building C object third_party/brotli/CMakeFiles/brotlicommon.dir/c/common/constants.c.o
[INFO] [stderr]   [  2%] Building C object third_party/brotli/CMakeFiles/brotlicommon.dir/c/common/platform.c.o
[INFO] [stderr]   [  2%] Building CXX object lib/CMakeFiles/jxl_export.dir/nothing.cc.o
[INFO] [stderr]   [  3%] Building CXX object lib/CMakeFiles/jxl_threads.dir/threads/thread_parallel_runner_internal.cc.o
[INFO] [stderr]   [  4%] Building CXX object third_party/highway/CMakeFiles/hwy.dir/hwy/targets.cc.o
[INFO] [stderr]   [  4%] Building CXX object lib/CMakeFiles/jxl_threads.dir/threads/thread_parallel_runner.cc.o
[INFO] [stderr]   [  4%] Building C object third_party/brotli/CMakeFiles/brotlicommon.dir/c/common/context.c.o
[INFO] [stderr]   [  5%] Building CXX object lib/CMakeFiles/jxl_threads.dir/threads/resizable_parallel_runner.cc.o
[INFO] [stderr]   [  6%] Building C object third_party/brotli/CMakeFiles/brotlicommon.dir/c/common/dictionary.c.o
[INFO] [stderr]   [  7%] Building C object third_party/brotli/CMakeFiles/brotlicommon.dir/c/common/shared_dictionary.c.o
[INFO] [stderr]   [  7%] Built target jxl_export
[INFO] [stderr]   [  7%] Building C object third_party/brotli/CMakeFiles/brotlicommon.dir/c/common/transform.c.o
[INFO] [stderr]   [  8%] Building CXX object lib/CMakeFiles/jxl_dec-obj.dir/jxl/ac_strategy.cc.o
[INFO] [stderr]   [  8%] Building CXX object lib/CMakeFiles/jxl_dec-obj.dir/jxl/alpha.cc.o
[INFO] [stderr]   [  9%] Building CXX object lib/CMakeFiles/jxl_enc-obj.dir/jxl/butteraugli/butteraugli.cc.o
[INFO] [stderr]   [ 10%] Building CXX object lib/CMakeFiles/jxl_dec-obj.dir/jxl/ans_common.cc.o
[INFO] [stderr]   [ 11%] Linking C static library libbrotlicommon.a
[INFO] [stderr]   [ 11%] Building CXX object lib/CMakeFiles/jxl_dec-obj.dir/jxl/blending.cc.o
[INFO] [stderr]   [ 11%] Built target brotlicommon
[INFO] [stderr]   [ 11%] Building CXX object lib/CMakeFiles/jxl_enc-obj.dir/jxl/enc_ac_strategy.cc.o
[INFO] [stderr]   [ 11%] Building C object third_party/brotli/CMakeFiles/brotlidec.dir/c/dec/bit_reader.c.o
[INFO] [stderr]   [ 12%] Building C object third_party/brotli/CMakeFiles/brotlidec.dir/c/dec/decode.c.o
[INFO] [stderr]   [ 13%] Building CXX object lib/CMakeFiles/jxl_dec-obj.dir/jxl/coeff_order.cc.o
[INFO] [stderr]   [ 13%] Building CXX object lib/CMakeFiles/jxl_dec-obj.dir/jxl/chroma_from_luma.cc.o
[INFO] [stderr]   [ 14%] Building CXX object lib/CMakeFiles/jxl_enc-obj.dir/jxl/enc_adaptive_quantization.cc.o
[INFO] [stderr]   [ 15%] Building C object third_party/brotli/CMakeFiles/brotlienc.dir/c/enc/backward_references.c.o
[INFO] [stderr]   [ 16%] Building CXX object lib/CMakeFiles/jxl_dec-obj.dir/jxl/color_encoding_internal.cc.o
[INFO] [stderr]   [ 16%] Linking CXX static library libjxl_threads.a
[INFO] [stderr]   [ 16%] Building C object third_party/brotli/CMakeFiles/brotlienc.dir/c/enc/backward_references_hq.c.o
[INFO] [stderr]   [ 17%] Building C object third_party/brotli/CMakeFiles/brotlienc.dir/c/enc/bit_cost.c.o
[INFO] [stderr]   [ 17%] Built target jxl_threads
[INFO] [stderr]   [ 17%] Building C object third_party/brotli/CMakeFiles/brotlienc.dir/c/enc/block_splitter.c.o
[INFO] [stderr]   [ 17%] Building C object third_party/brotli/CMakeFiles/brotlidec.dir/c/dec/huffman.c.o
[INFO] [stderr]   [ 17%] Building CXX object lib/CMakeFiles/jxl_dec-obj.dir/jxl/compressed_dc.cc.o
[INFO] [stderr]   [ 17%] Building C object third_party/brotli/CMakeFiles/brotlienc.dir/c/enc/cluster.c.o
[INFO] [stderr]   [ 18%] Building C object third_party/brotli/CMakeFiles/brotlienc.dir/c/enc/brotli_bit_stream.c.o
[INFO] [stderr]   [ 20%] Building C object third_party/brotli/CMakeFiles/brotlidec.dir/c/dec/prefix.c.o
[INFO] [stderr]   [ 21%] Building CXX object lib/CMakeFiles/jxl_dec-obj.dir/jxl/convolve_slow.cc.o
[INFO] [stderr]   [ 21%] Building C object third_party/brotli/CMakeFiles/brotlidec.dir/c/dec/state.c.o
[INFO] [stderr]   [ 21%] Building C object third_party/brotli/CMakeFiles/brotlienc.dir/c/enc/command.c.o
[INFO] [stderr]   [ 21%] Building CXX object lib/CMakeFiles/jxl_dec-obj.dir/jxl/convolve_symmetric5.cc.o
[INFO] [stderr]   [ 22%] Building C object third_party/brotli/CMakeFiles/brotlidec.dir/c/dec/static_init.c.o
[INFO] [stderr]   [ 23%] Building CXX object lib/CMakeFiles/jxl_dec-obj.dir/jxl/dct_scales.cc.o
[INFO] [stderr]   [ 24%] Building C object third_party/brotli/CMakeFiles/brotlienc.dir/c/enc/compound_dictionary.c.o
[INFO] [stderr]   [ 24%] Building C object third_party/brotli/CMakeFiles/brotlienc.dir/c/enc/compress_fragment.c.o
[INFO] [stderr]   [ 25%] Building C object third_party/brotli/CMakeFiles/brotlienc.dir/c/enc/compress_fragment_two_pass.c.o
[INFO] [stderr]   [ 25%] Building C object third_party/brotli/CMakeFiles/brotlienc.dir/c/enc/dictionary_hash.c.o
[INFO] [stderr]   [ 25%] Building CXX object lib/CMakeFiles/jxl_dec-obj.dir/jxl/dec_ans.cc.o
[INFO] [stderr]   [ 26%] Building C object third_party/brotli/CMakeFiles/brotlienc.dir/c/enc/encode.c.o
[INFO] [stderr]   [ 26%] Building C object third_party/brotli/CMakeFiles/brotlienc.dir/c/enc/encoder_dict.c.o
[INFO] [stderr]   [ 27%] Building C object third_party/brotli/CMakeFiles/brotlienc.dir/c/enc/entropy_encode.c.o
[INFO] [stderr]   [ 27%] Linking C static library libbrotlidec.a
[INFO] [stderr]   [ 28%] Building CXX object lib/CMakeFiles/jxl_dec-obj.dir/jxl/dec_bit_reader.cc.o
[INFO] [stderr]   [ 28%] Building CXX object lib/CMakeFiles/jxl_dec-obj.dir/jxl/dec_cache.cc.o
[INFO] [stderr]   [ 28%] Built target brotlidec
[INFO] [stderr]   [ 28%] Building CXX object lib/CMakeFiles/jxl_dec-obj.dir/jxl/dec_context_map.cc.o
[INFO] [stderr]   [ 29%] Building CXX object lib/CMakeFiles/jxl_dec-obj.dir/jxl/dec_external_image.cc.o
[INFO] [stderr]   [ 29%] Building C object third_party/brotli/CMakeFiles/brotlienc.dir/c/enc/fast_log.c.o
[INFO] [stderr]   [ 30%] Building C object third_party/brotli/CMakeFiles/brotlienc.dir/c/enc/histogram.c.o
[INFO] [stderr]   [ 31%] Building C object third_party/brotli/CMakeFiles/brotlienc.dir/c/enc/memory.c.o
[INFO] [stderr]   [ 31%] Building C object third_party/brotli/CMakeFiles/brotlienc.dir/c/enc/literal_cost.c.o
[INFO] [stderr]   [ 31%] Building C object third_party/brotli/CMakeFiles/brotlienc.dir/c/enc/metablock.c.o
[INFO] [stderr]   [ 31%] Building C object third_party/brotli/CMakeFiles/brotlienc.dir/c/enc/static_dict_lut.c.o
[INFO] [stderr]   [ 32%] Building C object third_party/brotli/CMakeFiles/brotlienc.dir/c/enc/static_dict.c.o
[INFO] [stderr]   [ 33%] Building C object third_party/brotli/CMakeFiles/brotlienc.dir/c/enc/static_init.c.o
[INFO] [stderr]   [ 33%] Building C object third_party/brotli/CMakeFiles/brotlienc.dir/c/enc/utf8_util.c.o
[INFO] [stderr]   [ 34%] Linking C static library libbrotlienc.a
[INFO] [stderr]   [ 34%] Built target brotlienc
[INFO] [stderr] 
[INFO] [stderr]   --- stderr
[INFO] [stderr]   running: cd "/opt/rustwide/target/debug/build/jpegxl-sys/b0ce95f47d801132/out/build" && CMAKE_BUILD_PARALLEL_LEVEL="16" CMAKE_PREFIX_PATH="" LC_ALL="C" "cmake" "/opt/rustwide/cargo-home/registry/src/index.crates.io-1949cf8c6b5b557f/jpegxl-src-0.12.0/libjxl" "-B" "/opt/rustwide/target/debug/build/jpegxl-sys/b0ce95f47d801132/out/build" "-DBUILD_TESTING=OFF" "-DBUILD_SHARED_LIBS=OFF" "-DJPEGXL_ENABLE_TOOLS=OFF" "-DJPEGXL_ENABLE_DOXYGEN=OFF" "-DJPEGXL_ENABLE_MANPAGES=OFF" "-DJPEGXL_ENABLE_BENCHMARK=OFF" "-DJPEGXL_ENABLE_EXAMPLES=OFF" "-DJPEGXL_ENABLE_JNI=OFF" "-DJPEGXL_ENABLE_SJPEG=OFF" "-DJPEGXL_ENABLE_OPENEXR=OFF" "-DJPEGXL_BUNDLE_LIBPNG=OFF" "-DCMAKE_INSTALL_PREFIX=/opt/rustwide/target/debug/build/jpegxl-sys/b0ce95f47d801132/out" "-DCMAKE_C_FLAGS= -ffunction-sections -fdata-sections -fPIC -m64 -w" "-DCMAKE_C_COMPILER=/usr/bin/cc" "-DCMAKE_CXX_FLAGS= -ffunction-sections -fdata-sections -fPIC -m64 -w" "-DCMAKE_CXX_COMPILER=/usr/bin/c++" "-DCMAKE_ASM_FLAGS= -ffunction-sections -fdata-sections -fPIC -m64 -w" "-DCMAKE_ASM_COMPILER=/usr/bin/cc" "-DCMAKE_BUILD_TYPE=Debug"
[INFO] [stderr]   CMake Deprecation Warning at third_party/highway/CMakeLists.txt:28 (cmake_policy):
[INFO] [stderr]     The OLD behavior for policy CMP0111 will be removed from a future version
[INFO] [stderr]     of CMake.
[INFO] [stderr] 
[INFO] [stderr]     The cmake-policies(7) manual explains that the OLD behaviors of all
[INFO] [stderr]     policies are deprecated and that a policy should be set to OLD only under
[INFO] [stderr]     specific short-term circumstances.  Projects should be ported to the NEW
[INFO] [stderr]     behavior and not rely on setting a policy to OLD.
[INFO] [stderr] 
[INFO] [stderr] 
[INFO] [stderr]   -- Compiler is not EMSCRIPTEN
[INFO] [stderr]   CMake Warning:
[INFO] [stderr]     Manually-specified variables were not used by the project:
[INFO] [stderr] 
[INFO] [stderr]       CMAKE_ASM_COMPILER
[INFO] [stderr]       CMAKE_ASM_FLAGS
[INFO] [stderr] 
[INFO] [stderr] 
[INFO] [stderr]   running: cd "/opt/rustwide/target/debug/build/jpegxl-sys/b0ce95f47d801132/out/build" && CMAKE_BUILD_PARALLEL_LEVEL="16" LC_ALL="C" MAKEFLAGS="-j --jobserver-fds=4,5 --jobserver-auth=4,5" "cmake" "--build" "/opt/rustwide/target/debug/build/jpegxl-sys/b0ce95f47d801132/out/build" "--target" "install" "--config" "Debug"
[INFO] [stderr]   gmake: warning: -j16 forced in submake: resetting jobserver mode.
[INFO] [stderr]   c++: fatal error: Killed signal terminated program cc1plus
[INFO] [stderr]   compilation terminated.
[INFO] [stderr]   gmake[2]: *** [lib/CMakeFiles/jxl_enc-obj.dir/build.make:79: lib/CMakeFiles/jxl_enc-obj.dir/jxl/butteraugli/butteraugli.cc.o] Error 1
[INFO] [stderr]   gmake[2]: *** Waiting for unfinished jobs....
[INFO] [stderr]   c++: fatal error: Killed signal terminated program cc1plus
[INFO] [stderr]   compilation terminated.
[INFO] [stderr]   gmake[2]: *** [third_party/highway/CMakeFiles/hwy.dir/build.make:121: third_party/highway/CMakeFiles/hwy.dir/hwy/per_target.cc.o] Error 1
[INFO] [stderr]   gmake[2]: *** Waiting for unfinished jobs....
[INFO] [stderr]   c++: fatal error: Killed signal terminated program cc1plus
[INFO] [stderr]   compilation terminated.
[INFO] [stderr]   gmake[2]: *** [tools/CMakeFiles/enc_fast_lossless.dir/build.make:79: tools/CMakeFiles/enc_fast_lossless.dir/__/lib/jxl/enc_fast_lossless.cc.o] Error 1
[INFO] [stderr]   gmake[1]: *** [CMakeFiles/Makefile2:958: tools/CMakeFiles/enc_fast_lossless.dir/all] Error 2
[INFO] [stderr]   gmake[1]: *** Waiting for unfinished jobs....
[INFO] [stderr]   c++: fatal error: Killed signal terminated program cc1plus
[INFO] [stderr]   compilation terminated.
[INFO] [stderr]   gmake[2]: *** [lib/CMakeFiles/jxl_enc-obj.dir/build.make:93: lib/CMakeFiles/jxl_enc-obj.dir/jxl/enc_ac_strategy.cc.o] Error 1
[INFO] [stderr]   c++: fatal error: Killed signal terminated program cc1plus
[INFO] [stderr]   compilation terminated.
[INFO] [stderr]   gmake[2]: *** [third_party/highway/CMakeFiles/hwy.dir/build.make:107: third_party/highway/CMakeFiles/hwy.dir/hwy/nanobenchmark.cc.o] Error 1
[INFO] [stderr]   gmake[1]: *** [CMakeFiles/Makefile2:346: third_party/highway/CMakeFiles/hwy.dir/all] Error 2
[INFO] [stderr]   c++: fatal error: Killed signal terminated program cc1plus
[INFO] [stderr]   compilation terminated.
[INFO] [stderr]   gmake[2]: *** [lib/CMakeFiles/jxl_enc-obj.dir/build.make:107: lib/CMakeFiles/jxl_enc-obj.dir/jxl/enc_adaptive_quantization.cc.o] Error 1
[INFO] [stderr]   gmake[1]: *** [CMakeFiles/Makefile2:635: lib/CMakeFiles/jxl_enc-obj.dir/all] Error 2
[INFO] [stderr]   c++: fatal error: Killed signal terminated program cc1plus
[INFO] [stderr]   compilation terminated.
[INFO] [stderr]   gmake[2]: *** [lib/CMakeFiles/jxl_dec-obj.dir/build.make:177: lib/CMakeFiles/jxl_dec-obj.dir/jxl/compressed_dc.cc.o] Error 1
[INFO] [stderr]   gmake[2]: *** Waiting for unfinished jobs....
[INFO] [stderr]   c++: fatal error: Killed signal terminated program cc1plus
[INFO] [stderr]   compilation terminated.
[INFO] [stderr]   gmake[2]: *** [lib/CMakeFiles/jxl_dec-obj.dir/build.make:205: lib/CMakeFiles/jxl_dec-obj.dir/jxl/convolve_symmetric5.cc.o] Error 1
[INFO] [stderr]   gmake[1]: *** [CMakeFiles/Makefile2:603: lib/CMakeFiles/jxl_dec-obj.dir/all] Error 2
[INFO] [stderr]   gmake: *** [Makefile:146: all] Error 2
[INFO] [stderr] 
[INFO] [stderr]   thread 'main' (903) panicked at /opt/rustwide/cargo-home/registry/src/index.crates.io-1949cf8c6b5b557f/cmake-0.1.58/src/lib.rs:1132:5:
[INFO] [stderr] 
[INFO] [stderr]   command did not execute successfully, got: exit status: 2
[INFO] [stderr] 
[INFO] [stderr]   build script failed, must exit now
[INFO] [stderr]   stack backtrace:
[INFO] [stderr]      0:     0x6107a0b6edf1 - std[3164a59e47d3bde]::backtrace_rs::backtrace::libunwind::trace
[INFO] [stderr]                                  at /rustc/3154cc1a3e6424e44f438a95007d043ed5ceaaf6/library/std/src/../../backtrace/src/backtrace/libunwind.rs:117:9
[INFO] [stderr]      1:     0x6107a0b6edf1 - std[3164a59e47d3bde]::backtrace_rs::backtrace::trace_unsynchronized::<std[3164a59e47d3bde]::sys::backtrace::_print_fmt::{closure#1}>
[INFO] [stderr]                                  at /rustc/3154cc1a3e6424e44f438a95007d043ed5ceaaf6/library/std/src/../../backtrace/src/backtrace/mod.rs:66:14
[INFO] [stderr]      2:     0x6107a0b6edf1 - std[3164a59e47d3bde]::sys::backtrace::_print_fmt
[INFO] [stderr]                                  at /rustc/3154cc1a3e6424e44f438a95007d043ed5ceaaf6/library/std/src/sys/backtrace.rs:74:9
[INFO] [stderr]      3:     0x6107a0b6edf1 - <<std[3164a59e47d3bde]::sys::backtrace::BacktraceLock>::print::DisplayBacktrace as core[934024a1e6126fb4]::fmt::Display>::fmt
[INFO] [stderr]                                  at /rustc/3154cc1a3e6424e44f438a95007d043ed5ceaaf6/library/std/src/sys/backtrace.rs:44:26
[INFO] [stderr]      4:     0x6107a0b82faa - <core[934024a1e6126fb4]::fmt::rt::Argument>::fmt
[INFO] [stderr]                                  at /rustc/3154cc1a3e6424e44f438a95007d043ed5ceaaf6/library/core/src/fmt/rt.rs:152:76
[INFO] [stderr]      5:     0x6107a0b82faa - core[934024a1e6126fb4]::fmt::write
[INFO] [stderr]      6:     0x6107a0b747fc - core[934024a1e6126fb4]::io::write::default_write_fmt::<std[3164a59e47d3bde]::sys::stdio::unix::Stderr>
[INFO] [stderr]                                  at /rustc/3154cc1a3e6424e44f438a95007d043ed5ceaaf6/library/core/src/io/write.rs:402:11
[INFO] [stderr]      7:     0x6107a0b747fc - <std[3164a59e47d3bde]::sys::stdio::unix::Stderr as core[934024a1e6126fb4]::io::write::Write>::write_fmt
[INFO] [stderr]                                  at /rustc/3154cc1a3e6424e44f438a95007d043ed5ceaaf6/library/core/src/io/write.rs:335:13
[INFO] [stderr]      8:     0x6107a0b4b086 - <std[3164a59e47d3bde]::sys::backtrace::BacktraceLock>::print
[INFO] [stderr]                                  at /rustc/3154cc1a3e6424e44f438a95007d043ed5ceaaf6/library/std/src/sys/backtrace.rs:47:9
[INFO] [stderr]      9:     0x6107a0b4b086 - std[3164a59e47d3bde]::panicking::default_hook::{closure#0}
[INFO] [stderr]                                  at /rustc/3154cc1a3e6424e44f438a95007d043ed5ceaaf6/library/std/src/panicking.rs:289:27
[INFO] [stderr]     10:     0x6107a0b676f1 - std[3164a59e47d3bde]::panicking::default_hook
[INFO] [stderr]                                  at /rustc/3154cc1a3e6424e44f438a95007d043ed5ceaaf6/library/std/src/panicking.rs:316:9
[INFO] [stderr]     11:     0x6107a0b678ab - std[3164a59e47d3bde]::panicking::panic_with_hook
[INFO] [stderr]                                  at /rustc/3154cc1a3e6424e44f438a95007d043ed5ceaaf6/library/std/src/panicking.rs:811:13
[INFO] [stderr]     12:     0x6107a0b4b132 - std[3164a59e47d3bde]::panicking::panic_handler::{closure#0}
[INFO] [stderr]                                  at /rustc/3154cc1a3e6424e44f438a95007d043ed5ceaaf6/library/std/src/panicking.rs:685:13
[INFO] [stderr]     13:     0x6107a0b43e09 - std[3164a59e47d3bde]::sys::backtrace::__rust_end_short_backtrace::<std[3164a59e47d3bde]::panicking::panic_handler::{closure#0}, !>
[INFO] [stderr]                                  at /rustc/3154cc1a3e6424e44f438a95007d043ed5ceaaf6/library/std/src/sys/backtrace.rs:182:18
[INFO] [stderr]     14:     0x6107a0b4bcdd - __rustc[2e7b49d4226056d3]::rust_begin_unwind
[INFO] [stderr]                                  at /rustc/3154cc1a3e6424e44f438a95007d043ed5ceaaf6/library/std/src/panicking.rs:676:5
[INFO] [stderr]     15:     0x6107a0b8379c - core[934024a1e6126fb4]::panicking::panic_fmt
[INFO] [stderr]                                  at /rustc/3154cc1a3e6424e44f438a95007d043ed5ceaaf6/library/core/src/panicking.rs:80:14
[INFO] [stderr]     16:     0x6107a0ace407 - cmake[8e7acf7e8525d726]::fail
[INFO] [stderr]     17:     0x6107a0ace093 - cmake[8e7acf7e8525d726]::run
[INFO] [stderr]     18:     0x6107a0ad4065 - <cmake[8e7acf7e8525d726]::Config>::build
[INFO] [stderr]     19:     0x6107a0ac01ef - jpegxl_src[a3daef1314e48429]::build
[INFO] [stderr]     20:     0x6107a0abe7f7 - build_script_build[34aba3a24a7bf8a]::main
[INFO] [stderr]     21:     0x6107a0abe803 - <fn() as core[934024a1e6126fb4]::ops::function::FnOnce<()>>::call_once
[INFO] [stderr]     22:     0x6107a0abe7be - std[3164a59e47d3bde]::sys::backtrace::__rust_begin_short_backtrace::<fn(), ()>
[INFO] [stderr]     23:     0x6107a0abe7c9 - std[3164a59e47d3bde]::rt::lang_start::<()>::{closure#0}
[INFO] [stderr]     24:     0x6107a0b669f8 - <&dyn core[934024a1e6126fb4]::ops::function::Fn<(), Output = i32> + core[934024a1e6126fb4]::marker::Sync + core[934024a1e6126fb4]::panic::unwind_safe::RefUnwindSafe as core[934024a1e6126fb4]::ops::function::FnOnce<()>>::call_once
[INFO] [stderr]                                  at /rustc/3154cc1a3e6424e44f438a95007d043ed5ceaaf6/library/core/src/ops/function.rs:287:21
[INFO] [stderr]     25:     0x6107a0b669f8 - std[3164a59e47d3bde]::panicking::catch_unwind::do_call::<&dyn core[934024a1e6126fb4]::ops::function::Fn<(), Output = i32> + core[934024a1e6126fb4]::marker::Sync + core[934024a1e6126fb4]::panic::unwind_safe::RefUnwindSafe, i32>
[INFO] [stderr]                                  at /rustc/3154cc1a3e6424e44f438a95007d043ed5ceaaf6/library/std/src/panicking.rs:573:43
[INFO] [stderr]     26:     0x6107a0b669f8 - std[3164a59e47d3bde]::panicking::catch_unwind::<i32, &dyn core[934024a1e6126fb4]::ops::function::Fn<(), Output = i32> + core[934024a1e6126fb4]::marker::Sync + core[934024a1e6126fb4]::panic::unwind_safe::RefUnwindSafe>
[INFO] [stderr]                                  at /rustc/3154cc1a3e6424e44f438a95007d043ed5ceaaf6/library/std/src/panicking.rs:541:19
[INFO] [stderr]     27:     0x6107a0b669f8 - std[3164a59e47d3bde]::panic::catch_unwind::<&dyn core[934024a1e6126fb4]::ops::function::Fn<(), Output = i32> + core[934024a1e6126fb4]::marker::Sync + core[934024a1e6126fb4]::panic::unwind_safe::RefUnwindSafe, i32>
[INFO] [stderr]                                  at /rustc/3154cc1a3e6424e44f438a95007d043ed5ceaaf6/library/std/src/panic.rs:359:14
[INFO] [stderr]     28:     0x6107a0b669f8 - std[3164a59e47d3bde]::rt::lang_start_internal::{closure#0}
[INFO] [stderr]                                  at /rustc/3154cc1a3e6424e44f438a95007d043ed5ceaaf6/library/std/src/rt.rs:175:24
[INFO] [stderr]     29:     0x6107a0b669f8 - std[3164a59e47d3bde]::panicking::catch_unwind::do_call::<std[3164a59e47d3bde]::rt::lang_start_internal::{closure#0}, isize>
[INFO] [stderr]                                  at /rustc/3154cc1a3e6424e44f438a95007d043ed5ceaaf6/library/std/src/panicking.rs:573:43
[INFO] [stderr]     30:     0x6107a0b669f8 - std[3164a59e47d3bde]::panicking::catch_unwind::<isize, std[3164a59e47d3bde]::rt::lang_start_internal::{closure#0}>
[INFO] [stderr]                                  at /rustc/3154cc1a3e6424e44f438a95007d043ed5ceaaf6/library/std/src/panicking.rs:541:19
[INFO] [stderr]     31:     0x6107a0b669f8 - std[3164a59e47d3bde]::panic::catch_unwind::<std[3164a59e47d3bde]::rt::lang_start_internal::{closure#0}, isize>
[INFO] [stderr]                                  at /rustc/3154cc1a3e6424e44f438a95007d043ed5ceaaf6/library/std/src/panic.rs:359:14
[INFO] [stderr]     32:     0x6107a0b669f8 - std[3164a59e47d3bde]::rt::lang_start_internal
[INFO] [stderr]                                  at /rustc/3154cc1a3e6424e44f438a95007d043ed5ceaaf6/library/std/src/rt.rs:171:5
[INFO] [stderr]     33:     0x6107a0abe7b1 - std[3164a59e47d3bde]::rt::lang_start::<()>
[INFO] [stderr]     34:     0x6107a0abe845 - main
[INFO] [stderr]     35:     0x7f9bc2ac8601 - <unknown>
[INFO] [stderr]     36:     0x7f9bc2ac8718 - __libc_start_main
[INFO] [stderr]     37:     0x6107a0abe6c5 - _start
[INFO] [stderr]     38:                0x0 - <unknown>
[INFO] running `Command { std: "docker" "inspect" "a8e0dab357261c29fa16e4bff25496bed9593aa21b165e7cc7414f297d81d5aa", kill_on_drop: false }`
[INFO] running `Command { std: "docker" "rm" "-f" "a8e0dab357261c29fa16e4bff25496bed9593aa21b165e7cc7414f297d81d5aa", kill_on_drop: false }`
[INFO] [stdout] a8e0dab357261c29fa16e4bff25496bed9593aa21b165e7cc7414f297d81d5aa
