[INFO] fetching crate jqf-engine 0.1.1...
[INFO] checking jqf-engine-0.1.1 against 3154cc1a3e6424e44f438a95007d043ed5ceaaf6+rustflags=-Znext-solver=coherence for pr-133502-30
[INFO] extracting crate jqf-engine 0.1.1 into /workspace/builds/worker-6-tc1/source
[INFO] started tweaking crates.io crate jqf-engine 0.1.1
[INFO] removed 0 missing tests
[INFO] finished tweaking crates.io crate jqf-engine 0.1.1
[INFO] tweaked toml for crates.io crate jqf-engine 0.1.1 written to /workspace/builds/worker-6-tc1/source/Cargo.toml
[INFO] validating manifest of crates.io crate jqf-engine 0.1.1 on toolchain 3154cc1a3e6424e44f438a95007d043ed5ceaaf6
[INFO] running `Command { std: CARGO_HOME="/workspace/cargo-home" RUSTUP_HOME="/workspace/rustup-home" "/workspace/cargo-home/bin/cargo" "+3154cc1a3e6424e44f438a95007d043ed5ceaaf6" "metadata" "--manifest-path" "Cargo.toml" "--no-deps", kill_on_drop: false }`
[INFO] crate crates.io crate jqf-engine 0.1.1 already has a lockfile, it will not be regenerated
[INFO] running `Command { std: CARGO_HOME="/workspace/cargo-home" RUSTUP_HOME="/workspace/rustup-home" "/workspace/cargo-home/bin/cargo" "+3154cc1a3e6424e44f438a95007d043ed5ceaaf6" "fetch" "--manifest-path" "Cargo.toml", kill_on_drop: false }`
[INFO] [stderr]     Updating crates.io index
[INFO] [stderr]  Downloading crates ...
[INFO] [stderr]   Downloaded jqf-source v0.1.1
[INFO] [stderr]   Downloaded triomphe v0.1.16
[INFO] [stderr]   Downloaded jqf-resource v0.1.1
[INFO] [stderr]   Downloaded caseless v0.2.2
[INFO] [stderr]   Downloaded uuid v1.25.0
[INFO] [stderr]   Downloaded jqf-syntax v0.1.1
[INFO] [stderr]   Downloaded jqf-codec-core v0.1.1
[INFO] [stderr]   Downloaded jqf-data v0.1.1
[INFO] [stderr]   Downloaded jqf-codec-json v0.1.1
[INFO] [stderr]   Downloaded jqf-builtins v0.1.1
[INFO] running `Command { std: "docker" "create" "-v" "/var/lib/crater-agent-workspace/builds/worker-6-tc1/source:/opt/rustwide/workdir:ro,Z" "-v" "/var/lib/crater-agent-workspace/builds/worker-6-tc1/target:/opt/rustwide/target:rw,Z" "-v" "/var/lib/crater-agent-workspace/cargo-home:/opt/rustwide/cargo-home:ro,Z" "-v" "/var/lib/crater-agent-workspace/rustup-home:/opt/rustwide/rustup-home:ro,Z" "-m" "1610612736" "--network" "none" "ghcr.io/rust-lang/crates-build-env/linux@sha256:77db811e55d90add9212f6832c23229e3de5f1c1f9905e8cb07319ea15df73ac" "sleep" "infinity", kill_on_drop: false }`
[INFO] [stdout] aba4b8500907c1cfea9eeef65f449ecae546a863cad3ce306d4b782c1c6ce739
[INFO] running `Command { std: "docker" "start" "aba4b8500907c1cfea9eeef65f449ecae546a863cad3ce306d4b782c1c6ce739", kill_on_drop: false }`
[INFO] running `Command { std: "docker" "inspect" "aba4b8500907c1cfea9eeef65f449ecae546a863cad3ce306d4b782c1c6ce739", kill_on_drop: false }`
[INFO] running `Command { std: "docker" "exec" "-e" "SOURCE_DIR=/opt/rustwide/workdir" "-e" "CARGO_HOME=/opt/rustwide/cargo-home" "-e" "RUSTUP_HOME=/opt/rustwide/rustup-home" "-e" "CARGO_TARGET_DIR=/opt/rustwide/target" "-w" "/opt/rustwide/workdir" "--user" "0:0" "aba4b8500907c1cfea9eeef65f449ecae546a863cad3ce306d4b782c1c6ce739" "/opt/rustwide/cargo-home/bin/cargo" "+3154cc1a3e6424e44f438a95007d043ed5ceaaf6" "metadata" "--no-deps" "--format-version=1", kill_on_drop: false }`
[INFO] running `Command { std: "docker" "inspect" "aba4b8500907c1cfea9eeef65f449ecae546a863cad3ce306d4b782c1c6ce739", kill_on_drop: false }`
[INFO] running `Command { std: "docker" "exec" "-e" "SOURCE_DIR=/opt/rustwide/workdir" "-e" "CARGO_HOME=/opt/rustwide/cargo-home" "-e" "RUSTUP_HOME=/opt/rustwide/rustup-home" "-e" "CARGO_TARGET_DIR=/opt/rustwide/target" "-e" "CARGO_INCREMENTAL=0" "-e" "RUST_BACKTRACE=full" "-e" "RUSTFLAGS=--cap-lints=forbid -Znext-solver=coherence" "-e" "RUSTDOCFLAGS=--cap-lints=forbid" "-w" "/opt/rustwide/workdir" "--user" "0:0" "aba4b8500907c1cfea9eeef65f449ecae546a863cad3ce306d4b782c1c6ce739" "/opt/rustwide/cargo-home/bin/cargo" "+3154cc1a3e6424e44f438a95007d043ed5ceaaf6" "check" "--frozen" "--all" "--all-targets" "--message-format=json", kill_on_drop: false }`
[INFO] [stderr]     Checking hybrid-array v0.4.14
[INFO] [stderr]     Checking jqf-source v0.1.1
[INFO] [stderr]    Compiling find-msvc-tools v0.1.11
[INFO] [stderr]    Compiling libc v0.2.189
[INFO] [stderr]     Checking triomphe v0.1.16
[INFO] [stderr]     Checking bit-vec v0.8.0
[INFO] [stderr]     Checking constant_time_eq v0.4.2
[INFO] [stderr]     Checking aho-corasick v1.1.5
[INFO] [stderr]     Checking tinyvec v1.12.0
[INFO] [stderr]     Checking miniz_oxide v0.8.9
[INFO] [stderr]     Checking base64 v0.22.1
[INFO] [stderr]     Checking xxhash-rust v0.8.18
[INFO] [stderr]    Compiling cc v1.4.4
[INFO] [stderr]     Checking jqf-resource v0.1.1
[INFO] [stderr]     Checking jqf-syntax v0.1.1
[INFO] [stderr]     Checking bit-set v0.8.0
[INFO] [stderr]     Checking unicode-normalization v0.1.25
[INFO] [stderr]     Checking jqf-data v0.1.1
[INFO] [stderr]     Checking caseless v0.2.2
[INFO] [stderr]     Checking crypto-common v0.2.2
[INFO] [stderr]     Checking block-buffer v0.12.1
[INFO] [stderr]    Compiling blake3 v1.8.7
[INFO] [stderr]     Checking getrandom v0.4.3
[INFO] [stderr]     Checking regex-automata v0.4.18
[INFO] [stderr]     Checking uuid v1.25.0
[INFO] [stderr]     Checking digest v0.11.3
[INFO] [stderr]     Checking sha2 v0.11.0
[INFO] [stderr]     Checking sha1 v0.11.0
[INFO] [stderr]     Checking md-5 v0.11.0
[INFO] [stderr]     Checking jqf-codec-core v0.1.1
[INFO] [stderr]     Checking jqf-codec-json v0.1.1
[INFO] [stderr]     Checking regex v1.13.1
[INFO] [stderr]     Checking fancy-regex v0.19.0
[INFO] [stderr]     Checking jqf-builtins v0.1.1
[INFO] [stderr]     Checking jqf-engine v0.1.1 (/opt/rustwide/workdir)
[INFO] [stdout] error[E0432]: unresolved import `jqf_sdk`
[INFO] [stdout]   --> tests/interpolation.rs:12:5
[INFO] [stdout]    |
[INFO] [stdout] 12 | use jqf_sdk::{CodecCatalog, Diagnostics, EncodedItemReport, FacadeFraming, ItemSink, PipelinePolicy};
[INFO] [stdout]    |     ^^^^^^^ use of unresolved module or unlinked crate `jqf_sdk`
[INFO] [stdout]    |
[INFO] [stdout]    = help: if you wanted to use a crate named `jqf_sdk`, use `cargo add jqf_sdk` to add it to your `Cargo.toml`
[INFO] [stdout] 
[INFO] [stdout] 
[INFO] [stdout] error[E0432]: unresolved import `jqf_sdk`
[INFO] [stdout]   --> tests/keyed_spill_trigger.rs:23:5
[INFO] [stdout]    |
[INFO] [stdout] 23 | use jqf_sdk::{CodecCatalog, Diagnostics, EncodedItemReport, FacadeFraming, ItemSink, PipelinePolicy};
[INFO] [stdout]    |     ^^^^^^^ use of unresolved module or unlinked crate `jqf_sdk`
[INFO] [stdout]    |
[INFO] [stdout]    = help: if you wanted to use a crate named `jqf_sdk`, use `cargo add jqf_sdk` to add it to your `Cargo.toml`
[INFO] [stdout] 
[INFO] [stdout] 
[INFO] [stdout] error[E0432]: unresolved import `jqf_sdk`
[INFO] [stdout]   --> tests/module_pipeline.rs:19:5
[INFO] [stdout]    |
[INFO] [stdout] 19 | use jqf_sdk::{CodecCatalog, Diagnostics, EncodedItemReport, FacadeFraming, ItemSink, PipelinePolicy};
[INFO] [stdout]    |     ^^^^^^^ use of unresolved module or unlinked crate `jqf_sdk`
[INFO] [stdout]    |
[INFO] [stdout]    = help: if you wanted to use a crate named `jqf_sdk`, use `cargo add jqf_sdk` to add it to your `Cargo.toml`
[INFO] [stdout] 
[INFO] [stdout] 
[INFO] [stdout] error[E0433]: cannot find module or crate `jqf_sdk` in this scope
[INFO] [stdout]   --> tests/interpolation.rs:93:52
[INFO] [stdout]    |
[INFO] [stdout] 93 |     let request = jqf_sdk::Request::new(&compiled, jqf_sdk::Input::Whole(input.as_bytes()))
[INFO] [stdout]    |                                                    ^^^^^^^ use of unresolved module or unlinked crate `jqf_sdk`
[INFO] [stdout]    |
[INFO] [stdout]    = help: if you wanted to use a crate named `jqf_sdk`, use `cargo add jqf_sdk` to add it to your `Cargo.toml`
[INFO] [stdout] help: there is an enum variant `crate::SourceKind::Input` and 4 others; try using the variant's enum
[INFO] [stdout]    |
[INFO] [stdout] 93 -     let request = jqf_sdk::Request::new(&compiled, jqf_sdk::Input::Whole(input.as_bytes()))
[INFO] [stdout] 93 +     let request = jqf_sdk::Request::new(&compiled, crate::SourceKind::Whole(input.as_bytes()))
[INFO] [stdout]    |
[INFO] [stdout] 93 -     let request = jqf_sdk::Request::new(&compiled, jqf_sdk::Input::Whole(input.as_bytes()))
[INFO] [stdout] 93 +     let request = jqf_sdk::Request::new(&compiled, jqf_builtins::registry::builtins::process::ProcessLaw::Whole(input.as_bytes()))
[INFO] [stdout]    |
[INFO] [stdout] 93 -     let request = jqf_sdk::Request::new(&compiled, jqf_sdk::Input::Whole(input.as_bytes()))
[INFO] [stdout] 93 +     let request = jqf_sdk::Request::new(&compiled, jqf_engine::EngineCompileError::Whole(input.as_bytes()))
[INFO] [stdout]    |
[INFO] [stdout] 93 -     let request = jqf_sdk::Request::new(&compiled, jqf_sdk::Input::Whole(input.as_bytes()))
[INFO] [stdout] 93 +     let request = jqf_sdk::Request::new(&compiled, jqf_source::SourceKind::Whole(input.as_bytes()))
[INFO] [stdout]    |
[INFO] [stdout] 
[INFO] [stdout] 
[INFO] [stdout] error[E0433]: cannot find module or crate `jqf_sdk` in this scope
[INFO] [stdout]    --> tests/interpolation.rs:152:52
[INFO] [stdout]     |
[INFO] [stdout] 152 |     let request = jqf_sdk::Request::new(&compiled, jqf_sdk::Input::Whole(input.as_bytes()))
[INFO] [stdout]     |                                                    ^^^^^^^ use of unresolved module or unlinked crate `jqf_sdk`
[INFO] [stdout]     |
[INFO] [stdout]     = help: if you wanted to use a crate named `jqf_sdk`, use `cargo add jqf_sdk` to add it to your `Cargo.toml`
[INFO] [stdout] help: there is an enum variant `crate::SourceKind::Input` and 4 others; try using the variant's enum
[INFO] [stdout]     |
[INFO] [stdout] 152 -     let request = jqf_sdk::Request::new(&compiled, jqf_sdk::Input::Whole(input.as_bytes()))
[INFO] [stdout] 152 +     let request = jqf_sdk::Request::new(&compiled, crate::SourceKind::Whole(input.as_bytes()))
[INFO] [stdout]     |
[INFO] [stdout] 152 -     let request = jqf_sdk::Request::new(&compiled, jqf_sdk::Input::Whole(input.as_bytes()))
[INFO] [stdout] 152 +     let request = jqf_sdk::Request::new(&compiled, jqf_builtins::registry::builtins::process::ProcessLaw::Whole(input.as_bytes()))
[INFO] [stdout]     |
[INFO] [stdout] 152 -     let request = jqf_sdk::Request::new(&compiled, jqf_sdk::Input::Whole(input.as_bytes()))
[INFO] [stdout] 152 +     let request = jqf_sdk::Request::new(&compiled, jqf_engine::EngineCompileError::Whole(input.as_bytes()))
[INFO] [stdout]     |
[INFO] [stdout] 152 -     let request = jqf_sdk::Request::new(&compiled, jqf_sdk::Input::Whole(input.as_bytes()))
[INFO] [stdout] 152 +     let request = jqf_sdk::Request::new(&compiled, jqf_source::SourceKind::Whole(input.as_bytes()))
[INFO] [stdout]     |
[INFO] [stdout] 
[INFO] [stdout] 
[INFO] [stdout] error[E0433]: cannot find module or crate `jqf_sdk` in this scope
[INFO] [stdout]    --> tests/module_pipeline.rs:151:52
[INFO] [stdout]     |
[INFO] [stdout] 151 |     let request = jqf_sdk::Request::new(&compiled, jqf_sdk::Input::Whole(input.as_bytes()))
[INFO] [stdout]     |                                                    ^^^^^^^ use of unresolved module or unlinked crate `jqf_sdk`
[INFO] [stdout]     |
[INFO] [stdout]     = help: if you wanted to use a crate named `jqf_sdk`, use `cargo add jqf_sdk` to add it to your `Cargo.toml`
[INFO] [stdout] help: there is an enum variant `crate::EngineCompileError::Input` and 5 others; try using the variant's enum
[INFO] [stdout]     |
[INFO] [stdout] 151 -     let request = jqf_sdk::Request::new(&compiled, jqf_sdk::Input::Whole(input.as_bytes()))
[INFO] [stdout] 151 +     let request = jqf_sdk::Request::new(&compiled, crate::EngineCompileError::Whole(input.as_bytes()))
[INFO] [stdout]     |
[INFO] [stdout] 151 -     let request = jqf_sdk::Request::new(&compiled, jqf_sdk::Input::Whole(input.as_bytes()))
[INFO] [stdout] 151 +     let request = jqf_sdk::Request::new(&compiled, crate::SourceKind::Whole(input.as_bytes()))
[INFO] [stdout]     |
[INFO] [stdout] 151 -     let request = jqf_sdk::Request::new(&compiled, jqf_sdk::Input::Whole(input.as_bytes()))
[INFO] [stdout] 151 +     let request = jqf_sdk::Request::new(&compiled, jqf_builtins::registry::builtins::process::ProcessLaw::Whole(input.as_bytes()))
[INFO] [stdout]     |
[INFO] [stdout] 151 -     let request = jqf_sdk::Request::new(&compiled, jqf_sdk::Input::Whole(input.as_bytes()))
[INFO] [stdout] 151 +     let request = jqf_sdk::Request::new(&compiled, jqf_engine::EngineCompileError::Whole(input.as_bytes()))
[INFO] [stdout]     |
[INFO] [stdout]     = and 1 other candidate
[INFO] [stdout] 
[INFO] [stdout] 
[INFO] [stdout] error[E0433]: cannot find module or crate `jqf_sdk` in this scope
[INFO] [stdout]   --> tests/interpolation.rs:93:19
[INFO] [stdout]    |
[INFO] [stdout] 93 |     let request = jqf_sdk::Request::new(&compiled, jqf_sdk::Input::Whole(input.as_bytes()))
[INFO] [stdout]    |                   ^^^^^^^ use of unresolved module or unlinked crate `jqf_sdk`
[INFO] [stdout]    |
[INFO] [stdout]    = help: if you wanted to use a crate named `jqf_sdk`, use `cargo add jqf_sdk` to add it to your `Cargo.toml`
[INFO] [stdout] help: consider importing this struct
[INFO] [stdout]    |
[INFO] [stdout]  8 + use std::error::Request;
[INFO] [stdout]    |
[INFO] [stdout] help: if you import `Request`, refer to it directly
[INFO] [stdout]    |
[INFO] [stdout] 93 -     let request = jqf_sdk::Request::new(&compiled, jqf_sdk::Input::Whole(input.as_bytes()))
[INFO] [stdout] 93 +     let request = Request::new(&compiled, jqf_sdk::Input::Whole(input.as_bytes()))
[INFO] [stdout]    |
[INFO] [stdout] 
[INFO] [stdout] 
[INFO] [stdout] error[E0433]: cannot find module or crate `jqf_sdk` in this scope
[INFO] [stdout]    --> tests/module_pipeline.rs:151:19
[INFO] [stdout]     |
[INFO] [stdout] 151 |     let request = jqf_sdk::Request::new(&compiled, jqf_sdk::Input::Whole(input.as_bytes()))
[INFO] [stdout]     |                   ^^^^^^^ use of unresolved module or unlinked crate `jqf_sdk`
[INFO] [stdout]     |
[INFO] [stdout]     = help: if you wanted to use a crate named `jqf_sdk`, use `cargo add jqf_sdk` to add it to your `Cargo.toml`
[INFO] [stdout] help: consider importing this struct
[INFO] [stdout]     |
[INFO] [stdout]   5 + use std::error::Request;
[INFO] [stdout]     |
[INFO] [stdout] help: if you import `Request`, refer to it directly
[INFO] [stdout]     |
[INFO] [stdout] 151 -     let request = jqf_sdk::Request::new(&compiled, jqf_sdk::Input::Whole(input.as_bytes()))
[INFO] [stdout] 151 +     let request = Request::new(&compiled, jqf_sdk::Input::Whole(input.as_bytes()))
[INFO] [stdout]     |
[INFO] [stdout] 
[INFO] [stdout] 
[INFO] [stdout] error[E0433]: cannot find module or crate `jqf_sdk` in this scope
[INFO] [stdout]    --> tests/interpolation.rs:152:19
[INFO] [stdout]     |
[INFO] [stdout] 152 |     let request = jqf_sdk::Request::new(&compiled, jqf_sdk::Input::Whole(input.as_bytes()))
[INFO] [stdout]     |                   ^^^^^^^ use of unresolved module or unlinked crate `jqf_sdk`
[INFO] [stdout]     |
[INFO] [stdout]     = help: if you wanted to use a crate named `jqf_sdk`, use `cargo add jqf_sdk` to add it to your `Cargo.toml`
[INFO] [stdout] help: consider importing this struct
[INFO] [stdout]     |
[INFO] [stdout]   8 + use std::error::Request;
[INFO] [stdout]     |
[INFO] [stdout] help: if you import `Request`, refer to it directly
[INFO] [stdout]     |
[INFO] [stdout] 152 -     let request = jqf_sdk::Request::new(&compiled, jqf_sdk::Input::Whole(input.as_bytes()))
[INFO] [stdout] 152 +     let request = Request::new(&compiled, jqf_sdk::Input::Whole(input.as_bytes()))
[INFO] [stdout]     |
[INFO] [stdout] 
[INFO] [stdout] 
[INFO] [stdout] error[E0432]: unresolved import `jqf_sdk`
[INFO] [stdout]   --> tests/loc_operand.rs:22:5
[INFO] [stdout]    |
[INFO] [stdout] 22 | use jqf_sdk::{CodecCatalog, Diagnostics, EncodedItemReport, FacadeFraming, ItemSink, PipelinePolicy};
[INFO] [stdout]    |     ^^^^^^^ use of unresolved module or unlinked crate `jqf_sdk`
[INFO] [stdout]    |
[INFO] [stdout]    = help: if you wanted to use a crate named `jqf_sdk`, use `cargo add jqf_sdk` to add it to your `Cargo.toml`
[INFO] [stdout] 
[INFO] [stdout] 
[INFO] [stdout] error[E0433]: cannot find module or crate `jqf_sdk` in this scope
[INFO] [stdout]    --> tests/module_pipeline.rs:161:11
[INFO] [stdout]     |
[INFO] [stdout] 161 |     match jqf_sdk::execute(request, &mut sink) {
[INFO] [stdout]     |           ^^^^^^^ use of unresolved module or unlinked crate `jqf_sdk`
[INFO] [stdout]     |
[INFO] [stdout]     = help: if you wanted to use a crate named `jqf_sdk`, use `cargo add jqf_sdk` to add it to your `Cargo.toml`
[INFO] [stdout] 
[INFO] [stdout] 
[INFO] [stdout] Some errors have detailed explanations: E0432, E0433.
[INFO] [stdout] 
[INFO] [stdout] For more information about an error, try `rustc --explain E0432`.
[INFO] [stdout] 
[INFO] [stdout] error[E0433]: cannot find module or crate `jqf_sdk` in this scope
[INFO] [stdout]    --> tests/interpolation.rs:103:11
[INFO] [stdout]     |
[INFO] [stdout] 103 |     match jqf_sdk::execute(request, &mut sink) {
[INFO] [stdout]     |           ^^^^^^^ use of unresolved module or unlinked crate `jqf_sdk`
[INFO] [stdout]     |
[INFO] [stdout]     = help: if you wanted to use a crate named `jqf_sdk`, use `cargo add jqf_sdk` to add it to your `Cargo.toml`
[INFO] [stdout] 
[INFO] [stdout] 
[INFO] [stdout] error[E0433]: cannot find module or crate `jqf_sdk` in this scope
[INFO] [stdout]    --> tests/interpolation.rs:162:11
[INFO] [stdout]     |
[INFO] [stdout] 162 |     match jqf_sdk::execute(request, &mut sink) {
[INFO] [stdout]     |           ^^^^^^^ use of unresolved module or unlinked crate `jqf_sdk`
[INFO] [stdout]     |
[INFO] [stdout]     = help: if you wanted to use a crate named `jqf_sdk`, use `cargo add jqf_sdk` to add it to your `Cargo.toml`
[INFO] [stdout] 
[INFO] [stdout] 
[INFO] [stdout] Some errors have detailed explanations: E0432, E0433.
[INFO] [stdout] 
[INFO] [stdout] For more information about an error, try `rustc --explain E0432`.
[INFO] [stdout] 
[INFO] [stdout] error[E0432]: unresolved import `jqf_sdk`
[INFO] [stdout]   --> tests/streamed_group_by.rs:18:5
[INFO] [stdout]    |
[INFO] [stdout] 18 | use jqf_sdk::{
[INFO] [stdout]    |     ^^^^^^^ use of unresolved module or unlinked crate `jqf_sdk`
[INFO] [stdout]    |
[INFO] [stdout]    = help: if you wanted to use a crate named `jqf_sdk`, use `cargo add jqf_sdk` to add it to your `Cargo.toml`
[INFO] [stdout] 
[INFO] [stdout] 
[INFO] [stderr] error: could not compile `jqf-engine` (test "module_pipeline") due to 4 previous errors
[INFO] [stderr] warning: build failed, waiting for other jobs to finish...
[INFO] [stderr] error: could not compile `jqf-engine` (test "interpolation") due to 7 previous errors
[INFO] [stdout] error[E0432]: unresolved import `jqf_sdk`
[INFO] [stdout]   --> tests/path_laws.rs:21:5
[INFO] [stdout]    |
[INFO] [stdout] 21 | use jqf_sdk::{CodecCatalog, Diagnostics, EncodedItemReport, FacadeFraming, ItemSink, PipelinePolicy};
[INFO] [stdout]    |     ^^^^^^^ use of unresolved module or unlinked crate `jqf_sdk`
[INFO] [stdout]    |
[INFO] [stdout]    = help: if you wanted to use a crate named `jqf_sdk`, use `cargo add jqf_sdk` to add it to your `Cargo.toml`
[INFO] [stdout] 
[INFO] [stdout] 
[INFO] [stdout] error[E0433]: cannot find module or crate `jqf_sdk` in this scope
[INFO] [stdout]    --> tests/keyed_spill_trigger.rs:195:52
[INFO] [stdout]     |
[INFO] [stdout] 195 |     let request = jqf_sdk::Request::new(&compiled, jqf_sdk::Input::Whole(input.as_bytes()))
[INFO] [stdout]     |                                                    ^^^^^^^ use of unresolved module or unlinked crate `jqf_sdk`
[INFO] [stdout]     |
[INFO] [stdout]     = help: if you wanted to use a crate named `jqf_sdk`, use `cargo add jqf_sdk` to add it to your `Cargo.toml`
[INFO] [stdout] help: there is an enum variant `crate::SourceKind::Input` and 4 others; try using the variant's enum
[INFO] [stdout]     |
[INFO] [stdout] 195 -     let request = jqf_sdk::Request::new(&compiled, jqf_sdk::Input::Whole(input.as_bytes()))
[INFO] [stdout] 195 +     let request = jqf_sdk::Request::new(&compiled, crate::SourceKind::Whole(input.as_bytes()))
[INFO] [stdout]     |
[INFO] [stdout] 195 -     let request = jqf_sdk::Request::new(&compiled, jqf_sdk::Input::Whole(input.as_bytes()))
[INFO] [stdout] 195 +     let request = jqf_sdk::Request::new(&compiled, jqf_builtins::registry::builtins::process::ProcessLaw::Whole(input.as_bytes()))
[INFO] [stdout]     |
[INFO] [stdout] 195 -     let request = jqf_sdk::Request::new(&compiled, jqf_sdk::Input::Whole(input.as_bytes()))
[INFO] [stdout] 195 +     let request = jqf_sdk::Request::new(&compiled, jqf_engine::EngineCompileError::Whole(input.as_bytes()))
[INFO] [stdout]     |
[INFO] [stdout] 195 -     let request = jqf_sdk::Request::new(&compiled, jqf_sdk::Input::Whole(input.as_bytes()))
[INFO] [stdout] 195 +     let request = jqf_sdk::Request::new(&compiled, jqf_source::SourceKind::Whole(input.as_bytes()))
[INFO] [stdout]     |
[INFO] [stdout] 
[INFO] [stdout] 
[INFO] [stdout] error[E0433]: cannot find module or crate `jqf_sdk` in this scope
[INFO] [stdout]    --> tests/keyed_spill_trigger.rs:195:19
[INFO] [stdout]     |
[INFO] [stdout] 195 |     let request = jqf_sdk::Request::new(&compiled, jqf_sdk::Input::Whole(input.as_bytes()))
[INFO] [stdout]     |                   ^^^^^^^ use of unresolved module or unlinked crate `jqf_sdk`
[INFO] [stdout]     |
[INFO] [stdout]     = help: if you wanted to use a crate named `jqf_sdk`, use `cargo add jqf_sdk` to add it to your `Cargo.toml`
[INFO] [stdout] help: consider importing this struct
[INFO] [stdout]     |
[INFO] [stdout]  13 + use std::error::Request;
[INFO] [stdout]     |
[INFO] [stdout] help: if you import `Request`, refer to it directly
[INFO] [stdout]     |
[INFO] [stdout] 195 -     let request = jqf_sdk::Request::new(&compiled, jqf_sdk::Input::Whole(input.as_bytes()))
[INFO] [stdout] 195 +     let request = Request::new(&compiled, jqf_sdk::Input::Whole(input.as_bytes()))
[INFO] [stdout]     |
[INFO] [stdout] 
[INFO] [stdout] 
[INFO] [stdout] error[E0433]: cannot find module or crate `jqf_sdk` in this scope
[INFO] [stdout]    --> tests/loc_operand.rs:105:52
[INFO] [stdout]     |
[INFO] [stdout] 105 |     let request = jqf_sdk::Request::new(&compiled, jqf_sdk::Input::Whole(input.as_bytes()))
[INFO] [stdout]     |                                                    ^^^^^^^ use of unresolved module or unlinked crate `jqf_sdk`
[INFO] [stdout]     |
[INFO] [stdout]     = help: if you wanted to use a crate named `jqf_sdk`, use `cargo add jqf_sdk` to add it to your `Cargo.toml`
[INFO] [stdout] help: there is an enum variant `crate::EngineCompileError::Input` and 5 others; try using the variant's enum
[INFO] [stdout]     |
[INFO] [stdout] 105 -     let request = jqf_sdk::Request::new(&compiled, jqf_sdk::Input::Whole(input.as_bytes()))
[INFO] [stdout] 105 +     let request = jqf_sdk::Request::new(&compiled, crate::EngineCompileError::Whole(input.as_bytes()))
[INFO] [stdout]     |
[INFO] [stdout] 105 -     let request = jqf_sdk::Request::new(&compiled, jqf_sdk::Input::Whole(input.as_bytes()))
[INFO] [stdout] 105 +     let request = jqf_sdk::Request::new(&compiled, crate::SourceKind::Whole(input.as_bytes()))
[INFO] [stdout]     |
[INFO] [stdout] 105 -     let request = jqf_sdk::Request::new(&compiled, jqf_sdk::Input::Whole(input.as_bytes()))
[INFO] [stdout] 105 +     let request = jqf_sdk::Request::new(&compiled, jqf_builtins::registry::builtins::process::ProcessLaw::Whole(input.as_bytes()))
[INFO] [stdout]     |
[INFO] [stdout] 105 -     let request = jqf_sdk::Request::new(&compiled, jqf_sdk::Input::Whole(input.as_bytes()))
[INFO] [stdout] 105 +     let request = jqf_sdk::Request::new(&compiled, jqf_engine::EngineCompileError::Whole(input.as_bytes()))
[INFO] [stdout]     |
[INFO] [stdout]     = and 1 other candidate
[INFO] [stdout] 
[INFO] [stdout] 
[INFO] [stdout] error[E0433]: cannot find module or crate `jqf_sdk` in this scope
[INFO] [stdout]    --> tests/keyed_spill_trigger.rs:205:11
[INFO] [stdout]     |
[INFO] [stdout] 205 |     match jqf_sdk::execute(request, &mut sink) {
[INFO] [stdout]     |           ^^^^^^^ use of unresolved module or unlinked crate `jqf_sdk`
[INFO] [stdout]     |
[INFO] [stdout]     = help: if you wanted to use a crate named `jqf_sdk`, use `cargo add jqf_sdk` to add it to your `Cargo.toml`
[INFO] [stdout] 
[INFO] [stdout] 
[INFO] [stdout] Some errors have detailed explanations: E0432, E0433.
[INFO] [stdout] 
[INFO] [stdout] For more information about an error, try `rustc --explain E0432`.
[INFO] [stdout] 
[INFO] [stderr] error: could not compile `jqf-engine` (test "keyed_spill_trigger") due to 4 previous errors
[INFO] [stdout] error[E0433]: cannot find module or crate `jqf_sdk` in this scope
[INFO] [stdout]    --> tests/path_laws.rs:104:52
[INFO] [stdout]     |
[INFO] [stdout] 104 |     let request = jqf_sdk::Request::new(&compiled, jqf_sdk::Input::Whole(input.as_bytes()))
[INFO] [stdout]     |                                                    ^^^^^^^ use of unresolved module or unlinked crate `jqf_sdk`
[INFO] [stdout]     |
[INFO] [stdout]     = help: if you wanted to use a crate named `jqf_sdk`, use `cargo add jqf_sdk` to add it to your `Cargo.toml`
[INFO] [stdout] help: there is an enum variant `crate::SourceKind::Input` and 4 others; try using the variant's enum
[INFO] [stdout]     |
[INFO] [stdout] 104 -     let request = jqf_sdk::Request::new(&compiled, jqf_sdk::Input::Whole(input.as_bytes()))
[INFO] [stdout] 104 +     let request = jqf_sdk::Request::new(&compiled, crate::SourceKind::Whole(input.as_bytes()))
[INFO] [stdout]     |
[INFO] [stdout] 104 -     let request = jqf_sdk::Request::new(&compiled, jqf_sdk::Input::Whole(input.as_bytes()))
[INFO] [stdout] 104 +     let request = jqf_sdk::Request::new(&compiled, jqf_builtins::registry::builtins::process::ProcessLaw::Whole(input.as_bytes()))
[INFO] [stdout]     |
[INFO] [stdout] 104 -     let request = jqf_sdk::Request::new(&compiled, jqf_sdk::Input::Whole(input.as_bytes()))
[INFO] [stdout] 104 +     let request = jqf_sdk::Request::new(&compiled, jqf_engine::EngineCompileError::Whole(input.as_bytes()))
[INFO] [stdout]     |
[INFO] [stdout] 104 -     let request = jqf_sdk::Request::new(&compiled, jqf_sdk::Input::Whole(input.as_bytes()))
[INFO] [stdout] 104 +     let request = jqf_sdk::Request::new(&compiled, jqf_source::SourceKind::Whole(input.as_bytes()))
[INFO] [stdout]     |
[INFO] [stdout] 
[INFO] [stdout] 
[INFO] [stdout] error[E0433]: cannot find module or crate `jqf_sdk` in this scope
[INFO] [stdout]    --> tests/loc_operand.rs:105:19
[INFO] [stdout]     |
[INFO] [stdout] 105 |     let request = jqf_sdk::Request::new(&compiled, jqf_sdk::Input::Whole(input.as_bytes()))
[INFO] [stdout]     |                   ^^^^^^^ use of unresolved module or unlinked crate `jqf_sdk`
[INFO] [stdout]     |
[INFO] [stdout]     = help: if you wanted to use a crate named `jqf_sdk`, use `cargo add jqf_sdk` to add it to your `Cargo.toml`
[INFO] [stdout] help: consider importing this struct
[INFO] [stdout]     |
[INFO] [stdout]  18 + use std::error::Request;
[INFO] [stdout]     |
[INFO] [stdout] help: if you import `Request`, refer to it directly
[INFO] [stdout]     |
[INFO] [stdout] 105 -     let request = jqf_sdk::Request::new(&compiled, jqf_sdk::Input::Whole(input.as_bytes()))
[INFO] [stdout] 105 +     let request = Request::new(&compiled, jqf_sdk::Input::Whole(input.as_bytes()))
[INFO] [stdout]     |
[INFO] [stdout] 
[INFO] [stdout] 
[INFO] [stdout] error[E0433]: cannot find module or crate `jqf_sdk` in this scope
[INFO] [stdout]    --> tests/loc_operand.rs:115:11
[INFO] [stdout]     |
[INFO] [stdout] 115 |     match jqf_sdk::execute(request, &mut sink) {
[INFO] [stdout]     |           ^^^^^^^ use of unresolved module or unlinked crate `jqf_sdk`
[INFO] [stdout]     |
[INFO] [stdout]     = help: if you wanted to use a crate named `jqf_sdk`, use `cargo add jqf_sdk` to add it to your `Cargo.toml`
[INFO] [stdout] 
[INFO] [stdout] 
[INFO] [stdout] Some errors have detailed explanations: E0432, E0433.
[INFO] [stdout] 
[INFO] [stdout] For more information about an error, try `rustc --explain E0432`.
[INFO] [stdout] 
[INFO] [stdout] error[E0433]: cannot find module or crate `jqf_sdk` in this scope
[INFO] [stdout]    --> tests/streamed_group_by.rs:147:19
[INFO] [stdout]     |
[INFO] [stdout] 147 |     let outcome = jqf_sdk::execute(request, &mut sink);
[INFO] [stdout]     |                   ^^^^^^^ use of unresolved module or unlinked crate `jqf_sdk`
[INFO] [stdout]     |
[INFO] [stdout]     = help: if you wanted to use a crate named `jqf_sdk`, use `cargo add jqf_sdk` to add it to your `Cargo.toml`
[INFO] [stdout] 
[INFO] [stdout] 
[INFO] [stdout] Some errors have detailed explanations: E0432, E0433.
[INFO] [stdout] 
[INFO] [stdout] For more information about an error, try `rustc --explain E0432`.
[INFO] [stdout] 
[INFO] [stderr] error: could not compile `jqf-engine` (test "loc_operand") due to 4 previous errors
[INFO] [stderr] error: could not compile `jqf-engine` (test "streamed_group_by") due to 2 previous errors
[INFO] [stdout] error[E0433]: cannot find module or crate `jqf_sdk` in this scope
[INFO] [stdout]    --> tests/path_laws.rs:170:52
[INFO] [stdout]     |
[INFO] [stdout] 170 |     let request = jqf_sdk::Request::new(&compiled, jqf_sdk::Input::Whole(input.as_bytes()))
[INFO] [stdout]     |                                                    ^^^^^^^ use of unresolved module or unlinked crate `jqf_sdk`
[INFO] [stdout]     |
[INFO] [stdout]     = help: if you wanted to use a crate named `jqf_sdk`, use `cargo add jqf_sdk` to add it to your `Cargo.toml`
[INFO] [stdout] help: there is an enum variant `crate::SourceKind::Input` and 4 others; try using the variant's enum
[INFO] [stdout]     |
[INFO] [stdout] 170 -     let request = jqf_sdk::Request::new(&compiled, jqf_sdk::Input::Whole(input.as_bytes()))
[INFO] [stdout] 170 +     let request = jqf_sdk::Request::new(&compiled, crate::SourceKind::Whole(input.as_bytes()))
[INFO] [stdout]     |
[INFO] [stdout] 170 -     let request = jqf_sdk::Request::new(&compiled, jqf_sdk::Input::Whole(input.as_bytes()))
[INFO] [stdout] 170 +     let request = jqf_sdk::Request::new(&compiled, jqf_builtins::registry::builtins::process::ProcessLaw::Whole(input.as_bytes()))
[INFO] [stdout]     |
[INFO] [stdout] 170 -     let request = jqf_sdk::Request::new(&compiled, jqf_sdk::Input::Whole(input.as_bytes()))
[INFO] [stdout] 170 +     let request = jqf_sdk::Request::new(&compiled, jqf_engine::EngineCompileError::Whole(input.as_bytes()))
[INFO] [stdout]     |
[INFO] [stdout] 170 -     let request = jqf_sdk::Request::new(&compiled, jqf_sdk::Input::Whole(input.as_bytes()))
[INFO] [stdout] 170 +     let request = jqf_sdk::Request::new(&compiled, jqf_source::SourceKind::Whole(input.as_bytes()))
[INFO] [stdout]     |
[INFO] [stdout] 
[INFO] [stdout] 
[INFO] [stdout] error[E0433]: cannot find module or crate `jqf_sdk` in this scope
[INFO] [stdout]    --> tests/path_laws.rs:186:18
[INFO] [stdout]     |
[INFO] [stdout] 186 |             Some(jqf_sdk::PipelineFailure::Raised(raised)) => match raised.value() {
[INFO] [stdout]     |                  ^^^^^^^ use of unresolved module or unlinked crate `jqf_sdk`
[INFO] [stdout]     |
[INFO] [stdout]     = help: if you wanted to use a crate named `jqf_sdk`, use `cargo add jqf_sdk` to add it to your `Cargo.toml`
[INFO] [stdout] 
[INFO] [stdout] 
[INFO] [stdout] error[E0433]: cannot find module or crate `jqf_sdk` in this scope
[INFO] [stdout]    --> tests/path_laws.rs:104:19
[INFO] [stdout]     |
[INFO] [stdout] 104 |     let request = jqf_sdk::Request::new(&compiled, jqf_sdk::Input::Whole(input.as_bytes()))
[INFO] [stdout]     |                   ^^^^^^^ use of unresolved module or unlinked crate `jqf_sdk`
[INFO] [stdout]     |
[INFO] [stdout]     = help: if you wanted to use a crate named `jqf_sdk`, use `cargo add jqf_sdk` to add it to your `Cargo.toml`
[INFO] [stdout] help: consider importing this struct
[INFO] [stdout]     |
[INFO] [stdout]  17 + use std::error::Request;
[INFO] [stdout]     |
[INFO] [stdout] help: if you import `Request`, refer to it directly
[INFO] [stdout]     |
[INFO] [stdout] 104 -     let request = jqf_sdk::Request::new(&compiled, jqf_sdk::Input::Whole(input.as_bytes()))
[INFO] [stdout] 104 +     let request = Request::new(&compiled, jqf_sdk::Input::Whole(input.as_bytes()))
[INFO] [stdout]     |
[INFO] [stdout] 
[INFO] [stdout] 
[INFO] [stdout] error[E0433]: cannot find module or crate `jqf_sdk` in this scope
[INFO] [stdout]    --> tests/path_laws.rs:170:19
[INFO] [stdout]     |
[INFO] [stdout] 170 |     let request = jqf_sdk::Request::new(&compiled, jqf_sdk::Input::Whole(input.as_bytes()))
[INFO] [stdout]     |                   ^^^^^^^ use of unresolved module or unlinked crate `jqf_sdk`
[INFO] [stdout]     |
[INFO] [stdout]     = help: if you wanted to use a crate named `jqf_sdk`, use `cargo add jqf_sdk` to add it to your `Cargo.toml`
[INFO] [stdout] help: consider importing this struct
[INFO] [stdout]     |
[INFO] [stdout]  17 + use std::error::Request;
[INFO] [stdout]     |
[INFO] [stdout] help: if you import `Request`, refer to it directly
[INFO] [stdout]     |
[INFO] [stdout] 170 -     let request = jqf_sdk::Request::new(&compiled, jqf_sdk::Input::Whole(input.as_bytes()))
[INFO] [stdout] 170 +     let request = Request::new(&compiled, jqf_sdk::Input::Whole(input.as_bytes()))
[INFO] [stdout]     |
[INFO] [stdout] 
[INFO] [stdout] 
[INFO] [stdout] error[E0433]: cannot find module or crate `jqf_sdk` in this scope
[INFO] [stdout]    --> tests/path_laws.rs:114:11
[INFO] [stdout]     |
[INFO] [stdout] 114 |     match jqf_sdk::execute(request, &mut sink) {
[INFO] [stdout]     |           ^^^^^^^ use of unresolved module or unlinked crate `jqf_sdk`
[INFO] [stdout]     |
[INFO] [stdout]     = help: if you wanted to use a crate named `jqf_sdk`, use `cargo add jqf_sdk` to add it to your `Cargo.toml`
[INFO] [stdout] 
[INFO] [stdout] 
[INFO] [stdout] error[E0433]: cannot find module or crate `jqf_sdk` in this scope
[INFO] [stdout]    --> tests/path_laws.rs:180:11
[INFO] [stdout]     |
[INFO] [stdout] 180 |     match jqf_sdk::execute(request, &mut sink) {
[INFO] [stdout]     |           ^^^^^^^ use of unresolved module or unlinked crate `jqf_sdk`
[INFO] [stdout]     |
[INFO] [stdout]     = help: if you wanted to use a crate named `jqf_sdk`, use `cargo add jqf_sdk` to add it to your `Cargo.toml`
[INFO] [stdout] 
[INFO] [stdout] 
[INFO] [stdout] Some errors have detailed explanations: E0432, E0433.
[INFO] [stdout] 
[INFO] [stdout] For more information about an error, try `rustc --explain E0432`.
[INFO] [stdout] 
[INFO] [stderr] error: could not compile `jqf-engine` (test "path_laws") due to 8 previous errors
[INFO] running `Command { std: "docker" "inspect" "aba4b8500907c1cfea9eeef65f449ecae546a863cad3ce306d4b782c1c6ce739", kill_on_drop: false }`
[INFO] running `Command { std: "docker" "rm" "-f" "aba4b8500907c1cfea9eeef65f449ecae546a863cad3ce306d4b782c1c6ce739", kill_on_drop: false }`
[INFO] [stdout] aba4b8500907c1cfea9eeef65f449ecae546a863cad3ce306d4b782c1c6ce739
