[INFO] fetching crate jqf-codec-json 0.1.1...
[INFO] checking jqf-codec-json-0.1.1 against 3154cc1a3e6424e44f438a95007d043ed5ceaaf6+rustflags=-Znext-solver=coherence for pr-133502-30
[INFO] extracting crate jqf-codec-json 0.1.1 into /workspace/builds/worker-1-tc1/source
[INFO] started tweaking crates.io crate jqf-codec-json 0.1.1
[INFO] removed 0 missing tests
[INFO] finished tweaking crates.io crate jqf-codec-json 0.1.1
[INFO] tweaked toml for crates.io crate jqf-codec-json 0.1.1 written to /workspace/builds/worker-1-tc1/source/Cargo.toml
[INFO] validating manifest of crates.io crate jqf-codec-json 0.1.1 on toolchain 3154cc1a3e6424e44f438a95007d043ed5ceaaf6
[INFO] running `Command { std: CARGO_HOME="/workspace/cargo-home" RUSTUP_HOME="/workspace/rustup-home" "/workspace/cargo-home/bin/cargo" "+3154cc1a3e6424e44f438a95007d043ed5ceaaf6" "metadata" "--manifest-path" "Cargo.toml" "--no-deps", kill_on_drop: false }`
[INFO] crate crates.io crate jqf-codec-json 0.1.1 already has a lockfile, it will not be regenerated
[INFO] running `Command { std: CARGO_HOME="/workspace/cargo-home" RUSTUP_HOME="/workspace/rustup-home" "/workspace/cargo-home/bin/cargo" "+3154cc1a3e6424e44f438a95007d043ed5ceaaf6" "fetch" "--manifest-path" "Cargo.toml", kill_on_drop: false }`
[INFO] [stderr]     Updating crates.io index
[INFO] [stderr]  Downloading crates ...
[INFO] [stderr]   Downloaded jqf-source v0.1.1
[INFO] [stderr]   Downloaded jqf-resource v0.1.1
[INFO] [stderr]   Downloaded jqf-codec-jqft v0.1.1
[INFO] [stderr]   Downloaded jqf-codec-core v0.1.1
[INFO] [stderr]   Downloaded jqf-data v0.1.1
[INFO] running `Command { std: "docker" "create" "-v" "/var/lib/crater-agent-workspace/builds/worker-1-tc1/source:/opt/rustwide/workdir:ro,Z" "-v" "/var/lib/crater-agent-workspace/builds/worker-1-tc1/target:/opt/rustwide/target:rw,Z" "-v" "/var/lib/crater-agent-workspace/cargo-home:/opt/rustwide/cargo-home:ro,Z" "-v" "/var/lib/crater-agent-workspace/rustup-home:/opt/rustwide/rustup-home:ro,Z" "-m" "1610612736" "--network" "none" "ghcr.io/rust-lang/crates-build-env/linux@sha256:77db811e55d90add9212f6832c23229e3de5f1c1f9905e8cb07319ea15df73ac" "sleep" "infinity", kill_on_drop: false }`
[INFO] [stdout] 1c777a2de97528afd048d187fa049cdc788b401c98e05eb45ddd8320713e5f04
[INFO] running `Command { std: "docker" "start" "1c777a2de97528afd048d187fa049cdc788b401c98e05eb45ddd8320713e5f04", kill_on_drop: false }`
[INFO] running `Command { std: "docker" "inspect" "1c777a2de97528afd048d187fa049cdc788b401c98e05eb45ddd8320713e5f04", kill_on_drop: false }`
[INFO] running `Command { std: "docker" "exec" "-e" "SOURCE_DIR=/opt/rustwide/workdir" "-e" "CARGO_HOME=/opt/rustwide/cargo-home" "-e" "RUSTUP_HOME=/opt/rustwide/rustup-home" "-e" "CARGO_TARGET_DIR=/opt/rustwide/target" "-w" "/opt/rustwide/workdir" "--user" "0:0" "1c777a2de97528afd048d187fa049cdc788b401c98e05eb45ddd8320713e5f04" "/opt/rustwide/cargo-home/bin/cargo" "+3154cc1a3e6424e44f438a95007d043ed5ceaaf6" "metadata" "--no-deps" "--format-version=1", kill_on_drop: false }`
[INFO] running `Command { std: "docker" "inspect" "1c777a2de97528afd048d187fa049cdc788b401c98e05eb45ddd8320713e5f04", kill_on_drop: false }`
[INFO] running `Command { std: "docker" "exec" "-e" "SOURCE_DIR=/opt/rustwide/workdir" "-e" "CARGO_HOME=/opt/rustwide/cargo-home" "-e" "RUSTUP_HOME=/opt/rustwide/rustup-home" "-e" "CARGO_TARGET_DIR=/opt/rustwide/target" "-e" "CARGO_INCREMENTAL=0" "-e" "RUST_BACKTRACE=full" "-e" "RUSTFLAGS=--cap-lints=forbid -Znext-solver=coherence" "-e" "RUSTDOCFLAGS=--cap-lints=forbid" "-w" "/opt/rustwide/workdir" "--user" "0:0" "1c777a2de97528afd048d187fa049cdc788b401c98e05eb45ddd8320713e5f04" "/opt/rustwide/cargo-home/bin/cargo" "+3154cc1a3e6424e44f438a95007d043ed5ceaaf6" "check" "--frozen" "--all" "--all-targets" "--message-format=json", kill_on_drop: false }`
[INFO] [stderr]     Checking jqf-source v0.1.1
[INFO] [stderr]     Checking triomphe v0.1.16
[INFO] [stderr]     Checking constant_time_eq v0.4.2
[INFO] [stderr]     Checking arrayvec v0.7.8
[INFO] [stderr]    Compiling blake3 v1.8.7
[INFO] [stderr]     Checking jqf-resource v0.1.1
[INFO] [stderr]     Checking jqf-data v0.1.1
[INFO] [stderr]     Checking jqf-codec-core v0.1.1
[INFO] [stderr]     Checking jqf-codec-jqft v0.1.1
[INFO] [stderr]     Checking jqf-codec-json v0.1.1 (/opt/rustwide/workdir)
[INFO] [stdout] error[E0432]: unresolved import `jqf_sdk`
[INFO] [stdout]   --> tests/fields_omit.rs:14:5
[INFO] [stdout]    |
[INFO] [stdout] 14 | use jqf_sdk::{CodecRequirementPolicy, CompileOptions, try_compile_program};
[INFO] [stdout]    |     ^^^^^^^ use of unresolved module or unlinked crate `jqf_sdk`
[INFO] [stdout]    |
[INFO] [stdout]    = help: if you wanted to use a crate named `jqf_sdk`, use `cargo add jqf_sdk` to add it to your `Cargo.toml`
[INFO] [stdout] 
[INFO] [stdout] 
[INFO] [stdout] For more information about this error, try `rustc --explain E0432`.
[INFO] [stdout] 
[INFO] [stdout] error[E0432]: unresolved import `jqf_sdk`
[INFO] [stdout]   --> tests/ndjson_records.rs:20:5
[INFO] [stdout]    |
[INFO] [stdout] 20 | use jqf_sdk::{
[INFO] [stdout]    |     ^^^^^^^ use of unresolved module or unlinked crate `jqf_sdk`
[INFO] [stdout]    |
[INFO] [stdout]    = help: if you wanted to use a crate named `jqf_sdk`, use `cargo add jqf_sdk` to add it to your `Cargo.toml`
[INFO] [stdout] 
[INFO] [stdout] 
[INFO] [stderr] error: could not compile `jqf-codec-json` (test "fields_omit") due to 1 previous error
[INFO] [stderr] warning: build failed, waiting for other jobs to finish...
[INFO] [stdout] error[E0432]: unresolved import `jqf_sdk`
[INFO] [stdout]   --> tests/seq_output.rs:22:5
[INFO] [stdout]    |
[INFO] [stdout] 22 | use jqf_sdk::{
[INFO] [stdout]    |     ^^^^^^^ use of unresolved module or unlinked crate `jqf_sdk`
[INFO] [stdout]    |
[INFO] [stdout]    = help: if you wanted to use a crate named `jqf_sdk`, use `cargo add jqf_sdk` to add it to your `Cargo.toml`
[INFO] [stdout] 
[INFO] [stdout] 
[INFO] [stdout] error[E0433]: cannot find module or crate `jqf_sdk` in this scope
[INFO] [stdout]    --> tests/ndjson_records.rs:218:9
[INFO] [stdout]     |
[INFO] [stdout] 218 |         jqf_sdk::Input::Records {
[INFO] [stdout]     |         ^^^^^^^ use of unresolved module or unlinked crate `jqf_sdk`
[INFO] [stdout]     |
[INFO] [stdout]     = help: if you wanted to use a crate named `jqf_sdk`, use `cargo add jqf_sdk` to add it to your `Cargo.toml`
[INFO] [stdout] help: there is an enum variant `crate::SourceKind::Input` and 1 other; try using the variant's enum
[INFO] [stdout]     |
[INFO] [stdout] 218 -         jqf_sdk::Input::Records {
[INFO] [stdout] 218 +         crate::SourceKind::Records {
[INFO] [stdout]     |
[INFO] [stdout] 218 -         jqf_sdk::Input::Records {
[INFO] [stdout] 218 +         jqf_source::SourceKind::Records {
[INFO] [stdout]     |
[INFO] [stdout] 
[INFO] [stdout] 
[INFO] [stdout] error[E0433]: cannot find module or crate `jqf_sdk` in this scope
[INFO] [stdout]    --> tests/ndjson_records.rs:249:12
[INFO] [stdout]     |
[INFO] [stdout] 249 |         Ok(jqf_sdk::Outcome::Served(jqf_sdk::Report::Record(report))) => Ok(report),
[INFO] [stdout]     |            ^^^^^^^ use of unresolved module or unlinked crate `jqf_sdk`
[INFO] [stdout]     |
[INFO] [stdout]     = help: if you wanted to use a crate named `jqf_sdk`, use `cargo add jqf_sdk` to add it to your `Cargo.toml`
[INFO] [stdout] 
[INFO] [stdout] 
[INFO] [stdout] error[E0433]: cannot find module or crate `jqf_sdk` in this scope
[INFO] [stdout]    --> tests/ndjson_records.rs:252:13
[INFO] [stdout]     |
[INFO] [stdout] 252 |             jqf_sdk::Failure::Pipeline(error) => Err(error),
[INFO] [stdout]     |             ^^^^^^^ use of unresolved module or unlinked crate `jqf_sdk`
[INFO] [stdout]     |
[INFO] [stdout]     = help: if you wanted to use a crate named `jqf_sdk`, use `cargo add jqf_sdk` to add it to your `Cargo.toml`
[INFO] [stdout] 
[INFO] [stdout] 
[INFO] [stdout] error[E0433]: cannot find module or crate `jqf_sdk` in this scope
[INFO] [stdout]    --> tests/ndjson_records.rs:275:52
[INFO] [stdout]     |
[INFO] [stdout] 275 |     let request = jqf_sdk::Request::new(&compiled, jqf_sdk::Input::Whole(input))
[INFO] [stdout]     |                                                    ^^^^^^^ use of unresolved module or unlinked crate `jqf_sdk`
[INFO] [stdout]     |
[INFO] [stdout]     = help: if you wanted to use a crate named `jqf_sdk`, use `cargo add jqf_sdk` to add it to your `Cargo.toml`
[INFO] [stdout] help: there is an enum variant `crate::SourceKind::Input` and 1 other; try using the variant's enum
[INFO] [stdout]     |
[INFO] [stdout] 275 -     let request = jqf_sdk::Request::new(&compiled, jqf_sdk::Input::Whole(input))
[INFO] [stdout] 275 +     let request = jqf_sdk::Request::new(&compiled, crate::SourceKind::Whole(input))
[INFO] [stdout]     |
[INFO] [stdout] 275 -     let request = jqf_sdk::Request::new(&compiled, jqf_sdk::Input::Whole(input))
[INFO] [stdout] 275 +     let request = jqf_sdk::Request::new(&compiled, jqf_source::SourceKind::Whole(input))
[INFO] [stdout]     |
[INFO] [stdout] 
[INFO] [stdout] 
[INFO] [stdout] error[E0433]: cannot find module or crate `jqf_sdk` in this scope
[INFO] [stdout]    --> tests/ndjson_records.rs:301:9
[INFO] [stdout]     |
[INFO] [stdout] 301 |         jqf_sdk::Outcome::Served(_) => {}
[INFO] [stdout]     |         ^^^^^^^ use of unresolved module or unlinked crate `jqf_sdk`
[INFO] [stdout]     |
[INFO] [stdout]     = help: if you wanted to use a crate named `jqf_sdk`, use `cargo add jqf_sdk` to add it to your `Cargo.toml`
[INFO] [stdout] 
[INFO] [stdout] 
[INFO] [stdout] error[E0433]: cannot find module or crate `jqf_sdk` in this scope
[INFO] [stdout]    --> tests/ndjson_records.rs:302:9
[INFO] [stdout]     |
[INFO] [stdout] 302 |         jqf_sdk::Outcome::Declined => panic!("the sequence drive must not decline"),
[INFO] [stdout]     |         ^^^^^^^ use of unresolved module or unlinked crate `jqf_sdk`
[INFO] [stdout]     |
[INFO] [stdout]     = help: if you wanted to use a crate named `jqf_sdk`, use `cargo add jqf_sdk` to add it to your `Cargo.toml`
[INFO] [stdout] 
[INFO] [stdout] 
[INFO] [stdout] error[E0433]: cannot find module or crate `jqf_sdk` in this scope
[INFO] [stdout]    --> tests/ndjson_records.rs:377:41
[INFO] [stdout]     |
[INFO] [stdout] 377 |     assert!(matches!(failure.failure(), jqf_sdk::PipelineFailure::Codec(_)));
[INFO] [stdout]     |                                         ^^^^^^^ use of unresolved module or unlinked crate `jqf_sdk`
[INFO] [stdout]     |
[INFO] [stdout]     = help: if you wanted to use a crate named `jqf_sdk`, use `cargo add jqf_sdk` to add it to your `Cargo.toml`
[INFO] [stdout] 
[INFO] [stdout] 
[INFO] [stdout] error[E0433]: cannot find module or crate `jqf_sdk` in this scope
[INFO] [stdout]    --> tests/ndjson_records.rs:386:41
[INFO] [stdout]     |
[INFO] [stdout] 386 |     assert!(matches!(failure.failure(), jqf_sdk::PipelineFailure::Codec(_)));
[INFO] [stdout]     |                                         ^^^^^^^ use of unresolved module or unlinked crate `jqf_sdk`
[INFO] [stdout]     |
[INFO] [stdout]     = help: if you wanted to use a crate named `jqf_sdk`, use `cargo add jqf_sdk` to add it to your `Cargo.toml`
[INFO] [stdout] 
[INFO] [stdout] 
[INFO] [stdout] error[E0433]: cannot find module or crate `jqf_sdk` in this scope
[INFO] [stdout]    --> tests/ndjson_records.rs:396:41
[INFO] [stdout]     |
[INFO] [stdout] 396 |     assert!(matches!(failure.failure(), jqf_sdk::PipelineFailure::Codec(_)));
[INFO] [stdout]     |                                         ^^^^^^^ use of unresolved module or unlinked crate `jqf_sdk`
[INFO] [stdout]     |
[INFO] [stdout]     = help: if you wanted to use a crate named `jqf_sdk`, use `cargo add jqf_sdk` to add it to your `Cargo.toml`
[INFO] [stdout] 
[INFO] [stdout] 
[INFO] [stdout] error[E0433]: cannot find module or crate `jqf_sdk` in this scope
[INFO] [stdout]    --> tests/ndjson_records.rs:423:41
[INFO] [stdout]     |
[INFO] [stdout] 423 |     assert!(matches!(failure.failure(), jqf_sdk::PipelineFailure::Codec(_)));
[INFO] [stdout]     |                                         ^^^^^^^ use of unresolved module or unlinked crate `jqf_sdk`
[INFO] [stdout]     |
[INFO] [stdout]     = help: if you wanted to use a crate named `jqf_sdk`, use `cargo add jqf_sdk` to add it to your `Cargo.toml`
[INFO] [stdout] 
[INFO] [stdout] 
[INFO] [stdout] error[E0433]: cannot find module or crate `jqf_sdk` in this scope
[INFO] [stdout]    --> tests/seq_output.rs:110:9
[INFO] [stdout]     |
[INFO] [stdout] 110 |         jqf_sdk::Input::Records {
[INFO] [stdout]     |         ^^^^^^^ use of unresolved module or unlinked crate `jqf_sdk`
[INFO] [stdout]     |
[INFO] [stdout]     = help: if you wanted to use a crate named `jqf_sdk`, use `cargo add jqf_sdk` to add it to your `Cargo.toml`
[INFO] [stdout] help: there is an enum variant `crate::SourceKind::Input` and 1 other; try using the variant's enum
[INFO] [stdout]     |
[INFO] [stdout] 110 -         jqf_sdk::Input::Records {
[INFO] [stdout] 110 +         crate::SourceKind::Records {
[INFO] [stdout]     |
[INFO] [stdout] 110 -         jqf_sdk::Input::Records {
[INFO] [stdout] 110 +         jqf_source::SourceKind::Records {
[INFO] [stdout]     |
[INFO] [stdout] 
[INFO] [stdout] 
[INFO] [stdout] error[E0433]: cannot find module or crate `jqf_sdk` in this scope
[INFO] [stdout]    --> tests/ndjson_records.rs:432:41
[INFO] [stdout]     |
[INFO] [stdout] 432 |     assert!(matches!(failure.failure(), jqf_sdk::PipelineFailure::Codec(_)));
[INFO] [stdout]     |                                         ^^^^^^^ use of unresolved module or unlinked crate `jqf_sdk`
[INFO] [stdout]     |
[INFO] [stdout]     = help: if you wanted to use a crate named `jqf_sdk`, use `cargo add jqf_sdk` to add it to your `Cargo.toml`
[INFO] [stdout] 
[INFO] [stdout] 
[INFO] [stdout] error[E0433]: cannot find module or crate `jqf_sdk` in this scope
[INFO] [stdout]    --> tests/ndjson_records.rs:444:41
[INFO] [stdout]     |
[INFO] [stdout] 444 |     assert!(matches!(failure.failure(), jqf_sdk::PipelineFailure::Codec(_)));
[INFO] [stdout]     |                                         ^^^^^^^ use of unresolved module or unlinked crate `jqf_sdk`
[INFO] [stdout]     |
[INFO] [stdout]     = help: if you wanted to use a crate named `jqf_sdk`, use `cargo add jqf_sdk` to add it to your `Cargo.toml`
[INFO] [stdout] 
[INFO] [stdout] 
[INFO] [stdout] error[E0433]: cannot find module or crate `jqf_sdk` in this scope
[INFO] [stdout]    --> tests/ndjson_records.rs:584:9
[INFO] [stdout]     |
[INFO] [stdout] 584 |         jqf_sdk::PipelineFailure::TypeMismatch { .. }
[INFO] [stdout]     |         ^^^^^^^ use of unresolved module or unlinked crate `jqf_sdk`
[INFO] [stdout]     |
[INFO] [stdout]     = help: if you wanted to use a crate named `jqf_sdk`, use `cargo add jqf_sdk` to add it to your `Cargo.toml`
[INFO] [stdout] 
[INFO] [stdout] 
[INFO] [stdout] error[E0433]: cannot find module or crate `jqf_sdk` in this scope
[INFO] [stdout]    --> tests/ndjson_records.rs:659:9
[INFO] [stdout]     |
[INFO] [stdout] 659 |         jqf_sdk::PipelineFailure::Sink(message) => assert_eq!(message, "budget exhausted"),
[INFO] [stdout]     |         ^^^^^^^ use of unresolved module or unlinked crate `jqf_sdk`
[INFO] [stdout]     |
[INFO] [stdout]     = help: if you wanted to use a crate named `jqf_sdk`, use `cargo add jqf_sdk` to add it to your `Cargo.toml`
[INFO] [stdout] 
[INFO] [stdout] 
[INFO] [stdout] error[E0433]: cannot find module or crate `jqf_sdk` in this scope
[INFO] [stdout]    --> tests/ndjson_records.rs:216:19
[INFO] [stdout]     |
[INFO] [stdout] 216 |     let request = jqf_sdk::Request::new(
[INFO] [stdout]     |                   ^^^^^^^ use of unresolved module or unlinked crate `jqf_sdk`
[INFO] [stdout]     |
[INFO] [stdout]     = help: if you wanted to use a crate named `jqf_sdk`, use `cargo add jqf_sdk` to add it to your `Cargo.toml`
[INFO] [stdout] help: consider importing this struct
[INFO] [stdout]     |
[INFO] [stdout]  15 + use std::error::Request;
[INFO] [stdout]     |
[INFO] [stdout] help: if you import `Request`, refer to it directly
[INFO] [stdout]     |
[INFO] [stdout] 216 -     let request = jqf_sdk::Request::new(
[INFO] [stdout] 216 +     let request = Request::new(
[INFO] [stdout]     |
[INFO] [stdout] 
[INFO] [stdout] 
[INFO] [stdout] error[E0433]: cannot find module or crate `jqf_sdk` in this scope
[INFO] [stdout]    --> tests/ndjson_records.rs:249:37
[INFO] [stdout]     |
[INFO] [stdout] 249 |         Ok(jqf_sdk::Outcome::Served(jqf_sdk::Report::Record(report))) => Ok(report),
[INFO] [stdout]     |                                     ^^^^^^^ use of unresolved module or unlinked crate `jqf_sdk`
[INFO] [stdout]     |
[INFO] [stdout]     = help: if you wanted to use a crate named `jqf_sdk`, use `cargo add jqf_sdk` to add it to your `Cargo.toml`
[INFO] [stdout] help: consider importing this struct
[INFO] [stdout]     |
[INFO] [stdout]  15 + use std::error::Report;
[INFO] [stdout]     |
[INFO] [stdout] help: if you import `Report`, refer to it directly
[INFO] [stdout]     |
[INFO] [stdout] 249 -         Ok(jqf_sdk::Outcome::Served(jqf_sdk::Report::Record(report))) => Ok(report),
[INFO] [stdout] 249 +         Ok(jqf_sdk::Outcome::Served(Report::Record(report))) => Ok(report),
[INFO] [stdout]     |
[INFO] [stdout] 
[INFO] [stdout] 
[INFO] [stdout] error[E0433]: cannot find module or crate `jqf_sdk` in this scope
[INFO] [stdout]    --> tests/ndjson_records.rs:275:19
[INFO] [stdout]     |
[INFO] [stdout] 275 |     let request = jqf_sdk::Request::new(&compiled, jqf_sdk::Input::Whole(input))
[INFO] [stdout]     |                   ^^^^^^^ use of unresolved module or unlinked crate `jqf_sdk`
[INFO] [stdout]     |
[INFO] [stdout]     = help: if you wanted to use a crate named `jqf_sdk`, use `cargo add jqf_sdk` to add it to your `Cargo.toml`
[INFO] [stdout] help: consider importing this struct
[INFO] [stdout]     |
[INFO] [stdout]  15 + use std::error::Request;
[INFO] [stdout]     |
[INFO] [stdout] help: if you import `Request`, refer to it directly
[INFO] [stdout]     |
[INFO] [stdout] 275 -     let request = jqf_sdk::Request::new(&compiled, jqf_sdk::Input::Whole(input))
[INFO] [stdout] 275 +     let request = Request::new(&compiled, jqf_sdk::Input::Whole(input))
[INFO] [stdout]     |
[INFO] [stdout] 
[INFO] [stdout] 
[INFO] [stdout] error[E0433]: cannot find module or crate `jqf_sdk` in this scope
[INFO] [stdout]    --> tests/ndjson_records.rs:161:47
[INFO] [stdout]     |
[INFO] [stdout] 161 | type RunResult = Result<RecordSequenceReport, jqf_sdk::PipelineError<String>>;
[INFO] [stdout]     |                                               ^^^^^^^ use of unresolved module or unlinked crate `jqf_sdk`
[INFO] [stdout]     |
[INFO] [stdout]     = help: if you wanted to use a crate named `jqf_sdk`, use `cargo add jqf_sdk` to add it to your `Cargo.toml`
[INFO] [stdout] 
[INFO] [stdout] 
[INFO] [stdout] error[E0433]: cannot find module or crate `jqf_sdk` in this scope
[INFO] [stdout]    --> tests/ndjson_records.rs:248:11
[INFO] [stdout]     |
[INFO] [stdout] 248 |     match jqf_sdk::execute(request, sink) {
[INFO] [stdout]     |           ^^^^^^^ use of unresolved module or unlinked crate `jqf_sdk`
[INFO] [stdout]     |
[INFO] [stdout]     = help: if you wanted to use a crate named `jqf_sdk`, use `cargo add jqf_sdk` to add it to your `Cargo.toml`
[INFO] [stdout] 
[INFO] [stdout] 
[INFO] [stdout] error[E0433]: cannot find module or crate `jqf_sdk` in this scope
[INFO] [stdout]    --> tests/ndjson_records.rs:300:11
[INFO] [stdout]     |
[INFO] [stdout] 300 |     match jqf_sdk::execute(request, sink).expect("adjacent sequence completes") {
[INFO] [stdout]     |           ^^^^^^^ use of unresolved module or unlinked crate `jqf_sdk`
[INFO] [stdout]     |
[INFO] [stdout]     = help: if you wanted to use a crate named `jqf_sdk`, use `cargo add jqf_sdk` to add it to your `Cargo.toml`
[INFO] [stdout] 
[INFO] [stdout] 
[INFO] [stdout] Some errors have detailed explanations: E0432, E0433.
[INFO] [stdout] 
[INFO] [stdout] error[E0433]: cannot find module or crate `jqf_sdk` in this scope
[INFO] [stdout]    --> tests/seq_output.rs:140:12
[INFO] [stdout]     |
[INFO] [stdout] 140 |         Ok(jqf_sdk::Outcome::Served(jqf_sdk::Report::Record(report))) => Ok(report),
[INFO] [stdout]     |            ^^^^^^^ use of unresolved module or unlinked crate `jqf_sdk`
[INFO] [stdout]     |
[INFO] [stdout]     = help: if you wanted to use a crate named `jqf_sdk`, use `cargo add jqf_sdk` to add it to your `Cargo.toml`
[INFO] [stdout] 
[INFO] [stdout] 
[INFO] [stdout] For more information about an error, try `rustc --explain E0432`.
[INFO] [stdout] 
[INFO] [stderr] error: could not compile `jqf-codec-json` (test "ndjson_records") due to 21 previous errors
[INFO] [stdout] error[E0433]: cannot find module or crate `jqf_sdk` in this scope
[INFO] [stdout]    --> tests/seq_output.rs:143:13
[INFO] [stdout]     |
[INFO] [stdout] 143 |             jqf_sdk::Failure::Pipeline(error) => Err(error),
[INFO] [stdout]     |             ^^^^^^^ use of unresolved module or unlinked crate `jqf_sdk`
[INFO] [stdout]     |
[INFO] [stdout]     = help: if you wanted to use a crate named `jqf_sdk`, use `cargo add jqf_sdk` to add it to your `Cargo.toml`
[INFO] [stdout] 
[INFO] [stdout] 
[INFO] [stdout] error[E0433]: cannot find module or crate `jqf_sdk` in this scope
[INFO] [stdout]    --> tests/seq_output.rs:108:19
[INFO] [stdout]     |
[INFO] [stdout] 108 |     let request = jqf_sdk::Request::new(
[INFO] [stdout]     |                   ^^^^^^^ use of unresolved module or unlinked crate `jqf_sdk`
[INFO] [stdout]     |
[INFO] [stdout]     = help: if you wanted to use a crate named `jqf_sdk`, use `cargo add jqf_sdk` to add it to your `Cargo.toml`
[INFO] [stdout] help: consider importing this struct
[INFO] [stdout]     |
[INFO] [stdout]  18 + use std::error::Request;
[INFO] [stdout]     |
[INFO] [stdout] help: if you import `Request`, refer to it directly
[INFO] [stdout]     |
[INFO] [stdout] 108 -     let request = jqf_sdk::Request::new(
[INFO] [stdout] 108 +     let request = Request::new(
[INFO] [stdout]     |
[INFO] [stdout] 
[INFO] [stdout] 
[INFO] [stdout] error[E0433]: cannot find module or crate `jqf_sdk` in this scope
[INFO] [stdout]    --> tests/seq_output.rs:140:37
[INFO] [stdout]     |
[INFO] [stdout] 140 |         Ok(jqf_sdk::Outcome::Served(jqf_sdk::Report::Record(report))) => Ok(report),
[INFO] [stdout]     |                                     ^^^^^^^ use of unresolved module or unlinked crate `jqf_sdk`
[INFO] [stdout]     |
[INFO] [stdout]     = help: if you wanted to use a crate named `jqf_sdk`, use `cargo add jqf_sdk` to add it to your `Cargo.toml`
[INFO] [stdout] help: consider importing this struct
[INFO] [stdout]     |
[INFO] [stdout]  18 + use std::error::Report;
[INFO] [stdout]     |
[INFO] [stdout] help: if you import `Report`, refer to it directly
[INFO] [stdout]     |
[INFO] [stdout] 140 -         Ok(jqf_sdk::Outcome::Served(jqf_sdk::Report::Record(report))) => Ok(report),
[INFO] [stdout] 140 +         Ok(jqf_sdk::Outcome::Served(Report::Record(report))) => Ok(report),
[INFO] [stdout]     |
[INFO] [stdout] 
[INFO] [stdout] 
[INFO] [stdout] error[E0433]: cannot find module or crate `jqf_sdk` in this scope
[INFO] [stdout]   --> tests/seq_output.rs:74:35
[INFO] [stdout]    |
[INFO] [stdout] 74 | ) -> Result<RecordSequenceReport, jqf_sdk::PipelineError<String>> {
[INFO] [stdout]    |                                   ^^^^^^^ use of unresolved module or unlinked crate `jqf_sdk`
[INFO] [stdout]    |
[INFO] [stdout]    = help: if you wanted to use a crate named `jqf_sdk`, use `cargo add jqf_sdk` to add it to your `Cargo.toml`
[INFO] [stdout] 
[INFO] [stdout] 
[INFO] [stdout] error[E0433]: cannot find module or crate `jqf_sdk` in this scope
[INFO] [stdout]    --> tests/seq_output.rs:139:11
[INFO] [stdout]     |
[INFO] [stdout] 139 |     match jqf_sdk::execute(request, sink) {
[INFO] [stdout]     |           ^^^^^^^ use of unresolved module or unlinked crate `jqf_sdk`
[INFO] [stdout]     |
[INFO] [stdout]     = help: if you wanted to use a crate named `jqf_sdk`, use `cargo add jqf_sdk` to add it to your `Cargo.toml`
[INFO] [stdout] 
[INFO] [stdout] 
[INFO] [stdout] Some errors have detailed explanations: E0432, E0433.
[INFO] [stdout] 
[INFO] [stdout] For more information about an error, try `rustc --explain E0432`.
[INFO] [stdout] 
[INFO] [stderr] error: could not compile `jqf-codec-json` (test "seq_output") due to 8 previous errors
[INFO] running `Command { std: "docker" "inspect" "1c777a2de97528afd048d187fa049cdc788b401c98e05eb45ddd8320713e5f04", kill_on_drop: false }`
[INFO] running `Command { std: "docker" "rm" "-f" "1c777a2de97528afd048d187fa049cdc788b401c98e05eb45ddd8320713e5f04", kill_on_drop: false }`
[INFO] [stdout] 1c777a2de97528afd048d187fa049cdc788b401c98e05eb45ddd8320713e5f04
