[INFO] fetching crate joy-forge-net 0.22.0...
[INFO] checking joy-forge-net-0.22.0 against 3154cc1a3e6424e44f438a95007d043ed5ceaaf6+rustflags=-Znext-solver=coherence for pr-133502-30
[INFO] extracting crate joy-forge-net 0.22.0 into /workspace/builds/worker-1-tc1/source
[INFO] started tweaking crates.io crate joy-forge-net 0.22.0
[INFO] removed 0 missing tests
[INFO] finished tweaking crates.io crate joy-forge-net 0.22.0
[INFO] tweaked toml for crates.io crate joy-forge-net 0.22.0 written to /workspace/builds/worker-1-tc1/source/Cargo.toml
[INFO] validating manifest of crates.io crate joy-forge-net 0.22.0 on toolchain 3154cc1a3e6424e44f438a95007d043ed5ceaaf6
[INFO] running `Command { std: CARGO_HOME="/workspace/cargo-home" RUSTUP_HOME="/workspace/rustup-home" "/workspace/cargo-home/bin/cargo" "+3154cc1a3e6424e44f438a95007d043ed5ceaaf6" "metadata" "--manifest-path" "Cargo.toml" "--no-deps", kill_on_drop: false }`
[INFO] crate crates.io crate joy-forge-net 0.22.0 already has a lockfile, it will not be regenerated
[INFO] running `Command { std: CARGO_HOME="/workspace/cargo-home" RUSTUP_HOME="/workspace/rustup-home" "/workspace/cargo-home/bin/cargo" "+3154cc1a3e6424e44f438a95007d043ed5ceaaf6" "fetch" "--manifest-path" "Cargo.toml", kill_on_drop: false }`
[INFO] [stderr]     Blocking waiting for file lock on package cache
[INFO] [stderr]     Updating crates.io index
[INFO] [stderr]     Blocking waiting for file lock on package cache
[INFO] [stderr]  Downloading crates ...
[INFO] [stderr]   Downloaded linux-keyutils v0.2.5
[INFO] [stderr]   Downloaded joy-process v0.22.0
[INFO] [stderr]   Downloaded async-recursion v1.2.0
[INFO] [stderr]   Downloaded secret-service v4.0.0
[INFO] [stderr]   Downloaded dbus-secret-service v4.1.0
[INFO] [stderr]   Downloaded joy-model v0.22.0
[INFO] [stderr]   Downloaded fs4 v1.1.0
[INFO] [stderr]   Downloaded wildmatch v2.6.1
[INFO] [stderr]   Downloaded memo-map v0.3.4
[INFO] [stderr]   Downloaded joy-token v0.2.0
[INFO] [stderr]   Downloaded joy-crypt v0.2.0
[INFO] [stderr]   Downloaded ssh2-config v0.8.1
[INFO] [stderr]   Downloaded x25519-dalek v2.0.1
[INFO] [stderr]   Downloaded minijinja v2.24.0
[INFO] [stderr]   Downloaded git2 v0.21.0
[INFO] [stderr]   Downloaded joy-core v0.22.0
[INFO] [stderr]   Downloaded libgit2-sys v0.18.8+1.9.7
[INFO] running `Command { std: "docker" "create" "-v" "/var/lib/crater-agent-workspace/builds/worker-1-tc1/source:/opt/rustwide/workdir:ro,Z" "-v" "/var/lib/crater-agent-workspace/builds/worker-1-tc1/target:/opt/rustwide/target:rw,Z" "-v" "/var/lib/crater-agent-workspace/cargo-home:/opt/rustwide/cargo-home:ro,Z" "-v" "/var/lib/crater-agent-workspace/rustup-home:/opt/rustwide/rustup-home:ro,Z" "-m" "1610612736" "--network" "none" "ghcr.io/rust-lang/crates-build-env/linux@sha256:77db811e55d90add9212f6832c23229e3de5f1c1f9905e8cb07319ea15df73ac" "sleep" "infinity", kill_on_drop: false }`
[INFO] [stdout] 19200471d6abacbcf419b6f7fc52a699468a813c87e129288c8b5dc401fcb1df
[INFO] running `Command { std: "docker" "start" "19200471d6abacbcf419b6f7fc52a699468a813c87e129288c8b5dc401fcb1df", kill_on_drop: false }`
[INFO] running `Command { std: "docker" "inspect" "19200471d6abacbcf419b6f7fc52a699468a813c87e129288c8b5dc401fcb1df", kill_on_drop: false }`
[INFO] running `Command { std: "docker" "exec" "-e" "SOURCE_DIR=/opt/rustwide/workdir" "-e" "CARGO_HOME=/opt/rustwide/cargo-home" "-e" "RUSTUP_HOME=/opt/rustwide/rustup-home" "-e" "CARGO_TARGET_DIR=/opt/rustwide/target" "-w" "/opt/rustwide/workdir" "--user" "0:0" "19200471d6abacbcf419b6f7fc52a699468a813c87e129288c8b5dc401fcb1df" "/opt/rustwide/cargo-home/bin/cargo" "+3154cc1a3e6424e44f438a95007d043ed5ceaaf6" "metadata" "--no-deps" "--format-version=1", kill_on_drop: false }`
[INFO] running `Command { std: "docker" "inspect" "19200471d6abacbcf419b6f7fc52a699468a813c87e129288c8b5dc401fcb1df", kill_on_drop: false }`
[INFO] running `Command { std: "docker" "exec" "-e" "SOURCE_DIR=/opt/rustwide/workdir" "-e" "CARGO_HOME=/opt/rustwide/cargo-home" "-e" "RUSTUP_HOME=/opt/rustwide/rustup-home" "-e" "CARGO_TARGET_DIR=/opt/rustwide/target" "-e" "CARGO_INCREMENTAL=0" "-e" "RUST_BACKTRACE=full" "-e" "RUSTFLAGS=--cap-lints=forbid -Znext-solver=coherence" "-e" "RUSTDOCFLAGS=--cap-lints=forbid" "-w" "/opt/rustwide/workdir" "--user" "0:0" "19200471d6abacbcf419b6f7fc52a699468a813c87e129288c8b5dc401fcb1df" "/opt/rustwide/cargo-home/bin/cargo" "+3154cc1a3e6424e44f438a95007d043ed5ceaaf6" "check" "--frozen" "--all" "--all-targets" "--message-format=json", kill_on_drop: false }`
[INFO] [stderr]     Checking typenum v1.20.1
[INFO] [stderr]     Checking cpufeatures v0.2.17
[INFO] [stderr]    Compiling libc v0.2.190
[INFO] [stderr]    Compiling num-traits v0.2.19
[INFO] [stderr]    Compiling serde_core v1.0.229
[INFO] [stderr]     Checking bitflags v2.13.2
[INFO] [stderr]    Compiling zerocopy v0.8.59
[INFO] [stderr]    Compiling vcpkg v0.2.15
[INFO] [stderr]     Checking getrandom v0.2.17
[INFO] [stderr]    Compiling curve25519-dalek v4.1.3
[INFO] [stderr]     Checking opaque-debug v0.3.1
[INFO] [stderr]     Checking signature v2.2.0
[INFO] [stderr]     Checking base64ct v1.8.3
[INFO] [stderr]    Compiling syn v2.0.119
[INFO] [stderr]    Compiling syn v3.0.6
[INFO] [stderr]    Compiling crc32fast v1.5.2
[INFO] [stderr]     Checking indexmap v2.14.2
[INFO] [stderr]     Checking memchr v2.8.3
[INFO] [stderr]     Checking ed25519 v2.2.3
[INFO] [stderr]     Checking rand_core v0.6.4
[INFO] [stderr]    Compiling ssh2-config v0.8.1
[INFO] [stderr]     Checking openssl-probe v0.2.1
[INFO] [stderr]     Checking winnow v1.0.4
[INFO] [stderr]     Checking miniz_oxide v0.9.1
[INFO] [stderr]     Checking rustix v1.1.5
[INFO] [stderr]     Checking dirs v7.0.0
[INFO] [stderr]     Checking password-hash v0.5.0
[INFO] [stderr]     Checking toml_writer v1.1.2+spec-1.1.0
[INFO] [stderr]     Checking toml_datetime v1.1.1+spec-1.1.0
[INFO] [stderr]     Checking memo-map v0.3.4
[INFO] [stderr]     Checking wildmatch v2.6.1
[INFO] [stderr]     Checking clap_lex v1.1.1
[INFO] [stderr]     Checking base64 v0.23.1
[INFO] [stderr]     Checking clap_builder v4.6.7
[INFO] [stderr]     Checking linux-keyutils v0.2.5
[INFO] [stderr]     Checking flate2 v1.1.10
[INFO] [stderr]     Checking filetime v0.2.29
[INFO] [stderr]     Checking generic-array v0.14.7
[INFO] [stderr]     Checking joy-process v0.22.0
[INFO] [stderr]     Checking ureq-proto v0.6.4
[INFO] [stderr]     Checking crypto-common v0.1.7
[INFO] [stderr]     Checking block-buffer v0.10.4
[INFO] [stderr]     Checking block-padding v0.3.3
[INFO] [stderr]     Checking inout v0.1.4
[INFO] [stderr]     Checking digest v0.10.7
[INFO] [stderr]     Checking cipher v0.4.4
[INFO] [stderr]     Checking universal-hash v0.5.1
[INFO] [stderr]     Checking aead v0.5.2
[INFO] [stderr]     Checking polyval v0.6.2
[INFO] [stderr]     Checking hmac v0.12.1
[INFO] [stderr]     Checking sha2 v0.10.9
[INFO] [stderr]     Checking blake2 v0.10.6
[INFO] [stderr]     Checking sha1 v0.10.7
[INFO] [stderr]     Checking hkdf v0.12.4
[INFO] [stderr]     Checking aes v0.8.4
[INFO] [stderr]     Checking ctr v0.9.2
[INFO] [stderr]     Checking ghash v0.5.1
[INFO] [stderr]     Checking cbc v0.1.2
[INFO] [stderr]     Checking argon2 v0.5.3
[INFO] [stderr]     Checking num-integer v0.1.47
[INFO] [stderr]     Checking num-complex v0.4.6
[INFO] [stderr]     Checking num-bigint v0.4.8
[INFO] [stderr]     Checking num-iter v0.1.46
[INFO] [stderr]     Checking aes-gcm v0.10.3
[INFO] [stderr]    Compiling jobserver v0.1.35
[INFO] [stderr]     Checking toml_parser v1.1.3+spec-1.1.0
[INFO] [stderr]    Compiling cc v1.6.0
[INFO] [stderr]     Checking uuid v1.27.0
[INFO] [stderr]     Checking serde_json v1.0.151
[INFO] [stderr]    Compiling serde_derive v1.0.229
[INFO] [stderr]    Compiling thiserror-impl v2.0.21
[INFO] [stderr]    Compiling clap_derive v4.6.7
[INFO] [stderr]     Checking toml_edit v0.25.15+spec-1.1.0
[INFO] [stderr]     Checking fs4 v1.1.0
[INFO] [stderr]     Checking tempfile v3.27.0
[INFO] [stderr]     Checking num-rational v0.4.2
[INFO] [stderr]     Checking thiserror v2.0.21
[INFO] [stderr]     Checking num v0.4.3
[INFO] [stderr]    Compiling ring v0.17.14
[INFO] [stderr]    Compiling libz-sys v1.1.29
[INFO] [stderr]    Compiling libdbus-sys v0.2.7
[INFO] [stderr]    Compiling libgit2-sys v0.18.8+1.9.7
[INFO] [stderr]     Checking clap v4.6.7
[INFO] [stderr]    Compiling zeroize_derive v1.5.0
[INFO] [stderr]    Compiling curve25519-dalek-derive v0.1.1
[INFO] [stderr]    Compiling tracing-attributes v0.1.31
[INFO] [stderr]     Checking serde v1.0.229
[INFO] [stderr]     Checking chrono v0.4.45
[INFO] [stderr]     Checking zeroize v1.9.0
[INFO] [stderr]     Checking joy-model v0.22.0
[INFO] [stderr]     Checking minijinja v2.24.0
[INFO] [stderr]     Checking serde_yaml_ng v0.10.0
[INFO] [stderr]     Checking rustls-pki-types v1.15.1
[INFO] [stderr]     Checking secrecy v0.10.3
[INFO] [stderr]     Checking rustls-native-certs v0.8.4
[INFO] [stderr]    Compiling rustls v0.23.45
[INFO] [stderr]     Checking ppv-lite86 v0.2.21
[INFO] [stderr]     Checking tracing v0.1.44
[INFO] [stderr]     Checking ed25519-dalek v2.2.0
[INFO] [stderr]     Checking x25519-dalek v2.0.1
[INFO] [stderr]     Checking rand_chacha v0.3.1
[INFO] [stderr]     Checking rand v0.8.8
[INFO] [stderr]     Checking joy-crypt v0.2.0
[INFO] [stderr]     Checking rustls-webpki v0.103.15
[INFO] [stderr]     Checking joy-token v0.2.0
[INFO] [stderr]     Checking dbus v0.9.12
[INFO] [stderr]     Checking dbus-secret-service v4.1.0
[INFO] [stderr]     Checking keyring v3.6.3
[INFO] [stderr]     Checking git2 v0.21.0
[INFO] [stderr]     Checking rustls-platform-verifier v0.7.1
[INFO] [stderr]     Checking ureq v3.4.2
[INFO] [stderr]     Checking joy-core v0.22.0
[INFO] [stderr]     Checking joy-forge-net v0.22.0 (/opt/rustwide/workdir)
[INFO] [stdout] error[E0433]: cannot find module or crate `joy_test_env` in this scope
[INFO] [stdout]   --> src/lib.rs:24:1
[INFO] [stdout]    |
[INFO] [stdout] 24 | joy_test_env::isolate!();
[INFO] [stdout]    | ^^^^^^^^^^^^ use of unresolved module or unlinked crate `joy_test_env`
[INFO] [stdout] 
[INFO] [stdout] 
[INFO] [stdout] error[E0433]: cannot find module or crate `joy_test_env` in this scope
[INFO] [stdout]   --> tests/proxy_refusal.rs:15:1
[INFO] [stdout]    |
[INFO] [stdout] 15 | joy_test_env::isolate!();
[INFO] [stdout]    | ^^^^^^^^^^^^ use of unresolved module or unlinked crate `joy_test_env`
[INFO] [stdout] 
[INFO] [stdout] 
[INFO] [stdout] For more information about this error, try `rustc --explain E0433`.
[INFO] [stdout] 
[INFO] [stderr] error: could not compile `joy-forge-net` (test "proxy_refusal") due to 1 previous error
[INFO] [stderr] warning: build failed, waiting for other jobs to finish...
[INFO] [stdout] error[E0432]: unresolved import `joy_forge_net::fake`
[INFO] [stdout]   --> tests/proxy_used.rs:21:20
[INFO] [stdout]    |
[INFO] [stdout] 21 | use joy_forge_net::fake::{FakeForge, Reply};
[INFO] [stdout]    |                    ^^^^ could not find `fake` in `joy_forge_net`
[INFO] [stdout]    |
[INFO] [stdout] note: found an item that was configured out
[INFO] [stdout]   --> src/lib.rs:30:9
[INFO] [stdout]    |
[INFO] [stdout] 29 | #[cfg(feature = "fake-api")]
[INFO] [stdout]    |       -------------------- the item is gated behind the `fake-api` feature
[INFO] [stdout] 30 | pub mod fake;
[INFO] [stdout]    |         ^^^^
[INFO] [stdout] 
[INFO] [stdout] 
[INFO] [stdout] error[E0433]: cannot find module or crate `joy_test_env` in this scope
[INFO] [stdout]   --> tests/proxy_used.rs:19:1
[INFO] [stdout]    |
[INFO] [stdout] 19 | joy_test_env::isolate!();
[INFO] [stdout]    | ^^^^^^^^^^^^ use of unresolved module or unlinked crate `joy_test_env`
[INFO] [stdout] 
[INFO] [stdout] 
[INFO] [stdout] Some errors have detailed explanations: E0432, E0433.
[INFO] [stdout] 
[INFO] [stdout] For more information about an error, try `rustc --explain E0432`.
[INFO] [stdout] 
[INFO] [stderr] error: could not compile `joy-forge-net` (test "proxy_used") due to 2 previous errors
[INFO] [stdout] error[E0432]: unresolved import `joy_forge_net::auth::oauth::NoWait`
[INFO] [stdout]    --> tests/sign_in_against_fakes.rs:19:42
[INFO] [stdout]     |
[INFO] [stdout]  19 | use joy_forge_net::auth::oauth::{Events, NoWait};
[INFO] [stdout]     |                                          ^^^^^^ no `NoWait` in `auth::oauth`
[INFO] [stdout]     |
[INFO] [stdout] note: found an item that was configured out
[INFO] [stdout]    --> src/auth/oauth.rs:259:12
[INFO] [stdout]     |
[INFO] [stdout] 258 | #[cfg(feature = "fake-api")]
[INFO] [stdout]     |       -------------------- the item is gated behind the `fake-api` feature
[INFO] [stdout] 259 | pub struct NoWait {
[INFO] [stdout]     |            ^^^^^^
[INFO] [stdout] 
[INFO] [stdout] 
[INFO] [stdout] error[E0432]: unresolved import `joy_forge_net::fake`
[INFO] [stdout]   --> tests/sign_in_against_fakes.rs:22:20
[INFO] [stdout]    |
[INFO] [stdout] 22 | use joy_forge_net::fake::{FakeForge, Reply, TestForge};
[INFO] [stdout]    |                    ^^^^ could not find `fake` in `joy_forge_net`
[INFO] [stdout]    |
[INFO] [stdout] note: found an item that was configured out
[INFO] [stdout]   --> src/lib.rs:30:9
[INFO] [stdout]    |
[INFO] [stdout] 29 | #[cfg(feature = "fake-api")]
[INFO] [stdout]    |       -------------------- the item is gated behind the `fake-api` feature
[INFO] [stdout] 30 | pub mod fake;
[INFO] [stdout]    |         ^^^^
[INFO] [stdout] 
[INFO] [stdout] 
[INFO] [stdout] error[E0433]: cannot find module or crate `joy_test_env` in this scope
[INFO] [stdout]   --> tests/sign_in_against_fakes.rs:14:1
[INFO] [stdout]    |
[INFO] [stdout] 14 | joy_test_env::isolate!();
[INFO] [stdout]    | ^^^^^^^^^^^^ use of unresolved module or unlinked crate `joy_test_env`
[INFO] [stdout] 
[INFO] [stdout] 
[INFO] [stdout] error[E0599]: no associated function or constant named `fake_keychain_at` found for struct `Vault` in the current scope
[INFO] [stdout]    --> tests/sign_in_against_fakes.rs:85:24
[INFO] [stdout]     |
[INFO] [stdout]  85 |     let vault = Vault::fake_keychain_at(dir.path().join("config"));
[INFO] [stdout]     |                        ^^^^^^^^^^^^^^^^ associated function or constant not found in `Vault`
[INFO] [stdout]     |
[INFO] [stdout] note: if you're trying to build a new `Vault` consider using one of the following associated functions:
[INFO] [stdout]       Vault::real
[INFO] [stdout]       Vault::file_at
[INFO] [stdout]       Vault::none
[INFO] [stdout]    --> src/auth/store.rs:395:5
[INFO] [stdout]     |
[INFO] [stdout] 395 |     pub fn real() -> Self {
[INFO] [stdout]     |     ^^^^^^^^^^^^^^^^^^^^^
[INFO] [stdout] ...
[INFO] [stdout] 424 |     pub fn file_at(dir: impl AsRef<Path>) -> Self {
[INFO] [stdout]     |     ^^^^^^^^^^^^^^^^^^^^^^^^^^^^^^^^^^^^^^^^^^^^^
[INFO] [stdout] ...
[INFO] [stdout] 462 |     pub fn none() -> Self {
[INFO] [stdout]     |     ^^^^^^^^^^^^^^^^^^^^^
[INFO] [stdout] 
[INFO] [stdout] 
[INFO] [stdout] For more information about this error, try `rustc --explain E0433`.
[INFO] [stdout] 
[INFO] [stderr] error: could not compile `joy-forge-net` (lib test) due to 1 previous error
[INFO] [stdout] Some errors have detailed explanations: E0432, E0433, E0599.
[INFO] [stdout] 
[INFO] [stdout] For more information about an error, try `rustc --explain E0432`.
[INFO] [stdout] 
[INFO] [stderr] error: could not compile `joy-forge-net` (test "sign_in_against_fakes") due to 4 previous errors
[INFO] running `Command { std: "docker" "inspect" "19200471d6abacbcf419b6f7fc52a699468a813c87e129288c8b5dc401fcb1df", kill_on_drop: false }`
[INFO] running `Command { std: "docker" "rm" "-f" "19200471d6abacbcf419b6f7fc52a699468a813c87e129288c8b5dc401fcb1df", kill_on_drop: false }`
[INFO] [stdout] 19200471d6abacbcf419b6f7fc52a699468a813c87e129288c8b5dc401fcb1df
