[INFO] fetching crate jevrs-derive 0.1.1...
[INFO] checking jevrs-derive-0.1.1 against 3154cc1a3e6424e44f438a95007d043ed5ceaaf6+rustflags=-Znext-solver=coherence for pr-133502-30
[INFO] extracting crate jevrs-derive 0.1.1 into /workspace/builds/worker-7-tc1/source
[INFO] started tweaking crates.io crate jevrs-derive 0.1.1
[INFO] removed 0 missing tests
[INFO] finished tweaking crates.io crate jevrs-derive 0.1.1
[INFO] tweaked toml for crates.io crate jevrs-derive 0.1.1 written to /workspace/builds/worker-7-tc1/source/Cargo.toml
[INFO] validating manifest of crates.io crate jevrs-derive 0.1.1 on toolchain 3154cc1a3e6424e44f438a95007d043ed5ceaaf6
[INFO] running `Command { std: CARGO_HOME="/workspace/cargo-home" RUSTUP_HOME="/workspace/rustup-home" "/workspace/cargo-home/bin/cargo" "+3154cc1a3e6424e44f438a95007d043ed5ceaaf6" "metadata" "--manifest-path" "Cargo.toml" "--no-deps", kill_on_drop: false }`
[INFO] crate crates.io crate jevrs-derive 0.1.1 already has a lockfile, it will not be regenerated
[INFO] running `Command { std: CARGO_HOME="/workspace/cargo-home" RUSTUP_HOME="/workspace/rustup-home" "/workspace/cargo-home/bin/cargo" "+3154cc1a3e6424e44f438a95007d043ed5ceaaf6" "fetch" "--manifest-path" "Cargo.toml", kill_on_drop: false }`
[INFO] [stderr]     Blocking waiting for file lock on package cache
[INFO] [stderr]     Updating crates.io index
[INFO] [stderr]     Blocking waiting for file lock on package cache
[INFO] [stderr]  Downloading crates ...
[INFO] [stderr]   Downloaded trybuild v1.0.121
[INFO] [stderr]   Downloaded target-tuple v1.0.2
[INFO] running `Command { std: "docker" "create" "-v" "/var/lib/crater-agent-workspace/builds/worker-7-tc1/source:/opt/rustwide/workdir:ro,Z" "-v" "/var/lib/crater-agent-workspace/builds/worker-7-tc1/target:/opt/rustwide/target:rw,Z" "-v" "/var/lib/crater-agent-workspace/cargo-home:/opt/rustwide/cargo-home:ro,Z" "-v" "/var/lib/crater-agent-workspace/rustup-home:/opt/rustwide/rustup-home:ro,Z" "-m" "1610612736" "--network" "none" "ghcr.io/rust-lang/crates-build-env/linux@sha256:77db811e55d90add9212f6832c23229e3de5f1c1f9905e8cb07319ea15df73ac" "sleep" "infinity", kill_on_drop: false }`
[INFO] [stdout] fa9d385b03b6025251448155b1413ab1a7bc429296eea1afb130207771023aa9
[INFO] running `Command { std: "docker" "start" "fa9d385b03b6025251448155b1413ab1a7bc429296eea1afb130207771023aa9", kill_on_drop: false }`
[INFO] running `Command { std: "docker" "inspect" "fa9d385b03b6025251448155b1413ab1a7bc429296eea1afb130207771023aa9", kill_on_drop: false }`
[INFO] running `Command { std: "docker" "exec" "-e" "SOURCE_DIR=/opt/rustwide/workdir" "-e" "CARGO_HOME=/opt/rustwide/cargo-home" "-e" "RUSTUP_HOME=/opt/rustwide/rustup-home" "-e" "CARGO_TARGET_DIR=/opt/rustwide/target" "-w" "/opt/rustwide/workdir" "--user" "0:0" "fa9d385b03b6025251448155b1413ab1a7bc429296eea1afb130207771023aa9" "/opt/rustwide/cargo-home/bin/cargo" "+3154cc1a3e6424e44f438a95007d043ed5ceaaf6" "metadata" "--no-deps" "--format-version=1", kill_on_drop: false }`
[INFO] running `Command { std: "docker" "inspect" "fa9d385b03b6025251448155b1413ab1a7bc429296eea1afb130207771023aa9", kill_on_drop: false }`
[INFO] running `Command { std: "docker" "exec" "-e" "SOURCE_DIR=/opt/rustwide/workdir" "-e" "CARGO_HOME=/opt/rustwide/cargo-home" "-e" "RUSTUP_HOME=/opt/rustwide/rustup-home" "-e" "CARGO_TARGET_DIR=/opt/rustwide/target" "-e" "CARGO_INCREMENTAL=0" "-e" "RUST_BACKTRACE=full" "-e" "RUSTFLAGS=--cap-lints=forbid -Znext-solver=coherence" "-e" "RUSTDOCFLAGS=--cap-lints=forbid" "-w" "/opt/rustwide/workdir" "--user" "0:0" "fa9d385b03b6025251448155b1413ab1a7bc429296eea1afb130207771023aa9" "/opt/rustwide/cargo-home/bin/cargo" "+3154cc1a3e6424e44f438a95007d043ed5ceaaf6" "check" "--frozen" "--all" "--all-targets" "--message-format=json", kill_on_drop: false }`
[INFO] [stderr]    Compiling proc-macro2 v1.0.107
[INFO] [stderr]     Checking winnow v1.0.4
[INFO] [stderr]    Compiling serde_json v1.0.151
[INFO] [stderr]    Compiling target-tuple v1.0.2
[INFO] [stderr]    Compiling serde v1.0.229
[INFO] [stderr]     Checking toml_writer v1.1.2+spec-1.1.0
[INFO] [stderr]     Checking glob v0.3.4
[INFO] [stderr]    Compiling quote v1.0.47
[INFO] [stderr]     Checking serde_spanned v1.1.1
[INFO] [stderr]     Checking toml_datetime v1.1.1+spec-1.1.0
[INFO] [stderr]     Checking toml_parser v1.1.3+spec-1.1.0
[INFO] [stderr]     Checking toml v1.1.6+spec-1.1.0
[INFO] [stderr]     Checking syn v2.0.119
[INFO] [stderr]    Compiling syn v3.0.6
[INFO] [stderr]    Compiling serde_derive v1.0.229
[INFO] [stderr]     Checking jevrs-derive v0.1.1 (/opt/rustwide/workdir)
[INFO] [stderr]     Checking trybuild v1.0.121
[INFO] [stdout] error: couldn't find file `tests/../../../tests/fixtures/mod.rs`
[INFO] [stdout]  --> tests/questions.rs:8:1
[INFO] [stdout]   |
[INFO] [stdout] 8 | mod fixtures;
[INFO] [stdout]   | ^^^^^^^^^^^^^
[INFO] [stdout] 
[INFO] [stdout] 
[INFO] [stderr] error: could not compile `jevrs-derive` (test "questions") due to 1 previous error
[INFO] [stderr] warning: build failed, waiting for other jobs to finish...
[INFO] [stdout] error[E0432]: unresolved import `jevrs`
[INFO] [stdout]  --> tests/levels.rs:3:5
[INFO] [stdout]   |
[INFO] [stdout] 3 | use jevrs::{Indexed, Levels as LevelsTrait};
[INFO] [stdout]   |     ^^^^^ use of unresolved module or unlinked crate `jevrs`
[INFO] [stdout]   |
[INFO] [stdout]   = help: if you wanted to use a crate named `jevrs`, use `cargo add jevrs` to add it to your `Cargo.toml`
[INFO] [stdout] 
[INFO] [stdout] 
[INFO] [stdout] error[E0432]: unresolved import `jevrs_core`
[INFO] [stdout]   --> tests/levels.rs:62:9
[INFO] [stdout]    |
[INFO] [stdout] 62 |     use jevrs_core::{Indexed, Levels};
[INFO] [stdout]    |         ^^^^^^^^^^ use of unresolved module or unlinked crate `jevrs_core`
[INFO] [stdout]    |
[INFO] [stdout]    = help: if you wanted to use a crate named `jevrs_core`, use `cargo add jevrs_core` to add it to your `Cargo.toml`
[INFO] [stdout] 
[INFO] [stdout] 
[INFO] [stdout] error[E0433]: cannot find `jevrs` in the list of imported crates
[INFO] [stdout]  --> tests/levels.rs:6:34
[INFO] [stdout]   |
[INFO] [stdout] 6 | #[derive(Clone, Copy, Debug, Eq, Levels, Ord, PartialEq, PartialOrd)]
[INFO] [stdout]   |                                  ^^^^^^ could not find `jevrs` in the list of imported crates
[INFO] [stdout]   |
[INFO] [stdout]   = note: this error originates in the derive macro `Levels` (in Nightly builds, run with -Z macro-backtrace for more info)
[INFO] [stdout] 
[INFO] [stdout] 
[INFO] [stdout] error[E0432]: unresolved import `jevrs`
[INFO] [stdout]  --> tests/options.rs:3:5
[INFO] [stdout]   |
[INFO] [stdout] 3 | use jevrs::{Indexed, Options as OptionsTrait};
[INFO] [stdout]   |     ^^^^^ use of unresolved module or unlinked crate `jevrs`
[INFO] [stdout]   |
[INFO] [stdout]   = help: if you wanted to use a crate named `jevrs`, use `cargo add jevrs` to add it to your `Cargo.toml`
[INFO] [stdout] 
[INFO] [stdout] 
[INFO] [stdout] error[E0432]: unresolved import `jevrs_core`
[INFO] [stdout]   --> tests/options.rs:61:9
[INFO] [stdout]    |
[INFO] [stdout] 61 |     use jevrs_core::{Indexed, Options};
[INFO] [stdout]    |         ^^^^^^^^^^ use of unresolved module or unlinked crate `jevrs_core`
[INFO] [stdout]    |
[INFO] [stdout]    = help: if you wanted to use a crate named `jevrs_core`, use `cargo add jevrs_core` to add it to your `Cargo.toml`
[INFO] [stdout] 
[INFO] [stdout] 
[INFO] [stdout] error[E0433]: cannot find `jevrs` in the list of imported crates
[INFO] [stdout]   --> tests/levels.rs:17:34
[INFO] [stdout]    |
[INFO] [stdout] 17 | #[derive(Clone, Copy, Debug, Eq, Levels, Ord, PartialEq, PartialOrd)]
[INFO] [stdout]    |                                  ^^^^^^ could not find `jevrs` in the list of imported crates
[INFO] [stdout]    |
[INFO] [stdout]    = note: this error originates in the derive macro `Levels` (in Nightly builds, run with -Z macro-backtrace for more info)
[INFO] [stdout] 
[INFO] [stdout] 
[INFO] [stdout] error[E0433]: cannot find `jevrs` in the list of imported crates
[INFO] [stdout]  --> tests/options.rs:6:34
[INFO] [stdout]   |
[INFO] [stdout] 6 | #[derive(Clone, Copy, Debug, Eq, Options, PartialEq)]
[INFO] [stdout]   |                                  ^^^^^^^ could not find `jevrs` in the list of imported crates
[INFO] [stdout]   |
[INFO] [stdout]   = note: this error originates in the derive macro `Options` (in Nightly builds, run with -Z macro-backtrace for more info)
[INFO] [stdout] 
[INFO] [stdout] 
[INFO] [stdout] error[E0433]: cannot find `jevrs_core` in the list of imported crates
[INFO] [stdout]   --> tests/levels.rs:65:38
[INFO] [stdout]    |
[INFO] [stdout] 65 |     #[derive(Clone, Copy, Debug, Eq, Levels, Ord, PartialEq, PartialOrd)]
[INFO] [stdout]    |                                      ^^^^^^ could not find `jevrs_core` in the list of imported crates
[INFO] [stdout]    |
[INFO] [stdout]    = note: this error originates in the derive macro `Levels` (in Nightly builds, run with -Z macro-backtrace for more info)
[INFO] [stdout] 
[INFO] [stdout] 
[INFO] [stdout] error[E0433]: cannot find `jevrs` in the list of imported crates
[INFO] [stdout]   --> tests/options.rs:17:34
[INFO] [stdout]    |
[INFO] [stdout] 17 | #[derive(Clone, Copy, Debug, Eq, Options, PartialEq)]
[INFO] [stdout]    |                                  ^^^^^^^ could not find `jevrs` in the list of imported crates
[INFO] [stdout]    |
[INFO] [stdout]    = note: this error originates in the derive macro `Options` (in Nightly builds, run with -Z macro-backtrace for more info)
[INFO] [stdout] 
[INFO] [stdout] 
[INFO] [stderr] error: could not compile `jevrs-derive` (test "levels") due to 5 previous errors
[INFO] [stdout] Some errors have detailed explanations: E0432, E0433.
[INFO] [stdout] 
[INFO] [stdout] For more information about an error, try `rustc --explain E0432`.
[INFO] [stdout] 
[INFO] [stdout] error[E0433]: cannot find `jevrs_core` in the list of imported crates
[INFO] [stdout]   --> tests/options.rs:64:38
[INFO] [stdout]    |
[INFO] [stdout] 64 |     #[derive(Clone, Copy, Debug, Eq, Options, PartialEq)]
[INFO] [stdout]    |                                      ^^^^^^^ could not find `jevrs_core` in the list of imported crates
[INFO] [stdout]    |
[INFO] [stdout]    = note: this error originates in the derive macro `Options` (in Nightly builds, run with -Z macro-backtrace for more info)
[INFO] [stdout] 
[INFO] [stdout] 
[INFO] [stdout] Some errors have detailed explanations: E0432, E0433.
[INFO] [stdout] 
[INFO] [stdout] For more information about an error, try `rustc --explain E0432`.
[INFO] [stdout] 
[INFO] [stderr] error: could not compile `jevrs-derive` (test "options") due to 5 previous errors
[INFO] running `Command { std: "docker" "inspect" "fa9d385b03b6025251448155b1413ab1a7bc429296eea1afb130207771023aa9", kill_on_drop: false }`
[INFO] running `Command { std: "docker" "rm" "-f" "fa9d385b03b6025251448155b1413ab1a7bc429296eea1afb130207771023aa9", kill_on_drop: false }`
[INFO] [stdout] fa9d385b03b6025251448155b1413ab1a7bc429296eea1afb130207771023aa9
