[INFO] fetching crate jammi-kernels 0.54.0...
[INFO] checking jammi-kernels-0.54.0 against 3154cc1a3e6424e44f438a95007d043ed5ceaaf6 for pr-133502-30
[INFO] extracting crate jammi-kernels 0.54.0 into /workspace/builds/worker-4-tc2/source
[INFO] started tweaking crates.io crate jammi-kernels 0.54.0
[INFO] finished tweaking crates.io crate jammi-kernels 0.54.0
[INFO] tweaked toml for crates.io crate jammi-kernels 0.54.0 written to /workspace/builds/worker-4-tc2/source/Cargo.toml
[INFO] validating manifest of crates.io crate jammi-kernels 0.54.0 on toolchain 3154cc1a3e6424e44f438a95007d043ed5ceaaf6
[INFO] running `Command { std: CARGO_HOME="/workspace/cargo-home" RUSTUP_HOME="/workspace/rustup-home" "/workspace/cargo-home/bin/cargo" "+3154cc1a3e6424e44f438a95007d043ed5ceaaf6" "metadata" "--manifest-path" "Cargo.toml" "--no-deps", kill_on_drop: false }`
[INFO] crate crates.io crate jammi-kernels 0.54.0 already has a lockfile, it will not be regenerated
[INFO] running `Command { std: CARGO_HOME="/workspace/cargo-home" RUSTUP_HOME="/workspace/rustup-home" "/workspace/cargo-home/bin/cargo" "+3154cc1a3e6424e44f438a95007d043ed5ceaaf6" "fetch" "--manifest-path" "Cargo.toml", kill_on_drop: false }`
[INFO] running `Command { std: "docker" "create" "-v" "/var/lib/crater-agent-workspace/builds/worker-4-tc2/source:/opt/rustwide/workdir:ro,Z" "-v" "/var/lib/crater-agent-workspace/builds/worker-4-tc2/target:/opt/rustwide/target:rw,Z" "-v" "/var/lib/crater-agent-workspace/cargo-home:/opt/rustwide/cargo-home:ro,Z" "-v" "/var/lib/crater-agent-workspace/rustup-home:/opt/rustwide/rustup-home:ro,Z" "-m" "1610612736" "--network" "none" "ghcr.io/rust-lang/crates-build-env/linux@sha256:77db811e55d90add9212f6832c23229e3de5f1c1f9905e8cb07319ea15df73ac" "sleep" "infinity", kill_on_drop: false }`
[INFO] [stdout] 97e06c063e894746ee84070ee5d8aafa081939db5e4ffffaba5fe866cccab63d
[INFO] running `Command { std: "docker" "start" "97e06c063e894746ee84070ee5d8aafa081939db5e4ffffaba5fe866cccab63d", kill_on_drop: false }`
[INFO] running `Command { std: "docker" "inspect" "97e06c063e894746ee84070ee5d8aafa081939db5e4ffffaba5fe866cccab63d", kill_on_drop: false }`
[INFO] running `Command { std: "docker" "exec" "-e" "SOURCE_DIR=/opt/rustwide/workdir" "-e" "CARGO_HOME=/opt/rustwide/cargo-home" "-e" "RUSTUP_HOME=/opt/rustwide/rustup-home" "-e" "CARGO_TARGET_DIR=/opt/rustwide/target" "-w" "/opt/rustwide/workdir" "--user" "0:0" "97e06c063e894746ee84070ee5d8aafa081939db5e4ffffaba5fe866cccab63d" "/opt/rustwide/cargo-home/bin/cargo" "+3154cc1a3e6424e44f438a95007d043ed5ceaaf6" "metadata" "--no-deps" "--format-version=1", kill_on_drop: false }`
[INFO] running `Command { std: "docker" "inspect" "97e06c063e894746ee84070ee5d8aafa081939db5e4ffffaba5fe866cccab63d", kill_on_drop: false }`
[INFO] running `Command { std: "docker" "exec" "-e" "SOURCE_DIR=/opt/rustwide/workdir" "-e" "CARGO_HOME=/opt/rustwide/cargo-home" "-e" "RUSTUP_HOME=/opt/rustwide/rustup-home" "-e" "CARGO_TARGET_DIR=/opt/rustwide/target" "-e" "CARGO_INCREMENTAL=0" "-e" "RUST_BACKTRACE=full" "-e" "RUSTFLAGS=--cap-lints=forbid" "-e" "RUSTDOCFLAGS=--cap-lints=forbid" "-w" "/opt/rustwide/workdir" "--user" "0:0" "97e06c063e894746ee84070ee5d8aafa081939db5e4ffffaba5fe866cccab63d" "/opt/rustwide/cargo-home/bin/cargo" "+3154cc1a3e6424e44f438a95007d043ed5ceaaf6" "check" "--frozen" "--all" "--all-targets" "--message-format=json", kill_on_drop: false }`
[INFO] [stderr]    Compiling proc-macro2 v1.0.106
[INFO] [stderr]    Compiling quote v1.0.45
[INFO] [stderr]    Compiling libc v0.2.186
[INFO] [stderr]    Compiling zerocopy v0.8.47
[INFO] [stderr]     Checking bitflags v2.11.0
[INFO] [stderr]    Compiling num-traits v0.2.19
[INFO] [stderr]    Compiling serde_core v1.0.228
[INFO] [stderr]    Compiling pulp v0.22.2
[INFO] [stderr]     Checking memchr v2.8.0
[INFO] [stderr]     Checking pulp-wasm-simd-flag v0.1.0
[INFO] [stderr]    Compiling dyn-stack-macros v0.1.3
[INFO] [stderr]     Checking reborrow v0.5.5
[INFO] [stderr]    Compiling serde v1.0.228
[INFO] [stderr]     Checking crossbeam-epoch v0.9.20
[INFO] [stderr]    Compiling seq-macro v0.3.6
[INFO] [stderr]    Compiling find-msvc-tools v0.1.9
[INFO] [stderr]    Compiling zmij v1.0.21
[INFO] [stderr]     Checking raw-cpuid v11.6.0
[INFO] [stderr]    Compiling cc v1.2.57
[INFO] [stderr]    Compiling rustix v1.1.4
[INFO] [stderr]    Compiling serde_json v1.0.149
[INFO] [stderr]    Compiling getrandom v0.4.2
[INFO] [stderr]    Compiling ahash v0.8.12
[INFO] [stderr]     Checking linux-raw-sys v0.12.1
[INFO] [stderr]     Checking crossbeam-deque v0.8.6
[INFO] [stderr]    Compiling esaxx-rs v0.1.10
[INFO] [stderr]     Checking regex-syntax v0.8.10
[INFO] [stderr]    Compiling thiserror v2.0.18
[INFO] [stderr]     Checking castaway v0.2.4
[INFO] [stderr]     Checking itertools v0.14.0
[INFO] [stderr]     Checking smallvec v1.15.1
[INFO] [stderr]     Checking unicode-segmentation v1.12.0
[INFO] [stderr]    Compiling macro_rules_attribute-proc_macro v0.2.2
[INFO] [stderr]     Checking rayon-core v1.13.0
[INFO] [stderr]     Checking stable_deref_trait v1.2.1
[INFO] [stderr]     Checking fastrand v2.3.0
[INFO] [stderr]     Checking indexmap v2.14.2
[INFO] [stderr]     Checking unicode-normalization-alignments v0.1.12
[INFO] [stderr]     Checking typed-path v0.12.3
[INFO] [stderr]     Checking aho-corasick v1.1.4
[INFO] [stderr]     Checking nom v7.1.3
[INFO] [stderr]    Compiling syn v2.0.117
[INFO] [stderr]     Checking rayon v1.11.0
[INFO] [stderr]     Checking macro_rules_attribute v0.2.2
[INFO] [stderr]     Checking log v0.4.29
[INFO] [stderr]     Checking unicode_categories v0.1.1
[INFO] [stderr]     Checking byteorder v1.5.0
[INFO] [stderr]    Compiling jammi-kernels v0.54.0 (/opt/rustwide/workdir)
[INFO] [stderr]     Checking approx v0.5.1
[INFO] [stderr]    Compiling onig_sys v69.9.3
[INFO] [stderr]     Checking getrandom v0.3.4
[INFO] [stderr]     Checking memmap2 v0.9.11
[INFO] [stderr]     Checking num_cpus v1.17.0
[INFO] [stderr]     Checking rand_core v0.9.5
[INFO] [stderr]     Checking zip v8.6.0
[INFO] [stderr]     Checking regex-automata v0.4.14
[INFO] [stderr]     Checking tempfile v3.27.0
[INFO] [stderr]     Checking hashbrown v0.16.1
[INFO] [stderr]     Checking rayon-cond v0.4.0
[INFO] [stderr]     Checking regex v1.12.3
[INFO] [stderr]    Compiling darling_core v0.20.11
[INFO] [stderr]    Compiling synstructure v0.13.2
[INFO] [stderr]    Compiling zerocopy-derive v0.8.47
[INFO] [stderr]    Compiling bytemuck_derive v1.10.2
[INFO] [stderr]    Compiling serde_derive v1.0.228
[INFO] [stderr]    Compiling thiserror-impl v2.0.18
[INFO] [stderr]    Compiling monostate-impl v0.1.18
[INFO] [stderr]    Compiling tracing-attributes v0.1.31
[INFO] [stderr]    Compiling strum_macros v0.26.4
[INFO] [stderr]    Compiling zerofrom-derive v0.1.6
[INFO] [stderr]    Compiling yoke-derive v0.8.1
[INFO] [stderr]     Checking monostate v0.1.18
[INFO] [stderr]     Checking onig v6.5.3
[INFO] [stderr]     Checking tracing v0.1.44
[INFO] [stderr]     Checking strum v0.26.3
[INFO] [stderr]     Checking zerofrom v0.1.6
[INFO] [stderr]     Checking yoke v0.8.1
[INFO] [stderr]     Checking bytemuck v1.25.0
[INFO] [stderr]     Checking num-complex v0.4.6
[INFO] [stderr]     Checking dyn-stack v0.13.2
[INFO] [stderr]    Compiling darling_macro v0.20.11
[INFO] [stderr]    Compiling darling v0.20.11
[INFO] [stderr]    Compiling derive_builder_core v0.20.2
[INFO] [stderr]     Checking spm_precompiled v0.1.4
[INFO] [stderr]     Checking dary_heap v0.3.8
[INFO] [stderr]     Checking compact_str v0.9.0
[INFO] [stderr]     Checking safetensors v0.8.0
[INFO] [stderr]    Compiling derive_builder_macro v0.20.2
[INFO] [stderr]     Checking derive_builder v0.20.2
[INFO] [stderr]     Checking ppv-lite86 v0.2.21
[INFO] [stderr]     Checking rand_chacha v0.9.0
[INFO] [stderr]     Checking rand v0.9.3
[INFO] [stderr]     Checking rand_distr v0.5.1
[INFO] [stderr]     Checking tokenizers v0.22.2
[INFO] [stderr]     Checking half v2.7.1
[INFO] [stderr]     Checking gemm-common v0.19.0
[INFO] [stderr]     Checking float8 v0.7.0
[INFO] [stderr]     Checking gemm-f32 v0.19.0
[INFO] [stderr]     Checking gemm-c32 v0.19.0
[INFO] [stderr]     Checking gemm-f64 v0.19.0
[INFO] [stderr]     Checking gemm-c64 v0.19.0
[INFO] [stderr]     Checking gemm-f16 v0.19.0
[INFO] [stderr]     Checking gemm v0.19.0
[INFO] [stderr]     Checking candle-core v0.11.0
[INFO] [stderr]     Checking candle-nn v0.11.0
[INFO] [stdout] error[E0433]: cannot find module or crate `jammi_test_resources` in this scope
[INFO] [stdout]     --> src/admission.rs:2936:25
[INFO] [stdout]      |
[INFO] [stdout] 2936 |         let mut child = jammi_test_resources::child_test(
[INFO] [stdout]      |                         ^^^^^^^^^^^^^^^^^^^^ use of unresolved module or unlinked crate `jammi_test_resources`
[INFO] [stdout]      |
[INFO] [stdout]      = help: if you wanted to use a crate named `jammi_test_resources`, use `cargo add jammi_test_resources` to add it to your `Cargo.toml`
[INFO] [stdout] 
[INFO] [stdout] 
[INFO] [stdout] error[E0433]: cannot find module or crate `jammi_test_resources` in this scope
[INFO] [stdout]     --> src/admission.rs:2940:9
[INFO] [stdout]      |
[INFO] [stdout] 2940 |         jammi_test_resources::child_test_stdout(&mut child);
[INFO] [stdout]      |         ^^^^^^^^^^^^^^^^^^^^ use of unresolved module or unlinked crate `jammi_test_resources`
[INFO] [stdout]      |
[INFO] [stdout]      = help: if you wanted to use a crate named `jammi_test_resources`, use `cargo add jammi_test_resources` to add it to your `Cargo.toml`
[INFO] [stdout] 
[INFO] [stdout] 
[INFO] [stdout] error[E0433]: cannot find module or crate `jammi_test_resources` in this scope
[INFO] [stdout]     --> src/admission.rs:2974:13
[INFO] [stdout]      |
[INFO] [stdout] 2974 |             jammi_test_resources::child_test("admission::tests::admission_mode_child_process_body");
[INFO] [stdout]      |             ^^^^^^^^^^^^^^^^^^^^ use of unresolved module or unlinked crate `jammi_test_resources`
[INFO] [stdout]      |
[INFO] [stdout]      = help: if you wanted to use a crate named `jammi_test_resources`, use `cargo add jammi_test_resources` to add it to your `Cargo.toml`
[INFO] [stdout] 
[INFO] [stdout] 
[INFO] [stdout] error[E0433]: cannot find module or crate `jammi_test_resources` in this scope
[INFO] [stdout]     --> src/admission.rs:2976:9
[INFO] [stdout]      |
[INFO] [stdout] 2976 |         jammi_test_resources::child_test_stdout(&mut child);
[INFO] [stdout]      |         ^^^^^^^^^^^^^^^^^^^^ use of unresolved module or unlinked crate `jammi_test_resources`
[INFO] [stdout]      |
[INFO] [stdout]      = help: if you wanted to use a crate named `jammi_test_resources`, use `cargo add jammi_test_resources` to add it to your `Cargo.toml`
[INFO] [stdout] 
[INFO] [stdout] 
[INFO] [stdout] For more information about this error, try `rustc --explain E0433`.
[INFO] [stdout] 
[INFO] [stderr] error: could not compile `jammi-kernels` (lib test) due to 4 previous errors
[INFO] running `Command { std: "docker" "inspect" "97e06c063e894746ee84070ee5d8aafa081939db5e4ffffaba5fe866cccab63d", kill_on_drop: false }`
[INFO] running `Command { std: "docker" "rm" "-f" "97e06c063e894746ee84070ee5d8aafa081939db5e4ffffaba5fe866cccab63d", kill_on_drop: false }`
[INFO] [stdout] 97e06c063e894746ee84070ee5d8aafa081939db5e4ffffaba5fe866cccab63d
