[INFO] fetching crate jammi-encoders 0.54.0...
[INFO] checking jammi-encoders-0.54.0 against 3154cc1a3e6424e44f438a95007d043ed5ceaaf6+rustflags=-Znext-solver=coherence for pr-133502-30
[INFO] extracting crate jammi-encoders 0.54.0 into /workspace/builds/worker-3-tc1/source
[INFO] started tweaking crates.io crate jammi-encoders 0.54.0
[INFO] removed 0 missing tests
[INFO] finished tweaking crates.io crate jammi-encoders 0.54.0
[INFO] tweaked toml for crates.io crate jammi-encoders 0.54.0 written to /workspace/builds/worker-3-tc1/source/Cargo.toml
[INFO] validating manifest of crates.io crate jammi-encoders 0.54.0 on toolchain 3154cc1a3e6424e44f438a95007d043ed5ceaaf6
[INFO] running `Command { std: CARGO_HOME="/workspace/cargo-home" RUSTUP_HOME="/workspace/rustup-home" "/workspace/cargo-home/bin/cargo" "+3154cc1a3e6424e44f438a95007d043ed5ceaaf6" "metadata" "--manifest-path" "Cargo.toml" "--no-deps", kill_on_drop: false }`
[INFO] crate crates.io crate jammi-encoders 0.54.0 already has a lockfile, it will not be regenerated
[INFO] running `Command { std: CARGO_HOME="/workspace/cargo-home" RUSTUP_HOME="/workspace/rustup-home" "/workspace/cargo-home/bin/cargo" "+3154cc1a3e6424e44f438a95007d043ed5ceaaf6" "fetch" "--manifest-path" "Cargo.toml", kill_on_drop: false }`
[INFO] [stderr]     Updating crates.io index
[INFO] [stderr]  Downloading crates ...
[INFO] [stderr]   Downloaded jammi-numerics v0.54.0
[INFO] [stderr]   Downloaded nalgebra-macros v0.3.0
[INFO] [stderr]   Downloaded enum-as-inner v0.6.1
[INFO] [stderr]   Downloaded pulp-wasm-simd-flag v0.1.0
[INFO] [stderr]   Downloaded dyn-stack-macros v0.1.3
[INFO] [stderr]   Downloaded gemm-c32 v0.19.0
[INFO] [stderr]   Downloaded gemm-f32 v0.19.0
[INFO] [stderr]   Downloaded gemm-c64 v0.19.0
[INFO] [stderr]   Downloaded candle-ug v0.11.0
[INFO] [stderr]   Downloaded gemm-f64 v0.19.0
[INFO] [stderr]   Downloaded dary_heap v0.3.8
[INFO] [stderr]   Downloaded gemm v0.19.0
[INFO] [stderr]   Downloaded gemm-common v0.19.0
[INFO] [stderr]   Downloaded sysctl v0.6.0
[INFO] [stderr]   Downloaded dyn-stack v0.13.2
[INFO] [stderr]   Downloaded gemm-f16 v0.19.0
[INFO] [stderr]   Downloaded ug-cuda v0.5.0
[INFO] [stderr]   Downloaded safetensors v0.4.5
[INFO] [stderr]   Downloaded gemm-f64 v0.18.2
[INFO] [stderr]   Downloaded gemm-f32 v0.18.2
[INFO] [stderr]   Downloaded gemm-f16 v0.18.2
[INFO] [stderr]   Downloaded gemm-c64 v0.18.2
[INFO] [stderr]   Downloaded gemm-c32 v0.18.2
[INFO] [stderr]   Downloaded bindgen_cuda v0.1.6
[INFO] [stderr]   Downloaded socks v0.3.4
[INFO] [stderr]   Downloaded safetensors v0.8.0
[INFO] [stderr]   Downloaded float8 v0.7.0
[INFO] [stderr]   Downloaded gemm v0.18.2
[INFO] [stderr]   Downloaded which v7.0.3
[INFO] [stderr]   Downloaded gemm-common v0.18.2
[INFO] [stderr]   Downloaded cudaforge v0.1.6
[INFO] [stderr]   Downloaded ug v0.5.0
[INFO] [stderr]   Downloaded hf-hub v0.5.0
[INFO] [stderr]   Downloaded cookie_store v0.22.1
[INFO] [stderr]   Downloaded rand_distr v0.5.1
[INFO] [stderr]   Downloaded jammi-lora v0.54.0
[INFO] [stderr]   Downloaded candle-nn v0.11.0
[INFO] [stderr]   Downloaded candle-kernels v0.11.0
[INFO] [stderr]   Downloaded glam v0.17.3
[INFO] [stderr]   Downloaded glam v0.15.2
[INFO] [stderr]   Downloaded console v0.16.3
[INFO] [stderr]   Downloaded glam v0.19.0
[INFO] [stderr]   Downloaded glam v0.16.0
[INFO] [stderr]   Downloaded pulp v0.21.5
[INFO] [stderr]   Downloaded glam v0.14.0
[INFO] [stderr]   Downloaded pulp v0.22.2
[INFO] [stderr]   Downloaded glam v0.20.5
[INFO] [stderr]   Downloaded glam v0.18.0
[INFO] [stderr]   Downloaded indicatif v0.18.4
[INFO] [stderr]   Downloaded glam v0.21.3
[INFO] [stderr]   Downloaded libredox v0.1.14
[INFO] [stderr]   Downloaded serde_plain v1.0.2
[INFO] [stderr]   Downloaded glam v0.22.0
[INFO] [stderr]   Downloaded h2 v0.4.16
[INFO] [stderr]   Downloaded candle-core v0.11.0
[INFO] [stderr]   Downloaded nalgebra v0.33.3
[INFO] [stderr]   Downloaded nalgebra v0.34.2
[INFO] [stderr]   Downloaded glam v0.27.0
[INFO] [stderr]   Downloaded glam v0.28.0
[INFO] [stderr]   Downloaded glam v0.29.3
[INFO] [stderr]   Downloaded cudarc v0.19.8
[INFO] [stderr]   Downloaded jammi-kernels v0.54.0
[INFO] [stderr]   Downloaded cudarc v0.17.8
[INFO] [stderr]   Downloaded glam v0.32.1
[INFO] [stderr]   Downloaded glam v0.30.10
[INFO] [stderr]   Downloaded candle-transformers v0.11.0
[INFO] [stderr]   Downloaded glam v0.31.1
[INFO] running `Command { std: "docker" "create" "-v" "/var/lib/crater-agent-workspace/builds/worker-3-tc1/source:/opt/rustwide/workdir:ro,Z" "-v" "/var/lib/crater-agent-workspace/builds/worker-3-tc1/target:/opt/rustwide/target:rw,Z" "-v" "/var/lib/crater-agent-workspace/cargo-home:/opt/rustwide/cargo-home:ro,Z" "-v" "/var/lib/crater-agent-workspace/rustup-home:/opt/rustwide/rustup-home:ro,Z" "-m" "1610612736" "--network" "none" "ghcr.io/rust-lang/crates-build-env/linux@sha256:77db811e55d90add9212f6832c23229e3de5f1c1f9905e8cb07319ea15df73ac" "sleep" "infinity", kill_on_drop: false }`
[INFO] [stdout] 7fe0699723724c879d5b5626d602c99d65c0d638ebcfdb81a0dd5085c98abbbd
[INFO] running `Command { std: "docker" "start" "7fe0699723724c879d5b5626d602c99d65c0d638ebcfdb81a0dd5085c98abbbd", kill_on_drop: false }`
[INFO] running `Command { std: "docker" "inspect" "7fe0699723724c879d5b5626d602c99d65c0d638ebcfdb81a0dd5085c98abbbd", kill_on_drop: false }`
[INFO] running `Command { std: "docker" "exec" "-e" "SOURCE_DIR=/opt/rustwide/workdir" "-e" "CARGO_HOME=/opt/rustwide/cargo-home" "-e" "RUSTUP_HOME=/opt/rustwide/rustup-home" "-e" "CARGO_TARGET_DIR=/opt/rustwide/target" "-w" "/opt/rustwide/workdir" "--user" "0:0" "7fe0699723724c879d5b5626d602c99d65c0d638ebcfdb81a0dd5085c98abbbd" "/opt/rustwide/cargo-home/bin/cargo" "+3154cc1a3e6424e44f438a95007d043ed5ceaaf6" "metadata" "--no-deps" "--format-version=1", kill_on_drop: false }`
[INFO] running `Command { std: "docker" "inspect" "7fe0699723724c879d5b5626d602c99d65c0d638ebcfdb81a0dd5085c98abbbd", kill_on_drop: false }`
[INFO] running `Command { std: "docker" "exec" "-e" "SOURCE_DIR=/opt/rustwide/workdir" "-e" "CARGO_HOME=/opt/rustwide/cargo-home" "-e" "RUSTUP_HOME=/opt/rustwide/rustup-home" "-e" "CARGO_TARGET_DIR=/opt/rustwide/target" "-e" "CARGO_INCREMENTAL=0" "-e" "RUST_BACKTRACE=full" "-e" "RUSTFLAGS=--cap-lints=forbid -Znext-solver=coherence" "-e" "RUSTDOCFLAGS=--cap-lints=forbid" "-w" "/opt/rustwide/workdir" "--user" "0:0" "7fe0699723724c879d5b5626d602c99d65c0d638ebcfdb81a0dd5085c98abbbd" "/opt/rustwide/cargo-home/bin/cargo" "+3154cc1a3e6424e44f438a95007d043ed5ceaaf6" "check" "--frozen" "--all" "--all-targets" "--message-format=json", kill_on_drop: false }`
[INFO] [stderr]    Compiling libc v0.2.186
[INFO] [stderr]    Compiling zerocopy v0.8.47
[INFO] [stderr]    Compiling getrandom v0.3.4
[INFO] [stderr]     Checking bitflags v2.11.0
[INFO] [stderr]    Compiling num-traits v0.2.19
[INFO] [stderr]    Compiling cc v1.2.57
[INFO] [stderr]     Checking stable_deref_trait v1.2.1
[INFO] [stderr]    Compiling crossbeam-epoch v0.9.20
[INFO] [stderr]     Checking indexmap v2.14.2
[INFO] [stderr]     Checking either v1.15.0
[INFO] [stderr]     Checking smallvec v1.15.1
[INFO] [stderr]    Compiling zerocopy-derive v0.8.47
[INFO] [stderr]    Compiling bytemuck_derive v1.10.2
[INFO] [stderr]    Compiling zerofrom-derive v0.1.6
[INFO] [stderr]    Compiling yoke-derive v0.8.1
[INFO] [stderr]     Checking serde v1.0.228
[INFO] [stderr]    Compiling pulp v0.22.2
[INFO] [stderr]     Checking raw-cpuid v11.6.0
[INFO] [stderr]    Compiling dyn-stack-macros v0.1.3
[INFO] [stderr]     Checking reborrow v0.5.5
[INFO] [stderr]     Checking pulp-wasm-simd-flag v0.1.0
[INFO] [stderr]     Checking log v0.4.29
[INFO] [stderr]    Compiling zerovec-derive v0.11.2
[INFO] [stderr]    Compiling ident_case v1.0.1
[INFO] [stderr]    Compiling fnv v1.0.7
[INFO] [stderr]    Compiling seq-macro v0.3.6
[INFO] [stderr]    Compiling serde_json v1.0.149
[INFO] [stderr]    Compiling darling_core v0.20.11
[INFO] [stderr]    Compiling syn v3.0.5
[INFO] [stderr]     Checking crossbeam-deque v0.8.6
[INFO] [stderr]     Checking http v1.4.0
[INFO] [stderr]    Compiling thiserror v2.0.18
[INFO] [stderr]     Checking rayon-core v1.13.0
[INFO] [stderr]     Checking tracing v0.1.44
[INFO] [stderr]     Checking futures-channel v0.3.32
[INFO] [stderr]     Checking aho-corasick v1.1.4
[INFO] [stderr]    Compiling rustix v1.1.4
[INFO] [stderr]     Checking regex-syntax v0.8.10
[INFO] [stderr]     Checking rayon v1.11.0
[INFO] [stderr]    Compiling futures-macro v0.3.32
[INFO] [stderr]     Checking bytemuck v1.25.0
[INFO] [stderr]    Compiling ahash v0.8.12
[INFO] [stderr]     Checking getrandom v0.2.17
[INFO] [stderr]     Checking zerofrom v0.1.6
[INFO] [stderr]     Checking mio v1.2.3
[INFO] [stderr]     Checking socket2 v0.6.3
[INFO] [stderr]     Checking num-complex v0.4.6
[INFO] [stderr]     Checking dyn-stack v0.13.2
[INFO] [stderr]     Checking yoke v0.8.1
[INFO] [stderr]     Checking rand_core v0.9.5
[INFO] [stderr]    Compiling onig_sys v69.9.3
[INFO] [stderr]    Compiling ring v0.17.14
[INFO] [stderr]     Checking linux-raw-sys v0.12.1
[INFO] [stderr]     Checking zerovec v0.11.5
[INFO] [stderr]     Checking futures-task v0.3.32
[INFO] [stderr]     Checking litemap v0.8.1
[INFO] [stderr]     Checking futures-io v0.3.32
[INFO] [stderr]     Checking writeable v0.6.2
[INFO] [stderr]    Compiling esaxx-rs v0.1.10
[INFO] [stderr]     Checking nom v7.1.3
[INFO] [stderr]     Checking rustls-pki-types v1.14.0
[INFO] [stderr]     Checking zerotrie v0.2.3
[INFO] [stderr]     Checking safe_arch v0.7.4
[INFO] [stderr]     Checking futures-util v0.3.32
[INFO] [stderr]     Checking rand_core v0.6.4
[INFO] [stderr]     Checking getrandom v0.4.2
[INFO] [stderr]     Checking castaway v0.2.4
[INFO] [stderr]     Checking itertools v0.14.0
[INFO] [stderr]    Compiling monostate-impl v0.1.18
[INFO] [stderr]    Compiling matrixmultiply v0.3.10
[INFO] [stderr]    Compiling icu_normalizer_data v2.1.1
[INFO] [stderr]    Compiling icu_properties_data v2.1.2
[INFO] [stderr]     Checking base64 v0.13.1
[INFO] [stderr]    Compiling macro_rules_attribute-proc_macro v0.2.2
[INFO] [stderr]     Checking tinystr v0.8.2
[INFO] [stderr]     Checking potential_utf v0.1.4
[INFO] [stderr]     Checking monostate v0.1.18
[INFO] [stderr]     Checking icu_collections v2.1.1
[INFO] [stderr]     Checking icu_locale_core v2.1.1
[INFO] [stderr]     Checking macro_rules_attribute v0.2.2
[INFO] [stderr]     Checking hashbrown v0.16.1
[INFO] [stderr]     Checking regex-automata v0.4.14
[INFO] [stderr]     Checking compact_str v0.9.0
[INFO] [stderr]     Checking spm_precompiled v0.1.4
[INFO] [stderr]     Checking wide v0.7.33
[INFO] [stderr]     Checking http-body v1.0.1
[INFO] [stderr]     Checking num_cpus v1.17.0
[INFO] [stderr]     Checking approx v0.5.1
[INFO] [stderr]     Checking num-integer v0.1.46
[INFO] [stderr]     Checking dary_heap v0.3.8
[INFO] [stderr]     Checking unicode-normalization-alignments v0.1.12
[INFO] [stderr]    Compiling rustls v0.23.45
[INFO] [stderr]     Checking rawpointer v0.2.1
[INFO] [stderr]     Checking tempfile v3.27.0
[INFO] [stderr]     Checking icu_provider v2.1.1
[INFO] [stderr]     Checking unicode_categories v0.1.1
[INFO] [stderr]     Checking typed-path v0.12.3
[INFO] [stderr]     Checking num-rational v0.4.2
[INFO] [stderr]     Checking rayon-cond v0.4.0
[INFO] [stderr]     Checking safetensors v0.8.0
[INFO] [stderr]     Checking memmap2 v0.9.11
[INFO] [stderr]    Compiling strum_macros v0.26.4
[INFO] [stderr]     Checking icu_properties v2.1.2
[INFO] [stderr]     Checking icu_normalizer v2.1.1
[INFO] [stderr]     Checking webpki-roots v1.0.6
[INFO] [stderr]     Checking sync_wrapper v1.0.2
[INFO] [stderr]    Compiling nalgebra-macros v0.3.0
[INFO] [stderr]    Compiling jammi-kernels v0.54.0
[INFO] [stderr]     Checking simd-adler32 v0.3.8
[INFO] [stderr]    Compiling darling_macro v0.20.11
[INFO] [stderr]    Compiling portable-atomic v1.13.1
[INFO] [stderr]     Checking miniz_oxide v0.8.9
[INFO] [stderr]     Checking iri-string v0.7.10
[INFO] [stderr]    Compiling darling v0.20.11
[INFO] [stderr]    Compiling derive_builder_core v0.20.2
[INFO] [stderr]     Checking futures-executor v0.3.32
[INFO] [stderr]     Checking dirs-sys v0.5.0
[INFO] [stderr]     Checking console v0.16.3
[INFO] [stderr]     Checking serde_urlencoded v0.7.1
[INFO] [stderr]     Checking ureq-proto v0.6.0
[INFO] [stderr]     Checking simba v0.9.1
[INFO] [stderr]    Compiling derive_builder_macro v0.20.2
[INFO] [stderr]     Checking flate2 v1.1.9
[INFO] [stderr]     Checking zip v8.6.0
[INFO] [stderr]     Checking http-body-util v0.1.3
[INFO] [stderr]     Checking socks v0.3.4
[INFO] [stderr]     Checking utf8-zero v0.8.1
[INFO] [stderr]     Checking derive_builder v0.20.2
[INFO] [stderr]     Checking unit-prefix v0.5.2
[INFO] [stderr]     Checking dirs v6.0.0
[INFO] [stderr]     Checking indicatif v0.18.4
[INFO] [stderr]     Checking futures v0.3.32
[INFO] [stderr]     Checking serde_plain v1.0.2
[INFO] [stderr]     Checking idna_adapter v1.2.1
[INFO] [stderr]     Checking idna v1.1.0
[INFO] [stderr]     Checking strum v0.26.3
[INFO] [stderr]    Compiling tokio-macros v2.7.2
[INFO] [stderr]     Checking url v2.5.8
[INFO] [stderr]     Checking rustls-webpki v0.103.15
[INFO] [stderr]     Checking tokio v1.53.1
[INFO] [stderr]     Checking regex v1.12.3
[INFO] [stderr]     Checking fancy-regex v0.18.0
[INFO] [stderr]     Checking onig v6.5.3
[INFO] [stderr]     Checking ppv-lite86 v0.2.21
[INFO] [stderr]     Checking rand_chacha v0.9.0
[INFO] [stderr]     Checking rand_chacha v0.3.1
[INFO] [stderr]     Checking rand v0.8.6
[INFO] [stderr]     Checking rand v0.9.3
[INFO] [stderr]     Checking rand_distr v0.5.1
[INFO] [stderr]     Checking tokenizers v0.22.2
[INFO] [stderr]     Checking rand_distr v0.4.3
[INFO] [stderr]     Checking half v2.7.1
[INFO] [stderr]     Checking gemm-common v0.19.0
[INFO] [stderr]     Checking float8 v0.7.0
[INFO] [stderr]     Checking gemm-f32 v0.19.0
[INFO] [stderr]     Checking gemm-c32 v0.19.0
[INFO] [stderr]     Checking gemm-c64 v0.19.0
[INFO] [stderr]     Checking gemm-f64 v0.19.0
[INFO] [stderr]     Checking nalgebra v0.33.3
[INFO] [stderr]     Checking nalgebra v0.34.2
[INFO] [stderr]     Checking gemm-f16 v0.19.0
[INFO] [stderr]     Checking ureq v3.3.0
[INFO] [stderr]     Checking gemm v0.19.0
[INFO] [stderr]     Checking tokio-util v0.7.18
[INFO] [stderr]     Checking tower v0.5.3
[INFO] [stderr]     Checking tokio-rustls v0.26.4
[INFO] [stderr]     Checking tower-http v0.6.8
[INFO] [stderr]     Checking h2 v0.4.16
[INFO] [stderr]     Checking candle-core v0.11.0
[INFO] [stderr]     Checking hyper v1.8.1
[INFO] [stderr]     Checking hyper-util v0.1.20
[INFO] [stderr]     Checking hyper-rustls v0.27.7
[INFO] [stderr]     Checking reqwest v0.12.28
[INFO] [stderr]     Checking candle-nn v0.11.0
[INFO] [stderr]     Checking hf-hub v0.5.0
[INFO] [stderr]     Checking candle-transformers v0.11.0
[INFO] [stderr]     Checking statrs v0.18.0
[INFO] [stderr]     Checking jammi-numerics v0.54.0
[INFO] [stderr]     Checking jammi-lora v0.54.0
[INFO] [stderr]     Checking jammi-encoders v0.54.0 (/opt/rustwide/workdir)
[INFO] [stdout] error[E0433]: cannot find module or crate `jammi_test_resources` in this scope
[INFO] [stdout]     --> tests/it/bert.rs:1137:21
[INFO] [stdout]      |
[INFO] [stdout] 1137 |     let mut child = jammi_test_resources::child_test(
[INFO] [stdout]      |                     ^^^^^^^^^^^^^^^^^^^^ use of unresolved module or unlinked crate `jammi_test_resources`
[INFO] [stdout]      |
[INFO] [stdout]      = help: if you wanted to use a crate named `jammi_test_resources`, use `cargo add jammi_test_resources` to add it to your `Cargo.toml`
[INFO] [stdout] 
[INFO] [stdout] 
[INFO] [stdout] error[E0433]: cannot find module or crate `jammi_test_resources` in this scope
[INFO] [stdout]     --> tests/it/bert.rs:1144:5
[INFO] [stdout]      |
[INFO] [stdout] 1144 |     jammi_test_resources::child_test_stdout(&mut child);
[INFO] [stdout]      |     ^^^^^^^^^^^^^^^^^^^^ use of unresolved module or unlinked crate `jammi_test_resources`
[INFO] [stdout]      |
[INFO] [stdout]      = help: if you wanted to use a crate named `jammi_test_resources`, use `cargo add jammi_test_resources` to add it to your `Cargo.toml`
[INFO] [stdout] 
[INFO] [stdout] 
[INFO] [stdout] error[E0433]: cannot find module or crate `jammi_test_resources` in this scope
[INFO] [stdout]     --> tests/it/bert.rs:1181:21
[INFO] [stdout]      |
[INFO] [stdout] 1181 |     let mut child = jammi_test_resources::child_test(
[INFO] [stdout]      |                     ^^^^^^^^^^^^^^^^^^^^ use of unresolved module or unlinked crate `jammi_test_resources`
[INFO] [stdout]      |
[INFO] [stdout]      = help: if you wanted to use a crate named `jammi_test_resources`, use `cargo add jammi_test_resources` to add it to your `Cargo.toml`
[INFO] [stdout] 
[INFO] [stdout] 
[INFO] [stdout] error[E0433]: cannot find module or crate `jammi_test_resources` in this scope
[INFO] [stdout]     --> tests/it/bert.rs:1185:5
[INFO] [stdout]      |
[INFO] [stdout] 1185 |     jammi_test_resources::child_test_stdout(&mut child);
[INFO] [stdout]      |     ^^^^^^^^^^^^^^^^^^^^ use of unresolved module or unlinked crate `jammi_test_resources`
[INFO] [stdout]      |
[INFO] [stdout]      = help: if you wanted to use a crate named `jammi_test_resources`, use `cargo add jammi_test_resources` to add it to your `Cargo.toml`
[INFO] [stdout] 
[INFO] [stdout] 
[INFO] [stdout] error[E0433]: cannot find module or crate `jammi_test_resources` in this scope
[INFO] [stdout]    --> tests/it/distilbert.rs:801:21
[INFO] [stdout]     |
[INFO] [stdout] 801 |     let mut child = jammi_test_resources::child_test(
[INFO] [stdout]     |                     ^^^^^^^^^^^^^^^^^^^^ use of unresolved module or unlinked crate `jammi_test_resources`
[INFO] [stdout]     |
[INFO] [stdout]     = help: if you wanted to use a crate named `jammi_test_resources`, use `cargo add jammi_test_resources` to add it to your `Cargo.toml`
[INFO] [stdout] 
[INFO] [stdout] 
[INFO] [stdout] error[E0433]: cannot find module or crate `jammi_test_resources` in this scope
[INFO] [stdout]    --> tests/it/distilbert.rs:808:5
[INFO] [stdout]     |
[INFO] [stdout] 808 |     jammi_test_resources::child_test_stdout(&mut child);
[INFO] [stdout]     |     ^^^^^^^^^^^^^^^^^^^^ use of unresolved module or unlinked crate `jammi_test_resources`
[INFO] [stdout]     |
[INFO] [stdout]     = help: if you wanted to use a crate named `jammi_test_resources`, use `cargo add jammi_test_resources` to add it to your `Cargo.toml`
[INFO] [stdout] 
[INFO] [stdout] 
[INFO] [stdout] error[E0433]: cannot find module or crate `jammi_test_resources` in this scope
[INFO] [stdout]    --> tests/it/distilbert.rs:844:21
[INFO] [stdout]     |
[INFO] [stdout] 844 |     let mut child = jammi_test_resources::child_test(
[INFO] [stdout]     |                     ^^^^^^^^^^^^^^^^^^^^ use of unresolved module or unlinked crate `jammi_test_resources`
[INFO] [stdout]     |
[INFO] [stdout]     = help: if you wanted to use a crate named `jammi_test_resources`, use `cargo add jammi_test_resources` to add it to your `Cargo.toml`
[INFO] [stdout] 
[INFO] [stdout] 
[INFO] [stdout] error[E0433]: cannot find module or crate `jammi_test_resources` in this scope
[INFO] [stdout]    --> tests/it/distilbert.rs:848:5
[INFO] [stdout]     |
[INFO] [stdout] 848 |     jammi_test_resources::child_test_stdout(&mut child);
[INFO] [stdout]     |     ^^^^^^^^^^^^^^^^^^^^ use of unresolved module or unlinked crate `jammi_test_resources`
[INFO] [stdout]     |
[INFO] [stdout]     = help: if you wanted to use a crate named `jammi_test_resources`, use `cargo add jammi_test_resources` to add it to your `Cargo.toml`
[INFO] [stdout] 
[INFO] [stdout] 
[INFO] [stdout] For more information about this error, try `rustc --explain E0433`.
[INFO] [stdout] 
[INFO] [stderr] error: could not compile `jammi-encoders` (test "it") due to 8 previous errors
[INFO] [stderr] warning: build failed, waiting for other jobs to finish...
[INFO] [stdout] error[E0433]: cannot find module or crate `jammi_test_resources` in this scope
[INFO] [stdout]     --> src/bert.rs:1360:13
[INFO] [stdout]      |
[INFO] [stdout] 1360 |             jammi_test_resources::child_test("bert::tests::strict_mode_child_process_body");
[INFO] [stdout]      |             ^^^^^^^^^^^^^^^^^^^^ use of unresolved module or unlinked crate `jammi_test_resources`
[INFO] [stdout]      |
[INFO] [stdout]      = help: if you wanted to use a crate named `jammi_test_resources`, use `cargo add jammi_test_resources` to add it to your `Cargo.toml`
[INFO] [stdout] 
[INFO] [stdout] 
[INFO] [stdout] error[E0433]: cannot find module or crate `jammi_test_resources` in this scope
[INFO] [stdout]     --> src/bert.rs:1362:9
[INFO] [stdout]      |
[INFO] [stdout] 1362 |         jammi_test_resources::child_test_stdout(&mut child);
[INFO] [stdout]      |         ^^^^^^^^^^^^^^^^^^^^ use of unresolved module or unlinked crate `jammi_test_resources`
[INFO] [stdout]      |
[INFO] [stdout]      = help: if you wanted to use a crate named `jammi_test_resources`, use `cargo add jammi_test_resources` to add it to your `Cargo.toml`
[INFO] [stdout] 
[INFO] [stdout] 
[INFO] [stdout] error[E0433]: cannot find module or crate `jammi_test_resources` in this scope
[INFO] [stdout]     --> src/distilbert.rs:1242:13
[INFO] [stdout]      |
[INFO] [stdout] 1242 |             jammi_test_resources::child_test("distilbert::tests::strict_mode_child_process_body");
[INFO] [stdout]      |             ^^^^^^^^^^^^^^^^^^^^ use of unresolved module or unlinked crate `jammi_test_resources`
[INFO] [stdout]      |
[INFO] [stdout]      = help: if you wanted to use a crate named `jammi_test_resources`, use `cargo add jammi_test_resources` to add it to your `Cargo.toml`
[INFO] [stdout] 
[INFO] [stdout] 
[INFO] [stdout] error[E0433]: cannot find module or crate `jammi_test_resources` in this scope
[INFO] [stdout]     --> src/distilbert.rs:1244:9
[INFO] [stdout]      |
[INFO] [stdout] 1244 |         jammi_test_resources::child_test_stdout(&mut child);
[INFO] [stdout]      |         ^^^^^^^^^^^^^^^^^^^^ use of unresolved module or unlinked crate `jammi_test_resources`
[INFO] [stdout]      |
[INFO] [stdout]      = help: if you wanted to use a crate named `jammi_test_resources`, use `cargo add jammi_test_resources` to add it to your `Cargo.toml`
[INFO] [stdout] 
[INFO] [stdout] 
[INFO] [stdout] error[E0433]: cannot find module or crate `jammi_test_resources` in this scope
[INFO] [stdout]     --> src/modernbert.rs:3676:25
[INFO] [stdout]      |
[INFO] [stdout] 3676 |         let mut child = jammi_test_resources::child_test(
[INFO] [stdout]      |                         ^^^^^^^^^^^^^^^^^^^^ use of unresolved module or unlinked crate `jammi_test_resources`
[INFO] [stdout]      |
[INFO] [stdout]      = help: if you wanted to use a crate named `jammi_test_resources`, use `cargo add jammi_test_resources` to add it to your `Cargo.toml`
[INFO] [stdout] 
[INFO] [stdout] 
[INFO] [stdout] error[E0433]: cannot find module or crate `jammi_test_resources` in this scope
[INFO] [stdout]     --> src/modernbert.rs:3683:9
[INFO] [stdout]      |
[INFO] [stdout] 3683 |         jammi_test_resources::child_test_stdout(&mut child);
[INFO] [stdout]      |         ^^^^^^^^^^^^^^^^^^^^ use of unresolved module or unlinked crate `jammi_test_resources`
[INFO] [stdout]      |
[INFO] [stdout]      = help: if you wanted to use a crate named `jammi_test_resources`, use `cargo add jammi_test_resources` to add it to your `Cargo.toml`
[INFO] [stdout] 
[INFO] [stdout] 
[INFO] [stdout] error[E0433]: cannot find module or crate `jammi_test_resources` in this scope
[INFO] [stdout]     --> src/modernbert.rs:3761:25
[INFO] [stdout]      |
[INFO] [stdout] 3761 |         let mut child = jammi_test_resources::child_test(
[INFO] [stdout]      |                         ^^^^^^^^^^^^^^^^^^^^ use of unresolved module or unlinked crate `jammi_test_resources`
[INFO] [stdout]      |
[INFO] [stdout]      = help: if you wanted to use a crate named `jammi_test_resources`, use `cargo add jammi_test_resources` to add it to your `Cargo.toml`
[INFO] [stdout] 
[INFO] [stdout] 
[INFO] [stdout] error[E0433]: cannot find module or crate `jammi_test_resources` in this scope
[INFO] [stdout]     --> src/modernbert.rs:3765:9
[INFO] [stdout]      |
[INFO] [stdout] 3765 |         jammi_test_resources::child_test_stdout(&mut child);
[INFO] [stdout]      |         ^^^^^^^^^^^^^^^^^^^^ use of unresolved module or unlinked crate `jammi_test_resources`
[INFO] [stdout]      |
[INFO] [stdout]      = help: if you wanted to use a crate named `jammi_test_resources`, use `cargo add jammi_test_resources` to add it to your `Cargo.toml`
[INFO] [stdout] 
[INFO] [stdout] 
[INFO] [stdout] error[E0433]: cannot find module or crate `jammi_test_resources` in this scope
[INFO] [stdout]     --> src/modernbert.rs:6299:25
[INFO] [stdout]      |
[INFO] [stdout] 6299 |         let mut child = jammi_test_resources::child_test(
[INFO] [stdout]      |                         ^^^^^^^^^^^^^^^^^^^^ use of unresolved module or unlinked crate `jammi_test_resources`
[INFO] [stdout]      |
[INFO] [stdout]      = help: if you wanted to use a crate named `jammi_test_resources`, use `cargo add jammi_test_resources` to add it to your `Cargo.toml`
[INFO] [stdout] 
[INFO] [stdout] 
[INFO] [stdout] error[E0433]: cannot find module or crate `jammi_test_resources` in this scope
[INFO] [stdout]     --> src/modernbert.rs:6303:9
[INFO] [stdout]      |
[INFO] [stdout] 6303 |         jammi_test_resources::child_test_stdout(&mut child);
[INFO] [stdout]      |         ^^^^^^^^^^^^^^^^^^^^ use of unresolved module or unlinked crate `jammi_test_resources`
[INFO] [stdout]      |
[INFO] [stdout]      = help: if you wanted to use a crate named `jammi_test_resources`, use `cargo add jammi_test_resources` to add it to your `Cargo.toml`
[INFO] [stdout] 
[INFO] [stdout] 
[INFO] [stdout] error[E0433]: cannot find module or crate `jammi_test_resources` in this scope
[INFO] [stdout]     --> src/modernbert.rs:6363:25
[INFO] [stdout]      |
[INFO] [stdout] 6363 |         let mut child = jammi_test_resources::child_test(
[INFO] [stdout]      |                         ^^^^^^^^^^^^^^^^^^^^ use of unresolved module or unlinked crate `jammi_test_resources`
[INFO] [stdout]      |
[INFO] [stdout]      = help: if you wanted to use a crate named `jammi_test_resources`, use `cargo add jammi_test_resources` to add it to your `Cargo.toml`
[INFO] [stdout] 
[INFO] [stdout] 
[INFO] [stdout] error[E0433]: cannot find module or crate `jammi_test_resources` in this scope
[INFO] [stdout]     --> src/modernbert.rs:6367:9
[INFO] [stdout]      |
[INFO] [stdout] 6367 |         jammi_test_resources::child_test_stdout(&mut child);
[INFO] [stdout]      |         ^^^^^^^^^^^^^^^^^^^^ use of unresolved module or unlinked crate `jammi_test_resources`
[INFO] [stdout]      |
[INFO] [stdout]      = help: if you wanted to use a crate named `jammi_test_resources`, use `cargo add jammi_test_resources` to add it to your `Cargo.toml`
[INFO] [stdout] 
[INFO] [stdout] 
[INFO] [stdout] error[E0433]: cannot find module or crate `jammi_test_resources` in this scope
[INFO] [stdout]    --> src/activations.rs:198:13
[INFO] [stdout]     |
[INFO] [stdout] 198 |             jammi_test_resources::child_test("activations::tests::strict_mode_child_process_body");
[INFO] [stdout]     |             ^^^^^^^^^^^^^^^^^^^^ use of unresolved module or unlinked crate `jammi_test_resources`
[INFO] [stdout]     |
[INFO] [stdout]     = help: if you wanted to use a crate named `jammi_test_resources`, use `cargo add jammi_test_resources` to add it to your `Cargo.toml`
[INFO] [stdout] 
[INFO] [stdout] 
[INFO] [stdout] error[E0433]: cannot find module or crate `jammi_test_resources` in this scope
[INFO] [stdout]    --> src/activations.rs:200:9
[INFO] [stdout]     |
[INFO] [stdout] 200 |         jammi_test_resources::child_test_stdout(&mut child);
[INFO] [stdout]     |         ^^^^^^^^^^^^^^^^^^^^ use of unresolved module or unlinked crate `jammi_test_resources`
[INFO] [stdout]     |
[INFO] [stdout]     = help: if you wanted to use a crate named `jammi_test_resources`, use `cargo add jammi_test_resources` to add it to your `Cargo.toml`
[INFO] [stdout] 
[INFO] [stdout] 
[INFO] [stdout] error[E0433]: cannot find module or crate `jammi_test_resources` in this scope
[INFO] [stdout]     --> src/layer_norm.rs:2044:25
[INFO] [stdout]      |
[INFO] [stdout] 2044 |         let mut child = jammi_test_resources::child_test(
[INFO] [stdout]      |                         ^^^^^^^^^^^^^^^^^^^^ use of unresolved module or unlinked crate `jammi_test_resources`
[INFO] [stdout]      |
[INFO] [stdout]      = help: if you wanted to use a crate named `jammi_test_resources`, use `cargo add jammi_test_resources` to add it to your `Cargo.toml`
[INFO] [stdout] 
[INFO] [stdout] 
[INFO] [stdout] error[E0433]: cannot find module or crate `jammi_test_resources` in this scope
[INFO] [stdout]     --> src/layer_norm.rs:2048:9
[INFO] [stdout]      |
[INFO] [stdout] 2048 |         jammi_test_resources::child_test_stdout(&mut child);
[INFO] [stdout]      |         ^^^^^^^^^^^^^^^^^^^^ use of unresolved module or unlinked crate `jammi_test_resources`
[INFO] [stdout]      |
[INFO] [stdout]      = help: if you wanted to use a crate named `jammi_test_resources`, use `cargo add jammi_test_resources` to add it to your `Cargo.toml`
[INFO] [stdout] 
[INFO] [stdout] 
[INFO] [stdout] For more information about this error, try `rustc --explain E0433`.
[INFO] [stdout] 
[INFO] [stderr] error: could not compile `jammi-encoders` (lib test) due to 16 previous errors
[INFO] running `Command { std: "docker" "inspect" "7fe0699723724c879d5b5626d602c99d65c0d638ebcfdb81a0dd5085c98abbbd", kill_on_drop: false }`
[INFO] running `Command { std: "docker" "rm" "-f" "7fe0699723724c879d5b5626d602c99d65c0d638ebcfdb81a0dd5085c98abbbd", kill_on_drop: false }`
[INFO] [stdout] 7fe0699723724c879d5b5626d602c99d65c0d638ebcfdb81a0dd5085c98abbbd
