[INFO] fetching crate jammi-datafusion 0.54.0...
[INFO] checking jammi-datafusion-0.54.0 against 3154cc1a3e6424e44f438a95007d043ed5ceaaf6+rustflags=-Znext-solver=coherence for pr-133502-30
[INFO] extracting crate jammi-datafusion 0.54.0 into /workspace/builds/worker-4-tc1/source
[INFO] started tweaking crates.io crate jammi-datafusion 0.54.0
[INFO] finished tweaking crates.io crate jammi-datafusion 0.54.0
[INFO] tweaked toml for crates.io crate jammi-datafusion 0.54.0 written to /workspace/builds/worker-4-tc1/source/Cargo.toml
[INFO] validating manifest of crates.io crate jammi-datafusion 0.54.0 on toolchain 3154cc1a3e6424e44f438a95007d043ed5ceaaf6
[INFO] running `Command { std: CARGO_HOME="/workspace/cargo-home" RUSTUP_HOME="/workspace/rustup-home" "/workspace/cargo-home/bin/cargo" "+3154cc1a3e6424e44f438a95007d043ed5ceaaf6" "metadata" "--manifest-path" "Cargo.toml" "--no-deps", kill_on_drop: false }`
[INFO] crate crates.io crate jammi-datafusion 0.54.0 already has a lockfile, it will not be regenerated
[INFO] running `Command { std: CARGO_HOME="/workspace/cargo-home" RUSTUP_HOME="/workspace/rustup-home" "/workspace/cargo-home/bin/cargo" "+3154cc1a3e6424e44f438a95007d043ed5ceaaf6" "fetch" "--manifest-path" "Cargo.toml", kill_on_drop: false }`
[INFO] [stderr]     Updating crates.io index
[INFO] [stderr]  Downloading crates ...
[INFO] [stderr]   Downloaded zerocopy-derive v0.8.47
[INFO] [stderr]   Downloaded nalgebra-macros v0.3.0
[INFO] [stderr]   Downloaded sqlparser_derive v0.5.0
[INFO] [stderr]   Downloaded integer-encoding v3.0.4
[INFO] [stderr]   Downloaded snap v1.1.1
[INFO] [stderr]   Downloaded jammi-numerics v0.54.0
[INFO] [stderr]   Downloaded datafusion-macros v54.1.0
[INFO] [stderr]   Downloaded datafusion-doc v54.1.0
[INFO] [stderr]   Downloaded thrift v0.17.0
[INFO] [stderr]   Downloaded arrow-string v58.4.0
[INFO] [stderr]   Downloaded datafusion-functions-window-common v54.1.0
[INFO] [stderr]   Downloaded datafusion-common-runtime v54.1.0
[INFO] [stderr]   Downloaded arrow-data v58.4.0
[INFO] [stderr]   Downloaded liblzma v0.4.6
[INFO] [stderr]   Downloaded arrow-csv v58.4.0
[INFO] [stderr]   Downloaded datafusion-session v54.1.0
[INFO] [stderr]   Downloaded datafusion-physical-expr-adapter v54.1.0
[INFO] [stderr]   Downloaded cc v1.2.57
[INFO] [stderr]   Downloaded arrow-schema v58.4.0
[INFO] [stderr]   Downloaded arrow-row v58.4.0
[INFO] [stderr]   Downloaded arrow-ord v58.4.0
[INFO] [stderr]   Downloaded arrow-arith v58.4.0
[INFO] [stderr]   Downloaded datafusion-functions-aggregate-common v54.1.0
[INFO] [stderr]   Downloaded datafusion-execution v54.1.0
[INFO] [stderr]   Downloaded datafusion-pruning v54.1.0
[INFO] [stderr]   Downloaded datafusion-functions-window v54.1.0
[INFO] [stderr]   Downloaded datafusion-functions-table v54.1.0
[INFO] [stderr]   Downloaded datafusion-catalog v54.1.0
[INFO] [stderr]   Downloaded datafusion-datasource-json v54.1.0
[INFO] [stderr]   Downloaded datafusion-datasource-csv v54.1.0
[INFO] [stderr]   Downloaded datafusion-datasource-arrow v54.1.0
[INFO] [stderr]   Downloaded datafusion-catalog-listing v54.1.0
[INFO] [stderr]   Downloaded datafusion-physical-expr-common v54.1.0
[INFO] [stderr]   Downloaded datafusion-expr-common v54.1.0
[INFO] [stderr]   Downloaded arrow-json v58.4.0
[INFO] [stderr]   Downloaded glam v0.14.0
[INFO] [stderr]   Downloaded arrow-select v58.4.0
[INFO] [stderr]   Downloaded arrow-buffer v58.4.0
[INFO] [stderr]   Downloaded arrow-ipc v58.4.0
[INFO] [stderr]   Downloaded arrow v58.4.0
[INFO] [stderr]   Downloaded glam v0.19.0
[INFO] [stderr]   Downloaded glam v0.18.0
[INFO] [stderr]   Downloaded glam v0.17.3
[INFO] [stderr]   Downloaded glam v0.16.0
[INFO] [stderr]   Downloaded glam v0.15.2
[INFO] [stderr]   Downloaded datafusion-functions-nested v54.1.0
[INFO] [stderr]   Downloaded rand v0.9.3
[INFO] [stderr]   Downloaded arrow-cast v58.4.0
[INFO] [stderr]   Downloaded datafusion-functions-aggregate v54.1.0
[INFO] [stderr]   Downloaded bigdecimal v0.4.10
[INFO] [stderr]   Downloaded datafusion-physical-optimizer v54.1.0
[INFO] [stderr]   Downloaded glam v0.20.5
[INFO] [stderr]   Downloaded datafusion-datasource v54.1.0
[INFO] [stderr]   Downloaded datafusion-datasource-parquet v54.1.0
[INFO] [stderr]   Downloaded blake3 v1.8.3
[INFO] [stderr]   Downloaded glam v0.23.0
[INFO] [stderr]   Downloaded glam v0.22.0
[INFO] [stderr]   Downloaded glam v0.21.3
[INFO] [stderr]   Downloaded datafusion-sql v54.1.0
[INFO] [stderr]   Downloaded zerocopy v0.8.47
[INFO] [stderr]   Downloaded datafusion v54.1.0
[INFO] [stderr]   Downloaded arrow-array v58.4.0
[INFO] [stderr]   Downloaded datafusion-expr v54.1.0
[INFO] [stderr]   Downloaded glam v0.24.2
[INFO] [stderr]   Downloaded datafusion-common v54.1.0
[INFO] [stderr]   Downloaded datafusion-physical-expr v54.1.0
[INFO] [stderr]   Downloaded datafusion-functions v54.1.0
[INFO] [stderr]   Downloaded datafusion-optimizer v54.1.0
[INFO] [stderr]   Downloaded nalgebra v0.34.2
[INFO] [stderr]   Downloaded glam v0.28.0
[INFO] [stderr]   Downloaded sqlparser v0.62.0
[INFO] [stderr]   Downloaded glam v0.29.3
[INFO] [stderr]   Downloaded datafusion-physical-plan v54.1.0
[INFO] [stderr]   Downloaded glam v0.32.1
[INFO] [stderr]   Downloaded glam v0.31.1
[INFO] [stderr]   Downloaded parquet v58.4.0
[INFO] [stderr]   Downloaded liblzma-sys v0.4.5
[INFO] running `Command { std: "docker" "create" "-v" "/var/lib/crater-agent-workspace/builds/worker-4-tc1/source:/opt/rustwide/workdir:ro,Z" "-v" "/var/lib/crater-agent-workspace/builds/worker-4-tc1/target:/opt/rustwide/target:rw,Z" "-v" "/var/lib/crater-agent-workspace/cargo-home:/opt/rustwide/cargo-home:ro,Z" "-v" "/var/lib/crater-agent-workspace/rustup-home:/opt/rustwide/rustup-home:ro,Z" "-m" "1610612736" "--network" "none" "ghcr.io/rust-lang/crates-build-env/linux@sha256:77db811e55d90add9212f6832c23229e3de5f1c1f9905e8cb07319ea15df73ac" "sleep" "infinity", kill_on_drop: false }`
[INFO] [stdout] dfc3780979c0c5d875f2544ee7495afda2503e4e3f0e19c1d5898b8eb1b0a0d1
[INFO] running `Command { std: "docker" "start" "dfc3780979c0c5d875f2544ee7495afda2503e4e3f0e19c1d5898b8eb1b0a0d1", kill_on_drop: false }`
[INFO] running `Command { std: "docker" "inspect" "dfc3780979c0c5d875f2544ee7495afda2503e4e3f0e19c1d5898b8eb1b0a0d1", kill_on_drop: false }`
[INFO] running `Command { std: "docker" "exec" "-e" "SOURCE_DIR=/opt/rustwide/workdir" "-e" "CARGO_HOME=/opt/rustwide/cargo-home" "-e" "RUSTUP_HOME=/opt/rustwide/rustup-home" "-e" "CARGO_TARGET_DIR=/opt/rustwide/target" "-w" "/opt/rustwide/workdir" "--user" "0:0" "dfc3780979c0c5d875f2544ee7495afda2503e4e3f0e19c1d5898b8eb1b0a0d1" "/opt/rustwide/cargo-home/bin/cargo" "+3154cc1a3e6424e44f438a95007d043ed5ceaaf6" "metadata" "--no-deps" "--format-version=1", kill_on_drop: false }`
[INFO] running `Command { std: "docker" "inspect" "dfc3780979c0c5d875f2544ee7495afda2503e4e3f0e19c1d5898b8eb1b0a0d1", kill_on_drop: false }`
[INFO] running `Command { std: "docker" "exec" "-e" "SOURCE_DIR=/opt/rustwide/workdir" "-e" "CARGO_HOME=/opt/rustwide/cargo-home" "-e" "RUSTUP_HOME=/opt/rustwide/rustup-home" "-e" "CARGO_TARGET_DIR=/opt/rustwide/target" "-e" "CARGO_INCREMENTAL=0" "-e" "RUST_BACKTRACE=full" "-e" "RUSTFLAGS=--cap-lints=forbid -Znext-solver=coherence" "-e" "RUSTDOCFLAGS=--cap-lints=forbid" "-w" "/opt/rustwide/workdir" "--user" "0:0" "dfc3780979c0c5d875f2544ee7495afda2503e4e3f0e19c1d5898b8eb1b0a0d1" "/opt/rustwide/cargo-home/bin/cargo" "+3154cc1a3e6424e44f438a95007d043ed5ceaaf6" "check" "--frozen" "--all" "--all-targets" "--message-format=json", kill_on_drop: false }`
[INFO] [stderr]    Compiling zerocopy v0.8.47
[INFO] [stderr]    Compiling serde_core v1.0.228
[INFO] [stderr]    Compiling num-traits v0.2.19
[INFO] [stderr]     Checking foldhash v0.2.0
[INFO] [stderr]    Compiling serde_json v1.0.149
[INFO] [stderr]    Compiling pkg-config v0.3.32
[INFO] [stderr]     Checking siphasher v1.0.2
[INFO] [stderr]    Compiling ahash v0.8.12
[INFO] [stderr]    Compiling chrono-tz v0.10.4
[INFO] [stderr]    Compiling zerocopy-derive v0.8.47
[INFO] [stderr]    Compiling cc v1.2.57
[INFO] [stderr]    Compiling zerovec-derive v0.11.2
[INFO] [stderr]    Compiling zerofrom-derive v0.1.6
[INFO] [stderr]    Compiling yoke-derive v0.8.1
[INFO] [stderr]     Checking litemap v0.8.1
[INFO] [stderr]     Checking writeable v0.6.2
[INFO] [stderr]     Checking hashbrown v0.17.1
[INFO] [stderr]     Checking lexical-util v1.0.7
[INFO] [stderr]    Compiling object v0.37.3
[INFO] [stderr]    Compiling syn v3.0.5
[INFO] [stderr]    Compiling memchr v2.8.0
[INFO] [stderr]     Checking phf_shared v0.12.1
[INFO] [stderr]    Compiling icu_normalizer_data v2.1.1
[INFO] [stderr]    Compiling icu_properties_data v2.1.2
[INFO] [stderr]     Checking phf v0.12.1
[INFO] [stderr]    Compiling zstd-safe v7.2.4
[INFO] [stderr]     Checking mio v1.2.3
[INFO] [stderr]     Checking futures-channel v0.3.32
[INFO] [stderr]     Checking bitflags v2.11.0
[INFO] [stderr]    Compiling typenum v1.19.0
[INFO] [stderr]     Checking slab v0.4.12
[INFO] [stderr]     Checking lexical-write-integer v1.0.6
[INFO] [stderr]     Checking lexical-parse-integer v1.0.6
[INFO] [stderr]    Compiling flatbuffers v25.12.19
[INFO] [stderr]     Checking unicode-segmentation v1.12.0
[INFO] [stderr]     Checking lexical-parse-float v1.0.6
[INFO] [stderr]     Checking simd-adler32 v0.3.8
[INFO] [stderr]     Checking miniz_oxide v0.8.9
[INFO] [stderr]     Checking futures-util v0.3.32
[INFO] [stderr]     Checking indexmap v2.14.2
[INFO] [stderr]     Checking lexical-write-float v1.0.6
[INFO] [stderr]     Checking zlib-rs v0.6.3
[INFO] [stderr]     Checking twox-hash v2.1.2
[INFO] [stderr]    Compiling getrandom v0.4.2
[INFO] [stderr]     Checking comfy-table v7.2.2
[INFO] [stderr]     Checking lz4_flex v0.13.1
[INFO] [stderr]     Checking lexical-core v1.0.6
[INFO] [stderr]     Checking num-integer v0.1.46
[INFO] [stderr]     Checking num-complex v0.4.6
[INFO] [stderr]     Checking chrono v0.4.44
[INFO] [stderr]     Checking atoi v2.0.0
[INFO] [stderr]     Checking num-bigint v0.4.6
[INFO] [stderr]     Checking csv-core v0.1.13
[INFO] [stderr]     Checking zerofrom v0.1.6
[INFO] [stderr]     Checking simdutf8 v0.1.5
[INFO] [stderr]    Compiling snap v1.1.1
[INFO] [stderr]     Checking yoke v0.8.1
[INFO] [stderr]     Checking tracing v0.1.44
[INFO] [stderr]     Checking ordered-float v2.10.1
[INFO] [stderr]    Compiling recursive-proc-macro-impl v0.1.1
[INFO] [stderr]     Checking zerovec v0.11.5
[INFO] [stderr]     Checking zerotrie v0.2.3
[INFO] [stderr]     Checking log v0.4.29
[INFO] [stderr]    Compiling zstd-sys v2.0.16+zstd.1.5.7
[INFO] [stderr]    Compiling stacker v0.1.23
[INFO] [stderr]     Checking integer-encoding v3.0.4
[INFO] [stderr]     Checking humantime v2.3.0
[INFO] [stderr]     Checking thrift v0.17.0
[INFO] [stderr]     Checking brotli v8.0.2
[INFO] [stderr]    Compiling sqlparser_derive v0.5.0
[INFO] [stderr]    Compiling seq-macro v0.3.6
[INFO] [stderr]     Checking uuid v1.26.1
[INFO] [stderr]    Compiling pin-project-internal v1.1.11
[INFO] [stderr]     Checking datafusion-doc v54.1.0
[INFO] [stderr]     Checking flate2 v1.1.9
[INFO] [stderr]     Checking hybrid-array v0.4.10
[INFO] [stderr]    Compiling rustix v1.1.4
[INFO] [stderr]     Checking tinystr v0.8.2
[INFO] [stderr]     Checking potential_utf v0.1.4
[INFO] [stderr]     Checking icu_collections v2.1.1
[INFO] [stderr]     Checking generic-array v0.14.7
[INFO] [stderr]     Checking icu_locale_core v2.1.1
[INFO] [stderr]     Checking petgraph v0.8.3
[INFO] [stderr]     Checking hashbrown v0.14.5
[INFO] [stderr]     Checking fastrand v2.3.0
[INFO] [stderr]    Compiling datafusion-macros v54.1.0
[INFO] [stderr]     Checking pin-project v1.1.11
[INFO] [stderr]    Compiling blake3 v1.8.3
[INFO] [stderr]     Checking dashmap v6.2.1
[INFO] [stderr]     Checking crypto-common v0.2.2
[INFO] [stderr]     Checking block-buffer v0.12.1
[INFO] [stderr]     Checking block-buffer v0.10.4
[INFO] [stderr]     Checking csv v1.4.0
[INFO] [stderr]     Checking crypto-common v0.1.7
[INFO] [stderr]     Checking digest v0.10.7
[INFO] [stderr]     Checking futures-executor v0.3.32
[INFO] [stderr]     Checking cpufeatures v0.3.1
[INFO] [stderr]     Checking icu_provider v2.1.1
[INFO] [stderr]     Checking hex v0.4.3
[INFO] [stderr]     Checking futures v0.3.32
[INFO] [stderr]    Compiling liblzma-sys v0.4.5
[INFO] [stderr]     Checking blake2 v0.10.6
[INFO] [stderr]     Checking libbz2-rs-sys v0.2.2
[INFO] [stderr]     Checking icu_normalizer v2.1.1
[INFO] [stderr]     Checking icu_properties v2.1.2
[INFO] [stderr]     Checking compression-core v0.4.31
[INFO] [stderr]     Checking glob v0.3.3
[INFO] [stderr]     Checking bytemuck v1.25.0
[INFO] [stderr]     Checking digest v0.11.3
[INFO] [stderr]    Compiling matrixmultiply v0.3.10
[INFO] [stderr]     Checking approx v0.5.1
[INFO] [stderr]     Checking bzip2 v0.6.1
[INFO] [stderr]     Checking safe_arch v0.7.4
[INFO] [stderr]     Checking md-5 v0.11.0
[INFO] [stderr]     Checking sha2 v0.11.0
[INFO] [stderr]     Checking rawpointer v0.2.1
[INFO] [stderr]     Checking arrow-schema v58.4.0
[INFO] [stderr]     Checking num-rational v0.4.2
[INFO] [stderr]    Compiling bigdecimal v0.4.10
[INFO] [stderr]    Compiling serde v1.0.228
[INFO] [stderr]    Compiling strum_macros v0.26.4
[INFO] [stderr]     Checking wide v0.7.33
[INFO] [stderr]    Compiling nalgebra-macros v0.3.0
[INFO] [stderr]     Checking idna_adapter v1.2.1
[INFO] [stderr]     Checking idna v1.1.0
[INFO] [stderr]    Compiling ar_archive_writer v0.5.1
[INFO] [stderr]    Compiling tokio-macros v2.7.2
[INFO] [stderr]     Checking tempfile v3.27.0
[INFO] [stderr]     Checking url v2.5.8
[INFO] [stderr]     Checking tokio v1.53.1
[INFO] [stderr]     Checking strum v0.26.3
[INFO] [stderr]    Compiling psm v0.1.30
[INFO] [stderr]     Checking simba v0.9.1
[INFO] [stderr]     Checking liblzma v0.4.6
[INFO] [stderr]     Checking recursive v0.1.1
[INFO] [stderr]     Checking sqlparser v0.62.0
[INFO] [stderr]     Checking half v2.7.1
[INFO] [stderr]     Checking ppv-lite86 v0.2.21
[INFO] [stderr]     Checking arrow-buffer v58.4.0
[INFO] [stderr]     Checking rand_chacha v0.9.0
[INFO] [stderr]     Checking rand_chacha v0.3.1
[INFO] [stderr]     Checking rand v0.9.3
[INFO] [stderr]     Checking rand v0.8.6
[INFO] [stderr]     Checking arrow-data v58.4.0
[INFO] [stderr]     Checking zstd v0.13.3
[INFO] [stderr]     Checking compression-codecs v0.4.37
[INFO] [stderr]     Checking rand_distr v0.4.3
[INFO] [stderr]     Checking arrow-array v58.4.0
[INFO] [stderr]     Checking nalgebra v0.33.3
[INFO] [stderr]     Checking nalgebra v0.34.2
[INFO] [stderr]     Checking object_store v0.13.2
[INFO] [stderr]     Checking datafusion-common-runtime v54.1.0
[INFO] [stderr]     Checking tokio-util v0.7.18
[INFO] [stderr]     Checking async-compression v0.4.41
[INFO] [stderr]     Checking tokio-stream v0.1.18
[INFO] [stderr]     Checking arrow-select v58.4.0
[INFO] [stderr]     Checking arrow-arith v58.4.0
[INFO] [stderr]     Checking arrow-row v58.4.0
[INFO] [stderr]     Checking arrow-ord v58.4.0
[INFO] [stderr]     Checking arrow-ipc v58.4.0
[INFO] [stderr]     Checking arrow-string v58.4.0
[INFO] [stderr]     Checking arrow-cast v58.4.0
[INFO] [stderr]     Checking parquet v58.4.0
[INFO] [stderr]     Checking arrow-csv v58.4.0
[INFO] [stderr]     Checking arrow-json v58.4.0
[INFO] [stderr]     Checking arrow v58.4.0
[INFO] [stderr]     Checking statrs v0.18.0
[INFO] [stderr]     Checking jammi-numerics v0.54.0
[INFO] [stderr]     Checking datafusion-common v54.1.0
[INFO] [stderr]     Checking datafusion-expr-common v54.1.0
[INFO] [stderr]     Checking datafusion-physical-expr-common v54.1.0
[INFO] [stderr]     Checking datafusion-functions-window-common v54.1.0
[INFO] [stderr]     Checking datafusion-functions-aggregate-common v54.1.0
[INFO] [stderr]     Checking datafusion-expr v54.1.0
[INFO] [stderr]     Checking datafusion-physical-expr v54.1.0
[INFO] [stderr]     Checking datafusion-execution v54.1.0
[INFO] [stderr]     Checking datafusion-functions v54.1.0
[INFO] [stderr]     Checking datafusion-functions-aggregate v54.1.0
[INFO] [stderr]     Checking datafusion-functions-window v54.1.0
[INFO] [stderr]     Checking datafusion-optimizer v54.1.0
[INFO] [stderr]     Checking datafusion-physical-plan v54.1.0
[INFO] [stderr]     Checking datafusion-physical-expr-adapter v54.1.0
[INFO] [stderr]     Checking datafusion-functions-nested v54.1.0
[INFO] [stderr]     Checking datafusion-sql v54.1.0
[INFO] [stderr]     Checking datafusion-session v54.1.0
[INFO] [stderr]     Checking datafusion-datasource v54.1.0
[INFO] [stderr]     Checking datafusion-catalog v54.1.0
[INFO] [stderr]     Checking datafusion-pruning v54.1.0
[INFO] [stderr]     Checking datafusion-datasource-arrow v54.1.0
[INFO] [stderr]     Checking datafusion-datasource-csv v54.1.0
[INFO] [stderr]     Checking datafusion-datasource-json v54.1.0
[INFO] [stderr]     Checking datafusion-physical-optimizer v54.1.0
[INFO] [stderr]     Checking datafusion-datasource-parquet v54.1.0
[INFO] [stderr]     Checking datafusion-catalog-listing v54.1.0
[INFO] [stderr]     Checking datafusion-functions-table v54.1.0
[INFO] [stderr]     Checking datafusion v54.1.0
[INFO] [stderr]     Checking jammi-datafusion v0.54.0 (/opt/rustwide/workdir)
[INFO] [stdout] error[E0433]: cannot find module or crate `test_hooks` in this scope
[INFO] [stdout]    --> src/inference/runner.rs:862:9
[INFO] [stdout]     |
[INFO] [stdout] 862 |         test_hooks::reset_forward_concurrency_for(source_id);
[INFO] [stdout]     |         ^^^^^^^^^^ use of unresolved module or unlinked crate `test_hooks`
[INFO] [stdout]     |
[INFO] [stdout]     = help: if you wanted to use a crate named `test_hooks`, use `cargo add test_hooks` to add it to your `Cargo.toml`
[INFO] [stdout] 
[INFO] [stdout] 
[INFO] [stdout] error[E0433]: cannot find module or crate `test_hooks` in this scope
[INFO] [stdout]    --> src/inference/runner.rs:891:32
[INFO] [stdout]     |
[INFO] [stdout] 891 | ...                   if test_hooks::in_flight_forwards_for(source_id) > 0 {
[INFO] [stdout]     |                          ^^^^^^^^^^ use of unresolved module or unlinked crate `test_hooks`
[INFO] [stdout]     |
[INFO] [stdout]     = help: if you wanted to use a crate named `test_hooks`, use `cargo add test_hooks` to add it to your `Cargo.toml`
[INFO] [stdout] 
[INFO] [stdout] 
[INFO] [stdout] error[E0433]: cannot find module or crate `test_hooks` in this scope
[INFO] [stdout]    --> src/inference/runner.rs:912:20
[INFO] [stdout]     |
[INFO] [stdout] 912 |         assert_eq!(test_hooks::peak_concurrent_forwards_for(source_id), 1);
[INFO] [stdout]     |                    ^^^^^^^^^^ use of unresolved module or unlinked crate `test_hooks`
[INFO] [stdout]     |
[INFO] [stdout]     = help: if you wanted to use a crate named `test_hooks`, use `cargo add test_hooks` to add it to your `Cargo.toml`
[INFO] [stdout] 
[INFO] [stdout] 
[INFO] [stdout] error[E0433]: cannot find module or crate `test_hooks` in this scope
[INFO] [stdout]    --> src/inference/runner.rs:925:9
[INFO] [stdout]     |
[INFO] [stdout] 925 |         test_hooks::reset_forward_concurrency_for(source_id);
[INFO] [stdout]     |         ^^^^^^^^^^ use of unresolved module or unlinked crate `test_hooks`
[INFO] [stdout]     |
[INFO] [stdout]     = help: if you wanted to use a crate named `test_hooks`, use `cargo add test_hooks` to add it to your `Cargo.toml`
[INFO] [stdout] 
[INFO] [stdout] 
[INFO] [stdout] error[E0433]: cannot find module or crate `test_hooks` in this scope
[INFO] [stdout]    --> src/inference/runner.rs:970:13
[INFO] [stdout]     |
[INFO] [stdout] 970 |             test_hooks::peak_concurrent_forwards_for(source_id),
[INFO] [stdout]     |             ^^^^^^^^^^ use of unresolved module or unlinked crate `test_hooks`
[INFO] [stdout]     |
[INFO] [stdout]     = help: if you wanted to use a crate named `test_hooks`, use `cargo add test_hooks` to add it to your `Cargo.toml`
[INFO] [stdout] 
[INFO] [stdout] 
[INFO] [stdout] For more information about this error, try `rustc --explain E0433`.
[INFO] [stdout] 
[INFO] [stderr] error: could not compile `jammi-datafusion` (lib test) due to 5 previous errors
[INFO] running `Command { std: "docker" "inspect" "dfc3780979c0c5d875f2544ee7495afda2503e4e3f0e19c1d5898b8eb1b0a0d1", kill_on_drop: false }`
[INFO] running `Command { std: "docker" "rm" "-f" "dfc3780979c0c5d875f2544ee7495afda2503e4e3f0e19c1d5898b8eb1b0a0d1", kill_on_drop: false }`
[INFO] [stdout] dfc3780979c0c5d875f2544ee7495afda2503e4e3f0e19c1d5898b8eb1b0a0d1
