[INFO] fetching crate j2k-cuda-jpeg-engine 0.12.0...
[INFO] checking j2k-cuda-jpeg-engine-0.12.0 against 3154cc1a3e6424e44f438a95007d043ed5ceaaf6+rustflags=-Znext-solver=coherence for pr-133502-30
[INFO] extracting crate j2k-cuda-jpeg-engine 0.12.0 into /workspace/builds/worker-0-tc1/source
[INFO] started tweaking crates.io crate j2k-cuda-jpeg-engine 0.12.0
[INFO] finished tweaking crates.io crate j2k-cuda-jpeg-engine 0.12.0
[INFO] tweaked toml for crates.io crate j2k-cuda-jpeg-engine 0.12.0 written to /workspace/builds/worker-0-tc1/source/Cargo.toml
[INFO] validating manifest of crates.io crate j2k-cuda-jpeg-engine 0.12.0 on toolchain 3154cc1a3e6424e44f438a95007d043ed5ceaaf6
[INFO] running `Command { std: CARGO_HOME="/workspace/cargo-home" RUSTUP_HOME="/workspace/rustup-home" "/workspace/cargo-home/bin/cargo" "+3154cc1a3e6424e44f438a95007d043ed5ceaaf6" "metadata" "--manifest-path" "Cargo.toml" "--no-deps", kill_on_drop: false }`
[INFO] crate crates.io crate j2k-cuda-jpeg-engine 0.12.0 already has a lockfile, it will not be regenerated
[INFO] running `Command { std: CARGO_HOME="/workspace/cargo-home" RUSTUP_HOME="/workspace/rustup-home" "/workspace/cargo-home/bin/cargo" "+3154cc1a3e6424e44f438a95007d043ed5ceaaf6" "fetch" "--manifest-path" "Cargo.toml", kill_on_drop: false }`
[INFO] [stderr]     Updating crates.io index
[INFO] [stderr]  Downloading crates ...
[INFO] [stderr]   Downloaded j2k-types v0.12.0
[INFO] [stderr]   Downloaded j2k-cuda-build-support v0.12.0
[INFO] [stderr]   Downloaded j2k-core v0.12.0
[INFO] [stderr]   Downloaded j2k-codec-math v0.12.0
[INFO] [stderr]   Downloaded j2k-cuda-runtime v0.12.0
[INFO] running `Command { std: "docker" "create" "-v" "/var/lib/crater-agent-workspace/builds/worker-0-tc1/source:/opt/rustwide/workdir:ro,Z" "-v" "/var/lib/crater-agent-workspace/builds/worker-0-tc1/target:/opt/rustwide/target:rw,Z" "-v" "/var/lib/crater-agent-workspace/cargo-home:/opt/rustwide/cargo-home:ro,Z" "-v" "/var/lib/crater-agent-workspace/rustup-home:/opt/rustwide/rustup-home:ro,Z" "-m" "1610612736" "--network" "none" "ghcr.io/rust-lang/crates-build-env/linux@sha256:77db811e55d90add9212f6832c23229e3de5f1c1f9905e8cb07319ea15df73ac" "sleep" "infinity", kill_on_drop: false }`
[INFO] [stdout] 455266babe6016b2e5fa961d63c6f0c9249fe19f1ffee5c242216190f95aefb9
[INFO] running `Command { std: "docker" "start" "455266babe6016b2e5fa961d63c6f0c9249fe19f1ffee5c242216190f95aefb9", kill_on_drop: false }`
[INFO] running `Command { std: "docker" "inspect" "455266babe6016b2e5fa961d63c6f0c9249fe19f1ffee5c242216190f95aefb9", kill_on_drop: false }`
[INFO] running `Command { std: "docker" "exec" "-e" "SOURCE_DIR=/opt/rustwide/workdir" "-e" "CARGO_HOME=/opt/rustwide/cargo-home" "-e" "RUSTUP_HOME=/opt/rustwide/rustup-home" "-e" "CARGO_TARGET_DIR=/opt/rustwide/target" "-w" "/opt/rustwide/workdir" "--user" "0:0" "455266babe6016b2e5fa961d63c6f0c9249fe19f1ffee5c242216190f95aefb9" "/opt/rustwide/cargo-home/bin/cargo" "+3154cc1a3e6424e44f438a95007d043ed5ceaaf6" "metadata" "--no-deps" "--format-version=1", kill_on_drop: false }`
[INFO] running `Command { std: "docker" "inspect" "455266babe6016b2e5fa961d63c6f0c9249fe19f1ffee5c242216190f95aefb9", kill_on_drop: false }`
[INFO] running `Command { std: "docker" "exec" "-e" "SOURCE_DIR=/opt/rustwide/workdir" "-e" "CARGO_HOME=/opt/rustwide/cargo-home" "-e" "RUSTUP_HOME=/opt/rustwide/rustup-home" "-e" "CARGO_TARGET_DIR=/opt/rustwide/target" "-e" "CARGO_INCREMENTAL=0" "-e" "RUST_BACKTRACE=full" "-e" "RUSTFLAGS=--cap-lints=forbid -Znext-solver=coherence" "-e" "RUSTDOCFLAGS=--cap-lints=forbid" "-w" "/opt/rustwide/workdir" "--user" "0:0" "455266babe6016b2e5fa961d63c6f0c9249fe19f1ffee5c242216190f95aefb9" "/opt/rustwide/cargo-home/bin/cargo" "+3154cc1a3e6424e44f438a95007d043ed5ceaaf6" "check" "--frozen" "--all" "--all-targets" "--message-format=json", kill_on_drop: false }`
[INFO] [stderr]    Compiling j2k-codec-math v0.12.0
[INFO] [stderr]    Compiling j2k-types v0.12.0
[INFO] [stderr]    Compiling j2k-cuda-build-support v0.12.0
[INFO] [stderr]    Compiling thiserror v2.0.18
[INFO] [stderr]     Checking libloading v0.9.0
[INFO] [stderr]    Compiling syn v2.0.117
[INFO] [stderr]    Compiling j2k-cuda-runtime v0.12.0
[INFO] [stderr]    Compiling j2k-cuda-jpeg-engine v0.12.0 (/opt/rustwide/workdir)
[INFO] [stderr]    Compiling thiserror-impl v2.0.18
[INFO] [stderr]     Checking j2k-core v0.12.0
[INFO] [stdout] warning: unused macro definition: `cuda_kernel_params`
[INFO] [stdout]   --> src/lib.rs:13:14
[INFO] [stdout]    |
[INFO] [stdout] 13 | macro_rules! cuda_kernel_params {
[INFO] [stdout]    |              ^^^^^^^^^^^^^^^^^^
[INFO] [stdout]    |
[INFO] [stdout]    = note: `#[warn(unused_macros)]` (part of `#[warn(unused)]`) on by default
[INFO] [stdout] 
[INFO] [stdout] 
[INFO] [stdout] warning: unused import: `cuda_kernel_param`
[INFO] [stdout]   --> src/lib.rs:27:39
[INFO] [stdout]    |
[INFO] [stdout] 27 |     pub(crate) use j2k_cuda_runtime::{cuda_kernel_param, CudaExecutionStats, CudaKernelOutput};
[INFO] [stdout]    |                                       ^^^^^^^^^^^^^^^^^
[INFO] [stdout]    |
[INFO] [stdout]    = note: `#[warn(unused_imports)]` (part of `#[warn(unused)]`) on by default
[INFO] [stdout] 
[INFO] [stdout] 
[INFO] [stdout] warning: unused import: `CudaPinnedUploadStagingCheckout`
[INFO] [stdout]   --> src/lib.rs:32:59
[INFO] [stdout]    |
[INFO] [stdout] 32 |         CudaDeviceBuffer, CudaPinnedUploadOperationGuard, CudaPinnedUploadStagingCheckout,
[INFO] [stdout]    |                                                           ^^^^^^^^^^^^^^^^^^^^^^^^^^^^^^^
[INFO] [stdout] 
[INFO] [stdout] 
[INFO] [stdout] warning: unused macro definition: `cuda_kernel_params`
[INFO] [stdout]   --> src/lib.rs:13:14
[INFO] [stdout]    |
[INFO] [stdout] 13 | macro_rules! cuda_kernel_params {
[INFO] [stdout]    |              ^^^^^^^^^^^^^^^^^^
[INFO] [stdout]    |
[INFO] [stdout]    = note: `#[warn(unused_macros)]` (part of `#[warn(unused)]`) on by default
[INFO] [stdout] 
[INFO] [stdout] 
[INFO] [stdout] warning: unused import: `cuda_kernel_param`
[INFO] [stdout]   --> src/lib.rs:27:39
[INFO] [stdout]    |
[INFO] [stdout] 27 |     pub(crate) use j2k_cuda_runtime::{cuda_kernel_param, CudaExecutionStats, CudaKernelOutput};
[INFO] [stdout]    |                                       ^^^^^^^^^^^^^^^^^
[INFO] [stdout]    |
[INFO] [stdout]    = note: `#[warn(unused_imports)]` (part of `#[warn(unused)]`) on by default
[INFO] [stdout] 
[INFO] [stdout] 
[INFO] [stdout] warning: unused import: `CudaPinnedUploadStagingCheckout`
[INFO] [stdout]   --> src/lib.rs:32:59
[INFO] [stdout]    |
[INFO] [stdout] 32 |         CudaDeviceBuffer, CudaPinnedUploadOperationGuard, CudaPinnedUploadStagingCheckout,
[INFO] [stdout]    |                                                           ^^^^^^^^^^^^^^^^^^^^^^^^^^^^^^^
[INFO] [stdout] 
[INFO] [stdout] 
[INFO] [stdout] warning: methods `allocate`, `upload`, `memset_d8`, and `launch_kernel` are never used
[INFO] [stdout]   --> src/lib.rs:70:8
[INFO] [stdout]    |
[INFO] [stdout] 57 | impl<'context> JpegCudaEngine<'context> {
[INFO] [stdout]    | --------------------------------------- methods in this implementation
[INFO] [stdout] ...
[INFO] [stdout] 70 |     fn allocate(self, len: usize) -> Result<CudaDeviceBuffer, CudaError> {
[INFO] [stdout]    |        ^^^^^^^^
[INFO] [stdout] ...
[INFO] [stdout] 74 |     fn upload(self, bytes: &[u8]) -> Result<CudaDeviceBuffer, CudaError> {
[INFO] [stdout]    |        ^^^^^^
[INFO] [stdout] ...
[INFO] [stdout] 78 |     fn memset_d8(
[INFO] [stdout]    |        ^^^^^^^^^
[INFO] [stdout] ...
[INFO] [stdout] 93 |     fn launch_kernel(
[INFO] [stdout]    |        ^^^^^^^^^^^^^
[INFO] [stdout]    |
[INFO] [stdout]    = note: `#[warn(dead_code)]` (part of `#[warn(unused)]`) on by default
[INFO] [stdout] 
[INFO] [stdout] 
[INFO] [stdout] warning: constant `CUDA_JPEG_HOST_VECTOR` is never used
[INFO] [stdout]  --> src/allocation.rs:7:7
[INFO] [stdout]   |
[INFO] [stdout] 7 | const CUDA_JPEG_HOST_VECTOR: &str = "CUDA JPEG host vector capacity";
[INFO] [stdout]   |       ^^^^^^^^^^^^^^^^^^^^^
[INFO] [stdout] 
[INFO] [stdout] 
[INFO] [stdout] warning: function `try_vec_with_capacity` is never used
[INFO] [stdout]   --> src/allocation.rs:13:15
[INFO] [stdout]    |
[INFO] [stdout] 13 | pub(crate) fn try_vec_with_capacity<T>(capacity: usize) -> Result<Vec<T>, CudaError> {
[INFO] [stdout]    |               ^^^^^^^^^^^^^^^^^^^^^
[INFO] [stdout] 
[INFO] [stdout] 
[INFO] [stdout] warning: function `try_vec_filled` is never used
[INFO] [stdout]   --> src/allocation.rs:17:15
[INFO] [stdout]    |
[INFO] [stdout] 17 | pub(crate) fn try_vec_filled<T: Clone>(len: usize, value: T) -> Result<Vec<T>, CudaError> {
[INFO] [stdout]    |               ^^^^^^^^^^^^^^
[INFO] [stdout] 
[INFO] [stdout] 
[INFO] [stdout] warning: function `try_vec_defaulted` is never used
[INFO] [stdout]   --> src/allocation.rs:21:15
[INFO] [stdout]    |
[INFO] [stdout] 21 | pub(crate) fn try_vec_defaulted<T: Clone + Default>(len: usize) -> Result<Vec<T>, CudaError> {
[INFO] [stdout]    |               ^^^^^^^^^^^^^^^^^
[INFO] [stdout] 
[INFO] [stdout] 
[INFO] [stdout] warning: constant `REQUIRE_CUDA_OXIDE_BUILD_ENV_VAR` is never used
[INFO] [stdout]  --> src/build_flags.rs:5:7
[INFO] [stdout]   |
[INFO] [stdout] 5 | const REQUIRE_CUDA_OXIDE_BUILD_ENV_VAR: &str = "J2K_REQUIRE_CUDA_OXIDE_BUILD";
[INFO] [stdout]   |       ^^^^^^^^^^^^^^^^^^^^^^^^^^^^^^^^
[INFO] [stdout] 
[INFO] [stdout] 
[INFO] [stdout] warning: function `ensure_cuda_oxide_ptx_built` is never used
[INFO] [stdout]  --> src/build_flags.rs:7:4
[INFO] [stdout]   |
[INFO] [stdout] 7 | fn ensure_cuda_oxide_ptx_built(built: bool, display_name: &str) -> Result<(), CudaError> {
[INFO] [stdout]   |    ^^^^^^^^^^^^^^^^^^^^^^^^^^^
[INFO] [stdout] 
[INFO] [stdout] 
[INFO] [stdout] warning: function `cuda_jpeg_huffman_table_as_bytes` is never used
[INFO] [stdout]    --> src/bytes.rs:160:5
[INFO] [stdout]     |
[INFO] [stdout] 160 |     cuda_jpeg_huffman_table_as_bytes: CudaJpegHuffmanTable;
[INFO] [stdout]     |     ^^^^^^^^^^^^^^^^^^^^^^^^^^^^^^^^
[INFO] [stdout]     |
[INFO] [stdout]     = note: this warning originates in the macro `gpu_ref_bytes` (in Nightly builds, run with -Z macro-backtrace for more info)
[INFO] [stdout] 
[INFO] [stdout] 
[INFO] [stdout] warning: function `cuda_jpeg_baseline_encode_huffman_table_as_bytes` is never used
[INFO] [stdout]    --> src/bytes.rs:161:5
[INFO] [stdout]     |
[INFO] [stdout] 161 |     cuda_jpeg_baseline_encode_huffman_table_as_bytes: CudaJpegBaselineEncodeHuffmanTable;
[INFO] [stdout]     |     ^^^^^^^^^^^^^^^^^^^^^^^^^^^^^^^^^^^^^^^^^^^^^^^^
[INFO] [stdout]     |
[INFO] [stdout]     = note: this warning originates in the macro `gpu_ref_bytes` (in Nightly builds, run with -Z macro-backtrace for more info)
[INFO] [stdout] 
[INFO] [stdout] 
[INFO] [stdout] warning: function `u16_slice_as_bytes` is never used
[INFO] [stdout]    --> src/bytes.rs:165:5
[INFO] [stdout]     |
[INFO] [stdout] 165 |     u16_slice_as_bytes: u16;
[INFO] [stdout]     |     ^^^^^^^^^^^^^^^^^^
[INFO] [stdout]     |
[INFO] [stdout]     = note: this warning originates in the macro `gpu_slice_bytes` (in Nightly builds, run with -Z macro-backtrace for more info)
[INFO] [stdout] 
[INFO] [stdout] 
[INFO] [stdout] warning: function `cuda_jpeg_entropy_checkpoints_as_bytes` is never used
[INFO] [stdout]    --> src/bytes.rs:166:5
[INFO] [stdout]     |
[INFO] [stdout] 166 |     cuda_jpeg_entropy_checkpoints_as_bytes: CudaJpegEntropyCheckpoint;
[INFO] [stdout]     |     ^^^^^^^^^^^^^^^^^^^^^^^^^^^^^^^^^^^^^^
[INFO] [stdout]     |
[INFO] [stdout]     = note: this warning originates in the macro `gpu_slice_bytes` (in Nightly builds, run with -Z macro-backtrace for more info)
[INFO] [stdout] 
[INFO] [stdout] 
[INFO] [stdout] warning: function `cuda_jpeg_decode_statuses_as_bytes` is never used
[INFO] [stdout]    --> src/bytes.rs:167:5
[INFO] [stdout]     |
[INFO] [stdout] 167 |     cuda_jpeg_decode_statuses_as_bytes: CudaJpegDecodeStatus;
[INFO] [stdout]     |     ^^^^^^^^^^^^^^^^^^^^^^^^^^^^^^^^^^
[INFO] [stdout]     |
[INFO] [stdout]     = note: this warning originates in the macro `gpu_slice_bytes` (in Nightly builds, run with -Z macro-backtrace for more info)
[INFO] [stdout] 
[INFO] [stdout] 
[INFO] [stdout] warning: function `cuda_jpeg_entropy_sync_states_as_bytes` is never used
[INFO] [stdout]    --> src/bytes.rs:168:5
[INFO] [stdout]     |
[INFO] [stdout] 168 |     cuda_jpeg_entropy_sync_states_as_bytes: CudaJpegEntropySyncState;
[INFO] [stdout]     |     ^^^^^^^^^^^^^^^^^^^^^^^^^^^^^^^^^^^^^^
[INFO] [stdout]     |
[INFO] [stdout]     = note: this warning originates in the macro `gpu_slice_bytes` (in Nightly builds, run with -Z macro-backtrace for more info)
[INFO] [stdout] 
[INFO] [stdout] 
[INFO] [stdout] warning: function `cuda_jpeg_entropy_overflow_states_as_bytes` is never used
[INFO] [stdout]    --> src/bytes.rs:169:5
[INFO] [stdout]     |
[INFO] [stdout] 169 |     cuda_jpeg_entropy_overflow_states_as_bytes: CudaJpegEntropyOverflowState;
[INFO] [stdout]     |     ^^^^^^^^^^^^^^^^^^^^^^^^^^^^^^^^^^^^^^^^^^
[INFO] [stdout]     |
[INFO] [stdout]     = note: this warning originates in the macro `gpu_slice_bytes` (in Nightly builds, run with -Z macro-backtrace for more info)
[INFO] [stdout] 
[INFO] [stdout] 
[INFO] [stdout] warning: function `cuda_jpeg_baseline_encode_params_as_bytes` is never used
[INFO] [stdout]    --> src/bytes.rs:170:5
[INFO] [stdout]     |
[INFO] [stdout] 170 |     cuda_jpeg_baseline_encode_params_as_bytes: CudaJpegBaselineEncodeParams;
[INFO] [stdout]     |     ^^^^^^^^^^^^^^^^^^^^^^^^^^^^^^^^^^^^^^^^^
[INFO] [stdout]     |
[INFO] [stdout]     = note: this warning originates in the macro `gpu_slice_bytes` (in Nightly builds, run with -Z macro-backtrace for more info)
[INFO] [stdout] 
[INFO] [stdout] 
[INFO] [stdout] warning: function `cuda_jpeg_baseline_encode_statuses_as_bytes` is never used
[INFO] [stdout]    --> src/bytes.rs:171:5
[INFO] [stdout]     |
[INFO] [stdout] 171 |     cuda_jpeg_baseline_encode_statuses_as_bytes: CudaJpegBaselineEncodeStatus;
[INFO] [stdout]     |     ^^^^^^^^^^^^^^^^^^^^^^^^^^^^^^^^^^^^^^^^^^^
[INFO] [stdout]     |
[INFO] [stdout]     = note: this warning originates in the macro `gpu_slice_bytes` (in Nightly builds, run with -Z macro-backtrace for more info)
[INFO] [stdout] 
[INFO] [stdout] 
[INFO] [stdout] warning: function `cuda_jpeg_decode_statuses_as_bytes_mut` is never used
[INFO] [stdout]    --> src/bytes.rs:175:5
[INFO] [stdout]     |
[INFO] [stdout] 175 |     cuda_jpeg_decode_statuses_as_bytes_mut: CudaJpegDecodeStatus;
[INFO] [stdout]     |     ^^^^^^^^^^^^^^^^^^^^^^^^^^^^^^^^^^^^^^
[INFO] [stdout]     |
[INFO] [stdout]     = note: this warning originates in the macro `gpu_slice_bytes_mut` (in Nightly builds, run with -Z macro-backtrace for more info)
[INFO] [stdout] 
[INFO] [stdout] 
[INFO] [stdout] warning: function `cuda_jpeg_entropy_sync_states_as_bytes_mut` is never used
[INFO] [stdout]    --> src/bytes.rs:176:5
[INFO] [stdout]     |
[INFO] [stdout] 176 |     cuda_jpeg_entropy_sync_states_as_bytes_mut: CudaJpegEntropySyncState;
[INFO] [stdout]     |     ^^^^^^^^^^^^^^^^^^^^^^^^^^^^^^^^^^^^^^^^^^
[INFO] [stdout]     |
[INFO] [stdout]     = note: this warning originates in the macro `gpu_slice_bytes_mut` (in Nightly builds, run with -Z macro-backtrace for more info)
[INFO] [stdout] 
[INFO] [stdout] 
[INFO] [stdout] warning: function `cuda_jpeg_entropy_overflow_states_as_bytes_mut` is never used
[INFO] [stdout]    --> src/bytes.rs:177:5
[INFO] [stdout]     |
[INFO] [stdout] 177 |     cuda_jpeg_entropy_overflow_states_as_bytes_mut: CudaJpegEntropyOverflowState;
[INFO] [stdout]     |     ^^^^^^^^^^^^^^^^^^^^^^^^^^^^^^^^^^^^^^^^^^^^^^
[INFO] [stdout]     |
[INFO] [stdout]     = note: this warning originates in the macro `gpu_slice_bytes_mut` (in Nightly builds, run with -Z macro-backtrace for more info)
[INFO] [stdout] 
[INFO] [stdout] 
[INFO] [stdout] warning: function `cuda_jpeg_baseline_encode_statuses_as_bytes_mut` is never used
[INFO] [stdout]    --> src/bytes.rs:178:5
[INFO] [stdout]     |
[INFO] [stdout] 178 |     cuda_jpeg_baseline_encode_statuses_as_bytes_mut: CudaJpegBaselineEncodeStatus;
[INFO] [stdout]     |     ^^^^^^^^^^^^^^^^^^^^^^^^^^^^^^^^^^^^^^^^^^^^^^^
[INFO] [stdout]     |
[INFO] [stdout]     = note: this warning originates in the macro `gpu_slice_bytes_mut` (in Nightly builds, run with -Z macro-backtrace for more info)
[INFO] [stdout] 
[INFO] [stdout] 
[INFO] [stdout] warning: function `select_resource_release_error` is never used
[INFO] [stdout]  --> src/error.rs:5:15
[INFO] [stdout]   |
[INFO] [stdout] 5 | pub(crate) fn select_resource_release_error(primary: CudaError, release: CudaError) -> CudaError {
[INFO] [stdout]   |               ^^^^^^^^^^^^^^^^^^^^^^^^^^^^^
[INFO] [stdout] 
[INFO] [stdout] 
[INFO] [stdout] warning: enum `CudaKernel` is never used
[INFO] [stdout]   --> src/kernels.rs:15:17
[INFO] [stdout]    |
[INFO] [stdout] 15 | pub(crate) enum CudaKernel {
[INFO] [stdout]    |                 ^^^^^^^^^^
[INFO] [stdout] 
[INFO] [stdout] 
[INFO] [stdout] warning: methods `entrypoint` and `spec` are never used
[INFO] [stdout]   --> src/kernels.rs:27:25
[INFO] [stdout]    |
[INFO] [stdout] 26 | impl CudaKernel {
[INFO] [stdout]    | --------------- methods in this implementation
[INFO] [stdout] 27 |     pub(crate) const fn entrypoint(self) -> &'static [u8] {
[INFO] [stdout]    |                         ^^^^^^^^^^
[INFO] [stdout] ...
[INFO] [stdout] 44 |     pub(crate) fn spec(self) -> Result<CudaKernelSpec, CudaError> {
[INFO] [stdout]    |                   ^^^^
[INFO] [stdout] 
[INFO] [stdout] 
[INFO] [stdout] warning: function `jpeg_decode_ptx` is never used
[INFO] [stdout]   --> src/kernels.rs:73:4
[INFO] [stdout]    |
[INFO] [stdout] 73 | fn jpeg_decode_ptx() -> &'static [u8] {
[INFO] [stdout]    |    ^^^^^^^^^^^^^^^
[INFO] [stdout] 
[INFO] [stdout] 
[INFO] [stdout] warning: function `jpeg_encode_ptx` is never used
[INFO] [stdout]   --> src/kernels.rs:83:4
[INFO] [stdout]    |
[INFO] [stdout] 83 | fn jpeg_encode_ptx() -> &'static [u8] {
[INFO] [stdout]    |    ^^^^^^^^^^^^^^^
[INFO] [stdout] 
[INFO] [stdout] 
[INFO] [stdout] error[E0433]: cannot find module or crate `j2k_test_support` in this scope
[INFO] [stdout]    --> src/jpeg/types/tests.rs:107:9
[INFO] [stdout]     |
[INFO] [stdout] 107 |     if !j2k_test_support::cuda_runtime_gate(module_path!()) {
[INFO] [stdout]     |         ^^^^^^^^^^^^^^^^ use of unresolved module or unlinked crate `j2k_test_support`
[INFO] [stdout]     |
[INFO] [stdout]     = help: if you wanted to use a crate named `j2k_test_support`, use `cargo add j2k_test_support` to add it to your `Cargo.toml`
[INFO] [stdout] 
[INFO] [stdout] 
[INFO] [stdout] error[E0433]: cannot find module or crate `j2k_test_support` in this scope
[INFO] [stdout]    --> src/jpeg/validation/tests.rs:113:9
[INFO] [stdout]     |
[INFO] [stdout] 113 |     if !j2k_test_support::cuda_runtime_gate(module_path!()) {
[INFO] [stdout]     |         ^^^^^^^^^^^^^^^^ use of unresolved module or unlinked crate `j2k_test_support`
[INFO] [stdout]     |
[INFO] [stdout]     = help: if you wanted to use a crate named `j2k_test_support`, use `cargo add j2k_test_support` to add it to your `Cargo.toml`
[INFO] [stdout] 
[INFO] [stdout] 
[INFO] [stdout] error[E0433]: cannot find module or crate `j2k_test_support` in this scope
[INFO] [stdout]    --> src/jpeg/validation/tests.rs:144:9
[INFO] [stdout]     |
[INFO] [stdout] 144 |     if !j2k_test_support::cuda_runtime_gate(module_path!()) {
[INFO] [stdout]     |         ^^^^^^^^^^^^^^^^ use of unresolved module or unlinked crate `j2k_test_support`
[INFO] [stdout]     |
[INFO] [stdout]     = help: if you wanted to use a crate named `j2k_test_support`, use `cargo add j2k_test_support` to add it to your `Cargo.toml`
[INFO] [stdout] 
[INFO] [stdout] 
[INFO] [stdout] For more information about this error, try `rustc --explain E0433`.
[INFO] [stdout] 
[INFO] [stderr] error: could not compile `j2k-cuda-jpeg-engine` (lib test) due to 3 previous errors; 3 warnings emitted
[INFO] [stderr] warning: unused dependency `j2k-codec-math`
[INFO] [stderr]  --> Cargo.toml:1:21
[INFO] [stderr]   |
[INFO] [stderr] 1 | [build-dependencies.j2k-codec-math]
[INFO] [stderr]   |                     ^^^^^^^^^^^^^^^
[INFO] [stderr]   |
[INFO] [stderr]   = note: `cargo::unused_dependencies` is set to `warn` by default
[INFO] [stderr] help: consider removing the dependency on `j2k-codec-math`
[INFO] [stderr] warning: `j2k-cuda-jpeg-engine` (manifest) generated 1 warning
[INFO] running `Command { std: "docker" "inspect" "455266babe6016b2e5fa961d63c6f0c9249fe19f1ffee5c242216190f95aefb9", kill_on_drop: false }`
[INFO] running `Command { std: "docker" "rm" "-f" "455266babe6016b2e5fa961d63c6f0c9249fe19f1ffee5c242216190f95aefb9", kill_on_drop: false }`
[INFO] [stdout] 455266babe6016b2e5fa961d63c6f0c9249fe19f1ffee5c242216190f95aefb9
