[INFO] fetching crate j2k-cuda-j2k-engine 0.12.0...
[INFO] checking j2k-cuda-j2k-engine-0.12.0 against 3154cc1a3e6424e44f438a95007d043ed5ceaaf6+rustflags=-Znext-solver=coherence for pr-133502-30
[INFO] extracting crate j2k-cuda-j2k-engine 0.12.0 into /workspace/builds/worker-5-tc1/source
[INFO] started tweaking crates.io crate j2k-cuda-j2k-engine 0.12.0
[INFO] finished tweaking crates.io crate j2k-cuda-j2k-engine 0.12.0
[INFO] tweaked toml for crates.io crate j2k-cuda-j2k-engine 0.12.0 written to /workspace/builds/worker-5-tc1/source/Cargo.toml
[INFO] validating manifest of crates.io crate j2k-cuda-j2k-engine 0.12.0 on toolchain 3154cc1a3e6424e44f438a95007d043ed5ceaaf6
[INFO] running `Command { std: CARGO_HOME="/workspace/cargo-home" RUSTUP_HOME="/workspace/rustup-home" "/workspace/cargo-home/bin/cargo" "+3154cc1a3e6424e44f438a95007d043ed5ceaaf6" "metadata" "--manifest-path" "Cargo.toml" "--no-deps", kill_on_drop: false }`
[INFO] crate crates.io crate j2k-cuda-j2k-engine 0.12.0 already has a lockfile, it will not be regenerated
[INFO] running `Command { std: CARGO_HOME="/workspace/cargo-home" RUSTUP_HOME="/workspace/rustup-home" "/workspace/cargo-home/bin/cargo" "+3154cc1a3e6424e44f438a95007d043ed5ceaaf6" "fetch" "--manifest-path" "Cargo.toml", kill_on_drop: false }`
[INFO] [stderr]     Updating crates.io index
[INFO] [stderr]  Downloading crates ...
[INFO] [stderr]   Downloaded libloading v0.9.0
[INFO] [stderr]   Downloaded j2k-types v0.12.0
[INFO] [stderr]   Downloaded j2k-cuda-build-support v0.12.0
[INFO] [stderr]   Downloaded j2k-core v0.12.0
[INFO] [stderr]   Downloaded alloca v0.4.0
[INFO] [stderr]   Downloaded page_size v0.6.0
[INFO] [stderr]   Downloaded j2k-codec-math v0.12.0
[INFO] [stderr]   Downloaded j2k-cuda-runtime v0.12.0
[INFO] [stderr]   Downloaded criterion-plot v0.8.2
[INFO] [stderr]   Downloaded cc v1.2.64
[INFO] [stderr]   Downloaded criterion v0.8.2
[INFO] running `Command { std: "docker" "create" "-v" "/var/lib/crater-agent-workspace/builds/worker-5-tc1/source:/opt/rustwide/workdir:ro,Z" "-v" "/var/lib/crater-agent-workspace/builds/worker-5-tc1/target:/opt/rustwide/target:rw,Z" "-v" "/var/lib/crater-agent-workspace/cargo-home:/opt/rustwide/cargo-home:ro,Z" "-v" "/var/lib/crater-agent-workspace/rustup-home:/opt/rustwide/rustup-home:ro,Z" "-m" "1610612736" "--network" "none" "ghcr.io/rust-lang/crates-build-env/linux@sha256:77db811e55d90add9212f6832c23229e3de5f1c1f9905e8cb07319ea15df73ac" "sleep" "infinity", kill_on_drop: false }`
[INFO] [stdout] f6cca347dff19381e3d2b94a11baae01774353ed19f1a777e85e2ee365ca0441
[INFO] running `Command { std: "docker" "start" "f6cca347dff19381e3d2b94a11baae01774353ed19f1a777e85e2ee365ca0441", kill_on_drop: false }`
[INFO] running `Command { std: "docker" "inspect" "f6cca347dff19381e3d2b94a11baae01774353ed19f1a777e85e2ee365ca0441", kill_on_drop: false }`
[INFO] running `Command { std: "docker" "exec" "-e" "SOURCE_DIR=/opt/rustwide/workdir" "-e" "CARGO_HOME=/opt/rustwide/cargo-home" "-e" "RUSTUP_HOME=/opt/rustwide/rustup-home" "-e" "CARGO_TARGET_DIR=/opt/rustwide/target" "-w" "/opt/rustwide/workdir" "--user" "0:0" "f6cca347dff19381e3d2b94a11baae01774353ed19f1a777e85e2ee365ca0441" "/opt/rustwide/cargo-home/bin/cargo" "+3154cc1a3e6424e44f438a95007d043ed5ceaaf6" "metadata" "--no-deps" "--format-version=1", kill_on_drop: false }`
[INFO] running `Command { std: "docker" "inspect" "f6cca347dff19381e3d2b94a11baae01774353ed19f1a777e85e2ee365ca0441", kill_on_drop: false }`
[INFO] running `Command { std: "docker" "exec" "-e" "SOURCE_DIR=/opt/rustwide/workdir" "-e" "CARGO_HOME=/opt/rustwide/cargo-home" "-e" "RUSTUP_HOME=/opt/rustwide/rustup-home" "-e" "CARGO_TARGET_DIR=/opt/rustwide/target" "-e" "CARGO_INCREMENTAL=0" "-e" "RUST_BACKTRACE=full" "-e" "RUSTFLAGS=--cap-lints=forbid -Znext-solver=coherence" "-e" "RUSTDOCFLAGS=--cap-lints=forbid" "-w" "/opt/rustwide/workdir" "--user" "0:0" "f6cca347dff19381e3d2b94a11baae01774353ed19f1a777e85e2ee365ca0441" "/opt/rustwide/cargo-home/bin/cargo" "+3154cc1a3e6424e44f438a95007d043ed5ceaaf6" "check" "--frozen" "--all" "--all-targets" "--message-format=json", kill_on_drop: false }`
[INFO] [stderr]    Compiling j2k-codec-math v0.12.0
[INFO] [stderr]    Compiling serde_core v1.0.228
[INFO] [stderr]    Compiling j2k-cuda-build-support v0.12.0
[INFO] [stderr]    Compiling serde v1.0.228
[INFO] [stderr]    Compiling thiserror v2.0.18
[INFO] [stderr]    Compiling j2k-types v0.12.0
[INFO] [stderr]    Compiling cc v1.2.64
[INFO] [stderr]     Checking memchr v2.8.2
[INFO] [stderr]    Compiling num-traits v0.2.19
[INFO] [stderr]    Compiling syn v2.0.117
[INFO] [stderr]     Checking regex-syntax v0.8.11
[INFO] [stderr]     Checking clap_builder v4.6.0
[INFO] [stderr]     Checking itertools v0.13.0
[INFO] [stderr]     Checking libloading v0.9.0
[INFO] [stderr]     Checking cast v0.3.0
[INFO] [stderr]     Checking page_size v0.6.0
[INFO] [stderr]     Checking anes v0.1.6
[INFO] [stderr]     Checking oorandom v11.1.5
[INFO] [stderr]    Compiling j2k-cuda-j2k-engine v0.12.0 (/opt/rustwide/workdir)
[INFO] [stderr]     Checking sha2 v0.10.9
[INFO] [stderr]    Compiling j2k-cuda-runtime v0.12.0
[INFO] [stderr]     Checking regex-automata v0.4.14
[INFO] [stderr]     Checking clap v4.6.1
[INFO] [stderr]     Checking criterion-plot v0.8.2
[INFO] [stderr]    Compiling alloca v0.4.0
[INFO] [stderr]    Compiling zerocopy-derive v0.8.52
[INFO] [stderr]    Compiling thiserror-impl v2.0.18
[INFO] [stderr]    Compiling serde_derive v1.0.228
[INFO] [stderr]     Checking regex v1.12.4
[INFO] [stderr]     Checking j2k-core v0.12.0
[INFO] [stderr]     Checking zerocopy v0.8.52
[INFO] [stderr]     Checking serde_json v1.0.150
[INFO] [stderr]     Checking tinytemplate v1.2.1
[INFO] [stderr]     Checking half v2.7.1
[INFO] [stderr]     Checking ciborium-ll v0.2.2
[INFO] [stderr]     Checking ciborium v0.2.2
[INFO] [stderr]     Checking criterion v0.8.2
[INFO] [stdout] error[E0433]: cannot find module or crate `j2k_test_support` in this scope
[INFO] [stdout]   --> src/htj2k_decode/tests.rs:19:5
[INFO] [stdout]    |
[INFO] [stdout] 19 |     j2k_test_support::cuda_runtime_gate(module_path!())
[INFO] [stdout]    |     ^^^^^^^^^^^^^^^^ use of unresolved module or unlinked crate `j2k_test_support`
[INFO] [stdout]    |
[INFO] [stdout]    = help: if you wanted to use a crate named `j2k_test_support`, use `cargo add j2k_test_support` to add it to your `Cargo.toml`
[INFO] [stdout] 
[INFO] [stdout] 
[INFO] [stdout] error[E0433]: cannot find module or crate `j2k_test_support` in this scope
[INFO] [stdout]   --> src/htj2k_encode/context_validation/tests.rs:90:9
[INFO] [stdout]    |
[INFO] [stdout] 90 |     if !j2k_test_support::cuda_runtime_gate(module_path!()) {
[INFO] [stdout]    |         ^^^^^^^^^^^^^^^^ use of unresolved module or unlinked crate `j2k_test_support`
[INFO] [stdout]    |
[INFO] [stdout]    = help: if you wanted to use a crate named `j2k_test_support`, use `cargo add j2k_test_support` to add it to your `Cargo.toml`
[INFO] [stdout] 
[INFO] [stdout] 
[INFO] [stdout] error[E0433]: cannot find module or crate `j2k_test_support` in this scope
[INFO] [stdout]    --> src/htj2k_encode/context_validation/tests.rs:143:9
[INFO] [stdout]     |
[INFO] [stdout] 143 |     if !j2k_test_support::cuda_runtime_gate(module_path!()) {
[INFO] [stdout]     |         ^^^^^^^^^^^^^^^^ use of unresolved module or unlinked crate `j2k_test_support`
[INFO] [stdout]     |
[INFO] [stdout]     = help: if you wanted to use a crate named `j2k_test_support`, use `cargo add j2k_test_support` to add it to your `Cargo.toml`
[INFO] [stdout] 
[INFO] [stdout] 
[INFO] [stdout] error[E0433]: cannot find module or crate `j2k_test_support` in this scope
[INFO] [stdout]    --> src/htj2k_encode/context_validation/tests.rs:179:9
[INFO] [stdout]     |
[INFO] [stdout] 179 |     if !j2k_test_support::cuda_runtime_gate(module_path!()) {
[INFO] [stdout]     |         ^^^^^^^^^^^^^^^^ use of unresolved module or unlinked crate `j2k_test_support`
[INFO] [stdout]     |
[INFO] [stdout]     = help: if you wanted to use a crate named `j2k_test_support`, use `cargo add j2k_test_support` to add it to your `Cargo.toml`
[INFO] [stdout] 
[INFO] [stdout] 
[INFO] [stdout] error[E0433]: cannot find module or crate `j2k_test_support` in this scope
[INFO] [stdout]    --> src/htj2k_encode/context_validation/tests.rs:209:9
[INFO] [stdout]     |
[INFO] [stdout] 209 |     if !j2k_test_support::cuda_runtime_gate(module_path!()) {
[INFO] [stdout]     |         ^^^^^^^^^^^^^^^^ use of unresolved module or unlinked crate `j2k_test_support`
[INFO] [stdout]     |
[INFO] [stdout]     = help: if you wanted to use a crate named `j2k_test_support`, use `cargo add j2k_test_support` to add it to your `Cargo.toml`
[INFO] [stdout] 
[INFO] [stdout] 
[INFO] [stdout] error[E0433]: cannot find module or crate `j2k_test_support` in this scope
[INFO] [stdout]    --> src/htj2k_encode/context_validation/tests.rs:260:9
[INFO] [stdout]     |
[INFO] [stdout] 260 |     if !j2k_test_support::cuda_runtime_gate(module_path!()) {
[INFO] [stdout]     |         ^^^^^^^^^^^^^^^^ use of unresolved module or unlinked crate `j2k_test_support`
[INFO] [stdout]     |
[INFO] [stdout]     = help: if you wanted to use a crate named `j2k_test_support`, use `cargo add j2k_test_support` to add it to your `Cargo.toml`
[INFO] [stdout] 
[INFO] [stdout] 
[INFO] [stdout] error[E0433]: cannot find module or crate `j2k_test_support` in this scope
[INFO] [stdout]   --> src/j2k_decode/idwt/tests.rs:87:9
[INFO] [stdout]    |
[INFO] [stdout] 87 |     if !j2k_test_support::cuda_runtime_gate(module_path!()) {
[INFO] [stdout]    |         ^^^^^^^^^^^^^^^^ use of unresolved module or unlinked crate `j2k_test_support`
[INFO] [stdout]    |
[INFO] [stdout]    = help: if you wanted to use a crate named `j2k_test_support`, use `cargo add j2k_test_support` to add it to your `Cargo.toml`
[INFO] [stdout] 
[INFO] [stdout] 
[INFO] [stdout] error[E0433]: cannot find module or crate `j2k_test_support` in this scope
[INFO] [stdout]    --> src/j2k_decode/idwt/tests.rs:114:9
[INFO] [stdout]     |
[INFO] [stdout] 114 |     if !j2k_test_support::cuda_runtime_gate(module_path!()) {
[INFO] [stdout]     |         ^^^^^^^^^^^^^^^^ use of unresolved module or unlinked crate `j2k_test_support`
[INFO] [stdout]     |
[INFO] [stdout]     = help: if you wanted to use a crate named `j2k_test_support`, use `cargo add j2k_test_support` to add it to your `Cargo.toml`
[INFO] [stdout] 
[INFO] [stdout] 
[INFO] [stdout] error[E0433]: cannot find module or crate `j2k_test_support` in this scope
[INFO] [stdout]    --> src/j2k_decode/idwt/tests.rs:133:9
[INFO] [stdout]     |
[INFO] [stdout] 133 |     if !j2k_test_support::cuda_runtime_gate(module_path!()) {
[INFO] [stdout]     |         ^^^^^^^^^^^^^^^^ use of unresolved module or unlinked crate `j2k_test_support`
[INFO] [stdout]     |
[INFO] [stdout]     = help: if you wanted to use a crate named `j2k_test_support`, use `cargo add j2k_test_support` to add it to your `Cargo.toml`
[INFO] [stdout] 
[INFO] [stdout] 
[INFO] [stdout] error[E0433]: cannot find module or crate `j2k_test_support` in this scope
[INFO] [stdout]    --> src/j2k_decode/idwt/tests.rs:164:9
[INFO] [stdout]     |
[INFO] [stdout] 164 |     if !j2k_test_support::cuda_runtime_gate(module_path!()) {
[INFO] [stdout]     |         ^^^^^^^^^^^^^^^^ use of unresolved module or unlinked crate `j2k_test_support`
[INFO] [stdout]     |
[INFO] [stdout]     = help: if you wanted to use a crate named `j2k_test_support`, use `cargo add j2k_test_support` to add it to your `Cargo.toml`
[INFO] [stdout] 
[INFO] [stdout] 
[INFO] [stdout] error[E0433]: cannot find module or crate `j2k_test_support` in this scope
[INFO] [stdout]  --> src/j2k_decode/store/tests/color_native.rs:7:9
[INFO] [stdout]   |
[INFO] [stdout] 7 |     if !j2k_test_support::cuda_runtime_gate(module_path!()) {
[INFO] [stdout]   |         ^^^^^^^^^^^^^^^^ use of unresolved module or unlinked crate `j2k_test_support`
[INFO] [stdout]   |
[INFO] [stdout]   = help: if you wanted to use a crate named `j2k_test_support`, use `cargo add j2k_test_support` to add it to your `Cargo.toml`
[INFO] [stdout] 
[INFO] [stdout] 
[INFO] [stdout] error[E0433]: cannot find module or crate `j2k_test_support` in this scope
[INFO] [stdout]  --> src/j2k_decode/store/tests/color_rounding/display_mct/rgb16.rs:7:9
[INFO] [stdout]   |
[INFO] [stdout] 7 |     if !j2k_test_support::cuda_runtime_gate(module_path!()) {
[INFO] [stdout]   |         ^^^^^^^^^^^^^^^^ use of unresolved module or unlinked crate `j2k_test_support`
[INFO] [stdout]   |
[INFO] [stdout]   = help: if you wanted to use a crate named `j2k_test_support`, use `cargo add j2k_test_support` to add it to your `Cargo.toml`
[INFO] [stdout] 
[INFO] [stdout] 
[INFO] [stdout] error[E0433]: cannot find module or crate `j2k_test_support` in this scope
[INFO] [stdout]  --> src/j2k_decode/store/tests/color_rounding/display_mct.rs:9:9
[INFO] [stdout]   |
[INFO] [stdout] 9 |     if !j2k_test_support::cuda_runtime_gate(module_path!()) {
[INFO] [stdout]   |         ^^^^^^^^^^^^^^^^ use of unresolved module or unlinked crate `j2k_test_support`
[INFO] [stdout]   |
[INFO] [stdout]   = help: if you wanted to use a crate named `j2k_test_support`, use `cargo add j2k_test_support` to add it to your `Cargo.toml`
[INFO] [stdout] 
[INFO] [stdout] 
[INFO] [stdout] error[E0433]: cannot find module or crate `j2k_test_support` in this scope
[INFO] [stdout]  --> src/j2k_decode/store/tests/color_rounding/rgba.rs:7:9
[INFO] [stdout]   |
[INFO] [stdout] 7 |     if !j2k_test_support::cuda_runtime_gate(module_path!()) {
[INFO] [stdout]   |         ^^^^^^^^^^^^^^^^ use of unresolved module or unlinked crate `j2k_test_support`
[INFO] [stdout]   |
[INFO] [stdout]   = help: if you wanted to use a crate named `j2k_test_support`, use `cargo add j2k_test_support` to add it to your `Cargo.toml`
[INFO] [stdout] 
[INFO] [stdout] 
[INFO] [stdout] error[E0433]: cannot find module or crate `j2k_test_support` in this scope
[INFO] [stdout]   --> src/j2k_decode/store/tests/color_rounding.rs:12:9
[INFO] [stdout]    |
[INFO] [stdout] 12 |     if !j2k_test_support::cuda_runtime_gate(module_path!()) {
[INFO] [stdout]    |         ^^^^^^^^^^^^^^^^ use of unresolved module or unlinked crate `j2k_test_support`
[INFO] [stdout]    |
[INFO] [stdout]    = help: if you wanted to use a crate named `j2k_test_support`, use `cargo add j2k_test_support` to add it to your `Cargo.toml`
[INFO] [stdout] 
[INFO] [stdout] 
[INFO] [stdout] error[E0433]: cannot find module or crate `j2k_test_support` in this scope
[INFO] [stdout]   --> src/j2k_decode/store/tests/zero_init.rs:10:9
[INFO] [stdout]    |
[INFO] [stdout] 10 |     if !j2k_test_support::cuda_runtime_gate(module_path!()) {
[INFO] [stdout]    |         ^^^^^^^^^^^^^^^^ use of unresolved module or unlinked crate `j2k_test_support`
[INFO] [stdout]    |
[INFO] [stdout]    = help: if you wanted to use a crate named `j2k_test_support`, use `cargo add j2k_test_support` to add it to your `Cargo.toml`
[INFO] [stdout] 
[INFO] [stdout] 
[INFO] [stdout] error[E0433]: cannot find module or crate `j2k_test_support` in this scope
[INFO] [stdout]    --> src/j2k_decode/store/tests.rs:210:9
[INFO] [stdout]     |
[INFO] [stdout] 210 |     if !j2k_test_support::cuda_runtime_gate(module_path!()) {
[INFO] [stdout]     |         ^^^^^^^^^^^^^^^^ use of unresolved module or unlinked crate `j2k_test_support`
[INFO] [stdout]     |
[INFO] [stdout]     = help: if you wanted to use a crate named `j2k_test_support`, use `cargo add j2k_test_support` to add it to your `Cargo.toml`
[INFO] [stdout] 
[INFO] [stdout] 
[INFO] [stdout] error[E0433]: cannot find module or crate `j2k_test_support` in this scope
[INFO] [stdout]    --> src/j2k_decode/store/tests.rs:234:9
[INFO] [stdout]     |
[INFO] [stdout] 234 |     if !j2k_test_support::cuda_runtime_gate(module_path!()) {
[INFO] [stdout]     |         ^^^^^^^^^^^^^^^^ use of unresolved module or unlinked crate `j2k_test_support`
[INFO] [stdout]     |
[INFO] [stdout]     = help: if you wanted to use a crate named `j2k_test_support`, use `cargo add j2k_test_support` to add it to your `Cargo.toml`
[INFO] [stdout] 
[INFO] [stdout] 
[INFO] [stdout] error[E0433]: cannot find module or crate `j2k_test_support` in this scope
[INFO] [stdout]    --> src/j2k_decode/store/tests.rs:330:9
[INFO] [stdout]     |
[INFO] [stdout] 330 |     if !j2k_test_support::cuda_runtime_gate(module_path!()) {
[INFO] [stdout]     |         ^^^^^^^^^^^^^^^^ use of unresolved module or unlinked crate `j2k_test_support`
[INFO] [stdout]     |
[INFO] [stdout]     = help: if you wanted to use a crate named `j2k_test_support`, use `cargo add j2k_test_support` to add it to your `Cargo.toml`
[INFO] [stdout] 
[INFO] [stdout] 
[INFO] [stdout] error[E0433]: cannot find module or crate `j2k_test_support` in this scope
[INFO] [stdout]    --> src/j2k_decode/store/tests.rs:359:9
[INFO] [stdout]     |
[INFO] [stdout] 359 |     if !j2k_test_support::cuda_runtime_gate(module_path!()) {
[INFO] [stdout]     |         ^^^^^^^^^^^^^^^^ use of unresolved module or unlinked crate `j2k_test_support`
[INFO] [stdout]     |
[INFO] [stdout]     = help: if you wanted to use a crate named `j2k_test_support`, use `cargo add j2k_test_support` to add it to your `Cargo.toml`
[INFO] [stdout] 
[INFO] [stdout] 
[INFO] [stdout] error[E0433]: cannot find module or crate `j2k_test_support` in this scope
[INFO] [stdout]    --> src/j2k_decode/store/tests.rs:418:9
[INFO] [stdout]     |
[INFO] [stdout] 418 |     if !j2k_test_support::cuda_runtime_gate(module_path!()) {
[INFO] [stdout]     |         ^^^^^^^^^^^^^^^^ use of unresolved module or unlinked crate `j2k_test_support`
[INFO] [stdout]     |
[INFO] [stdout]     = help: if you wanted to use a crate named `j2k_test_support`, use `cargo add j2k_test_support` to add it to your `Cargo.toml`
[INFO] [stdout] 
[INFO] [stdout] 
[INFO] [stdout] error[E0433]: cannot find module or crate `j2k_test_support` in this scope
[INFO] [stdout]   --> src/j2k_encode/dwt/tests/launch_geometry.rs:12:9
[INFO] [stdout]    |
[INFO] [stdout] 12 |     if !j2k_test_support::cuda_runtime_gate(module_path!()) {
[INFO] [stdout]    |         ^^^^^^^^^^^^^^^^ use of unresolved module or unlinked crate `j2k_test_support`
[INFO] [stdout]    |
[INFO] [stdout]    = help: if you wanted to use a crate named `j2k_test_support`, use `cargo add j2k_test_support` to add it to your `Cargo.toml`
[INFO] [stdout] 
[INFO] [stdout] 
[INFO] [stdout] error[E0433]: cannot find module or crate `j2k_test_support` in this scope
[INFO] [stdout]   --> src/j2k_encode/dwt/tests.rs:93:9
[INFO] [stdout]    |
[INFO] [stdout] 93 |     if !j2k_test_support::cuda_runtime_gate(module_path!()) {
[INFO] [stdout]    |         ^^^^^^^^^^^^^^^^ use of unresolved module or unlinked crate `j2k_test_support`
[INFO] [stdout]    |
[INFO] [stdout]    = help: if you wanted to use a crate named `j2k_test_support`, use `cargo add j2k_test_support` to add it to your `Cargo.toml`
[INFO] [stdout] 
[INFO] [stdout] 
[INFO] [stdout] error[E0433]: cannot find module or crate `j2k_test_support` in this scope
[INFO] [stdout]    --> src/j2k_encode/dwt/tests.rs:150:9
[INFO] [stdout]     |
[INFO] [stdout] 150 |     if !j2k_test_support::cuda_runtime_gate(module_path!()) {
[INFO] [stdout]     |         ^^^^^^^^^^^^^^^^ use of unresolved module or unlinked crate `j2k_test_support`
[INFO] [stdout]     |
[INFO] [stdout]     = help: if you wanted to use a crate named `j2k_test_support`, use `cargo add j2k_test_support` to add it to your `Cargo.toml`
[INFO] [stdout] 
[INFO] [stdout] 
[INFO] [stdout] error[E0433]: cannot find module or crate `j2k_test_support` in this scope
[INFO] [stdout]    --> src/j2k_encode/dwt/tests.rs:188:9
[INFO] [stdout]     |
[INFO] [stdout] 188 |     if !j2k_test_support::cuda_runtime_gate(module_path!()) {
[INFO] [stdout]     |         ^^^^^^^^^^^^^^^^ use of unresolved module or unlinked crate `j2k_test_support`
[INFO] [stdout]     |
[INFO] [stdout]     = help: if you wanted to use a crate named `j2k_test_support`, use `cargo add j2k_test_support` to add it to your `Cargo.toml`
[INFO] [stdout] 
[INFO] [stdout] 
[INFO] [stdout] error[E0433]: cannot find module or crate `j2k_test_support` in this scope
[INFO] [stdout]    --> src/j2k_encode/dwt/tests.rs:229:9
[INFO] [stdout]     |
[INFO] [stdout] 229 |     if !j2k_test_support::cuda_runtime_gate(module_path!()) {
[INFO] [stdout]     |         ^^^^^^^^^^^^^^^^ use of unresolved module or unlinked crate `j2k_test_support`
[INFO] [stdout]     |
[INFO] [stdout]     = help: if you wanted to use a crate named `j2k_test_support`, use `cargo add j2k_test_support` to add it to your `Cargo.toml`
[INFO] [stdout] 
[INFO] [stdout] 
[INFO] [stdout] error[E0433]: cannot find module or crate `j2k_test_support` in this scope
[INFO] [stdout]   --> src/j2k_encode/validation_tests.rs:53:9
[INFO] [stdout]    |
[INFO] [stdout] 53 |     if !j2k_test_support::cuda_runtime_gate(module_path!()) {
[INFO] [stdout]    |         ^^^^^^^^^^^^^^^^ use of unresolved module or unlinked crate `j2k_test_support`
[INFO] [stdout]    |
[INFO] [stdout]    = help: if you wanted to use a crate named `j2k_test_support`, use `cargo add j2k_test_support` to add it to your `Cargo.toml`
[INFO] [stdout] 
[INFO] [stdout] 
[INFO] [stdout] error[E0433]: cannot find module or crate `j2k_test_support` in this scope
[INFO] [stdout]    --> src/j2k_encode/validation_tests.rs:148:9
[INFO] [stdout]     |
[INFO] [stdout] 148 |     if !j2k_test_support::cuda_runtime_gate(module_path!()) {
[INFO] [stdout]     |         ^^^^^^^^^^^^^^^^ use of unresolved module or unlinked crate `j2k_test_support`
[INFO] [stdout]     |
[INFO] [stdout]     = help: if you wanted to use a crate named `j2k_test_support`, use `cargo add j2k_test_support` to add it to your `Cargo.toml`
[INFO] [stdout] 
[INFO] [stdout] 
[INFO] [stdout] error[E0433]: cannot find module or crate `j2k_test_support` in this scope
[INFO] [stdout]    --> src/j2k_encode/validation_tests.rs:178:9
[INFO] [stdout]     |
[INFO] [stdout] 178 |     if !j2k_test_support::cuda_runtime_gate(module_path!()) {
[INFO] [stdout]     |         ^^^^^^^^^^^^^^^^ use of unresolved module or unlinked crate `j2k_test_support`
[INFO] [stdout]     |
[INFO] [stdout]     = help: if you wanted to use a crate named `j2k_test_support`, use `cargo add j2k_test_support` to add it to your `Cargo.toml`
[INFO] [stdout] 
[INFO] [stdout] 
[INFO] [stdout] error[E0433]: cannot find module or crate `j2k_test_support` in this scope
[INFO] [stdout]   --> src/tests.rs:24:5
[INFO] [stdout]    |
[INFO] [stdout] 24 |     j2k_test_support::cuda_runtime_gate(module_path!())
[INFO] [stdout]    |     ^^^^^^^^^^^^^^^^ use of unresolved module or unlinked crate `j2k_test_support`
[INFO] [stdout]    |
[INFO] [stdout]    = help: if you wanted to use a crate named `j2k_test_support`, use `cargo add j2k_test_support` to add it to your `Cargo.toml`
[INFO] [stdout] 
[INFO] [stdout] 
[INFO] [stdout] For more information about this error, try `rustc --explain E0433`.
[INFO] [stdout] 
[INFO] [stderr] error: could not compile `j2k-cuda-j2k-engine` (lib test) due to 30 previous errors
[INFO] running `Command { std: "docker" "inspect" "f6cca347dff19381e3d2b94a11baae01774353ed19f1a777e85e2ee365ca0441", kill_on_drop: false }`
[INFO] running `Command { std: "docker" "rm" "-f" "f6cca347dff19381e3d2b94a11baae01774353ed19f1a777e85e2ee365ca0441", kill_on_drop: false }`
[INFO] [stdout] f6cca347dff19381e3d2b94a11baae01774353ed19f1a777e85e2ee365ca0441
