[INFO] fetching crate ironwork-exec 0.8.0...
[INFO] checking ironwork-exec-0.8.0 against 3154cc1a3e6424e44f438a95007d043ed5ceaaf6+rustflags=-Znext-solver=coherence for pr-133502-30
[INFO] extracting crate ironwork-exec 0.8.0 into /workspace/builds/worker-7-tc1/source
[INFO] started tweaking crates.io crate ironwork-exec 0.8.0
[INFO] finished tweaking crates.io crate ironwork-exec 0.8.0
[INFO] tweaked toml for crates.io crate ironwork-exec 0.8.0 written to /workspace/builds/worker-7-tc1/source/Cargo.toml
[INFO] validating manifest of crates.io crate ironwork-exec 0.8.0 on toolchain 3154cc1a3e6424e44f438a95007d043ed5ceaaf6
[INFO] running `Command { std: CARGO_HOME="/workspace/cargo-home" RUSTUP_HOME="/workspace/rustup-home" "/workspace/cargo-home/bin/cargo" "+3154cc1a3e6424e44f438a95007d043ed5ceaaf6" "metadata" "--manifest-path" "Cargo.toml" "--no-deps", kill_on_drop: false }`
[INFO] crate crates.io crate ironwork-exec 0.8.0 already has a lockfile, it will not be regenerated
[INFO] running `Command { std: CARGO_HOME="/workspace/cargo-home" RUSTUP_HOME="/workspace/rustup-home" "/workspace/cargo-home/bin/cargo" "+3154cc1a3e6424e44f438a95007d043ed5ceaaf6" "fetch" "--manifest-path" "Cargo.toml", kill_on_drop: false }`
[INFO] [stderr] warning: `package.homepage` is redundant with `package.repository`
[INFO] [stderr]   --> Cargo.toml:45:12
[INFO] [stderr]    |
[INFO] [stderr] 45 | homepage = "https://github.com/Portll/ironwork"
[INFO] [stderr]    |            ^^^^^^^^^^^^^^^^^^^^^^^^^^^^^^^^^^^^
[INFO] [stderr] ...
[INFO] [stderr] 51 | repository = "https://github.com/Portll/ironwork"
[INFO] [stderr]    |              ------------------------------------
[INFO] [stderr]    |
[INFO] [stderr]    = note: `cargo::redundant_homepage` is set to `warn` by default
[INFO] [stderr] help: consider removing `package.homepage`
[INFO] [stderr] warning: `ironwork-exec` (manifest) generated 1 warning
[INFO] [stderr]     Updating crates.io index
[INFO] [stderr]  Downloading crates ...
[INFO] [stderr]   Downloaded ironwork-numeric v0.8.0
[INFO] [stderr]   Downloaded ironwork-compile v0.8.0
[INFO] [stderr]   Downloaded ironwork-syntax v0.8.0
[INFO] [stderr]   Downloaded ironwork-zarch v0.8.0
[INFO] [stderr]   Downloaded ironwork-rt v0.8.0
[INFO] running `Command { std: "docker" "create" "-v" "/var/lib/crater-agent-workspace/builds/worker-7-tc1/source:/opt/rustwide/workdir:ro,Z" "-v" "/var/lib/crater-agent-workspace/builds/worker-7-tc1/target:/opt/rustwide/target:rw,Z" "-v" "/var/lib/crater-agent-workspace/cargo-home:/opt/rustwide/cargo-home:ro,Z" "-v" "/var/lib/crater-agent-workspace/rustup-home:/opt/rustwide/rustup-home:ro,Z" "-m" "1610612736" "--network" "none" "ghcr.io/rust-lang/crates-build-env/linux@sha256:77db811e55d90add9212f6832c23229e3de5f1c1f9905e8cb07319ea15df73ac" "sleep" "infinity", kill_on_drop: false }`
[INFO] [stdout] cd621edf765f2bb17dc0721aeb48ac17ef9862b26a8eb929b861093e03ac745d
[INFO] running `Command { std: "docker" "start" "cd621edf765f2bb17dc0721aeb48ac17ef9862b26a8eb929b861093e03ac745d", kill_on_drop: false }`
[INFO] running `Command { std: "docker" "inspect" "cd621edf765f2bb17dc0721aeb48ac17ef9862b26a8eb929b861093e03ac745d", kill_on_drop: false }`
[INFO] running `Command { std: "docker" "exec" "-e" "SOURCE_DIR=/opt/rustwide/workdir" "-e" "CARGO_HOME=/opt/rustwide/cargo-home" "-e" "RUSTUP_HOME=/opt/rustwide/rustup-home" "-e" "CARGO_TARGET_DIR=/opt/rustwide/target" "-w" "/opt/rustwide/workdir" "--user" "0:0" "cd621edf765f2bb17dc0721aeb48ac17ef9862b26a8eb929b861093e03ac745d" "/opt/rustwide/cargo-home/bin/cargo" "+3154cc1a3e6424e44f438a95007d043ed5ceaaf6" "metadata" "--no-deps" "--format-version=1", kill_on_drop: false }`
[INFO] running `Command { std: "docker" "inspect" "cd621edf765f2bb17dc0721aeb48ac17ef9862b26a8eb929b861093e03ac745d", kill_on_drop: false }`
[INFO] running `Command { std: "docker" "exec" "-e" "SOURCE_DIR=/opt/rustwide/workdir" "-e" "CARGO_HOME=/opt/rustwide/cargo-home" "-e" "RUSTUP_HOME=/opt/rustwide/rustup-home" "-e" "CARGO_TARGET_DIR=/opt/rustwide/target" "-e" "CARGO_INCREMENTAL=0" "-e" "RUST_BACKTRACE=full" "-e" "RUSTFLAGS=--cap-lints=forbid -Znext-solver=coherence" "-e" "RUSTDOCFLAGS=--cap-lints=forbid" "-w" "/opt/rustwide/workdir" "--user" "0:0" "cd621edf765f2bb17dc0721aeb48ac17ef9862b26a8eb929b861093e03ac745d" "/opt/rustwide/cargo-home/bin/cargo" "+3154cc1a3e6424e44f438a95007d043ed5ceaaf6" "check" "--frozen" "--all" "--all-targets" "--message-format=json", kill_on_drop: false }`
[INFO] [stderr] warning: `package.homepage` is redundant with `package.repository`
[INFO] [stderr]   --> Cargo.toml:45:12
[INFO] [stderr]    |
[INFO] [stderr] 45 | homepage = "https://github.com/Portll/ironwork"
[INFO] [stderr]    |            ^^^^^^^^^^^^^^^^^^^^^^^^^^^^^^^^^^^^
[INFO] [stderr] ...
[INFO] [stderr] 51 | repository = "https://github.com/Portll/ironwork"
[INFO] [stderr]    |              ------------------------------------
[INFO] [stderr]    |
[INFO] [stderr]    = note: `cargo::redundant_homepage` is set to `warn` by default
[INFO] [stderr] help: consider removing `package.homepage`
[INFO] [stderr] warning: `ironwork-exec` (manifest) generated 1 warning
[INFO] [stderr]    Compiling ironwork-zarch v0.8.0
[INFO] [stderr]     Checking ironwork-numeric v0.8.0
[INFO] [stderr]     Checking ironwork-rt v0.8.0
[INFO] [stderr]     Checking ironwork-syntax v0.8.0
[INFO] [stderr]     Checking ironwork-compile v0.8.0
[INFO] [stderr]     Checking ironwork-exec v0.8.0 (/opt/rustwide/workdir)
[INFO] [stdout] error[E0433]: cannot find module or crate `oracle` in this scope
[INFO] [stdout]     --> src/tests.rs:1532:34
[INFO] [stdout]      |
[INFO] [stdout] 1532 |         .filter(|f| f.verdict != oracle::Verdict::Match)
[INFO] [stdout]      |                                  ^^^^^^ use of unresolved module or unlinked crate `oracle`
[INFO] [stdout]      |
[INFO] [stdout]      = help: if you wanted to use a crate named `oracle`, use `cargo add oracle` to add it to your `Cargo.toml`
[INFO] [stdout] 
[INFO] [stdout] 
[INFO] [stdout] error[E0433]: cannot find module or crate `oracle` in this scope
[INFO] [stdout]     --> src/tests.rs:1534:13
[INFO] [stdout]      |
[INFO] [stdout] 1534 | ...   oracle::Verdict::Mismatch { expected, observed } => format!("{}: expected {} observed {}", f.id, oracle::hex(expected), orac...
[INFO] [stdout]      |       ^^^^^^ use of unresolved module or unlinked crate `oracle`
[INFO] [stdout]      |
[INFO] [stdout]      = help: if you wanted to use a crate named `oracle`, use `cargo add oracle` to add it to your `Cargo.toml`
[INFO] [stdout] 
[INFO] [stdout] 
[INFO] [stdout] error[E0433]: cannot find module or crate `oracle` in this scope
[INFO] [stdout]     --> src/tests.rs:1377:5
[INFO] [stdout]      |
[INFO] [stdout] 1377 |     oracle::programs()
[INFO] [stdout]      |     ^^^^^^ use of unresolved module or unlinked crate `oracle`
[INFO] [stdout]      |
[INFO] [stdout]      = help: if you wanted to use a crate named `oracle`, use `cargo add oracle` to add it to your `Cargo.toml`
[INFO] [stdout] 
[INFO] [stdout] 
[INFO] [stdout] error[E0433]: cannot find module or crate `oracle` in this scope
[INFO] [stdout]     --> src/tests.rs:1522:20
[INFO] [stdout]      |
[INFO] [stdout] 1522 |     let programs = oracle::programs();
[INFO] [stdout]      |                    ^^^^^^ use of unresolved module or unlinked crate `oracle`
[INFO] [stdout]      |
[INFO] [stdout]      = help: if you wanted to use a crate named `oracle`, use `cargo add oracle` to add it to your `Cargo.toml`
[INFO] [stdout] 
[INFO] [stdout] 
[INFO] [stdout] error[E0433]: cannot find module or crate `oracle` in this scope
[INFO] [stdout]     --> src/tests.rs:1527:25
[INFO] [stdout]      |
[INFO] [stdout] 1527 |         observed.extend(oracle::parse_output(&out).cases);
[INFO] [stdout]      |                         ^^^^^^ use of unresolved module or unlinked crate `oracle`
[INFO] [stdout]      |
[INFO] [stdout]      = help: if you wanted to use a crate named `oracle`, use `cargo add oracle` to add it to your `Cargo.toml`
[INFO] [stdout] 
[INFO] [stdout] 
[INFO] [stdout] error[E0433]: cannot find module or crate `oracle` in this scope
[INFO] [stdout]     --> src/tests.rs:1529:20
[INFO] [stdout]      |
[INFO] [stdout] 1529 |     let findings = oracle::check(&programs, &observed);
[INFO] [stdout]      |                    ^^^^^^ use of unresolved module or unlinked crate `oracle`
[INFO] [stdout]      |
[INFO] [stdout]      = help: if you wanted to use a crate named `oracle`, use `cargo add oracle` to add it to your `Cargo.toml`
[INFO] [stdout] 
[INFO] [stdout] 
[INFO] [stdout] error[E0433]: cannot find module or crate `oracle` in this scope
[INFO] [stdout]     --> src/tests.rs:1534:110
[INFO] [stdout]      |
[INFO] [stdout] 1534 | ...: expected {} observed {}", f.id, oracle::hex(expected), oracle::hex(observed)),
[INFO] [stdout]      |                                      ^^^^^^ use of unresolved module or unlinked crate `oracle`
[INFO] [stdout]      |
[INFO] [stdout]      = help: if you wanted to use a crate named `oracle`, use `cargo add oracle` to add it to your `Cargo.toml`
[INFO] [stdout] 
[INFO] [stdout] 
[INFO] [stdout] error[E0433]: cannot find module or crate `oracle` in this scope
[INFO] [stdout]     --> src/tests.rs:1534:133
[INFO] [stdout]      |
[INFO] [stdout] 1534 | ...{}", f.id, oracle::hex(expected), oracle::hex(observed)),
[INFO] [stdout]      |                                      ^^^^^^ use of unresolved module or unlinked crate `oracle`
[INFO] [stdout]      |
[INFO] [stdout]      = help: if you wanted to use a crate named `oracle`, use `cargo add oracle` to add it to your `Cargo.toml`
[INFO] [stdout] 
[INFO] [stdout] 
[INFO] [stdout] For more information about this error, try `rustc --explain E0433`.
[INFO] [stdout] 
[INFO] [stderr] error: could not compile `ironwork-exec` (lib test) due to 8 previous errors
[INFO] running `Command { std: "docker" "inspect" "cd621edf765f2bb17dc0721aeb48ac17ef9862b26a8eb929b861093e03ac745d", kill_on_drop: false }`
[INFO] running `Command { std: "docker" "rm" "-f" "cd621edf765f2bb17dc0721aeb48ac17ef9862b26a8eb929b861093e03ac745d", kill_on_drop: false }`
[INFO] [stdout] cd621edf765f2bb17dc0721aeb48ac17ef9862b26a8eb929b861093e03ac745d
