[INFO] fetching crate ironbus-client-async 0.1.0...
[INFO] checking ironbus-client-async-0.1.0 against 3154cc1a3e6424e44f438a95007d043ed5ceaaf6+rustflags=-Znext-solver=coherence for pr-133502-30
[INFO] extracting crate ironbus-client-async 0.1.0 into /workspace/builds/worker-1-tc1/source
[INFO] started tweaking crates.io crate ironbus-client-async 0.1.0
[INFO] removed 0 missing examples
[INFO] removed 0 missing tests
[INFO] finished tweaking crates.io crate ironbus-client-async 0.1.0
[INFO] tweaked toml for crates.io crate ironbus-client-async 0.1.0 written to /workspace/builds/worker-1-tc1/source/Cargo.toml
[INFO] validating manifest of crates.io crate ironbus-client-async 0.1.0 on toolchain 3154cc1a3e6424e44f438a95007d043ed5ceaaf6
[INFO] running `Command { std: CARGO_HOME="/workspace/cargo-home" RUSTUP_HOME="/workspace/rustup-home" "/workspace/cargo-home/bin/cargo" "+3154cc1a3e6424e44f438a95007d043ed5ceaaf6" "metadata" "--manifest-path" "Cargo.toml" "--no-deps", kill_on_drop: false }`
[INFO] crate crates.io crate ironbus-client-async 0.1.0 already has a lockfile, it will not be regenerated
[INFO] running `Command { std: CARGO_HOME="/workspace/cargo-home" RUSTUP_HOME="/workspace/rustup-home" "/workspace/cargo-home/bin/cargo" "+3154cc1a3e6424e44f438a95007d043ed5ceaaf6" "fetch" "--manifest-path" "Cargo.toml", kill_on_drop: false }`
[INFO] [stderr]     Updating crates.io index
[INFO] [stderr]  Downloading crates ...
[INFO] [stderr]   Downloaded xxhash-rust v0.8.15
[INFO] [stderr]   Downloaded lz4_flex v0.10.0
[INFO] [stderr]   Downloaded aws-lc-rs v1.17.1
[INFO] [stderr]   Downloaded ironbus-proto v0.1.0
[INFO] [stderr]   Downloaded ironbus-client v0.1.0
[INFO] [stderr]   Downloaded rustls v0.23.41
[INFO] [stderr]   Downloaded ironbus-core v0.1.0
[INFO] [stderr]   Downloaded aws-lc-sys v0.42.0
[INFO] running `Command { std: "docker" "create" "-v" "/var/lib/crater-agent-workspace/builds/worker-1-tc1/source:/opt/rustwide/workdir:ro,Z" "-v" "/var/lib/crater-agent-workspace/builds/worker-1-tc1/target:/opt/rustwide/target:rw,Z" "-v" "/var/lib/crater-agent-workspace/cargo-home:/opt/rustwide/cargo-home:ro,Z" "-v" "/var/lib/crater-agent-workspace/rustup-home:/opt/rustwide/rustup-home:ro,Z" "-m" "1610612736" "--network" "none" "ghcr.io/rust-lang/crates-build-env/linux@sha256:77db811e55d90add9212f6832c23229e3de5f1c1f9905e8cb07319ea15df73ac" "sleep" "infinity", kill_on_drop: false }`
[INFO] [stdout] 3b99a676c628ce8cc46a47ddc9b23ba0cce1d37c74e9ebf7d7e85ddcd9b76335
[INFO] running `Command { std: "docker" "start" "3b99a676c628ce8cc46a47ddc9b23ba0cce1d37c74e9ebf7d7e85ddcd9b76335", kill_on_drop: false }`
[INFO] running `Command { std: "docker" "inspect" "3b99a676c628ce8cc46a47ddc9b23ba0cce1d37c74e9ebf7d7e85ddcd9b76335", kill_on_drop: false }`
[INFO] running `Command { std: "docker" "exec" "-e" "SOURCE_DIR=/opt/rustwide/workdir" "-e" "CARGO_HOME=/opt/rustwide/cargo-home" "-e" "RUSTUP_HOME=/opt/rustwide/rustup-home" "-e" "CARGO_TARGET_DIR=/opt/rustwide/target" "-w" "/opt/rustwide/workdir" "--user" "0:0" "3b99a676c628ce8cc46a47ddc9b23ba0cce1d37c74e9ebf7d7e85ddcd9b76335" "/opt/rustwide/cargo-home/bin/cargo" "+3154cc1a3e6424e44f438a95007d043ed5ceaaf6" "metadata" "--no-deps" "--format-version=1", kill_on_drop: false }`
[INFO] running `Command { std: "docker" "inspect" "3b99a676c628ce8cc46a47ddc9b23ba0cce1d37c74e9ebf7d7e85ddcd9b76335", kill_on_drop: false }`
[INFO] running `Command { std: "docker" "exec" "-e" "SOURCE_DIR=/opt/rustwide/workdir" "-e" "CARGO_HOME=/opt/rustwide/cargo-home" "-e" "RUSTUP_HOME=/opt/rustwide/rustup-home" "-e" "CARGO_TARGET_DIR=/opt/rustwide/target" "-e" "CARGO_INCREMENTAL=0" "-e" "RUST_BACKTRACE=full" "-e" "RUSTFLAGS=--cap-lints=forbid -Znext-solver=coherence" "-e" "RUSTDOCFLAGS=--cap-lints=forbid" "-w" "/opt/rustwide/workdir" "--user" "0:0" "3b99a676c628ce8cc46a47ddc9b23ba0cce1d37c74e9ebf7d7e85ddcd9b76335" "/opt/rustwide/cargo-home/bin/cargo" "+3154cc1a3e6424e44f438a95007d043ed5ceaaf6" "check" "--frozen" "--all" "--all-targets" "--message-format=json", kill_on_drop: false }`
[INFO] [stderr]    Compiling libc v0.2.186
[INFO] [stderr]    Compiling rustversion v1.0.22
[INFO] [stderr]     Checking lz4_flex v0.10.0
[INFO] [stderr]     Checking xxhash-rust v0.8.15
[INFO] [stderr]     Checking ironbus-proto v0.1.0
[INFO] [stderr]    Compiling crc32c v0.6.8
[INFO] [stderr]    Compiling syn v2.0.117
[INFO] [stderr]     Checking arc-swap v1.9.1
[INFO] [stderr]     Checking ironbus-core v0.1.0
[INFO] [stderr]     Checking socket2 v0.6.4
[INFO] [stderr]     Checking mio v1.2.1
[INFO] [stderr]     Checking ironbus-client v0.1.0
[INFO] [stderr]    Compiling tokio-macros v2.7.0
[INFO] [stderr]     Checking tokio v1.52.3
[INFO] [stderr]     Checking ironbus-client-async v0.1.0 (/opt/rustwide/workdir)
[INFO] [stdout] error[E0433]: cannot find module or crate `ironbus_server` in this scope
[INFO] [stdout]   --> tests/roundtrip.rs:15:5
[INFO] [stdout]    |
[INFO] [stdout] 15 | use ironbus_server::actor::{spawn_actor, DEFAULT_CHANNEL_BOUND};
[INFO] [stdout]    |     ^^^^^^^^^^^^^^ use of unresolved module or unlinked crate `ironbus_server`
[INFO] [stdout]    |
[INFO] [stdout] help: there is a crate or module with a similar name
[INFO] [stdout]    |
[INFO] [stdout] 15 - use ironbus_server::actor::{spawn_actor, DEFAULT_CHANNEL_BOUND};
[INFO] [stdout] 15 + use ironbus_core::actor::{spawn_actor, DEFAULT_CHANNEL_BOUND};
[INFO] [stdout]    |
[INFO] [stdout] 
[INFO] [stdout] 
[INFO] [stdout] error[E0433]: cannot find module or crate `ironbus_server` in this scope
[INFO] [stdout]   --> tests/roundtrip.rs:16:5
[INFO] [stdout]    |
[INFO] [stdout] 16 | use ironbus_server::clock::SystemClock;
[INFO] [stdout]    |     ^^^^^^^^^^^^^^ use of unresolved module or unlinked crate `ironbus_server`
[INFO] [stdout]    |
[INFO] [stdout] help: there is a crate or module with a similar name
[INFO] [stdout]    |
[INFO] [stdout] 16 - use ironbus_server::clock::SystemClock;
[INFO] [stdout] 16 + use ironbus_core::clock::SystemClock;
[INFO] [stdout]    |
[INFO] [stdout] 
[INFO] [stdout] 
[INFO] [stdout] error[E0433]: cannot find module or crate `ironbus_server` in this scope
[INFO] [stdout]   --> tests/roundtrip.rs:17:5
[INFO] [stdout]    |
[INFO] [stdout] 17 | use ironbus_server::engine::{
[INFO] [stdout]    |     ^^^^^^^^^^^^^^ use of unresolved module or unlinked crate `ironbus_server`
[INFO] [stdout]    |
[INFO] [stdout] help: there is a crate or module with a similar name
[INFO] [stdout]    |
[INFO] [stdout] 17 - use ironbus_server::engine::{
[INFO] [stdout] 17 + use ironbus_core::engine::{
[INFO] [stdout]    |
[INFO] [stdout] 
[INFO] [stdout] 
[INFO] [stdout] error[E0433]: cannot find module or crate `ironbus_server` in this scope
[INFO] [stdout]   --> tests/roundtrip.rs:20:5
[INFO] [stdout]    |
[INFO] [stdout] 20 | use ironbus_server::server::serve;
[INFO] [stdout]    |     ^^^^^^^^^^^^^^ use of unresolved module or unlinked crate `ironbus_server`
[INFO] [stdout]    |
[INFO] [stdout] help: there is a crate or module with a similar name
[INFO] [stdout]    |
[INFO] [stdout] 20 - use ironbus_server::server::serve;
[INFO] [stdout] 20 + use ironbus_core::server::serve;
[INFO] [stdout]    |
[INFO] [stdout] 
[INFO] [stdout] 
[INFO] [stdout] error[E0433]: cannot find module or crate `ironbus_storage` in this scope
[INFO] [stdout]   --> tests/roundtrip.rs:21:5
[INFO] [stdout]    |
[INFO] [stdout] 21 | use ironbus_storage::fs::InMemoryFs;
[INFO] [stdout]    |     ^^^^^^^^^^^^^^^ use of unresolved module or unlinked crate `ironbus_storage`
[INFO] [stdout]    |
[INFO] [stdout] help: there is a crate or module with a similar name
[INFO] [stdout]    |
[INFO] [stdout] 21 - use ironbus_storage::fs::InMemoryFs;
[INFO] [stdout] 21 + use ironbus_core::fs::InMemoryFs;
[INFO] [stdout]    |
[INFO] [stdout] 
[INFO] [stdout] 
[INFO] [stdout] error[E0433]: cannot find module or crate `ironbus_storage` in this scope
[INFO] [stdout]   --> tests/roundtrip.rs:22:5
[INFO] [stdout]    |
[INFO] [stdout] 22 | use ironbus_storage::log::LogConfig;
[INFO] [stdout]    |     ^^^^^^^^^^^^^^^ use of unresolved module or unlinked crate `ironbus_storage`
[INFO] [stdout]    |
[INFO] [stdout] help: there is a crate or module with a similar name
[INFO] [stdout]    |
[INFO] [stdout] 22 - use ironbus_storage::log::LogConfig;
[INFO] [stdout] 22 + use ironbus_core::log::LogConfig;
[INFO] [stdout]    |
[INFO] [stdout] 
[INFO] [stdout] 
[INFO] [stdout] error[E0433]: cannot find module or crate `ironbus_storage` in this scope
[INFO] [stdout]   --> tests/roundtrip.rs:37:27
[INFO] [stdout]    |
[INFO] [stdout] 37 |             storage_mode: ironbus_storage::shared_wal::StorageMode::PerStreamLogs,
[INFO] [stdout]    |                           ^^^^^^^^^^^^^^^ use of unresolved module or unlinked crate `ironbus_storage`
[INFO] [stdout]    |
[INFO] [stdout] help: there is a crate or module with a similar name
[INFO] [stdout]    |
[INFO] [stdout] 37 -             storage_mode: ironbus_storage::shared_wal::StorageMode::PerStreamLogs,
[INFO] [stdout] 37 +             storage_mode: ironbus_core::shared_wal::StorageMode::PerStreamLogs,
[INFO] [stdout]    |
[INFO] [stdout] 
[INFO] [stdout] 
[INFO] [stdout] error[E0433]: cannot find module or crate `ironbus_server` in this scope
[INFO] [stdout]   --> tests/roundtrip.rs:99:26
[INFO] [stdout]    |
[INFO] [stdout] 99 |             let beacon = ironbus_server::liveness::LivenessBeacon::new(clock.now_monotonic_nanos());
[INFO] [stdout]    |                          ^^^^^^^^^^^^^^ use of unresolved module or unlinked crate `ironbus_server`
[INFO] [stdout]    |
[INFO] [stdout] help: there is a crate or module with a similar name
[INFO] [stdout]    |
[INFO] [stdout] 99 -             let beacon = ironbus_server::liveness::LivenessBeacon::new(clock.now_monotonic_nanos());
[INFO] [stdout] 99 +             let beacon = ironbus_core::liveness::LivenessBeacon::new(clock.now_monotonic_nanos());
[INFO] [stdout]    |
[INFO] [stdout] 
[INFO] [stdout] 
[INFO] [stdout] error[E0433]: cannot find module or crate `ironbus_server` in this scope
[INFO] [stdout]   --> tests/roundtrip.rs:58:31
[INFO] [stdout]    |
[INFO] [stdout] 58 |             durability_level: ironbus_server::engine::DurabilityLevel::Sync,
[INFO] [stdout]    |                               ^^^^^^^^^^^^^^ use of unresolved module or unlinked crate `ironbus_server`
[INFO] [stdout]    |
[INFO] [stdout] help: there is a crate or module with a similar name
[INFO] [stdout]    |
[INFO] [stdout] 58 -             durability_level: ironbus_server::engine::DurabilityLevel::Sync,
[INFO] [stdout] 58 +             durability_level: ironbus_core::engine::DurabilityLevel::Sync,
[INFO] [stdout]    |
[INFO] [stdout] help: consider importing this enum
[INFO] [stdout]    |
[INFO] [stdout] 10 + use ironbus_core::config::DurabilityLevel;
[INFO] [stdout]    |
[INFO] [stdout] help: if you import `DurabilityLevel`, refer to it directly
[INFO] [stdout]    |
[INFO] [stdout] 58 -             durability_level: ironbus_server::engine::DurabilityLevel::Sync,
[INFO] [stdout] 58 +             durability_level: DurabilityLevel::Sync,
[INFO] [stdout]    |
[INFO] [stdout] 
[INFO] [stdout] 
[INFO] [stdout] For more information about this error, try `rustc --explain E0433`.
[INFO] [stdout] 
[INFO] [stderr] error: could not compile `ironbus-client-async` (test "roundtrip") due to 9 previous errors
[INFO] running `Command { std: "docker" "inspect" "3b99a676c628ce8cc46a47ddc9b23ba0cce1d37c74e9ebf7d7e85ddcd9b76335", kill_on_drop: false }`
[INFO] running `Command { std: "docker" "rm" "-f" "3b99a676c628ce8cc46a47ddc9b23ba0cce1d37c74e9ebf7d7e85ddcd9b76335", kill_on_drop: false }`
[INFO] [stdout] 3b99a676c628ce8cc46a47ddc9b23ba0cce1d37c74e9ebf7d7e85ddcd9b76335
