[INFO] fetching crate inq 0.2.0-rc.1...
[INFO] checking inq-0.2.0-rc.1 against 3154cc1a3e6424e44f438a95007d043ed5ceaaf6+rustflags=-Znext-solver=coherence for pr-133502-30
[INFO] extracting crate inq 0.2.0-rc.1 into /workspace/builds/worker-5-tc1/source
[INFO] started tweaking crates.io crate inq 0.2.0-rc.1
[INFO] removed 0 missing tests
[INFO] finished tweaking crates.io crate inq 0.2.0-rc.1
[INFO] tweaked toml for crates.io crate inq 0.2.0-rc.1 written to /workspace/builds/worker-5-tc1/source/Cargo.toml
[INFO] validating manifest of crates.io crate inq 0.2.0-rc.1 on toolchain 3154cc1a3e6424e44f438a95007d043ed5ceaaf6
[INFO] running `Command { std: CARGO_HOME="/workspace/cargo-home" RUSTUP_HOME="/workspace/rustup-home" "/workspace/cargo-home/bin/cargo" "+3154cc1a3e6424e44f438a95007d043ed5ceaaf6" "metadata" "--manifest-path" "Cargo.toml" "--no-deps", kill_on_drop: false }`
[INFO] crate crates.io crate inq 0.2.0-rc.1 already has a lockfile, it will not be regenerated
[INFO] running `Command { std: CARGO_HOME="/workspace/cargo-home" RUSTUP_HOME="/workspace/rustup-home" "/workspace/cargo-home/bin/cargo" "+3154cc1a3e6424e44f438a95007d043ed5ceaaf6" "fetch" "--manifest-path" "Cargo.toml", kill_on_drop: false }`
[INFO] [stderr]     Updating crates.io index
[INFO] [stderr]  Downloading crates ...
[INFO] [stderr]   Downloaded plist v1.10.1
[INFO] [stderr]   Downloaded nibble_vec v0.1.0
[INFO] [stderr]   Downloaded endian-type v0.2.0
[INFO] [stderr]   Downloaded mockito v1.7.2
[INFO] [stderr]   Downloaded radix_trie v0.3.0
[INFO] [stderr]   Downloaded lipsum v0.9.1
[INFO] [stderr]   Downloaded phf_shared v0.14.0
[INFO] [stderr]   Downloaded phf v0.14.0
[INFO] [stderr]   Downloaded phf_macros v0.14.0
[INFO] [stderr]   Downloaded phf_generator v0.14.0
[INFO] [stderr]   Downloaded fuzzt v0.3.1
[INFO] [stderr]   Downloaded cc v1.6.0
[INFO] [stderr]   Downloaded rustyline v18.0.1
[INFO] [stderr]   Downloaded inq-lang v0.2.0-rc.1
[INFO] [stderr]   Downloaded chrono-humanize v0.2.3
[INFO] [stderr]   Downloaded quick-xml v0.42.0
[INFO] [stderr]   Downloaded zstd-safe v8.0.0
[INFO] [stderr]   Downloaded zstd v0.14.0
[INFO] running `Command { std: "docker" "create" "-v" "/var/lib/crater-agent-workspace/builds/worker-5-tc1/source:/opt/rustwide/workdir:ro,Z" "-v" "/var/lib/crater-agent-workspace/builds/worker-5-tc1/target:/opt/rustwide/target:rw,Z" "-v" "/var/lib/crater-agent-workspace/cargo-home:/opt/rustwide/cargo-home:ro,Z" "-v" "/var/lib/crater-agent-workspace/rustup-home:/opt/rustwide/rustup-home:ro,Z" "-m" "1610612736" "--network" "none" "ghcr.io/rust-lang/crates-build-env/linux@sha256:77db811e55d90add9212f6832c23229e3de5f1c1f9905e8cb07319ea15df73ac" "sleep" "infinity", kill_on_drop: false }`
[INFO] [stdout] 9d6c6cda77f46687167165a4450868f2464fddc90aa7c2e7db33291acdc65b25
[INFO] running `Command { std: "docker" "start" "9d6c6cda77f46687167165a4450868f2464fddc90aa7c2e7db33291acdc65b25", kill_on_drop: false }`
[INFO] running `Command { std: "docker" "inspect" "9d6c6cda77f46687167165a4450868f2464fddc90aa7c2e7db33291acdc65b25", kill_on_drop: false }`
[INFO] running `Command { std: "docker" "exec" "-e" "SOURCE_DIR=/opt/rustwide/workdir" "-e" "CARGO_HOME=/opt/rustwide/cargo-home" "-e" "RUSTUP_HOME=/opt/rustwide/rustup-home" "-e" "CARGO_TARGET_DIR=/opt/rustwide/target" "-w" "/opt/rustwide/workdir" "--user" "0:0" "9d6c6cda77f46687167165a4450868f2464fddc90aa7c2e7db33291acdc65b25" "/opt/rustwide/cargo-home/bin/cargo" "+3154cc1a3e6424e44f438a95007d043ed5ceaaf6" "metadata" "--no-deps" "--format-version=1", kill_on_drop: false }`
[INFO] running `Command { std: "docker" "inspect" "9d6c6cda77f46687167165a4450868f2464fddc90aa7c2e7db33291acdc65b25", kill_on_drop: false }`
[INFO] running `Command { std: "docker" "exec" "-e" "SOURCE_DIR=/opt/rustwide/workdir" "-e" "CARGO_HOME=/opt/rustwide/cargo-home" "-e" "RUSTUP_HOME=/opt/rustwide/rustup-home" "-e" "CARGO_TARGET_DIR=/opt/rustwide/target" "-e" "CARGO_INCREMENTAL=0" "-e" "RUST_BACKTRACE=full" "-e" "RUSTFLAGS=--cap-lints=forbid -Znext-solver=coherence" "-e" "RUSTDOCFLAGS=--cap-lints=forbid" "-w" "/opt/rustwide/workdir" "--user" "0:0" "9d6c6cda77f46687167165a4450868f2464fddc90aa7c2e7db33291acdc65b25" "/opt/rustwide/cargo-home/bin/cargo" "+3154cc1a3e6424e44f438a95007d043ed5ceaaf6" "check" "--frozen" "--all" "--all-targets" "--message-format=json", kill_on_drop: false }`
[INFO] [stderr]    Compiling libc v0.2.190
[INFO] [stderr]    Compiling find-msvc-tools v0.1.14
[INFO] [stderr]     Checking smallvec v1.16.2
[INFO] [stderr]    Compiling serde_core v1.0.229
[INFO] [stderr]    Compiling serde v1.0.229
[INFO] [stderr]    Compiling fs_extra v1.3.0
[INFO] [stderr]     Checking indexmap v2.14.2
[INFO] [stderr]    Compiling dunce v1.0.5
[INFO] [stderr]    Compiling aws-lc-rs v1.18.1
[INFO] [stderr]    Compiling crc32fast v1.5.2
[INFO] [stderr]    Compiling serde_json v1.0.151
[INFO] [stderr]     Checking base64 v0.23.1
[INFO] [stderr]    Compiling zerocopy v0.8.59
[INFO] [stderr]    Compiling futures-macro v0.3.34
[INFO] [stderr]     Checking futures-io v0.3.34
[INFO] [stderr]     Checking simd-adler32 v0.3.10
[INFO] [stderr]    Compiling time-macros v0.2.32
[INFO] [stderr]     Checking tracing v0.1.44
[INFO] [stderr]     Checking powerfmt v0.2.1
[INFO] [stderr]    Compiling rustls v0.23.45
[INFO] [stderr]     Checking time-core v0.1.9
[INFO] [stderr]     Checking deranged v0.5.8
[INFO] [stderr]     Checking icu_normalizer v2.3.0
[INFO] [stderr]    Compiling zstd-safe v8.0.0
[INFO] [stderr]    Compiling siphasher v1.0.4
[INFO] [stderr]     Checking miniz_oxide v0.9.1
[INFO] [stderr]     Checking alloc-no-stdlib v3.0.0
[INFO] [stderr]     Checking quick-xml v0.42.0
[INFO] [stderr]    Compiling fastrand v2.5.0
[INFO] [stderr]     Checking ipnet v2.12.2
[INFO] [stderr]     Checking alloc-stdlib v0.3.0
[INFO] [stderr]     Checking same-file v1.0.6
[INFO] [stderr]    Compiling nix v0.31.3
[INFO] [stderr]     Checking brotli-decompressor v6.0.1
[INFO] [stderr]     Checking idna_adapter v1.2.2
[INFO] [stderr]    Compiling phf_shared v0.14.0
[INFO] [stderr]    Compiling jobserver v0.1.35
[INFO] [stderr]     Checking futures-util v0.3.34
[INFO] [stderr]     Checking walkdir v2.5.0
[INFO] [stderr]     Checking idna v1.1.0
[INFO] [stderr]     Checking yaml-rust v0.4.5
[INFO] [stderr]     Checking icu_segmenter v2.3.0
[INFO] [stderr]     Checking flate2 v1.1.10
[INFO] [stderr]    Compiling cc v1.6.0
[INFO] [stderr]    Compiling phf_generator v0.14.0
[INFO] [stderr]     Checking sync_wrapper v1.0.2
[INFO] [stderr]    Compiling unicase v2.10.0
[INFO] [stderr]     Checking rand_core v0.6.4
[INFO] [stderr]     Checking chacha20 v0.10.2
[INFO] [stderr]    Compiling cookie v0.18.2
[INFO] [stderr]    Compiling mime_guess v2.0.5
[INFO] [stderr]    Compiling phf_macros v0.14.0
[INFO] [stderr]    Compiling derive_more-impl v2.1.1
[INFO] [stderr]     Checking url v2.5.8
[INFO] [stderr]     Checking nibble_vec v0.1.0
[INFO] [stderr]     Checking textwrap v0.16.4
[INFO] [stderr]     Checking http-body-util v0.1.5
[INFO] [stderr]     Checking brotli v9.0.0
[INFO] [stderr]     Checking endian-type v0.2.0
[INFO] [stderr]     Checking simdutf8 v0.1.5
[INFO] [stderr]     Checking clap_lex v1.1.1
[INFO] [stderr]     Checking compression-core v0.4.33
[INFO] [stderr]    Compiling clap_derive v4.6.7
[INFO] [stderr]     Checking encoding_rs v0.8.42
[INFO] [stderr]     Checking phf v0.14.0
[INFO] [stderr]     Checking radix_trie v0.3.0
[INFO] [stderr]     Checking rand v0.8.8
[INFO] [stderr]     Checking clap_builder v4.6.7
[INFO] [stderr]     Checking aho-corasick v1.1.5
[INFO] [stderr]     Checking home v0.5.12
[INFO] [stderr]     Checking deunicode v1.6.2
[INFO] [stderr]     Checking either v1.18.0
[INFO] [stderr]    Compiling cmake v0.1.58
[INFO] [stderr]     Checking fuzzt v0.3.1
[INFO] [stderr]     Checking humantime v2.4.0
[INFO] [stderr]     Checking similar v2.7.0
[INFO] [stderr]     Checking colored v3.1.1
[INFO] [stderr]     Checking time v0.3.55
[INFO] [stderr]     Checking regex-automata v0.4.18
[INFO] [stderr]    Compiling aws-lc-sys v0.45.0
[INFO] [stderr]    Compiling zstd-sys v2.1.0+zstd.1.5.7
[INFO] [stderr]    Compiling onig_sys v69.9.3
[INFO] [stderr]     Checking parking_lot_core v0.9.12
[INFO] [stderr]     Checking mio v1.2.4
[INFO] [stderr]     Checking socket2 v0.6.5
[INFO] [stderr]     Checking parking_lot v0.12.5
[INFO] [stderr]     Checking bincode v1.3.3
[INFO] [stderr]     Checking getrandom v0.4.3
[INFO] [stderr]     Checking backtrace v0.3.76
[INFO] [stderr]     Checking getrandom v0.3.4
[INFO] [stderr]     Checking backtrace-ext v0.2.1
[INFO] [stderr]     Checking rand v0.10.3
[INFO] [stderr]     Checking tokio v1.53.2
[INFO] [stderr]     Checking chrono v0.4.45
[INFO] [stderr]     Checking rand_core v0.9.5
[INFO] [stderr]     Checking clap v4.6.7
[INFO] [stderr]     Checking assert-json-diff v2.0.2
[INFO] [stderr]     Checking serde_urlencoded v0.7.1
[INFO] [stderr]     Checking tempfile v3.27.0
[INFO] [stderr]     Checking fake v5.1.0
[INFO] [stderr]     Checking chrono-humanize v0.2.3
[INFO] [stderr]     Checking rustyline v18.0.1
[INFO] [stderr]     Checking regex v1.13.1
[INFO] [stderr]     Checking plist v1.10.1
[INFO] [stderr]     Checking derive_more v2.1.1
[INFO] [stderr]     Checking ppv-lite86 v0.2.21
[INFO] [stderr]     Checking onig v6.5.3
[INFO] [stderr]     Checking rand_chacha v0.3.1
[INFO] [stderr]     Checking rand_chacha v0.9.0
[INFO] [stderr]     Checking syntect v5.3.0
[INFO] [stderr]     Checking lipsum v0.9.1
[INFO] [stderr]     Checking rand v0.9.5
[INFO] [stderr]     Checking zstd v0.14.0
[INFO] [stderr]     Checking compression-codecs v0.4.45
[INFO] [stderr]     Checking tokio-util v0.7.19
[INFO] [stderr]     Checking tower v0.5.3
[INFO] [stderr]     Checking async-compression v0.4.50
[INFO] [stderr]     Checking tower-http v0.6.11
[INFO] [stderr]     Checking h2 v0.4.19
[INFO] [stderr]     Checking miette v7.6.0
[INFO] [stderr]     Checking inq-lang v0.2.0-rc.1
[INFO] [stderr]     Checking hyper v1.11.1
[INFO] [stderr]     Checking hyper-util v0.1.21
[INFO] [stderr]     Checking mockito v1.7.2
[INFO] [stderr]     Checking rustls-webpki v0.103.15
[INFO] [stderr]     Checking tokio-rustls v0.26.6
[INFO] [stderr]     Checking rustls-platform-verifier v0.7.1
[INFO] [stderr]     Checking hyper-rustls v0.27.10
[INFO] [stderr]     Checking reqwest v0.13.5
[INFO] [stderr]     Checking inq v0.2.0-rc.1 (/opt/rustwide/workdir)
[INFO] [stdout] error[E0432]: unresolved import `inq_lang::eval_expr`
[INFO] [stdout]    --> src/script/bytes_value.rs:145:26
[INFO] [stdout]     |
[INFO] [stdout] 145 |     use inq_lang::{IStr, eval_expr};
[INFO] [stdout]     |                          ^^^^^^^^^ no `eval_expr` in the root
[INFO] [stdout] 
[INFO] [stdout] 
[INFO] [stdout] error[E0432]: unresolved import `inq_lang::eval_expr`
[INFO] [stdout]   --> src/script/datetime.rs:84:9
[INFO] [stdout]    |
[INFO] [stdout] 84 |     use inq_lang::eval_expr;
[INFO] [stdout]    |         ^^^^^^^^^^---------
[INFO] [stdout]    |                   |
[INFO] [stdout]    |                   no `eval_expr` in the root
[INFO] [stdout] 
[INFO] [stdout] 
[INFO] [stdout] error[E0432]: unresolved import `inq_lang::eval_expr`
[INFO] [stdout]    --> src/script/duration.rs:107:48
[INFO] [stdout]     |
[INFO] [stdout] 107 |     use inq_lang::{eval::value::native::Float, eval_expr};
[INFO] [stdout]     |                                                ^^^^^^^^^ no `eval_expr` in the root
[INFO] [stdout] 
[INFO] [stdout] 
[INFO] [stdout] error[E0432]: unresolved import `inq_lang::eval_expr`
[INFO] [stdout]    --> src/script/faker.rs:132:9
[INFO] [stdout]     |
[INFO] [stdout] 132 |     use inq_lang::eval_expr;
[INFO] [stdout]     |         ^^^^^^^^^^---------
[INFO] [stdout]     |                   |
[INFO] [stdout]     |                   no `eval_expr` in the root
[INFO] [stdout] 
[INFO] [stdout] 
[INFO] [stdout] error[E0432]: unresolved import `inq_lang::eval_expr`
[INFO] [stdout]    --> src/script/json.rs:127:9
[INFO] [stdout]     |
[INFO] [stdout] 127 |         eval_expr,
[INFO] [stdout]     |         ^^^^^^^^^ no `eval_expr` in the root
[INFO] [stdout] 
[INFO] [stdout] 
[INFO] [stdout] error[E0432]: unresolved import `inq::testing`
[INFO] [stdout]   --> tests/headers.rs:1:16
[INFO] [stdout]    |
[INFO] [stdout]  1 | use inq::{run, testing::make_cli};
[INFO] [stdout]    |                ^^^^^^^ could not find `testing` in `inq`
[INFO] [stdout]    |
[INFO] [stdout] note: found an item that was configured out
[INFO] [stdout]   --> src/lib.rs:14:9
[INFO] [stdout]    |
[INFO] [stdout] 13 | #[cfg(any(test, feature = "testing"))]
[INFO] [stdout]    |          --------------------------- the item is gated here
[INFO] [stdout] 14 | pub mod testing;
[INFO] [stdout]    |         ^^^^^^^
[INFO] [stdout] 
[INFO] [stdout] 
[INFO] [stdout] For more information about this error, try `rustc --explain E0432`.
[INFO] [stdout] 
[INFO] [stderr] error: could not compile `inq` (test "headers") due to 1 previous error
[INFO] [stdout] error[E0432]: unresolved import `inq::testing`
[INFO] [stdout]   --> tests/method.rs:1:16
[INFO] [stdout]    |
[INFO] [stdout]  1 | use inq::{run, testing::make_cli};
[INFO] [stdout]    |                ^^^^^^^ could not find `testing` in `inq`
[INFO] [stdout]    |
[INFO] [stdout] note: found an item that was configured out
[INFO] [stdout]   --> src/lib.rs:14:9
[INFO] [stdout]    |
[INFO] [stdout] 13 | #[cfg(any(test, feature = "testing"))]
[INFO] [stdout]    |          --------------------------- the item is gated here
[INFO] [stdout] 14 | pub mod testing;
[INFO] [stdout]    |         ^^^^^^^
[INFO] [stdout] 
[INFO] [stdout] 
[INFO] [stderr] warning: build failed, waiting for other jobs to finish...
[INFO] [stdout] error[E0432]: unresolved import `inq::testing`
[INFO] [stdout]   --> tests/args.rs:2:21
[INFO] [stdout]    |
[INFO] [stdout]  2 | use inq::{cli::Cli, testing::exec};
[INFO] [stdout]    |                     ^^^^^^^ could not find `testing` in `inq`
[INFO] [stdout]    |
[INFO] [stdout] note: found an item that was configured out
[INFO] [stdout]   --> src/lib.rs:14:9
[INFO] [stdout]    |
[INFO] [stdout] 13 | #[cfg(any(test, feature = "testing"))]
[INFO] [stdout]    |          --------------------------- the item is gated here
[INFO] [stdout] 14 | pub mod testing;
[INFO] [stdout]    |         ^^^^^^^
[INFO] [stdout] 
[INFO] [stdout] 
[INFO] [stdout] For more information about this error, try `rustc --explain E0432`.
[INFO] [stdout] 
[INFO] [stderr] error: could not compile `inq` (test "args") due to 1 previous error
[INFO] [stdout] For more information about this error, try `rustc --explain E0432`.
[INFO] [stdout] 
[INFO] [stdout] error[E0432]: unresolved import `inq::testing`
[INFO] [stdout]   --> tests/body.rs:1:10
[INFO] [stdout]    |
[INFO] [stdout]  1 | use inq::testing::run_cli_test;
[INFO] [stdout]    |          ^^^^^^^ could not find `testing` in `inq`
[INFO] [stdout]    |
[INFO] [stdout] note: found an item that was configured out
[INFO] [stdout]   --> src/lib.rs:14:9
[INFO] [stdout]    |
[INFO] [stdout] 13 | #[cfg(any(test, feature = "testing"))]
[INFO] [stdout]    |          --------------------------- the item is gated here
[INFO] [stdout] 14 | pub mod testing;
[INFO] [stdout]    |         ^^^^^^^
[INFO] [stdout] 
[INFO] [stdout] 
[INFO] [stdout] error[E0432]: unresolved import `inq::testing`
[INFO] [stdout]   --> tests/functions.rs:2:21
[INFO] [stdout]    |
[INFO] [stdout]  2 | use inq::{cli::Cli, testing::exec};
[INFO] [stdout]    |                     ^^^^^^^ could not find `testing` in `inq`
[INFO] [stdout]    |
[INFO] [stdout] note: found an item that was configured out
[INFO] [stdout]   --> src/lib.rs:14:9
[INFO] [stdout]    |
[INFO] [stdout] 13 | #[cfg(any(test, feature = "testing"))]
[INFO] [stdout]    |          --------------------------- the item is gated here
[INFO] [stdout] 14 | pub mod testing;
[INFO] [stdout]    |         ^^^^^^^
[INFO] [stdout] 
[INFO] [stdout] 
[INFO] [stderr] error: could not compile `inq` (test "method") due to 1 previous error
[INFO] [stdout] error[E0432]: unresolved import `inq_lang::assert_err_is_variant`
[INFO] [stdout]  --> tests/functions.rs:3:16
[INFO] [stdout]   |
[INFO] [stdout] 3 | use inq_lang::{assert_err_is_variant, eval::EvalError};
[INFO] [stdout]   |                ^^^^^^^^^^^^^^^^^^^^^ no `assert_err_is_variant` in the root
[INFO] [stdout] 
[INFO] [stdout] 
[INFO] [stdout] warning: unused import: `eval::EvalError`
[INFO] [stdout]  --> tests/functions.rs:3:39
[INFO] [stdout]   |
[INFO] [stdout] 3 | use inq_lang::{assert_err_is_variant, eval::EvalError};
[INFO] [stdout]   |                                       ^^^^^^^^^^^^^^^
[INFO] [stdout]   |
[INFO] [stdout]   = note: `#[warn(unused_imports)]` (part of `#[warn(unused)]`) on by default
[INFO] [stdout] 
[INFO] [stdout] 
[INFO] [stdout] For more information about this error, try `rustc --explain E0432`.
[INFO] [stdout] 
[INFO] [stdout] For more information about this error, try `rustc --explain E0432`.
[INFO] [stdout] 
[INFO] [stderr] error: could not compile `inq` (test "body") due to 1 previous error
[INFO] [stderr] error: could not compile `inq` (test "functions") due to 2 previous errors; 1 warning emitted
[INFO] [stdout] For more information about this error, try `rustc --explain E0432`.
[INFO] [stdout] 
[INFO] [stderr] error: could not compile `inq` (lib test) due to 5 previous errors
[INFO] [stderr] warning: unused dependency `mime_guess`
[INFO] [stderr]   --> Cargo.toml:63:15
[INFO] [stderr]    |
[INFO] [stderr] 63 | [dependencies.mime_guess]
[INFO] [stderr]    |               ^^^^^^^^^^^
[INFO] [stderr]    |
[INFO] [stderr]    = note: `cargo::unused_dependencies` is set to `warn` by default
[INFO] [stderr] help: consider removing the dependency on `mime_guess`
[INFO] [stderr] warning: `inq` (manifest) generated 1 warning
[INFO] running `Command { std: "docker" "inspect" "9d6c6cda77f46687167165a4450868f2464fddc90aa7c2e7db33291acdc65b25", kill_on_drop: false }`
[INFO] running `Command { std: "docker" "rm" "-f" "9d6c6cda77f46687167165a4450868f2464fddc90aa7c2e7db33291acdc65b25", kill_on_drop: false }`
[INFO] [stdout] 9d6c6cda77f46687167165a4450868f2464fddc90aa7c2e7db33291acdc65b25
